Results for 4.6.0 20110205 (experimental) [trunk revision 169853] (GCC) testsuite on hppa64-hp-hpux11.11
John David Anglin
dave@hiauly3.hia.nrc.ca
Sun Feb 6 22:08:00 GMT 2011
Native configuration is hppa64-hp-hpux11.11
=== g++ tests ===
Running target unix
WARNING: program timed out.
=== g++ Summary ===
# of expected passes 24559
# of expected failures 162
# of unsupported tests 589
/test/gnu/gcc/objdir/gcc/testsuite/g++/../../g++ version 4.6.0 20110205 (experimental) [trunk revision 169853] (GCC)
=== gcc tests ===
Running target unix
FAIL: gcc.dg/pr42631.c scan-rtl-dump-not web "Web oldreg"
WARNING: program timed out.
FAIL: gcc.dg/lto/20090116 c_lto_20090116_0.o-c_lto_20090116_0.o link, -O1 -flto -flto-partition=1to1 -fPIC (internal compiler error)
UNRESOLVED: gcc.dg/lto/20090116 c_lto_20090116_0.o-c_lto_20090116_0.o execute -O1 -flto -flto-partition=1to1 -fPIC
=== gcc Summary ===
# of expected passes 66184
# of unexpected failures 2
# of expected failures 134
# of unresolved testcases 1
# of unsupported tests 1248
/test/gnu/gcc/objdir/gcc/xgcc version 4.6.0 20110205 (experimental) [trunk revision 169853] (GCC)
=== gfortran tests ===
Running target unix
=== gfortran Summary ===
# of expected passes 36842
# of expected failures 41
# of unsupported tests 330
/test/gnu/gcc/objdir/gcc/testsuite/gfortran/../../gfortran version 4.6.0 20110205 (experimental) [trunk revision 169853] (GCC)
=== obj-c++ tests ===
Running target unix
WARNING: obj-c++.dg/try-catch-2.mm -fgnu-runtime compilation failed to produce executable
WARNING: obj-c++.dg/try-catch-9.mm -fgnu-runtime compilation failed to produce executable
=== obj-c++ Summary ===
# of expected passes 1373
# of expected failures 10
# of unsupported tests 86
/test/gnu/gcc/objdir/gcc/testsuite/obj-c++/../../g++ version 4.6.0 20110205 (experimental) [trunk revision 169853] (GCC)
=== objc tests ===
Running target unix
=== objc Summary ===
# of expected passes 2897
# of expected failures 10
# of unsupported tests 75
/test/gnu/gcc/objdir/gcc/xgcc version 4.6.0 20110205 (experimental) [trunk revision 169853] (GCC)
=== libgomp tests ===
Running target unix
=== libgomp Summary ===
# of expected passes 2508
# of unsupported tests 9
=== libstdc++ tests ===
Running target unix
FAIL: abi/header_cxxabi.c (test for excess errors)
=== libstdc++ Summary ===
# of expected passes 6823
# of unexpected failures 1
# of expected failures 83
# of unsupported tests 732
Compiler version: 4.6.0 20110205 (experimental) [trunk revision 169853] (GCC)
Platform: hppa64-hp-hpux11.11
configure flags:Test Run By dave on Sun Feb 6 04:40:29 2011
More information about the Gcc-testresults
mailing list