Results for 4.6.0 20110205 (experimental) (GCC) testsuite on x86_64-apple-darwin10.7.0
Jack Howarth
howarth@bromo.med.uc.edu
Sun Feb 6 07:24:00 GMT 2011
r169853 with http://gcc.gnu.org/ml/gcc-patches/2011-02/msg00279.html,
http://gcc.gnu.org/ml/gcc-patches/2011-02/msg00330.html and
Index: gcc/config/darwin10.h
===================================================================
--- gcc/config/darwin10.h (revision 169853)
+++ gcc/config/darwin10.h (working copy)
@@ -1,5 +1,5 @@
/* Target definitions for Darwin (Mac OS X) systems.
- Copyright (C) 2009, 2010 Free Software Foundation, Inc.
+ Copyright (C) 2009, 2010, 2011 Free Software Foundation, Inc.
Contributed by Jack Howarth <howarth@bromo.med.uc.edu>.
This file is part of GCC.
@@ -18,8 +18,16 @@ You should have received a copy of the G
along with GCC; see the file COPYING3. If not see
<http://www.gnu.org/licenses/>. */
+#undef LIB_SPEC
+#define LIB_SPEC "%{!static: -lSystem }"
+
/* Fix PR41260 by passing -no_compact_unwind on darwin10 and later until
-unwinder in libSystem is fixed to digest new epilog unwinding notes. */
+ unwinder in libSystem is fixed to digest new epilog unwinding notes. */
-#undef LIB_SPEC
-#define LIB_SPEC "%{!static:-no_compact_unwind -lSystem}"
+/* FIXME: Work around PR47558 by linking against libSystem ahead of
+ libgcc_ext. */
+#undef LINK_GCC_C_SEQUENCE_SPEC
+#define LINK_GCC_C_SEQUENCE_SPEC \
+"%:version-compare(>= 10.6 mmacosx-version-min= -no_compact_unwind) \
+ %{!static:%{!static-libgcc: \
+ %:version-compare(>= 10.6 mmacosx-version-min= -lSystem) } } %G %L"
Native configuration is x86_64-apple-darwin10.7.0
=== g++ tests ===
Running target unix/-m32
WARNING: g++.dg/ext/label13.C compilation failed to produce executable
FAIL: g++.dg/torture/stackalign/eh-alloca-1.C -O3 -g execution test
FAIL: g++.dg/torture/stackalign/eh-vararg-1.C -O3 -g execution test
FAIL: g++.dg/torture/stackalign/eh-vararg-2.C -O3 -g execution test
FAIL: g++.dg/torture/stackalign/eh-alloca-1.C -O3 -g execution test
FAIL: g++.dg/torture/stackalign/eh-vararg-1.C -O3 -g execution test
FAIL: g++.dg/torture/stackalign/eh-vararg-2.C -O3 -g execution test
=== g++ Summary for unix/-m32 ===
# of expected passes 26515
# of unexpected failures 6
# of expected failures 161
# of unsupported tests 178
Running target unix/-m64
WARNING: g++.dg/ext/label13.C compilation failed to produce executable
=== g++ Summary for unix/-m64 ===
# of expected passes 26756
# of expected failures 161
# of unsupported tests 375
=== g++ Summary ===
# of expected passes 53271
# of unexpected failures 6
# of expected failures 322
# of unsupported tests 553
/sw/src/fink.build/gcc46-4.6.0-1000/darwin_objdir/gcc/testsuite/g++/../../g++ version 4.6.0 20110205 (experimental) (GCC)
=== gcc tests ===
Running target unix/-m32
FAIL: gcc.dg/torture/builtin-math-7.c -O0 execution test
FAIL: gcc.dg/torture/builtin-math-7.c -O1 execution test
FAIL: gcc.dg/torture/builtin-math-7.c -O2 execution test
FAIL: gcc.dg/torture/builtin-math-7.c -O3 -fomit-frame-pointer execution test
FAIL: gcc.dg/torture/builtin-math-7.c -O3 -fomit-frame-pointer -funroll-loops execution test
FAIL: gcc.dg/torture/builtin-math-7.c -O3 -fomit-frame-pointer -funroll-all-loops -finline-functions execution test
FAIL: gcc.dg/torture/builtin-math-7.c -O3 -g execution test
FAIL: gcc.dg/torture/builtin-math-7.c -Os execution test
FAIL: gcc.dg/torture/builtin-math-7.c -O2 -flto -flto-partition=none execution test
FAIL: gcc.dg/torture/builtin-math-7.c -O2 -flto execution test
FAIL: gcc.target/i386/combine-mul.c scan-assembler-not 12345
=== gcc Summary for unix/-m32 ===
# of expected passes 74264
# of unexpected failures 11
# of expected failures 214
# of unsupported tests 1362
Running target unix/-m64
WARNING: program timed out.
FAIL: gcc.c-torture/compile/920415-1.c -Os (test for excess errors)
FAIL: gcc.dg/matrix/transpose-3.c execution, -fprofile-use -fipa-matrix-reorg -fdump-ipa-matrix-reorg -O3 -fwhole-program
FAIL: gcc.dg/torture/builtin-math-7.c -O0 execution test
FAIL: gcc.dg/torture/builtin-math-7.c -O1 execution test
FAIL: gcc.dg/torture/builtin-math-7.c -O2 execution test
FAIL: gcc.dg/torture/builtin-math-7.c -O3 -fomit-frame-pointer execution test
FAIL: gcc.dg/torture/builtin-math-7.c -O3 -fomit-frame-pointer -funroll-loops execution test
FAIL: gcc.dg/torture/builtin-math-7.c -O3 -fomit-frame-pointer -funroll-all-loops -finline-functions execution test
FAIL: gcc.dg/torture/builtin-math-7.c -O3 -g execution test
FAIL: gcc.dg/torture/builtin-math-7.c -Os execution test
FAIL: gcc.dg/torture/builtin-math-7.c -O2 -flto -flto-partition=none execution test
FAIL: gcc.dg/torture/builtin-math-7.c -O2 -flto execution test
FAIL: gcc.target/i386/combine-mul.c scan-assembler-not 12345
=== gcc Summary for unix/-m64 ===
# of expected passes 74403
# of unexpected failures 13
# of expected failures 215
# of unsupported tests 1734
=== gcc Summary ===
# of expected passes 148667
# of unexpected failures 24
# of expected failures 429
# of unsupported tests 3096
/sw/src/fink.build/gcc46-4.6.0-1000/darwin_objdir/gcc/xgcc version 4.6.0 20110205 (experimental) (GCC)
=== gfortran tests ===
Running target unix/-m32
XPASS: gfortran.dg/pr25923.f90 -O PR45505 (test for warnings, line 13)
XPASS: gfortran.dg/pr25923.f90 -O PR45505 (test for bogus messages, line 22)
=== gfortran Summary for unix/-m32 ===
# of expected passes 37873
# of unexpected successes 2
# of expected failures 53
# of unsupported tests 177
Running target unix/-m64
=== gfortran Summary for unix/-m64 ===
# of expected passes 38114
# of expected failures 53
# of unsupported tests 63
=== gfortran Summary ===
# of expected passes 75987
# of unexpected successes 2
# of expected failures 106
# of unsupported tests 240
/sw/src/fink.build/gcc46-4.6.0-1000/darwin_objdir/gcc/testsuite/gfortran/../../gfortran version 4.6.0 20110205 (experimental) (GCC)
=== obj-c++ tests ===
Running target unix/-m32
WARNING: obj-c++.dg/try-catch-2.mm -fgnu-runtime compilation failed to produce executable
WARNING: obj-c++.dg/try-catch-9.mm -fgnu-runtime compilation failed to produce executable
=== obj-c++ Summary for unix/-m32 ===
# of expected passes 3023
# of expected failures 2
# of unsupported tests 68
Running target unix/-m64
WARNING: obj-c++.dg/try-catch-2.mm -fgnu-runtime compilation failed to produce executable
WARNING: obj-c++.dg/try-catch-9.mm -fgnu-runtime compilation failed to produce executable
WARNING: obj-c++.dg/try-catch-2.mm -fnext-runtime compilation failed to produce executable
WARNING: obj-c++.dg/try-catch-9.mm -fnext-runtime compilation failed to produce executable
=== obj-c++ Summary for unix/-m64 ===
# of expected passes 2858
# of expected failures 131
# of unsupported tests 73
=== obj-c++ Summary ===
# of expected passes 5881
# of expected failures 133
# of unsupported tests 141
/sw/src/fink.build/gcc46-4.6.0-1000/darwin_objdir/gcc/testsuite/obj-c++/../../g++ version 4.6.0 20110205 (experimental) (GCC)
=== objc tests ===
Running target unix/-m32
=== objc Summary for unix/-m32 ===
# of expected passes 5925
# of expected failures 6
# of unsupported tests 86
Running target unix/-m64
=== objc Summary for unix/-m64 ===
# of expected passes 4538
# of expected failures 161
# of unsupported tests 102
=== objc Summary ===
# of expected passes 10463
# of expected failures 167
# of unsupported tests 188
/sw/src/fink.build/gcc46-4.6.0-1000/darwin_objdir/gcc/xgcc version 4.6.0 20110205 (experimental) (GCC)
=== libffi tests ===
Running target unix/-m32
=== libffi Summary for unix/-m32 ===
# of expected passes 1634
# of expected failures 10
# of unsupported tests 15
Running target unix/-m64
=== libffi Summary for unix/-m64 ===
# of expected passes 1634
# of expected failures 10
# of unsupported tests 15
=== libffi Summary ===
# of expected passes 3268
# of expected failures 20
# of unsupported tests 30
=== libgomp tests ===
Running target unix/-m32
=== libgomp Summary for unix/-m32 ===
# of expected passes 2568
# of unsupported tests 2
Running target unix/-m64
=== libgomp Summary for unix/-m64 ===
# of expected passes 2568
# of unsupported tests 2
=== libgomp Summary ===
# of expected passes 5136
# of unsupported tests 4
=== libjava tests ===
Running target unix/-m32
FAIL: PR16923.c compilation
=== libjava Summary for unix/-m32 ===
# of expected passes 2572
# of unexpected failures 1
Running target unix/-m64
=== libjava Summary for unix/-m64 ===
# of expected passes 2574
=== libjava Summary ===
# of expected passes 5146
# of unexpected failures 1
=== libstdc++ tests ===
Running target unix/-m32
=== libstdc++ Summary for unix/-m32 ===
# of expected passes 6969
# of expected failures 83
# of unsupported tests 659
Running target unix/-m64
=== libstdc++ Summary for unix/-m64 ===
# of expected passes 6967
# of expected failures 83
# of unsupported tests 660
=== libstdc++ Summary ===
# of expected passes 13936
# of expected failures 166
# of unsupported tests 1319
Compiler version: 4.6.0 20110205 (experimental) (GCC)
Platform: x86_64-apple-darwin10.7.0
configure flags: --prefix=/sw --prefix=/sw/lib/gcc4.6 --mandir=/sw/share/man --infodir=/sw/lib/gcc4.6/info --with-build-config=bootstrap-lto --enable-stage1-languages=c,lto --enable-languages=c,
c++,fortran,lto,objc,obj-c++,java --with-gmp=/sw --with-libiconv-prefix=/sw --with-ppl=/sw --with-cloog=/sw --with-mpc=/sw --with-system-zlib --x-includes=/usr/X11R6/include --x-libraries=/usr/X
11R6/lib --program-suffix=-fsf-4.6 --enable-checking=yes --enable-cloog-backend=isl
More information about the Gcc-testresults
mailing list