Results for 4.6.0 20110202 (experimental) (GCC) testsuite on x86_64-unknown-linux-gnu
H.J. Lu
hjl@gnu-18.sc.intel.com
Thu Feb 3 01:30:00 GMT 2011
Native configuration is x86_64-unknown-linux-gnu
=== gcc tests ===
Running target unix
FAIL: gcc.c-torture/compile/limits-exprparen.c -O0 (internal compiler error)
FAIL: gcc.c-torture/compile/limits-exprparen.c -O0 (test for excess errors)
FAIL: gcc.c-torture/compile/limits-exprparen.c -O1 (internal compiler error)
FAIL: gcc.c-torture/compile/limits-exprparen.c -O1 (test for excess errors)
FAIL: gcc.c-torture/compile/limits-exprparen.c -O2 (internal compiler error)
FAIL: gcc.c-torture/compile/limits-exprparen.c -O2 (test for excess errors)
FAIL: gcc.c-torture/compile/limits-exprparen.c -O3 -fomit-frame-pointer (internal compiler error)
FAIL: gcc.c-torture/compile/limits-exprparen.c -O3 -fomit-frame-pointer (test for excess errors)
FAIL: gcc.c-torture/compile/limits-exprparen.c -O3 -g (internal compiler error)
FAIL: gcc.c-torture/compile/limits-exprparen.c -O3 -g (test for excess errors)
FAIL: gcc.c-torture/compile/limits-exprparen.c -Os (internal compiler error)
FAIL: gcc.c-torture/compile/limits-exprparen.c -Os (test for excess errors)
FAIL: gcc.c-torture/compile/limits-exprparen.c -O2 -flto -flto-partition=none (internal compiler error)
FAIL: gcc.c-torture/compile/limits-exprparen.c -O2 -flto -flto-partition=none (test for excess errors)
FAIL: gcc.c-torture/compile/limits-exprparen.c -O2 -flto (internal compiler error)
FAIL: gcc.c-torture/compile/limits-exprparen.c -O2 -flto (test for excess errors)
XPASS: gcc.dg/guality/example.c -O0 execution test
XPASS: gcc.dg/guality/example.c -O1 execution test
XPASS: gcc.dg/guality/example.c -O2 execution test
XPASS: gcc.dg/guality/guality.c -O0 execution test
XPASS: gcc.dg/guality/guality.c -O1 execution test
XPASS: gcc.dg/guality/guality.c -O2 execution test
XPASS: gcc.dg/guality/guality.c -O3 -fomit-frame-pointer execution test
XPASS: gcc.dg/guality/guality.c -O3 -g execution test
XPASS: gcc.dg/guality/guality.c -Os execution test
XPASS: gcc.dg/guality/inline-params.c -O2 execution test
XPASS: gcc.dg/guality/inline-params.c -O3 -fomit-frame-pointer execution test
XPASS: gcc.dg/guality/inline-params.c -O3 -g execution test
XPASS: gcc.dg/guality/inline-params.c -Os execution test
XPASS: gcc.dg/guality/pr41353-1.c -O0 line 28 j == 28 + 37
XPASS: gcc.dg/guality/pr41353-1.c -O1 line 28 j == 28 + 37
XPASS: gcc.dg/guality/pr41353-1.c -O2 line 28 j == 28 + 37
XPASS: gcc.dg/guality/pr41353-1.c -O3 -fomit-frame-pointer line 28 j == 28 + 37
XPASS: gcc.dg/guality/pr41353-1.c -O3 -g line 28 j == 28 + 37
XPASS: gcc.dg/guality/pr41353-1.c -Os line 28 j == 28 + 37
XPASS: gcc.dg/guality/pr41353-1.c -O2 -flto -flto-partition=none line 28 j == 28 + 37
XPASS: gcc.dg/guality/pr41353-1.c -O2 -flto line 28 j == 28 + 37
XPASS: gcc.dg/guality/pr41447-1.c -O0 execution test
XPASS: gcc.dg/guality/pr41447-1.c -O1 execution test
XPASS: gcc.dg/guality/pr41447-1.c -O2 execution test
XPASS: gcc.dg/guality/pr41447-1.c -O3 -fomit-frame-pointer execution test
XPASS: gcc.dg/guality/pr41447-1.c -O3 -g execution test
XPASS: gcc.dg/guality/pr41447-1.c -Os execution test
XPASS: gcc.dg/guality/pr41616-1.c -O0 execution test
XPASS: gcc.dg/guality/pr41616-1.c -O1 execution test
XPASS: gcc.dg/guality/pr41616-1.c -O2 execution test
XPASS: gcc.dg/guality/pr41616-1.c -O3 -fomit-frame-pointer execution test
XPASS: gcc.dg/guality/pr41616-1.c -O3 -g execution test
XPASS: gcc.dg/guality/pr41616-1.c -Os execution test
FAIL: gcc.dg/guality/pr43077-1.c -O2 -flto -flto-partition=none line 42 a == 1
FAIL: gcc.dg/guality/pr43077-1.c -O2 -flto -flto-partition=none line 42 b == 2
FAIL: gcc.dg/guality/pr43077-1.c -O2 -flto -flto-partition=none line 42 c == 3
FAIL: gcc.dg/guality/pr43077-1.c -O2 -flto -flto-partition=none line 42 varb == 2
FAIL: gcc.dg/guality/pr43077-1.c -O2 -flto line 42 a == 1
FAIL: gcc.dg/guality/pr43077-1.c -O2 -flto line 42 b == 2
FAIL: gcc.dg/guality/pr43077-1.c -O2 -flto line 42 c == 3
FAIL: gcc.dg/guality/pr43479.c -O2 -flto -flto-partition=none line 13 h == 9
FAIL: gcc.dg/guality/pr43479.c -O2 -flto -flto-partition=none line 18 h == 9
FAIL: gcc.dg/guality/pr43479.c -O2 -flto line 13 h == 9
FAIL: gcc.dg/guality/pr43479.c -O2 -flto line 18 h == 9
FAIL: gcc.dg/guality/pr45003-1.c -O2 -flto -flto-partition=none line 10 a == 0x8078
FAIL: gcc.dg/guality/pr45003-1.c -O2 -flto -flto-partition=none line 19 a == 0xffff8078
FAIL: gcc.dg/guality/pr45003-1.c -O2 -flto line 10 a == 0x8078
FAIL: gcc.dg/guality/pr45003-1.c -O2 -flto line 19 a == 0xffff8078
FAIL: gcc.dg/guality/pr45003-2.c -O2 -flto -flto-partition=none line 10 a == 0x8078
FAIL: gcc.dg/guality/pr45003-2.c -O2 -flto -flto-partition=none line 19 a == 0xffff8078
FAIL: gcc.dg/guality/pr45003-2.c -O2 -flto line 10 a == 0x8078
FAIL: gcc.dg/guality/pr45003-2.c -O2 -flto line 19 a == 0xffff8078
FAIL: gcc.dg/guality/pr45003-3.c -O2 -flto -flto-partition=none line 10 a == -32648
FAIL: gcc.dg/guality/pr45003-3.c -O2 -flto -flto-partition=none line 19 a == 0x8078
FAIL: gcc.dg/guality/pr45003-3.c -O2 -flto line 10 a == -32648
FAIL: gcc.dg/guality/pr45003-3.c -O2 -flto line 19 a == 0x8078
FAIL: gcc.dg/guality/sra-1.c -O2 line 43 a.i == 4
FAIL: gcc.dg/guality/sra-1.c -O2 line 43 a.j == 14
FAIL: gcc.dg/guality/sra-1.c -O3 -fomit-frame-pointer line 43 a.i == 4
FAIL: gcc.dg/guality/sra-1.c -O3 -fomit-frame-pointer line 43 a.j == 14
FAIL: gcc.dg/guality/sra-1.c -O3 -g line 43 a.i == 4
FAIL: gcc.dg/guality/sra-1.c -O3 -g line 43 a.j == 14
FAIL: gcc.dg/guality/sra-1.c -Os line 43 a.j == 14
FAIL: gcc.dg/guality/vla-1.c -O1 line 17 sizeof (a) == 6
FAIL: gcc.dg/guality/vla-1.c -O2 line 17 sizeof (a) == 6
FAIL: gcc.dg/guality/vla-1.c -O3 -fomit-frame-pointer line 17 sizeof (a) == 6
FAIL: gcc.dg/guality/vla-1.c -O3 -g line 17 sizeof (a) == 6
FAIL: gcc.dg/guality/vla-1.c -Os line 17 sizeof (a) == 6
FAIL: gcc.dg/guality/vla-1.c -O2 -flto -flto-partition=none line 17 sizeof (a) == 6
FAIL: gcc.dg/guality/vla-1.c -O2 -flto -flto-partition=none line 24 sizeof (a) == 17 * sizeof (short)
FAIL: gcc.dg/guality/vla-1.c -O2 -flto line 17 sizeof (a) == 6
FAIL: gcc.dg/guality/vla-1.c -O2 -flto line 24 sizeof (a) == 17 * sizeof (short)
FAIL: gcc.dg/guality/vla-2.c -O2 -flto -flto-partition=none line 16 sizeof (a) == 5 * sizeof (int)
FAIL: gcc.dg/guality/vla-2.c -O2 -flto -flto-partition=none line 25 sizeof (a) == 6 * sizeof (int)
FAIL: gcc.dg/guality/vla-2.c -O2 -flto line 16 sizeof (a) == 5 * sizeof (int)
FAIL: gcc.dg/guality/vla-2.c -O2 -flto line 25 sizeof (a) == 6 * sizeof (int)
FAIL: gcc.dg/vect/vect-104.c scan-tree-dump-times vect "possible dependence between data-refs" 1
FAIL: gcc.dg/vect/vect-6.c scan-tree-dump-times vect "Vectorizing an unaligned access" 0
FAIL: gcc.dg/vect/vect-all.c scan-tree-dump-times vect "Vectorizing an unaligned access" 0
FAIL: gcc.dg/vect/vect-outer-1.c scan-tree-dump-times vect "strided access in outer loop" 1
FAIL: gcc.dg/vect/vect-outer-1a.c scan-tree-dump-times vect "strided access in outer loop" 1
FAIL: gcc.dg/vect/vect-outer-1b.c scan-tree-dump-times vect "strided access in outer loop" 1
FAIL: gcc.dg/vect/vect-outer-2b.c scan-tree-dump-times vect "strided access in outer loop." 1
FAIL: gcc.dg/vect/vect-outer-3a.c scan-tree-dump-times vect "step doesn't divide the vector-size" 2
FAIL: gcc.dg/vect/vect-outer-3b.c scan-tree-dump-times vect "strided access in outer loop" 2
FAIL: gcc.dg/vect/vect-outer-5.c scan-tree-dump-times vect "zero step in outer loop." 1
FAIL: gcc.dg/vect/vect-outer-6.c execution test
FAIL: gcc.dg/vect/vect-reduc-dot-s8b.c scan-tree-dump-times vect "vect_recog_widen_mult_pattern: detected" 1
FAIL: gcc.dg/vect/no-vfa-vect-101.c scan-tree-dump-times vect "can't determine dependence" 1
FAIL: gcc.dg/vect/no-vfa-vect-102.c scan-tree-dump-times vect "possible dependence between data-refs" 1
FAIL: gcc.dg/vect/no-vfa-vect-102a.c scan-tree-dump-times vect "possible dependence between data-refs" 1
FAIL: gcc.dg/vect/no-vfa-vect-37.c scan-tree-dump-times vect "can't determine dependence between" 2
FAIL: gcc.dg/vect/no-vfa-vect-79.c scan-tree-dump-times vect "can't determine dependence between" 1
FAIL: gcc.target/i386/avx-1.c (internal compiler error)
FAIL: gcc.target/i386/avx-1.c (test for excess errors)
FAIL: gcc.target/i386/avx-2.c (internal compiler error)
FAIL: gcc.target/i386/avx-2.c (test for excess errors)
FAIL: gcc.target/i386/avx-vandnpd-256-1.c (internal compiler error)
FAIL: gcc.target/i386/avx-vandnpd-256-1.c (test for excess errors)
WARNING: gcc.target/i386/avx-vandnpd-256-1.c compilation failed to produce executable
FAIL: gcc.target/i386/avx-vandnps-256-1.c (internal compiler error)
FAIL: gcc.target/i386/avx-vandnps-256-1.c (test for excess errors)
WARNING: gcc.target/i386/avx-vandnps-256-1.c compilation failed to produce executable
FAIL: gcc.target/i386/avx-vandpd-256-1.c (internal compiler error)
FAIL: gcc.target/i386/avx-vandpd-256-1.c (test for excess errors)
WARNING: gcc.target/i386/avx-vandpd-256-1.c compilation failed to produce executable
FAIL: gcc.target/i386/avx-vandps-256-1.c (internal compiler error)
FAIL: gcc.target/i386/avx-vandps-256-1.c (test for excess errors)
WARNING: gcc.target/i386/avx-vandps-256-1.c compilation failed to produce executable
FAIL: gcc.target/i386/avx-vblendvps-256-1.c (internal compiler error)
FAIL: gcc.target/i386/avx-vblendvps-256-1.c (test for excess errors)
WARNING: gcc.target/i386/avx-vblendvps-256-1.c compilation failed to produce executable
FAIL: gcc.target/i386/avx-vcmppd-256-1.c (internal compiler error)
FAIL: gcc.target/i386/avx-vcmppd-256-1.c (test for excess errors)
WARNING: gcc.target/i386/avx-vcmppd-256-1.c compilation failed to produce executable
FAIL: gcc.target/i386/avx-vcmpps-256-1.c (internal compiler error)
FAIL: gcc.target/i386/avx-vcmpps-256-1.c (test for excess errors)
WARNING: gcc.target/i386/avx-vcmpps-256-1.c compilation failed to produce executable
FAIL: gcc.target/i386/avx-vmaskmovpd-256-1.c (internal compiler error)
FAIL: gcc.target/i386/avx-vmaskmovpd-256-1.c (test for excess errors)
WARNING: gcc.target/i386/avx-vmaskmovpd-256-1.c compilation failed to produce executable
FAIL: gcc.target/i386/avx-vmaskmovpd-256-2.c (internal compiler error)
FAIL: gcc.target/i386/avx-vmaskmovpd-256-2.c (test for excess errors)
WARNING: gcc.target/i386/avx-vmaskmovpd-256-2.c compilation failed to produce executable
FAIL: gcc.target/i386/avx-vmaskmovps-256-1.c (internal compiler error)
FAIL: gcc.target/i386/avx-vmaskmovps-256-1.c (test for excess errors)
WARNING: gcc.target/i386/avx-vmaskmovps-256-1.c compilation failed to produce executable
FAIL: gcc.target/i386/avx-vmaskmovps-256-2.c (internal compiler error)
FAIL: gcc.target/i386/avx-vmaskmovps-256-2.c (test for excess errors)
WARNING: gcc.target/i386/avx-vmaskmovps-256-2.c compilation failed to produce executable
FAIL: gcc.target/i386/avx-vmovdqu-256-1.c (internal compiler error)
FAIL: gcc.target/i386/avx-vmovdqu-256-1.c (test for excess errors)
WARNING: gcc.target/i386/avx-vmovdqu-256-1.c compilation failed to produce executable
FAIL: gcc.target/i386/avx-vmovdqu-256-2.c (internal compiler error)
FAIL: gcc.target/i386/avx-vmovdqu-256-2.c (test for excess errors)
WARNING: gcc.target/i386/avx-vmovdqu-256-2.c compilation failed to produce executable
FAIL: gcc.target/i386/avx-vmovmskpd-256-1.c (internal compiler error)
FAIL: gcc.target/i386/avx-vmovmskpd-256-1.c (test for excess errors)
WARNING: gcc.target/i386/avx-vmovmskpd-256-1.c compilation failed to produce executable
FAIL: gcc.target/i386/avx-vmovmskps-256-1.c (internal compiler error)
FAIL: gcc.target/i386/avx-vmovmskps-256-1.c (test for excess errors)
WARNING: gcc.target/i386/avx-vmovmskps-256-1.c compilation failed to produce executable
FAIL: gcc.target/i386/avx-vmovupd-256-1.c (internal compiler error)
FAIL: gcc.target/i386/avx-vmovupd-256-1.c (test for excess errors)
WARNING: gcc.target/i386/avx-vmovupd-256-1.c compilation failed to produce executable
FAIL: gcc.target/i386/avx-vmovupd-256-2.c (internal compiler error)
FAIL: gcc.target/i386/avx-vmovupd-256-2.c (test for excess errors)
WARNING: gcc.target/i386/avx-vmovupd-256-2.c compilation failed to produce executable
FAIL: gcc.target/i386/avx-vmovups-256-1.c (internal compiler error)
FAIL: gcc.target/i386/avx-vmovups-256-1.c (test for excess errors)
WARNING: gcc.target/i386/avx-vmovups-256-1.c compilation failed to produce executable
FAIL: gcc.target/i386/avx-vmovups-256-2.c (internal compiler error)
FAIL: gcc.target/i386/avx-vmovups-256-2.c (test for excess errors)
WARNING: gcc.target/i386/avx-vmovups-256-2.c compilation failed to produce executable
FAIL: gcc.target/i386/avx-vorpd-256-1.c (internal compiler error)
FAIL: gcc.target/i386/avx-vorpd-256-1.c (test for excess errors)
WARNING: gcc.target/i386/avx-vorpd-256-1.c compilation failed to produce executable
FAIL: gcc.target/i386/avx-vorps-256-1.c (internal compiler error)
FAIL: gcc.target/i386/avx-vorps-256-1.c (test for excess errors)
WARNING: gcc.target/i386/avx-vorps-256-1.c compilation failed to produce executable
FAIL: gcc.target/i386/avx-vperm2f128-256-2.c (internal compiler error)
FAIL: gcc.target/i386/avx-vperm2f128-256-2.c (test for excess errors)
WARNING: gcc.target/i386/avx-vperm2f128-256-2.c compilation failed to produce executable
FAIL: gcc.target/i386/avx-vperm2f128-256-3.c (internal compiler error)
FAIL: gcc.target/i386/avx-vperm2f128-256-3.c (test for excess errors)
WARNING: gcc.target/i386/avx-vperm2f128-256-3.c compilation failed to produce executable
FAIL: gcc.target/i386/avx-vpermilpd-256-2.c (internal compiler error)
FAIL: gcc.target/i386/avx-vpermilpd-256-2.c (test for excess errors)
WARNING: gcc.target/i386/avx-vpermilpd-256-2.c compilation failed to produce executable
FAIL: gcc.target/i386/avx-vpermilps-256-2.c (internal compiler error)
FAIL: gcc.target/i386/avx-vpermilps-256-2.c (test for excess errors)
WARNING: gcc.target/i386/avx-vpermilps-256-2.c compilation failed to produce executable
FAIL: gcc.target/i386/avx-vptest-256-1.c (internal compiler error)
FAIL: gcc.target/i386/avx-vptest-256-1.c (test for excess errors)
WARNING: gcc.target/i386/avx-vptest-256-1.c compilation failed to produce executable
FAIL: gcc.target/i386/avx-vptest-256-2.c (internal compiler error)
FAIL: gcc.target/i386/avx-vptest-256-2.c (test for excess errors)
WARNING: gcc.target/i386/avx-vptest-256-2.c compilation failed to produce executable
FAIL: gcc.target/i386/avx-vptest-256-3.c (internal compiler error)
FAIL: gcc.target/i386/avx-vptest-256-3.c (test for excess errors)
WARNING: gcc.target/i386/avx-vptest-256-3.c compilation failed to produce executable
FAIL: gcc.target/i386/avx-vroundpd-256-1.c (internal compiler error)
FAIL: gcc.target/i386/avx-vroundpd-256-1.c (test for excess errors)
WARNING: gcc.target/i386/avx-vroundpd-256-1.c compilation failed to produce executable
FAIL: gcc.target/i386/avx-vroundpd-256-2.c (internal compiler error)
FAIL: gcc.target/i386/avx-vroundpd-256-2.c (test for excess errors)
WARNING: gcc.target/i386/avx-vroundpd-256-2.c compilation failed to produce executable
FAIL: gcc.target/i386/avx-vroundpd-256-3.c (internal compiler error)
FAIL: gcc.target/i386/avx-vroundpd-256-3.c (test for excess errors)
WARNING: gcc.target/i386/avx-vroundpd-256-3.c compilation failed to produce executable
FAIL: gcc.target/i386/avx-vroundps-256-1.c (internal compiler error)
FAIL: gcc.target/i386/avx-vroundps-256-1.c (test for excess errors)
WARNING: gcc.target/i386/avx-vroundps-256-1.c compilation failed to produce executable
FAIL: gcc.target/i386/avx-vtestpd-256-1.c (internal compiler error)
FAIL: gcc.target/i386/avx-vtestpd-256-1.c (test for excess errors)
WARNING: gcc.target/i386/avx-vtestpd-256-1.c compilation failed to produce executable
FAIL: gcc.target/i386/avx-vtestpd-256-2.c (internal compiler error)
FAIL: gcc.target/i386/avx-vtestpd-256-2.c (test for excess errors)
WARNING: gcc.target/i386/avx-vtestpd-256-2.c compilation failed to produce executable
FAIL: gcc.target/i386/avx-vtestpd-256-3.c (internal compiler error)
FAIL: gcc.target/i386/avx-vtestpd-256-3.c (test for excess errors)
WARNING: gcc.target/i386/avx-vtestpd-256-3.c compilation failed to produce executable
FAIL: gcc.target/i386/avx-vtestps-256-1.c (internal compiler error)
FAIL: gcc.target/i386/avx-vtestps-256-1.c (test for excess errors)
WARNING: gcc.target/i386/avx-vtestps-256-1.c compilation failed to produce executable
FAIL: gcc.target/i386/avx-vtestps-256-2.c (internal compiler error)
FAIL: gcc.target/i386/avx-vtestps-256-2.c (test for excess errors)
WARNING: gcc.target/i386/avx-vtestps-256-2.c compilation failed to produce executable
FAIL: gcc.target/i386/avx-vtestps-256-3.c (internal compiler error)
FAIL: gcc.target/i386/avx-vtestps-256-3.c (test for excess errors)
WARNING: gcc.target/i386/avx-vtestps-256-3.c compilation failed to produce executable
FAIL: gcc.target/i386/avx-vxorpd-256-1.c (internal compiler error)
FAIL: gcc.target/i386/avx-vxorpd-256-1.c (test for excess errors)
WARNING: gcc.target/i386/avx-vxorpd-256-1.c compilation failed to produce executable
FAIL: gcc.target/i386/avx-vxorps-256-1.c (internal compiler error)
FAIL: gcc.target/i386/avx-vxorps-256-1.c (test for excess errors)
WARNING: gcc.target/i386/avx-vxorps-256-1.c compilation failed to produce executable
FAIL: gcc.target/i386/avx-vzeroupper-3.c (internal compiler error)
FAIL: gcc.target/i386/avx-vzeroupper-3.c (test for excess errors)
WARNING: gcc.target/i386/avx-vzeroupper-3.c compilation failed to produce executable
FAIL: gcc.target/i386/pad-1.c scan-assembler rep
FAIL: gcc.target/i386/parity-1.c scan-assembler setnp
FAIL: gcc.target/i386/parity-2.c scan-assembler setnp
FAIL: gcc.target/i386/pr38824.c scan-assembler-not addps[^\\\\n]*%[er]
FAIL: gcc.target/i386/recip-vec-sqrtf.c scan-assembler-times rsqrtps 3
FAIL: gcc.target/i386/sse-13.c (internal compiler error)
FAIL: gcc.target/i386/sse-13.c (test for excess errors)
FAIL: gcc.target/i386/sse-14.c (internal compiler error)
FAIL: gcc.target/i386/sse-14.c (test for excess errors)
FAIL: gcc.target/i386/sse-22.c (internal compiler error)
FAIL: gcc.target/i386/sse-22.c (test for excess errors)
FAIL: gcc.target/i386/sse-23.c (internal compiler error)
FAIL: gcc.target/i386/sse-23.c (test for excess errors)
FAIL: gcc.target/i386/sse-24.c (internal compiler error)
FAIL: gcc.target/i386/sse-24.c (test for excess errors)
FAIL: gcc.target/i386/vecinit-1.c scan-assembler-not xor
FAIL: gcc.target/i386/vecinit-2.c scan-assembler-not xor
FAIL: gcc.target/i386/xop-vpermil2ps-256-1.c (internal compiler error)
FAIL: gcc.target/i386/xop-vpermil2ps-256-1.c (test for excess errors)
WARNING: gcc.target/i386/xop-vpermil2ps-256-1.c compilation failed to produce executable
=== gcc Summary for unix ===
# of expected passes 88136
# of unexpected failures 101
# of unexpected successes 63
# of expected failures 404
# of unsupported tests 997
Running target unix/-m32
FAIL: gcc.c-torture/compile/limits-exprparen.c -O0 (internal compiler error)
FAIL: gcc.c-torture/compile/limits-exprparen.c -O0 (test for excess errors)
FAIL: gcc.c-torture/compile/limits-exprparen.c -O1 (internal compiler error)
FAIL: gcc.c-torture/compile/limits-exprparen.c -O1 (test for excess errors)
FAIL: gcc.c-torture/compile/limits-exprparen.c -O2 (internal compiler error)
FAIL: gcc.c-torture/compile/limits-exprparen.c -O2 (test for excess errors)
FAIL: gcc.c-torture/compile/limits-exprparen.c -O3 -fomit-frame-pointer (internal compiler error)
FAIL: gcc.c-torture/compile/limits-exprparen.c -O3 -fomit-frame-pointer (test for excess errors)
FAIL: gcc.c-torture/compile/limits-exprparen.c -O3 -g (internal compiler error)
FAIL: gcc.c-torture/compile/limits-exprparen.c -O3 -g (test for excess errors)
FAIL: gcc.c-torture/compile/limits-exprparen.c -Os (internal compiler error)
FAIL: gcc.c-torture/compile/limits-exprparen.c -Os (test for excess errors)
FAIL: gcc.c-torture/compile/limits-exprparen.c -O2 -flto -flto-partition=none (internal compiler error)
FAIL: gcc.c-torture/compile/limits-exprparen.c -O2 -flto -flto-partition=none (test for excess errors)
FAIL: gcc.c-torture/compile/limits-exprparen.c -O2 -flto (internal compiler error)
FAIL: gcc.c-torture/compile/limits-exprparen.c -O2 -flto (test for excess errors)
XPASS: gcc.dg/guality/example.c -O0 execution test
XPASS: gcc.dg/guality/example.c -O1 execution test
XPASS: gcc.dg/guality/example.c -O2 execution test
XPASS: gcc.dg/guality/guality.c -O0 execution test
XPASS: gcc.dg/guality/guality.c -O1 execution test
XPASS: gcc.dg/guality/guality.c -O2 execution test
XPASS: gcc.dg/guality/guality.c -O3 -fomit-frame-pointer execution test
XPASS: gcc.dg/guality/guality.c -O3 -g execution test
XPASS: gcc.dg/guality/guality.c -Os execution test
XPASS: gcc.dg/guality/inline-params.c -O2 execution test
XPASS: gcc.dg/guality/inline-params.c -O3 -fomit-frame-pointer execution test
XPASS: gcc.dg/guality/inline-params.c -O3 -g execution test
XPASS: gcc.dg/guality/inline-params.c -Os execution test
FAIL: gcc.dg/guality/pr36728-1.c -O2 -flto -flto-partition=none line 12 arg1 == 1
FAIL: gcc.dg/guality/pr36728-1.c -O2 -flto -flto-partition=none line 14 arg1 == 1
FAIL: gcc.dg/guality/pr36728-1.c -O2 -flto line 12 arg1 == 1
FAIL: gcc.dg/guality/pr36728-1.c -O2 -flto line 14 arg1 == 1
XPASS: gcc.dg/guality/pr41353-1.c -O0 line 28 j == 28 + 37
XPASS: gcc.dg/guality/pr41353-1.c -O1 line 28 j == 28 + 37
XPASS: gcc.dg/guality/pr41353-1.c -O2 line 28 j == 28 + 37
XPASS: gcc.dg/guality/pr41353-1.c -O3 -fomit-frame-pointer line 28 j == 28 + 37
XPASS: gcc.dg/guality/pr41353-1.c -O3 -g line 28 j == 28 + 37
XPASS: gcc.dg/guality/pr41353-1.c -Os line 28 j == 28 + 37
XPASS: gcc.dg/guality/pr41353-1.c -O2 -flto -flto-partition=none line 28 j == 28 + 37
XPASS: gcc.dg/guality/pr41353-1.c -O2 -flto line 28 j == 28 + 37
XPASS: gcc.dg/guality/pr41447-1.c -O0 execution test
XPASS: gcc.dg/guality/pr41447-1.c -O1 execution test
XPASS: gcc.dg/guality/pr41447-1.c -Os execution test
XPASS: gcc.dg/guality/pr41616-1.c -O0 execution test
XPASS: gcc.dg/guality/pr41616-1.c -O1 execution test
XPASS: gcc.dg/guality/pr41616-1.c -O2 execution test
XPASS: gcc.dg/guality/pr41616-1.c -O3 -fomit-frame-pointer execution test
XPASS: gcc.dg/guality/pr41616-1.c -O3 -g execution test
XPASS: gcc.dg/guality/pr41616-1.c -Os execution test
FAIL: gcc.dg/guality/pr43077-1.c -O2 -flto -flto-partition=none line 42 varb == 2
FAIL: gcc.dg/guality/pr43479.c -O2 -flto -flto-partition=none line 13 h == 9
FAIL: gcc.dg/guality/pr43479.c -O2 -flto -flto-partition=none line 18 h == 9
FAIL: gcc.dg/guality/pr43479.c -O2 -flto line 13 h == 9
FAIL: gcc.dg/guality/pr43479.c -O2 -flto line 18 h == 9
FAIL: gcc.dg/vect/vect-104.c scan-tree-dump-times vect "possible dependence between data-refs" 1
FAIL: gcc.dg/vect/vect-6.c scan-tree-dump-times vect "Vectorizing an unaligned access" 0
FAIL: gcc.dg/vect/vect-all.c scan-tree-dump-times vect "Vectorizing an unaligned access" 0
FAIL: gcc.dg/vect/vect-outer-1.c scan-tree-dump-times vect "strided access in outer loop" 1
FAIL: gcc.dg/vect/vect-outer-1a.c scan-tree-dump-times vect "strided access in outer loop" 1
FAIL: gcc.dg/vect/vect-outer-1b.c scan-tree-dump-times vect "strided access in outer loop" 1
FAIL: gcc.dg/vect/vect-outer-2b.c scan-tree-dump-times vect "strided access in outer loop." 1
FAIL: gcc.dg/vect/vect-outer-3a.c scan-tree-dump-times vect "step doesn't divide the vector-size" 2
FAIL: gcc.dg/vect/vect-outer-3b.c scan-tree-dump-times vect "strided access in outer loop" 2
FAIL: gcc.dg/vect/vect-outer-5.c scan-tree-dump-times vect "zero step in outer loop." 1
FAIL: gcc.dg/vect/vect-reduc-dot-s8b.c scan-tree-dump-times vect "vect_recog_widen_mult_pattern: detected" 1
FAIL: gcc.dg/vect/no-vfa-vect-101.c scan-tree-dump-times vect "can't determine dependence" 1
FAIL: gcc.dg/vect/no-vfa-vect-102.c scan-tree-dump-times vect "possible dependence between data-refs" 1
FAIL: gcc.dg/vect/no-vfa-vect-102a.c scan-tree-dump-times vect "possible dependence between data-refs" 1
FAIL: gcc.dg/vect/no-vfa-vect-37.c scan-tree-dump-times vect "can't determine dependence between" 2
FAIL: gcc.dg/vect/no-vfa-vect-79.c scan-tree-dump-times vect "can't determine dependence between" 1
FAIL: gcc.target/i386/avx-1.c (internal compiler error)
FAIL: gcc.target/i386/avx-1.c (test for excess errors)
FAIL: gcc.target/i386/avx-2.c (internal compiler error)
FAIL: gcc.target/i386/avx-2.c (test for excess errors)
FAIL: gcc.target/i386/avx-vandnpd-256-1.c (internal compiler error)
FAIL: gcc.target/i386/avx-vandnpd-256-1.c (test for excess errors)
WARNING: gcc.target/i386/avx-vandnpd-256-1.c compilation failed to produce executable
FAIL: gcc.target/i386/avx-vandnps-256-1.c (internal compiler error)
FAIL: gcc.target/i386/avx-vandnps-256-1.c (test for excess errors)
WARNING: gcc.target/i386/avx-vandnps-256-1.c compilation failed to produce executable
FAIL: gcc.target/i386/avx-vandpd-256-1.c (internal compiler error)
FAIL: gcc.target/i386/avx-vandpd-256-1.c (test for excess errors)
WARNING: gcc.target/i386/avx-vandpd-256-1.c compilation failed to produce executable
FAIL: gcc.target/i386/avx-vandps-256-1.c (internal compiler error)
FAIL: gcc.target/i386/avx-vandps-256-1.c (test for excess errors)
WARNING: gcc.target/i386/avx-vandps-256-1.c compilation failed to produce executable
FAIL: gcc.target/i386/avx-vblendvps-256-1.c (internal compiler error)
FAIL: gcc.target/i386/avx-vblendvps-256-1.c (test for excess errors)
WARNING: gcc.target/i386/avx-vblendvps-256-1.c compilation failed to produce executable
FAIL: gcc.target/i386/avx-vcmppd-256-1.c (internal compiler error)
FAIL: gcc.target/i386/avx-vcmppd-256-1.c (test for excess errors)
WARNING: gcc.target/i386/avx-vcmppd-256-1.c compilation failed to produce executable
FAIL: gcc.target/i386/avx-vcmpps-256-1.c (internal compiler error)
FAIL: gcc.target/i386/avx-vcmpps-256-1.c (test for excess errors)
WARNING: gcc.target/i386/avx-vcmpps-256-1.c compilation failed to produce executable
FAIL: gcc.target/i386/avx-vmaskmovpd-256-1.c (internal compiler error)
FAIL: gcc.target/i386/avx-vmaskmovpd-256-1.c (test for excess errors)
WARNING: gcc.target/i386/avx-vmaskmovpd-256-1.c compilation failed to produce executable
FAIL: gcc.target/i386/avx-vmaskmovpd-256-2.c (internal compiler error)
FAIL: gcc.target/i386/avx-vmaskmovpd-256-2.c (test for excess errors)
WARNING: gcc.target/i386/avx-vmaskmovpd-256-2.c compilation failed to produce executable
FAIL: gcc.target/i386/avx-vmaskmovps-256-1.c (internal compiler error)
FAIL: gcc.target/i386/avx-vmaskmovps-256-1.c (test for excess errors)
WARNING: gcc.target/i386/avx-vmaskmovps-256-1.c compilation failed to produce executable
FAIL: gcc.target/i386/avx-vmaskmovps-256-2.c (internal compiler error)
FAIL: gcc.target/i386/avx-vmaskmovps-256-2.c (test for excess errors)
WARNING: gcc.target/i386/avx-vmaskmovps-256-2.c compilation failed to produce executable
FAIL: gcc.target/i386/avx-vmovdqu-256-1.c (internal compiler error)
FAIL: gcc.target/i386/avx-vmovdqu-256-1.c (test for excess errors)
WARNING: gcc.target/i386/avx-vmovdqu-256-1.c compilation failed to produce executable
FAIL: gcc.target/i386/avx-vmovdqu-256-2.c (internal compiler error)
FAIL: gcc.target/i386/avx-vmovdqu-256-2.c (test for excess errors)
WARNING: gcc.target/i386/avx-vmovdqu-256-2.c compilation failed to produce executable
FAIL: gcc.target/i386/avx-vmovmskpd-256-1.c (internal compiler error)
FAIL: gcc.target/i386/avx-vmovmskpd-256-1.c (test for excess errors)
WARNING: gcc.target/i386/avx-vmovmskpd-256-1.c compilation failed to produce executable
FAIL: gcc.target/i386/avx-vmovmskps-256-1.c (internal compiler error)
FAIL: gcc.target/i386/avx-vmovmskps-256-1.c (test for excess errors)
WARNING: gcc.target/i386/avx-vmovmskps-256-1.c compilation failed to produce executable
FAIL: gcc.target/i386/avx-vmovupd-256-1.c (internal compiler error)
FAIL: gcc.target/i386/avx-vmovupd-256-1.c (test for excess errors)
WARNING: gcc.target/i386/avx-vmovupd-256-1.c compilation failed to produce executable
FAIL: gcc.target/i386/avx-vmovupd-256-2.c (internal compiler error)
FAIL: gcc.target/i386/avx-vmovupd-256-2.c (test for excess errors)
WARNING: gcc.target/i386/avx-vmovupd-256-2.c compilation failed to produce executable
FAIL: gcc.target/i386/avx-vmovups-256-1.c (internal compiler error)
FAIL: gcc.target/i386/avx-vmovups-256-1.c (test for excess errors)
WARNING: gcc.target/i386/avx-vmovups-256-1.c compilation failed to produce executable
FAIL: gcc.target/i386/avx-vmovups-256-2.c (internal compiler error)
FAIL: gcc.target/i386/avx-vmovups-256-2.c (test for excess errors)
WARNING: gcc.target/i386/avx-vmovups-256-2.c compilation failed to produce executable
FAIL: gcc.target/i386/avx-vorpd-256-1.c (internal compiler error)
FAIL: gcc.target/i386/avx-vorpd-256-1.c (test for excess errors)
WARNING: gcc.target/i386/avx-vorpd-256-1.c compilation failed to produce executable
FAIL: gcc.target/i386/avx-vorps-256-1.c (internal compiler error)
FAIL: gcc.target/i386/avx-vorps-256-1.c (test for excess errors)
WARNING: gcc.target/i386/avx-vorps-256-1.c compilation failed to produce executable
FAIL: gcc.target/i386/avx-vperm2f128-256-2.c (internal compiler error)
FAIL: gcc.target/i386/avx-vperm2f128-256-2.c (test for excess errors)
WARNING: gcc.target/i386/avx-vperm2f128-256-2.c compilation failed to produce executable
FAIL: gcc.target/i386/avx-vperm2f128-256-3.c (internal compiler error)
FAIL: gcc.target/i386/avx-vperm2f128-256-3.c (test for excess errors)
WARNING: gcc.target/i386/avx-vperm2f128-256-3.c compilation failed to produce executable
FAIL: gcc.target/i386/avx-vpermilpd-256-2.c (internal compiler error)
FAIL: gcc.target/i386/avx-vpermilpd-256-2.c (test for excess errors)
WARNING: gcc.target/i386/avx-vpermilpd-256-2.c compilation failed to produce executable
FAIL: gcc.target/i386/avx-vpermilps-256-2.c (internal compiler error)
FAIL: gcc.target/i386/avx-vpermilps-256-2.c (test for excess errors)
WARNING: gcc.target/i386/avx-vpermilps-256-2.c compilation failed to produce executable
FAIL: gcc.target/i386/avx-vptest-256-1.c (internal compiler error)
FAIL: gcc.target/i386/avx-vptest-256-1.c (test for excess errors)
WARNING: gcc.target/i386/avx-vptest-256-1.c compilation failed to produce executable
FAIL: gcc.target/i386/avx-vptest-256-2.c (internal compiler error)
FAIL: gcc.target/i386/avx-vptest-256-2.c (test for excess errors)
WARNING: gcc.target/i386/avx-vptest-256-2.c compilation failed to produce executable
FAIL: gcc.target/i386/avx-vptest-256-3.c (internal compiler error)
FAIL: gcc.target/i386/avx-vptest-256-3.c (test for excess errors)
WARNING: gcc.target/i386/avx-vptest-256-3.c compilation failed to produce executable
FAIL: gcc.target/i386/avx-vroundpd-256-1.c (internal compiler error)
FAIL: gcc.target/i386/avx-vroundpd-256-1.c (test for excess errors)
WARNING: gcc.target/i386/avx-vroundpd-256-1.c compilation failed to produce executable
FAIL: gcc.target/i386/avx-vroundpd-256-2.c (internal compiler error)
FAIL: gcc.target/i386/avx-vroundpd-256-2.c (test for excess errors)
WARNING: gcc.target/i386/avx-vroundpd-256-2.c compilation failed to produce executable
FAIL: gcc.target/i386/avx-vroundpd-256-3.c (internal compiler error)
FAIL: gcc.target/i386/avx-vroundpd-256-3.c (test for excess errors)
WARNING: gcc.target/i386/avx-vroundpd-256-3.c compilation failed to produce executable
FAIL: gcc.target/i386/avx-vroundps-256-1.c (internal compiler error)
FAIL: gcc.target/i386/avx-vroundps-256-1.c (test for excess errors)
WARNING: gcc.target/i386/avx-vroundps-256-1.c compilation failed to produce executable
FAIL: gcc.target/i386/avx-vtestpd-256-1.c (internal compiler error)
FAIL: gcc.target/i386/avx-vtestpd-256-1.c (test for excess errors)
WARNING: gcc.target/i386/avx-vtestpd-256-1.c compilation failed to produce executable
FAIL: gcc.target/i386/avx-vtestpd-256-2.c (internal compiler error)
FAIL: gcc.target/i386/avx-vtestpd-256-2.c (test for excess errors)
WARNING: gcc.target/i386/avx-vtestpd-256-2.c compilation failed to produce executable
FAIL: gcc.target/i386/avx-vtestpd-256-3.c (internal compiler error)
FAIL: gcc.target/i386/avx-vtestpd-256-3.c (test for excess errors)
WARNING: gcc.target/i386/avx-vtestpd-256-3.c compilation failed to produce executable
FAIL: gcc.target/i386/avx-vtestps-256-1.c (internal compiler error)
FAIL: gcc.target/i386/avx-vtestps-256-1.c (test for excess errors)
WARNING: gcc.target/i386/avx-vtestps-256-1.c compilation failed to produce executable
FAIL: gcc.target/i386/avx-vtestps-256-2.c (internal compiler error)
FAIL: gcc.target/i386/avx-vtestps-256-2.c (test for excess errors)
WARNING: gcc.target/i386/avx-vtestps-256-2.c compilation failed to produce executable
FAIL: gcc.target/i386/avx-vtestps-256-3.c (internal compiler error)
FAIL: gcc.target/i386/avx-vtestps-256-3.c (test for excess errors)
WARNING: gcc.target/i386/avx-vtestps-256-3.c compilation failed to produce executable
FAIL: gcc.target/i386/avx-vxorpd-256-1.c (internal compiler error)
FAIL: gcc.target/i386/avx-vxorpd-256-1.c (test for excess errors)
WARNING: gcc.target/i386/avx-vxorpd-256-1.c compilation failed to produce executable
FAIL: gcc.target/i386/avx-vxorps-256-1.c (internal compiler error)
FAIL: gcc.target/i386/avx-vxorps-256-1.c (test for excess errors)
WARNING: gcc.target/i386/avx-vxorps-256-1.c compilation failed to produce executable
FAIL: gcc.target/i386/avx-vzeroupper-3.c (internal compiler error)
FAIL: gcc.target/i386/avx-vzeroupper-3.c (test for excess errors)
WARNING: gcc.target/i386/avx-vzeroupper-3.c compilation failed to produce executable
FAIL: gcc.target/i386/incoming-8.c scan-assembler andl[\\\\t ]*\\\\\$-16,[\\\\t ]*%esp
FAIL: gcc.target/i386/pad-1.c scan-assembler rep
FAIL: gcc.target/i386/parity-1.c scan-assembler setnp
FAIL: gcc.target/i386/parity-2.c scan-assembler setnp
FAIL: gcc.target/i386/pr38824.c scan-assembler-not addps[^\\\\n]*%[er]
FAIL: gcc.target/i386/recip-vec-sqrtf.c scan-assembler-times rsqrtps 3
FAIL: gcc.target/i386/sse-13.c (internal compiler error)
FAIL: gcc.target/i386/sse-13.c (test for excess errors)
FAIL: gcc.target/i386/sse-14.c (internal compiler error)
FAIL: gcc.target/i386/sse-14.c (test for excess errors)
FAIL: gcc.target/i386/sse-22.c (internal compiler error)
FAIL: gcc.target/i386/sse-22.c (test for excess errors)
FAIL: gcc.target/i386/sse-23.c (internal compiler error)
FAIL: gcc.target/i386/sse-23.c (test for excess errors)
FAIL: gcc.target/i386/sse-24.c (internal compiler error)
FAIL: gcc.target/i386/sse-24.c (test for excess errors)
FAIL: gcc.target/i386/vecinit-1.c scan-assembler-not xor
FAIL: gcc.target/i386/vecinit-2.c scan-assembler-not xor
FAIL: gcc.target/i386/xop-vpermil2ps-256-1.c (internal compiler error)
FAIL: gcc.target/i386/xop-vpermil2ps-256-1.c (test for excess errors)
WARNING: gcc.target/i386/xop-vpermil2ps-256-1.c compilation failed to produce executable
=== gcc Summary for unix/-m32 ===
# of expected passes 46686
# of unexpected failures 16
# of expected failures 54
# of unsupported tests 373
=== gcc Summary ===
# of expected passes 134822
# of unexpected failures 117
# of unexpected successes 63
# of expected failures 458
# of unsupported tests 1370
/export/build/gnu/gcc-avx/build-x86_64-linux/gcc/xgcc version 4.6.0 20110202 (experimental) (GCC)
=== gfortran tests ===
Running target unix
FAIL: gfortran.dg/vect/pr19049.f90 -O scan-tree-dump-times vect "complicated access pattern" 1
FAIL: gfortran.dg/vect/fast-math-mgrid-resid.f scan-tree-dump-times optimized "vect_var[^\\n]*\\+ " 13
=== gfortran Summary for unix ===
# of expected passes 36733
# of expected failures 38
# of unsupported tests 28
Running target unix/-m32
FAIL: gfortran.dg/vect/pr19049.f90 -O scan-tree-dump-times vect "complicated access pattern" 1
FAIL: gfortran.dg/vect/fast-math-mgrid-resid.f scan-tree-dump-times optimized "vect_var[^\\n]*\\+ " 13
=== gfortran Summary for unix/-m32 ===
# of expected passes 36489
# of expected failures 40
# of unsupported tests 145
=== gfortran Summary ===
# of expected passes 73222
# of expected failures 78
# of unsupported tests 173
/export/build/gnu/gcc-avx/build-x86_64-linux/gcc/testsuite/gfortran/../../gfortran version 4.6.0 20110202 (experimental) (GCC)
=== g++ tests ===
Running target unix
=== g++ Summary for unix ===
# of expected passes 20358
# of expected failures 151
# of unsupported tests 157
Running target unix/-m32
=== g++ Summary for unix/-m32 ===
# of expected passes 19821
# of expected failures 151
# of unsupported tests 122
=== g++ Summary ===
# of expected passes 40179
# of expected failures 302
# of unsupported tests 279
/export/build/gnu/gcc-avx/build-x86_64-linux/gcc/testsuite/g++/../../g++ version 4.6.0 20110202 (experimental) (GCC)
=== objc tests ===
Running target unix
=== objc Summary for unix ===
# of expected passes 1120
Running target unix/-m32
=== objc Summary for unix/-m32 ===
# of expected passes 1120
=== objc Summary ===
# of expected passes 2240
/export/build/gnu/gcc-avx/build-x86_64-linux/gcc/xgcc version 4.6.0 20110202 (experimental) (GCC)
=== libffi tests ===
Running target unix/-m32
=== libffi Summary for unix/-m32 ===
# of expected passes 24
Running target unix
=== libffi Summary for unix ===
# of expected passes 24
=== libffi Summary ===
# of expected passes 3268
# of expected failures 20
# of unsupported tests 30
=== libgomp tests ===
Running target unix/-m32
FAIL: libgomp.graphite/force-parallel-1.c execution test
=== libgomp Summary for unix/-m32 ===
# of expected passes 45
# of unexpected failures 1
Running target unix
FAIL: libgomp.graphite/force-parallel-1.c execution test
=== libgomp Summary for unix ===
# of expected passes 45
# of unexpected failures 1
=== libgomp Summary ===
# of expected passes 5142
# of unexpected failures 2
=== libjava tests ===
Running target unix/-m32
=== libjava Summary for unix/-m32 ===
Running target unix
=== libjava Summary for unix ===
=== libjava Summary ===
# of expected passes 5148
=== libmudflap tests ===
Running target unix/-m32
FAIL: libmudflap.c/pass49-frag.c execution test
FAIL: libmudflap.c/pass49-frag.c output pattern test
FAIL: libmudflap.c/pass49-frag.c execution test
FAIL: libmudflap.c/pass49-frag.c output pattern test
FAIL: libmudflap.c/pass49-frag.c (-O2) execution test
FAIL: libmudflap.c/pass49-frag.c (-O2) output pattern test
FAIL: libmudflap.c/pass49-frag.c (-O2) execution test
FAIL: libmudflap.c/pass49-frag.c (-O2) output pattern test
FAIL: libmudflap.c/pass49-frag.c (-O3) execution test
FAIL: libmudflap.c/pass49-frag.c (-O3) output pattern test
FAIL: libmudflap.c/pass49-frag.c (-O3) execution test
FAIL: libmudflap.c/pass49-frag.c (-O3) output pattern test
=== libmudflap Summary for unix/-m32 ===
# of expected passes 264
Running target unix
FAIL: libmudflap.c/pass49-frag.c execution test
FAIL: libmudflap.c/pass49-frag.c output pattern test
FAIL: libmudflap.c/pass49-frag.c execution test
FAIL: libmudflap.c/pass49-frag.c output pattern test
FAIL: libmudflap.c/pass49-frag.c (-O2) execution test
FAIL: libmudflap.c/pass49-frag.c (-O2) output pattern test
FAIL: libmudflap.c/pass49-frag.c (-O2) execution test
FAIL: libmudflap.c/pass49-frag.c (-O2) output pattern test
FAIL: libmudflap.c/pass49-frag.c (-O3) execution test
FAIL: libmudflap.c/pass49-frag.c (-O3) output pattern test
FAIL: libmudflap.c/pass49-frag.c (-O3) execution test
FAIL: libmudflap.c/pass49-frag.c (-O3) output pattern test
=== libmudflap Summary for unix ===
# of expected passes 264
=== libmudflap Summary ===
# of expected passes 2830
# of unexpected failures 24
=== libstdc++ tests ===
Running target unix
=== libstdc++ Summary for unix ===
# of expected passes 8244
# of expected failures 85
# of unsupported tests 108
Running target unix/-m32
=== libstdc++ Summary for unix/-m32 ===
# of expected passes 8244
# of expected failures 85
# of unsupported tests 108
=== libstdc++ Summary ===
# of expected passes 16488
# of expected failures 170
# of unsupported tests 216
Compiler version: 4.6.0 20110202 (experimental) (GCC)
Platform: x86_64-unknown-linux-gnu
configure flags: --enable-clocale=gnu --with-system-zlib --with-demangler-in-ld --prefix=/usr/gcc-4.6.0-corei7-avx --with-local-prefix=/usr/local --enable-gnu-indirect-function --with-arch=corei7-avx --with-cpu=corei7-avx --enable-cloog-backend=isl --with-ppl-include=/opt/gnu/include --with-ppl-lib=/opt/gnu/lib64 --with-cloog-include=/opt/gnu/include --with-cloog-lib=/opt/gnu/lib64 --with-fpmath=sse
More information about the Gcc-testresults
mailing list