Results for 4.6.0 20110201 (experimental) [trunk revision 169506] (GCC) testsuite on i386-pc-solaris2.10
Sean McGovern
sean@seanmcgovern.ca
Wed Feb 2 02:23:00 GMT 2011
\$ uname -a
SunOS tsukimi 5.10 Generic_142901-07 i86pc i386 i86pc
\$ cat /etc/release
Solaris 10 10/09 s10x_u8wos_08a X86
Copyright 2009 Sun Microsystems, Inc. All Rights Reserved.
Use is subject to license terms.
Assembled 16 September 2009
\$ /usr/local/bin/as --version
GNU assembler (GNU Binutils) 2.21
\$ /usr/ccs/bin/ld -V
ld: Software Generation Utilities - Solaris Link Editors: 5.10-1.497
\$ /usr/sbin/psrinfo -pv
The physical processor has 1 virtual processor (0)
x86 (GenuineIntel family 6 model 23 step 6 clock 2400 MHz)
Intel(r) Core(tm)2 Duo CPU T8300 @ 2.40GHz
The physical processor has 1 virtual processor (1)
x86 (GenuineIntel family 6 model 23 step 6 clock 2400 MHz)
Intel(r) Core(tm)2 Duo CPU T8300 @ 2.40GHz
Bootstrapped with :
\$ /usr/sfw/bin/gcc -v
Reading specs from /usr/sfw/lib/gcc/i386-pc-solaris2.10/3.4.3/specs
Configured with: /builds/sfw10-gate/usr/src/cmd/gcc/gcc-3.4.3/configure --prefix=/usr/sfw --with-as=/usr/sfw/bin/gas --with-gnu-as --with-ld=/usr/ccs/bin/ld --without-gnu-ld --enable-languages=c,c++ --enable-shared
Thread model: posix
gcc version 3.4.3 (csl-sol210-3_4-branch+sol_rpath)
LAST_UPDATED: Tue Feb 1 23:16:01 UTC 2011 (revision 169506)
Native configuration is i386-pc-solaris2.10
=== gcc tests ===
Running target unix/-m64
FAIL: gcc.c-torture/compile/limits-exprparen.c -O0 (internal compiler error)
FAIL: gcc.c-torture/compile/limits-exprparen.c -O0 (test for excess errors)
FAIL: gcc.c-torture/compile/limits-exprparen.c -O1 (internal compiler error)
FAIL: gcc.c-torture/compile/limits-exprparen.c -O1 (test for excess errors)
FAIL: gcc.c-torture/compile/limits-exprparen.c -O2 (internal compiler error)
FAIL: gcc.c-torture/compile/limits-exprparen.c -O2 (test for excess errors)
FAIL: gcc.c-torture/compile/limits-exprparen.c -O3 -fomit-frame-pointer (internal compiler error)
FAIL: gcc.c-torture/compile/limits-exprparen.c -O3 -fomit-frame-pointer (test for excess errors)
FAIL: gcc.c-torture/compile/limits-exprparen.c -O3 -g (internal compiler error)
FAIL: gcc.c-torture/compile/limits-exprparen.c -O3 -g (test for excess errors)
FAIL: gcc.c-torture/compile/limits-exprparen.c -Os (internal compiler error)
FAIL: gcc.c-torture/compile/limits-exprparen.c -Os (test for excess errors)
FAIL: gcc.c-torture/compile/limits-exprparen.c -O2 -flto -flto-partition=none (internal compiler error)
FAIL: gcc.c-torture/compile/limits-exprparen.c -O2 -flto -flto-partition=none (test for excess errors)
FAIL: gcc.c-torture/compile/limits-exprparen.c -O2 -flto (internal compiler error)
FAIL: gcc.c-torture/compile/limits-exprparen.c -O2 -flto (test for excess errors)
FAIL: gcc.misc-tests/gcov-1.c gcov failed: spawn failed
FAIL: gcc.misc-tests/gcov-10.c gcov failed: spawn failed
FAIL: gcc.misc-tests/gcov-10b.c gcov failed: spawn failed
FAIL: gcc.misc-tests/gcov-11.c gcov failed: spawn failed
FAIL: gcc.misc-tests/gcov-2.c gcov failed: spawn failed
FAIL: gcc.misc-tests/gcov-3.c gcov failed: spawn failed
FAIL: gcc.misc-tests/gcov-4.c gcov failed: spawn failed
FAIL: gcc.misc-tests/gcov-4b.c gcov failed: spawn failed
FAIL: gcc.misc-tests/gcov-5b.c gcov failed: spawn failed
FAIL: gcc.misc-tests/gcov-6.c gcov failed: spawn failed
FAIL: gcc.misc-tests/gcov-7.c gcov failed: spawn failed
FAIL: gcc.misc-tests/gcov-8.c gcov failed: spawn failed
FAIL: gcc.misc-tests/gcov-9.c gcov failed: spawn failed
=== gcc Summary ===
# of expected passes 75245
# of unexpected failures 29
# of expected failures 212
# of unsupported tests 1201
/var/opt/BUILD/gcc/obj-169506/gcc/xgcc version 4.6.0 20110201 (experimental) [trunk revision 169506] (GCC)
=== gcc tests ===
Running target unix
FAIL: gcc.c-torture/compile/limits-exprparen.c -O0 (internal compiler error)
FAIL: gcc.c-torture/compile/limits-exprparen.c -O0 (test for excess errors)
FAIL: gcc.c-torture/compile/limits-exprparen.c -O1 (internal compiler error)
FAIL: gcc.c-torture/compile/limits-exprparen.c -O1 (test for excess errors)
FAIL: gcc.c-torture/compile/limits-exprparen.c -O2 (internal compiler error)
FAIL: gcc.c-torture/compile/limits-exprparen.c -O2 (test for excess errors)
FAIL: gcc.c-torture/compile/limits-exprparen.c -O3 -fomit-frame-pointer (internal compiler error)
FAIL: gcc.c-torture/compile/limits-exprparen.c -O3 -fomit-frame-pointer (test for excess errors)
FAIL: gcc.c-torture/compile/limits-exprparen.c -O3 -g (internal compiler error)
FAIL: gcc.c-torture/compile/limits-exprparen.c -O3 -g (test for excess errors)
FAIL: gcc.c-torture/compile/limits-exprparen.c -Os (internal compiler error)
FAIL: gcc.c-torture/compile/limits-exprparen.c -Os (test for excess errors)
FAIL: gcc.c-torture/compile/limits-exprparen.c -O2 -flto -flto-partition=none (internal compiler error)
FAIL: gcc.c-torture/compile/limits-exprparen.c -O2 -flto -flto-partition=none (test for excess errors)
FAIL: gcc.c-torture/compile/limits-exprparen.c -O2 -flto (internal compiler error)
FAIL: gcc.c-torture/compile/limits-exprparen.c -O2 -flto (test for excess errors)
FAIL: gcc.misc-tests/gcov-1.c gcov failed: spawn failed
FAIL: gcc.misc-tests/gcov-10.c gcov failed: spawn failed
FAIL: gcc.misc-tests/gcov-10b.c gcov failed: spawn failed
FAIL: gcc.misc-tests/gcov-11.c gcov failed: spawn failed
FAIL: gcc.misc-tests/gcov-2.c gcov failed: spawn failed
FAIL: gcc.misc-tests/gcov-3.c gcov failed: spawn failed
FAIL: gcc.misc-tests/gcov-4.c gcov failed: spawn failed
FAIL: gcc.misc-tests/gcov-4b.c gcov failed: spawn failed
FAIL: gcc.misc-tests/gcov-5b.c gcov failed: spawn failed
FAIL: gcc.misc-tests/gcov-6.c gcov failed: spawn failed
FAIL: gcc.misc-tests/gcov-7.c gcov failed: spawn failed
FAIL: gcc.misc-tests/gcov-8.c gcov failed: spawn failed
FAIL: gcc.misc-tests/gcov-9.c gcov failed: spawn failed
=== gcc Summary ===
# of expected passes 75151
# of unexpected failures 29
# of expected failures 213
# of unsupported tests 795
/var/opt/BUILD/gcc/obj-169506/gcc/xgcc version 4.6.0 20110201 (experimental) [trunk revision 169506] (GCC)
Compiler version: 4.6.0 20110201 (experimental) [trunk revision 169506] (GCC)
Platform: i386-pc-solaris2.10
configure flags: --prefix=/var/opt/BUILD/gcc/169506 --target=i386-pc-solaris2.10 --with-gnu-as --with-as=/usr/local/bin/as --with-gmp=/local/gcc --with-mpfr=/local/gcc --with-mpc=/local/gcc --enable-languages=c --disable-libssp
BOOT_CFLAGS=-g -O2
More information about the Gcc-testresults
mailing list