Results for 4.5.3 20110201 (prerelease) (GCC) testsuite on arm-none-eabi
CodeSourcery Automatic Testing System
gcc@codesourcery.com
Wed Feb 2 02:17:00 GMT 2011
LAST_UPDATED: Tue Feb 1 21:36:44 UTC 2011 (/branches/gcc-4_5-branch revision 169466)
Target is arm-none-eabi
Host is i686-pc-linux-gnu
=== g++ tests ===
Running target arm-sim-fsf
FAIL: tmpdir-g++.dg-struct-layout-1/t004 cp_compat_x_tst.o compile
FAIL: tmpdir-g++.dg-struct-layout-1/t004 cp_compat_y_tst.o compile
FAIL: g++.dg/abi/local1.C execution test
FAIL: g++.dg/abi/packed1.C (test for excess errors)
FAIL: g++.dg/conversion/enum1.C execution test
FAIL: g++.dg/opt/pr30965.C scan-tree-dump-times optimized "variable_..D. = v_..D." 2
XPASS: g++.dg/other/packed1.C execution test
FAIL: g++.dg/tree-ssa/new1.C scan-tree-dump-not forwprop1 "= .* \\+ -"
=== g++ Summary ===
# of expected passes 21683
# of unexpected failures 7
# of unexpected successes 1
# of expected failures 150
# of unsupported tests 216
/scratch/gcc/nightly-2011-01-31-4.5/arm-none-eabi/obj/test-4.5-0-arm-none-eabi/host-i686-pc-linux-gnu/fsf-4.5/bin/arm-none-eabi-g++ version 4.5.3 20110201 (prerelease) (GCC)
Host is i686-pc-linux-gnu
=== g++ tests ===
Running target arm-sim-fsf
FAIL: g++.dg/compat/eh/ctor2 cp_compat_x_tst.o-cp_compat_y_alt.o link
UNRESOLVED: g++.dg/compat/eh/ctor2 cp_compat_x_tst.o-cp_compat_y_alt.o execute
FAIL: g++.dg/compat/eh/unexpected1 cp_compat_x_tst.o-cp_compat_y_alt.o execute
FAIL: g++.dg/compat/eh/unexpected1 cp_compat_x_alt.o-cp_compat_y_alt.o execute
FAIL: g++.dg/compat/init/init-ref2 cp_compat_x_tst.o-cp_compat_y_alt.o link
UNRESOLVED: g++.dg/compat/init/init-ref2 cp_compat_x_tst.o-cp_compat_y_alt.o execute
FAIL: g++.dg/compat/init/init-ref2 cp_compat_x_alt.o-cp_compat_y_alt.o link
UNRESOLVED: g++.dg/compat/init/init-ref2 cp_compat_x_alt.o-cp_compat_y_alt.o execute
=== g++ Summary ===
# of expected passes 330
# of unexpected failures 5
# of unresolved testcases 3
# of unsupported tests 13
/scratch/gcc/nightly-2011-01-31-4.5/arm-none-eabi/obj/test-4.5-0-arm-none-eabi/host-i686-pc-linux-gnu/fsf-4.5/bin/arm-none-eabi-g++ version 4.5.3 20110201 (prerelease) (GCC)
Host is i686-pc-linux-gnu
=== gcc tests ===
Running target arm-sim-fsf
FAIL: gcc.c-torture/compile/pr39845.c -O0 (test for excess errors)
FAIL: gcc.c-torture/compile/pr39845.c -O1 (test for excess errors)
FAIL: gcc.c-torture/compile/pr39845.c -O2 (test for excess errors)
FAIL: gcc.c-torture/compile/pr39845.c -O3 -fomit-frame-pointer (test for excess errors)
FAIL: gcc.c-torture/compile/pr39845.c -O3 -fomit-frame-pointer -funroll-loops (test for excess errors)
FAIL: gcc.c-torture/compile/pr39845.c -O3 -fomit-frame-pointer -funroll-all-loops -finline-functions (test for excess errors)
FAIL: gcc.c-torture/compile/pr39845.c -O3 -g (test for excess errors)
FAIL: gcc.c-torture/compile/pr39845.c -Os (test for excess errors)
FAIL: gcc.c-torture/compile/pr39845.c -O2 -flto (test for excess errors)
FAIL: gcc.c-torture/compile/pr39845.c -O2 -fwhopr (test for excess errors)
FAIL: gcc.c-torture/execute/builtins/abs-1.c execution, -O2 -fwhopr
FAIL: gcc.dg/compat/struct-layout-1 c_compat_x_tst.o compile
FAIL: gcc.dg/compat/struct-layout-1 c_compat_y_tst.o compile
UNRESOLVED: gcc.dg/compat/struct-layout-1 c_compat_x_tst.o-c_compat_y_tst.o link
UNRESOLVED: gcc.dg/compat/struct-layout-1 c_compat_x_tst.o-c_compat_y_tst.o execute
FAIL: gcc.dg/Wcxx-compat-12.c (test for warnings, line 7)
FAIL: gcc.dg/Wcxx-compat-12.c (test for warnings, line 10)
FAIL: gcc.dg/Wcxx-compat-12.c (test for excess errors)
FAIL: gcc.dg/pr43058.c (test for excess errors)
FAIL: gcc.dg/uninit-13.c unconditional (test for warnings, line 8)
FAIL: gcc.dg/uninit-13.c (test for excess errors)
WARNING: program timed out.
FAIL: gcc.dg/graphite/block-4.c execution test
FAIL: gcc.dg/lto/20081112 c_lto_20081112_0.o-c_lto_20081112_1.o execute -O2 -fwhopr
FAIL: gcc.dg/lto/20090210 c_lto_20090210_0.o-c_lto_20090210_1.o link
UNRESOLVED: gcc.dg/lto/20090210 c_lto_20090210_0.o-c_lto_20090210_1.o execute -O0 -fwhopr
FAIL: gcc.dg/lto/20090210 c_lto_20090210_0.o-c_lto_20090210_1.o link
UNRESOLVED: gcc.dg/lto/20090210 c_lto_20090210_0.o-c_lto_20090210_1.o execute -O2 -fwhopr
FAIL: gcc.dg/lto/20090210 c_lto_20090210_0.o-c_lto_20090210_1.o link
UNRESOLVED: gcc.dg/lto/20090210 c_lto_20090210_0.o-c_lto_20090210_1.o execute -O0 -flto
FAIL: gcc.dg/lto/20090210 c_lto_20090210_0.o-c_lto_20090210_1.o link
UNRESOLVED: gcc.dg/lto/20090210 c_lto_20090210_0.o-c_lto_20090210_1.o execute -O2 -flto
FAIL: gcc.dg/vect/vect-35.c scan-tree-dump-times vect "vectorized 2 loops" 1
FAIL: gcc.dg/vect/slp-multitypes-2.c execution test
ERROR: gcc.target/arm/neon-modes-1.c: Unrecognized option type: arm_neon for " dg-add-options 4 arm_neon "
UNRESOLVED: gcc.target/arm/neon-modes-1.c: Unrecognized option type: arm_neon for " dg-add-options 4 arm_neon "
=== gcc Summary ===
# of expected passes 68297
# of unexpected failures 27
# of expected failures 218
# of unresolved testcases 7
# of unsupported tests 810
/scratch/gcc/nightly-2011-01-31-4.5/arm-none-eabi/obj/test-4.5-0-arm-none-eabi/host-i686-pc-linux-gnu/fsf-4.5/bin/arm-none-eabi-gcc version 4.5.3 20110201 (prerelease) (GCC)
Host is i686-pc-linux-gnu
=== gcc tests ===
Running target arm-sim-fsf
FAIL: gcc.dg/compat/struct-align-1 c_compat_x_alt.o-c_compat_y_tst.o link
UNRESOLVED: gcc.dg/compat/struct-align-1 c_compat_x_alt.o-c_compat_y_tst.o execute
FAIL: gcc.dg/compat/struct-align-1 c_compat_x_alt.o-c_compat_y_alt.o link
UNRESOLVED: gcc.dg/compat/struct-align-1 c_compat_x_alt.o-c_compat_y_alt.o execute
FAIL: gcc.dg/compat/struct-align-2 c_compat_x_alt.o-c_compat_y_tst.o link
UNRESOLVED: gcc.dg/compat/struct-align-2 c_compat_x_alt.o-c_compat_y_tst.o execute
FAIL: gcc.dg/compat/struct-align-2 c_compat_x_alt.o-c_compat_y_alt.o link
UNRESOLVED: gcc.dg/compat/struct-align-2 c_compat_x_alt.o-c_compat_y_alt.o execute
FAIL: gcc.dg/compat/struct-by-value-10 c_compat_x_tst.o-c_compat_y_alt.o link
UNRESOLVED: gcc.dg/compat/struct-by-value-10 c_compat_x_tst.o-c_compat_y_alt.o execute
FAIL: gcc.dg/compat/struct-by-value-10 c_compat_x_alt.o-c_compat_y_tst.o link
UNRESOLVED: gcc.dg/compat/struct-by-value-10 c_compat_x_alt.o-c_compat_y_tst.o execute
FAIL: gcc.dg/compat/struct-by-value-10 c_compat_x_alt.o-c_compat_y_alt.o link
UNRESOLVED: gcc.dg/compat/struct-by-value-10 c_compat_x_alt.o-c_compat_y_alt.o execute
FAIL: gcc.dg/compat/struct-by-value-19 c_compat_x_tst.o-c_compat_y_alt.o link
UNRESOLVED: gcc.dg/compat/struct-by-value-19 c_compat_x_tst.o-c_compat_y_alt.o execute
FAIL: gcc.dg/compat/struct-by-value-19 c_compat_x_alt.o-c_compat_y_tst.o link
UNRESOLVED: gcc.dg/compat/struct-by-value-19 c_compat_x_alt.o-c_compat_y_tst.o execute
FAIL: gcc.dg/compat/struct-by-value-19 c_compat_x_alt.o-c_compat_y_alt.o link
UNRESOLVED: gcc.dg/compat/struct-by-value-19 c_compat_x_alt.o-c_compat_y_alt.o execute
FAIL: gcc.dg/compat/struct-by-value-1 c_compat_x_tst.o-c_compat_y_alt.o link
UNRESOLVED: gcc.dg/compat/struct-by-value-1 c_compat_x_tst.o-c_compat_y_alt.o execute
FAIL: gcc.dg/compat/struct-by-value-1 c_compat_x_alt.o-c_compat_y_tst.o link
UNRESOLVED: gcc.dg/compat/struct-by-value-1 c_compat_x_alt.o-c_compat_y_tst.o execute
FAIL: gcc.dg/compat/struct-by-value-1 c_compat_x_alt.o-c_compat_y_alt.o link
UNRESOLVED: gcc.dg/compat/struct-by-value-1 c_compat_x_alt.o-c_compat_y_alt.o execute
FAIL: gcc.dg/compat/struct-by-value-21 c_compat_x_tst.o-c_compat_y_alt.o link
UNRESOLVED: gcc.dg/compat/struct-by-value-21 c_compat_x_tst.o-c_compat_y_alt.o execute
FAIL: gcc.dg/compat/struct-by-value-21 c_compat_x_alt.o-c_compat_y_tst.o link
UNRESOLVED: gcc.dg/compat/struct-by-value-21 c_compat_x_alt.o-c_compat_y_tst.o execute
FAIL: gcc.dg/compat/struct-by-value-21 c_compat_x_alt.o-c_compat_y_alt.o link
UNRESOLVED: gcc.dg/compat/struct-by-value-21 c_compat_x_alt.o-c_compat_y_alt.o execute
FAIL: gcc.dg/compat/struct-by-value-2 c_compat_x_tst.o-c_compat_y_alt.o link
UNRESOLVED: gcc.dg/compat/struct-by-value-2 c_compat_x_tst.o-c_compat_y_alt.o execute
FAIL: gcc.dg/compat/struct-by-value-2 c_compat_x_alt.o-c_compat_y_tst.o link
UNRESOLVED: gcc.dg/compat/struct-by-value-2 c_compat_x_alt.o-c_compat_y_tst.o execute
FAIL: gcc.dg/compat/struct-by-value-2 c_compat_x_alt.o-c_compat_y_alt.o link
UNRESOLVED: gcc.dg/compat/struct-by-value-2 c_compat_x_alt.o-c_compat_y_alt.o execute
FAIL: gcc.dg/compat/struct-by-value-4 c_compat_x_tst.o-c_compat_y_alt.o link
UNRESOLVED: gcc.dg/compat/struct-by-value-4 c_compat_x_tst.o-c_compat_y_alt.o execute
FAIL: gcc.dg/compat/struct-by-value-4 c_compat_x_alt.o-c_compat_y_tst.o link
UNRESOLVED: gcc.dg/compat/struct-by-value-4 c_compat_x_alt.o-c_compat_y_tst.o execute
FAIL: gcc.dg/compat/struct-by-value-4 c_compat_x_alt.o-c_compat_y_alt.o link
UNRESOLVED: gcc.dg/compat/struct-by-value-4 c_compat_x_alt.o-c_compat_y_alt.o execute
FAIL: gcc.dg/compat/struct-by-value-5a c_compat_x_tst.o-c_compat_y_alt.o link
UNRESOLVED: gcc.dg/compat/struct-by-value-5a c_compat_x_tst.o-c_compat_y_alt.o execute
FAIL: gcc.dg/compat/struct-by-value-5a c_compat_x_alt.o-c_compat_y_tst.o link
UNRESOLVED: gcc.dg/compat/struct-by-value-5a c_compat_x_alt.o-c_compat_y_tst.o execute
FAIL: gcc.dg/compat/struct-by-value-5a c_compat_x_alt.o-c_compat_y_alt.o link
UNRESOLVED: gcc.dg/compat/struct-by-value-5a c_compat_x_alt.o-c_compat_y_alt.o execute
FAIL: gcc.dg/compat/struct-by-value-5b c_compat_x_tst.o-c_compat_y_alt.o link
UNRESOLVED: gcc.dg/compat/struct-by-value-5b c_compat_x_tst.o-c_compat_y_alt.o execute
FAIL: gcc.dg/compat/struct-by-value-5b c_compat_x_alt.o-c_compat_y_tst.o link
UNRESOLVED: gcc.dg/compat/struct-by-value-5b c_compat_x_alt.o-c_compat_y_tst.o execute
FAIL: gcc.dg/compat/struct-by-value-5b c_compat_x_alt.o-c_compat_y_alt.o link
UNRESOLVED: gcc.dg/compat/struct-by-value-5b c_compat_x_alt.o-c_compat_y_alt.o execute
FAIL: gcc.dg/compat/struct-by-value-6a c_compat_x_tst.o-c_compat_y_alt.o link
UNRESOLVED: gcc.dg/compat/struct-by-value-6a c_compat_x_tst.o-c_compat_y_alt.o execute
FAIL: gcc.dg/compat/struct-by-value-6a c_compat_x_alt.o-c_compat_y_tst.o link
UNRESOLVED: gcc.dg/compat/struct-by-value-6a c_compat_x_alt.o-c_compat_y_tst.o execute
FAIL: gcc.dg/compat/struct-by-value-6a c_compat_x_alt.o-c_compat_y_alt.o link
UNRESOLVED: gcc.dg/compat/struct-by-value-6a c_compat_x_alt.o-c_compat_y_alt.o execute
FAIL: gcc.dg/compat/struct-by-value-6b c_compat_x_tst.o-c_compat_y_alt.o link
UNRESOLVED: gcc.dg/compat/struct-by-value-6b c_compat_x_tst.o-c_compat_y_alt.o execute
FAIL: gcc.dg/compat/struct-by-value-6b c_compat_x_alt.o-c_compat_y_tst.o link
UNRESOLVED: gcc.dg/compat/struct-by-value-6b c_compat_x_alt.o-c_compat_y_tst.o execute
FAIL: gcc.dg/compat/struct-by-value-6b c_compat_x_alt.o-c_compat_y_alt.o link
UNRESOLVED: gcc.dg/compat/struct-by-value-6b c_compat_x_alt.o-c_compat_y_alt.o execute
FAIL: gcc.dg/compat/struct-by-value-7a c_compat_x_tst.o-c_compat_y_alt.o link
UNRESOLVED: gcc.dg/compat/struct-by-value-7a c_compat_x_tst.o-c_compat_y_alt.o execute
FAIL: gcc.dg/compat/struct-by-value-7a c_compat_x_alt.o-c_compat_y_tst.o link
UNRESOLVED: gcc.dg/compat/struct-by-value-7a c_compat_x_alt.o-c_compat_y_tst.o execute
FAIL: gcc.dg/compat/struct-by-value-7a c_compat_x_alt.o-c_compat_y_alt.o link
UNRESOLVED: gcc.dg/compat/struct-by-value-7a c_compat_x_alt.o-c_compat_y_alt.o execute
FAIL: gcc.dg/compat/struct-by-value-7b c_compat_x_tst.o-c_compat_y_alt.o link
UNRESOLVED: gcc.dg/compat/struct-by-value-7b c_compat_x_tst.o-c_compat_y_alt.o execute
FAIL: gcc.dg/compat/struct-by-value-7b c_compat_x_alt.o-c_compat_y_tst.o link
UNRESOLVED: gcc.dg/compat/struct-by-value-7b c_compat_x_alt.o-c_compat_y_tst.o execute
FAIL: gcc.dg/compat/struct-by-value-7b c_compat_x_alt.o-c_compat_y_alt.o link
UNRESOLVED: gcc.dg/compat/struct-by-value-7b c_compat_x_alt.o-c_compat_y_alt.o execute
FAIL: gcc.dg/compat/struct-by-value-8 c_compat_x_tst.o-c_compat_y_alt.o link
UNRESOLVED: gcc.dg/compat/struct-by-value-8 c_compat_x_tst.o-c_compat_y_alt.o execute
FAIL: gcc.dg/compat/struct-by-value-8 c_compat_x_alt.o-c_compat_y_tst.o link
UNRESOLVED: gcc.dg/compat/struct-by-value-8 c_compat_x_alt.o-c_compat_y_tst.o execute
FAIL: gcc.dg/compat/struct-by-value-8 c_compat_x_alt.o-c_compat_y_alt.o link
UNRESOLVED: gcc.dg/compat/struct-by-value-8 c_compat_x_alt.o-c_compat_y_alt.o execute
FAIL: gcc.dg/compat/struct-by-value-9 c_compat_x_tst.o-c_compat_y_alt.o link
UNRESOLVED: gcc.dg/compat/struct-by-value-9 c_compat_x_tst.o-c_compat_y_alt.o execute
FAIL: gcc.dg/compat/struct-by-value-9 c_compat_x_alt.o-c_compat_y_tst.o link
UNRESOLVED: gcc.dg/compat/struct-by-value-9 c_compat_x_alt.o-c_compat_y_tst.o execute
FAIL: gcc.dg/compat/struct-by-value-9 c_compat_x_alt.o-c_compat_y_alt.o link
UNRESOLVED: gcc.dg/compat/struct-by-value-9 c_compat_x_alt.o-c_compat_y_alt.o execute
FAIL: gcc.dg/compat/struct-complex-1 c_compat_x_alt.o compile
FAIL: gcc.dg/compat/struct-complex-1 c_compat_y_alt.o compile
UNRESOLVED: gcc.dg/compat/struct-complex-1 c_compat_x_tst.o-c_compat_y_alt.o link
UNRESOLVED: gcc.dg/compat/struct-complex-1 c_compat_x_tst.o-c_compat_y_alt.o execute
UNRESOLVED: gcc.dg/compat/struct-complex-1 c_compat_x_alt.o-c_compat_y_tst.o link
UNRESOLVED: gcc.dg/compat/struct-complex-1 c_compat_x_alt.o-c_compat_y_tst.o execute
UNRESOLVED: gcc.dg/compat/struct-complex-1 c_compat_x_alt.o-c_compat_y_alt.o link
UNRESOLVED: gcc.dg/compat/struct-complex-1 c_compat_x_alt.o-c_compat_y_alt.o execute
FAIL: gcc.dg/compat/struct-complex-2 c_compat_x_alt.o compile
FAIL: gcc.dg/compat/struct-complex-2 c_compat_y_alt.o compile
UNRESOLVED: gcc.dg/compat/struct-complex-2 c_compat_x_tst.o-c_compat_y_alt.o link
UNRESOLVED: gcc.dg/compat/struct-complex-2 c_compat_x_tst.o-c_compat_y_alt.o execute
UNRESOLVED: gcc.dg/compat/struct-complex-2 c_compat_x_alt.o-c_compat_y_tst.o link
UNRESOLVED: gcc.dg/compat/struct-complex-2 c_compat_x_alt.o-c_compat_y_tst.o execute
UNRESOLVED: gcc.dg/compat/struct-complex-2 c_compat_x_alt.o-c_compat_y_alt.o link
UNRESOLVED: gcc.dg/compat/struct-complex-2 c_compat_x_alt.o-c_compat_y_alt.o execute
FAIL: gcc.dg/compat/struct-layout-1 c_compat_x_alt.o compile
FAIL: gcc.dg/compat/struct-layout-1 c_compat_y_alt.o compile
FAIL: gcc.dg/compat/struct-layout-1 c_compat_x_tst.o compile
FAIL: gcc.dg/compat/struct-layout-1 c_compat_y_tst.o compile
UNRESOLVED: gcc.dg/compat/struct-layout-1 c_compat_x_tst.o-c_compat_y_tst.o link
UNRESOLVED: gcc.dg/compat/struct-layout-1 c_compat_x_tst.o-c_compat_y_tst.o execute
UNRESOLVED: gcc.dg/compat/struct-layout-1 c_compat_x_tst.o-c_compat_y_alt.o link
UNRESOLVED: gcc.dg/compat/struct-layout-1 c_compat_x_tst.o-c_compat_y_alt.o execute
UNRESOLVED: gcc.dg/compat/struct-layout-1 c_compat_x_alt.o-c_compat_y_tst.o link
UNRESOLVED: gcc.dg/compat/struct-layout-1 c_compat_x_alt.o-c_compat_y_tst.o execute
UNRESOLVED: gcc.dg/compat/struct-layout-1 c_compat_x_alt.o-c_compat_y_alt.o link
UNRESOLVED: gcc.dg/compat/struct-layout-1 c_compat_x_alt.o-c_compat_y_alt.o execute
FAIL: gcc.dg/compat/struct-return-10 c_compat_x_tst.o-c_compat_y_alt.o link
UNRESOLVED: gcc.dg/compat/struct-return-10 c_compat_x_tst.o-c_compat_y_alt.o execute
FAIL: gcc.dg/compat/struct-return-10 c_compat_x_alt.o-c_compat_y_tst.o link
UNRESOLVED: gcc.dg/compat/struct-return-10 c_compat_x_alt.o-c_compat_y_tst.o execute
FAIL: gcc.dg/compat/struct-return-10 c_compat_x_alt.o-c_compat_y_alt.o link
UNRESOLVED: gcc.dg/compat/struct-return-10 c_compat_x_alt.o-c_compat_y_alt.o execute
FAIL: gcc.dg/compat/struct-return-19 c_compat_x_tst.o-c_compat_y_alt.o link
UNRESOLVED: gcc.dg/compat/struct-return-19 c_compat_x_tst.o-c_compat_y_alt.o execute
FAIL: gcc.dg/compat/struct-return-19 c_compat_x_alt.o-c_compat_y_tst.o link
UNRESOLVED: gcc.dg/compat/struct-return-19 c_compat_x_alt.o-c_compat_y_tst.o execute
FAIL: gcc.dg/compat/struct-return-19 c_compat_x_alt.o-c_compat_y_alt.o link
UNRESOLVED: gcc.dg/compat/struct-return-19 c_compat_x_alt.o-c_compat_y_alt.o execute
FAIL: gcc.dg/compat/struct-return-21 c_compat_x_tst.o-c_compat_y_alt.o link
UNRESOLVED: gcc.dg/compat/struct-return-21 c_compat_x_tst.o-c_compat_y_alt.o execute
FAIL: gcc.dg/compat/struct-return-21 c_compat_x_alt.o-c_compat_y_tst.o link
UNRESOLVED: gcc.dg/compat/struct-return-21 c_compat_x_alt.o-c_compat_y_tst.o execute
FAIL: gcc.dg/compat/struct-return-21 c_compat_x_alt.o-c_compat_y_alt.o link
UNRESOLVED: gcc.dg/compat/struct-return-21 c_compat_x_alt.o-c_compat_y_alt.o execute
FAIL: gcc.dg/compat/struct-return-2 c_compat_x_tst.o-c_compat_y_alt.o link
UNRESOLVED: gcc.dg/compat/struct-return-2 c_compat_x_tst.o-c_compat_y_alt.o execute
FAIL: gcc.dg/compat/struct-return-2 c_compat_x_alt.o-c_compat_y_tst.o link
UNRESOLVED: gcc.dg/compat/struct-return-2 c_compat_x_alt.o-c_compat_y_tst.o execute
FAIL: gcc.dg/compat/struct-return-2 c_compat_x_alt.o-c_compat_y_alt.o link
UNRESOLVED: gcc.dg/compat/struct-return-2 c_compat_x_alt.o-c_compat_y_alt.o execute
=== gcc Summary ===
# of expected passes 571
# of unexpected failures 66
# of unresolved testcases 78
# of unsupported tests 8
/scratch/gcc/nightly-2011-01-31-4.5/arm-none-eabi/obj/test-4.5-0-arm-none-eabi/host-i686-pc-linux-gnu/fsf-4.5/bin/arm-none-eabi-gcc version 4.5.3 20110201 (prerelease) (GCC)
Host is i686-pc-linux-gnu
=== libstdc++ tests ===
Running target arm-sim-fsf
FAIL: 22_locale/collate/transform/wchar_t/28277.cc execution test
FAIL: 22_locale/ctype/scan/wchar_t/1.cc execution test
FAIL: 23_containers/vector/profile/vector.cc execution test
FAIL: 27_io/basic_filebuf/underflow/wchar_t/11603.cc execution test
FAIL: 27_io/basic_ostream/inserters_arithmetic/wchar_t/4402.cc execution test
FAIL: 27_io/basic_stringbuf/overflow/wchar_t/1.cc execution test
XPASS: ext/stdio_filebuf/char/10063-2.cc execution test
XPASS: ext/stdio_filebuf/char/10063-3.cc execution test
=== libstdc++ Summary ===
# of expected passes 6297
# of unexpected failures 6
# of unexpected successes 2
# of expected failures 93
# of unsupported tests 414
Host is i686-pc-linux-gnu
=== g++ tests ===
Running target arm-sim-fsf/-mthumb
FAIL: tmpdir-g++.dg-struct-layout-1/t004 cp_compat_x_tst.o compile
FAIL: tmpdir-g++.dg-struct-layout-1/t004 cp_compat_y_tst.o compile
FAIL: g++.dg/abi/local1.C execution test
FAIL: g++.dg/abi/packed1.C (test for excess errors)
FAIL: g++.dg/conversion/enum1.C execution test
FAIL: g++.dg/opt/pr30965.C scan-tree-dump-times optimized "variable_..D. = v_..D." 2
XPASS: g++.dg/other/packed1.C execution test
FAIL: g++.dg/tree-ssa/new1.C scan-tree-dump-not forwprop1 "= .* \\+ -"
=== g++ Summary ===
# of expected passes 21625
# of unexpected failures 7
# of unexpected successes 1
# of expected failures 150
# of unsupported tests 223
/scratch/gcc/nightly-2011-01-31-4.5/arm-none-eabi/obj/test-4.5-0-arm-none-eabi/host-i686-pc-linux-gnu/fsf-4.5/bin/arm-none-eabi-g++ version 4.5.3 20110201 (prerelease) (GCC)
Host is i686-pc-linux-gnu
=== g++ tests ===
Running target arm-sim-fsf/-mthumb
FAIL: g++.dg/compat/abi/bitfield1 cp_compat_x_alt.o compile
FAIL: g++.dg/compat/abi/bitfield1 cp_compat_y_alt.o compile
UNRESOLVED: g++.dg/compat/abi/bitfield1 cp_compat_x_tst.o-cp_compat_y_alt.o link
UNRESOLVED: g++.dg/compat/abi/bitfield1 cp_compat_x_tst.o-cp_compat_y_alt.o execute
UNRESOLVED: g++.dg/compat/abi/bitfield1 cp_compat_x_alt.o-cp_compat_y_tst.o link
UNRESOLVED: g++.dg/compat/abi/bitfield1 cp_compat_x_alt.o-cp_compat_y_tst.o execute
UNRESOLVED: g++.dg/compat/abi/bitfield1 cp_compat_x_alt.o-cp_compat_y_alt.o link
UNRESOLVED: g++.dg/compat/abi/bitfield1 cp_compat_x_alt.o-cp_compat_y_alt.o execute
FAIL: g++.dg/compat/abi/bitfield2 cp_compat_x_alt.o compile
FAIL: g++.dg/compat/abi/bitfield2 cp_compat_y_alt.o compile
UNRESOLVED: g++.dg/compat/abi/bitfield2 cp_compat_x_tst.o-cp_compat_y_alt.o link
UNRESOLVED: g++.dg/compat/abi/bitfield2 cp_compat_x_tst.o-cp_compat_y_alt.o execute
UNRESOLVED: g++.dg/compat/abi/bitfield2 cp_compat_x_alt.o-cp_compat_y_tst.o link
UNRESOLVED: g++.dg/compat/abi/bitfield2 cp_compat_x_alt.o-cp_compat_y_tst.o execute
UNRESOLVED: g++.dg/compat/abi/bitfield2 cp_compat_x_alt.o-cp_compat_y_alt.o link
UNRESOLVED: g++.dg/compat/abi/bitfield2 cp_compat_x_alt.o-cp_compat_y_alt.o execute
FAIL: g++.dg/compat/abi/vbase8-10 cp_compat_x_alt.o compile
FAIL: g++.dg/compat/abi/vbase8-10 cp_compat_y_alt.o compile
UNRESOLVED: g++.dg/compat/abi/vbase8-10 cp_compat_x_tst.o-cp_compat_y_alt.o link
UNRESOLVED: g++.dg/compat/abi/vbase8-10 cp_compat_x_tst.o-cp_compat_y_alt.o execute
UNRESOLVED: g++.dg/compat/abi/vbase8-10 cp_compat_x_alt.o-cp_compat_y_tst.o link
UNRESOLVED: g++.dg/compat/abi/vbase8-10 cp_compat_x_alt.o-cp_compat_y_tst.o execute
UNRESOLVED: g++.dg/compat/abi/vbase8-10 cp_compat_x_alt.o-cp_compat_y_alt.o link
UNRESOLVED: g++.dg/compat/abi/vbase8-10 cp_compat_x_alt.o-cp_compat_y_alt.o execute
FAIL: g++.dg/compat/abi/vbase8-21 cp_compat_x_alt.o compile
FAIL: g++.dg/compat/abi/vbase8-21 cp_compat_y_alt.o compile
UNRESOLVED: g++.dg/compat/abi/vbase8-21 cp_compat_x_tst.o-cp_compat_y_alt.o link
UNRESOLVED: g++.dg/compat/abi/vbase8-21 cp_compat_x_tst.o-cp_compat_y_alt.o execute
UNRESOLVED: g++.dg/compat/abi/vbase8-21 cp_compat_x_alt.o-cp_compat_y_tst.o link
UNRESOLVED: g++.dg/compat/abi/vbase8-21 cp_compat_x_alt.o-cp_compat_y_tst.o execute
UNRESOLVED: g++.dg/compat/abi/vbase8-21 cp_compat_x_alt.o-cp_compat_y_alt.o link
UNRESOLVED: g++.dg/compat/abi/vbase8-21 cp_compat_x_alt.o-cp_compat_y_alt.o execute
FAIL: g++.dg/compat/abi/vbase8-22 cp_compat_x_alt.o compile
FAIL: g++.dg/compat/abi/vbase8-22 cp_compat_y_alt.o compile
UNRESOLVED: g++.dg/compat/abi/vbase8-22 cp_compat_x_tst.o-cp_compat_y_alt.o link
UNRESOLVED: g++.dg/compat/abi/vbase8-22 cp_compat_x_tst.o-cp_compat_y_alt.o execute
UNRESOLVED: g++.dg/compat/abi/vbase8-22 cp_compat_x_alt.o-cp_compat_y_tst.o link
UNRESOLVED: g++.dg/compat/abi/vbase8-22 cp_compat_x_alt.o-cp_compat_y_tst.o execute
UNRESOLVED: g++.dg/compat/abi/vbase8-22 cp_compat_x_alt.o-cp_compat_y_alt.o link
UNRESOLVED: g++.dg/compat/abi/vbase8-22 cp_compat_x_alt.o-cp_compat_y_alt.o execute
FAIL: g++.dg/compat/abi/vbase8-4 cp_compat_x_alt.o compile
FAIL: g++.dg/compat/abi/vbase8-4 cp_compat_y_alt.o compile
UNRESOLVED: g++.dg/compat/abi/vbase8-4 cp_compat_x_tst.o-cp_compat_y_alt.o link
UNRESOLVED: g++.dg/compat/abi/vbase8-4 cp_compat_x_tst.o-cp_compat_y_alt.o execute
UNRESOLVED: g++.dg/compat/abi/vbase8-4 cp_compat_x_alt.o-cp_compat_y_tst.o link
UNRESOLVED: g++.dg/compat/abi/vbase8-4 cp_compat_x_alt.o-cp_compat_y_tst.o execute
UNRESOLVED: g++.dg/compat/abi/vbase8-4 cp_compat_x_alt.o-cp_compat_y_alt.o link
UNRESOLVED: g++.dg/compat/abi/vbase8-4 cp_compat_x_alt.o-cp_compat_y_alt.o execute
FAIL: g++.dg/compat/break/bitfield5 cp_compat_x_alt.o compile
FAIL: g++.dg/compat/break/bitfield5 cp_compat_y_alt.o compile
UNRESOLVED: g++.dg/compat/break/bitfield5 cp_compat_x_tst.o-cp_compat_y_alt.o link
UNRESOLVED: g++.dg/compat/break/bitfield5 cp_compat_x_tst.o-cp_compat_y_alt.o execute
UNRESOLVED: g++.dg/compat/break/bitfield5 cp_compat_x_alt.o-cp_compat_y_tst.o link
UNRESOLVED: g++.dg/compat/break/bitfield5 cp_compat_x_alt.o-cp_compat_y_tst.o execute
UNRESOLVED: g++.dg/compat/break/bitfield5 cp_compat_x_alt.o-cp_compat_y_alt.o link
UNRESOLVED: g++.dg/compat/break/bitfield5 cp_compat_x_alt.o-cp_compat_y_alt.o execute
FAIL: g++.dg/compat/break/bitfield7 cp_compat_x_alt.o compile
FAIL: g++.dg/compat/break/bitfield7 cp_compat_y_alt.o compile
UNRESOLVED: g++.dg/compat/break/bitfield7 cp_compat_x_tst.o-cp_compat_y_alt.o link
UNRESOLVED: g++.dg/compat/break/bitfield7 cp_compat_x_tst.o-cp_compat_y_alt.o execute
UNRESOLVED: g++.dg/compat/break/bitfield7 cp_compat_x_alt.o-cp_compat_y_tst.o link
UNRESOLVED: g++.dg/compat/break/bitfield7 cp_compat_x_alt.o-cp_compat_y_tst.o execute
UNRESOLVED: g++.dg/compat/break/bitfield7 cp_compat_x_alt.o-cp_compat_y_alt.o link
UNRESOLVED: g++.dg/compat/break/bitfield7 cp_compat_x_alt.o-cp_compat_y_alt.o execute
FAIL: g++.dg/compat/break/empty6 cp_compat_x_alt.o compile
FAIL: g++.dg/compat/break/empty6 cp_compat_y_alt.o compile
UNRESOLVED: g++.dg/compat/break/empty6 cp_compat_x_tst.o-cp_compat_y_alt.o link
UNRESOLVED: g++.dg/compat/break/empty6 cp_compat_x_tst.o-cp_compat_y_alt.o execute
UNRESOLVED: g++.dg/compat/break/empty6 cp_compat_x_alt.o-cp_compat_y_tst.o link
UNRESOLVED: g++.dg/compat/break/empty6 cp_compat_x_alt.o-cp_compat_y_tst.o execute
UNRESOLVED: g++.dg/compat/break/empty6 cp_compat_x_alt.o-cp_compat_y_alt.o link
UNRESOLVED: g++.dg/compat/break/empty6 cp_compat_x_alt.o-cp_compat_y_alt.o execute
FAIL: g++.dg/compat/break/vbase10 cp_compat_x_alt.o compile
FAIL: g++.dg/compat/break/vbase10 cp_compat_y_alt.o compile
UNRESOLVED: g++.dg/compat/break/vbase10 cp_compat_x_tst.o-cp_compat_y_alt.o link
UNRESOLVED: g++.dg/compat/break/vbase10 cp_compat_x_tst.o-cp_compat_y_alt.o execute
UNRESOLVED: g++.dg/compat/break/vbase10 cp_compat_x_alt.o-cp_compat_y_tst.o link
UNRESOLVED: g++.dg/compat/break/vbase10 cp_compat_x_alt.o-cp_compat_y_tst.o execute
UNRESOLVED: g++.dg/compat/break/vbase10 cp_compat_x_alt.o-cp_compat_y_alt.o link
UNRESOLVED: g++.dg/compat/break/vbase10 cp_compat_x_alt.o-cp_compat_y_alt.o execute
FAIL: g++.dg/compat/break/vbase11 cp_compat_x_alt.o compile
FAIL: g++.dg/compat/break/vbase11 cp_compat_y_alt.o compile
UNRESOLVED: g++.dg/compat/break/vbase11 cp_compat_x_tst.o-cp_compat_y_alt.o link
UNRESOLVED: g++.dg/compat/break/vbase11 cp_compat_x_tst.o-cp_compat_y_alt.o execute
UNRESOLVED: g++.dg/compat/break/vbase11 cp_compat_x_alt.o-cp_compat_y_tst.o link
UNRESOLVED: g++.dg/compat/break/vbase11 cp_compat_x_alt.o-cp_compat_y_tst.o execute
UNRESOLVED: g++.dg/compat/break/vbase11 cp_compat_x_alt.o-cp_compat_y_alt.o link
UNRESOLVED: g++.dg/compat/break/vbase11 cp_compat_x_alt.o-cp_compat_y_alt.o execute
FAIL: g++.dg/compat/eh/ctor1 cp_compat_x_alt.o compile
FAIL: g++.dg/compat/eh/ctor1 cp_compat_y_alt.o compile
UNRESOLVED: g++.dg/compat/eh/ctor1 cp_compat_x_tst.o-cp_compat_y_alt.o link
UNRESOLVED: g++.dg/compat/eh/ctor1 cp_compat_x_tst.o-cp_compat_y_alt.o execute
UNRESOLVED: g++.dg/compat/eh/ctor1 cp_compat_x_alt.o-cp_compat_y_tst.o link
UNRESOLVED: g++.dg/compat/eh/ctor1 cp_compat_x_alt.o-cp_compat_y_tst.o execute
UNRESOLVED: g++.dg/compat/eh/ctor1 cp_compat_x_alt.o-cp_compat_y_alt.o link
UNRESOLVED: g++.dg/compat/eh/ctor1 cp_compat_x_alt.o-cp_compat_y_alt.o execute
FAIL: g++.dg/compat/eh/ctor2 cp_compat_x_alt.o compile
FAIL: g++.dg/compat/eh/ctor2 cp_compat_y_alt.o compile
UNRESOLVED: g++.dg/compat/eh/ctor2 cp_compat_x_tst.o-cp_compat_y_alt.o link
UNRESOLVED: g++.dg/compat/eh/ctor2 cp_compat_x_tst.o-cp_compat_y_alt.o execute
UNRESOLVED: g++.dg/compat/eh/ctor2 cp_compat_x_alt.o-cp_compat_y_tst.o link
UNRESOLVED: g++.dg/compat/eh/ctor2 cp_compat_x_alt.o-cp_compat_y_tst.o execute
UNRESOLVED: g++.dg/compat/eh/ctor2 cp_compat_x_alt.o-cp_compat_y_alt.o link
UNRESOLVED: g++.dg/compat/eh/ctor2 cp_compat_x_alt.o-cp_compat_y_alt.o execute
FAIL: g++.dg/compat/eh/dtor1 cp_compat_x_alt.o compile
FAIL: g++.dg/compat/eh/dtor1 cp_compat_y_alt.o compile
UNRESOLVED: g++.dg/compat/eh/dtor1 cp_compat_x_tst.o-cp_compat_y_alt.o link
UNRESOLVED: g++.dg/compat/eh/dtor1 cp_compat_x_tst.o-cp_compat_y_alt.o execute
UNRESOLVED: g++.dg/compat/eh/dtor1 cp_compat_x_alt.o-cp_compat_y_tst.o link
UNRESOLVED: g++.dg/compat/eh/dtor1 cp_compat_x_alt.o-cp_compat_y_tst.o execute
UNRESOLVED: g++.dg/compat/eh/dtor1 cp_compat_x_alt.o-cp_compat_y_alt.o link
UNRESOLVED: g++.dg/compat/eh/dtor1 cp_compat_x_alt.o-cp_compat_y_alt.o execute
FAIL: g++.dg/compat/eh/filter1 cp_compat_x_alt.o compile
FAIL: g++.dg/compat/eh/filter1 cp_compat_y_alt.o compile
UNRESOLVED: g++.dg/compat/eh/filter1 cp_compat_x_tst.o-cp_compat_y_alt.o link
UNRESOLVED: g++.dg/compat/eh/filter1 cp_compat_x_tst.o-cp_compat_y_alt.o execute
UNRESOLVED: g++.dg/compat/eh/filter1 cp_compat_x_alt.o-cp_compat_y_tst.o link
UNRESOLVED: g++.dg/compat/eh/filter1 cp_compat_x_alt.o-cp_compat_y_tst.o execute
UNRESOLVED: g++.dg/compat/eh/filter1 cp_compat_x_alt.o-cp_compat_y_alt.o link
UNRESOLVED: g++.dg/compat/eh/filter1 cp_compat_x_alt.o-cp_compat_y_alt.o execute
FAIL: g++.dg/compat/eh/filter2 cp_compat_x_alt.o compile
FAIL: g++.dg/compat/eh/filter2 cp_compat_y_alt.o compile
UNRESOLVED: g++.dg/compat/eh/filter2 cp_compat_x_tst.o-cp_compat_y_alt.o link
UNRESOLVED: g++.dg/compat/eh/filter2 cp_compat_x_tst.o-cp_compat_y_alt.o execute
UNRESOLVED: g++.dg/compat/eh/filter2 cp_compat_x_alt.o-cp_compat_y_tst.o link
UNRESOLVED: g++.dg/compat/eh/filter2 cp_compat_x_alt.o-cp_compat_y_tst.o execute
UNRESOLVED: g++.dg/compat/eh/filter2 cp_compat_x_alt.o-cp_compat_y_alt.o link
UNRESOLVED: g++.dg/compat/eh/filter2 cp_compat_x_alt.o-cp_compat_y_alt.o execute
FAIL: g++.dg/compat/eh/new1 cp_compat_x_alt.o compile
FAIL: g++.dg/compat/eh/new1 cp_compat_y_alt.o compile
UNRESOLVED: g++.dg/compat/eh/new1 cp_compat_x_tst.o-cp_compat_y_alt.o link
UNRESOLVED: g++.dg/compat/eh/new1 cp_compat_x_tst.o-cp_compat_y_alt.o execute
UNRESOLVED: g++.dg/compat/eh/new1 cp_compat_x_alt.o-cp_compat_y_tst.o link
UNRESOLVED: g++.dg/compat/eh/new1 cp_compat_x_alt.o-cp_compat_y_tst.o execute
UNRESOLVED: g++.dg/compat/eh/new1 cp_compat_x_alt.o-cp_compat_y_alt.o link
UNRESOLVED: g++.dg/compat/eh/new1 cp_compat_x_alt.o-cp_compat_y_alt.o execute
FAIL: g++.dg/compat/eh/nrv1 cp_compat_x_alt.o compile
FAIL: g++.dg/compat/eh/nrv1 cp_compat_y_alt.o compile
UNRESOLVED: g++.dg/compat/eh/nrv1 cp_compat_x_tst.o-cp_compat_y_alt.o link
UNRESOLVED: g++.dg/compat/eh/nrv1 cp_compat_x_tst.o-cp_compat_y_alt.o execute
UNRESOLVED: g++.dg/compat/eh/nrv1 cp_compat_x_alt.o-cp_compat_y_tst.o link
UNRESOLVED: g++.dg/compat/eh/nrv1 cp_compat_x_alt.o-cp_compat_y_tst.o execute
UNRESOLVED: g++.dg/compat/eh/nrv1 cp_compat_x_alt.o-cp_compat_y_alt.o link
UNRESOLVED: g++.dg/compat/eh/nrv1 cp_compat_x_alt.o-cp_compat_y_alt.o execute
FAIL: g++.dg/compat/eh/spec3 cp_compat_x_alt.o compile
FAIL: g++.dg/compat/eh/spec3 cp_compat_y_alt.o compile
UNRESOLVED: g++.dg/compat/eh/spec3 cp_compat_x_tst.o-cp_compat_y_alt.o link
UNRESOLVED: g++.dg/compat/eh/spec3 cp_compat_x_tst.o-cp_compat_y_alt.o execute
UNRESOLVED: g++.dg/compat/eh/spec3 cp_compat_x_alt.o-cp_compat_y_tst.o link
UNRESOLVED: g++.dg/compat/eh/spec3 cp_compat_x_alt.o-cp_compat_y_tst.o execute
UNRESOLVED: g++.dg/compat/eh/spec3 cp_compat_x_alt.o-cp_compat_y_alt.o link
UNRESOLVED: g++.dg/compat/eh/spec3 cp_compat_x_alt.o-cp_compat_y_alt.o execute
FAIL: g++.dg/compat/eh/template1 cp_compat_x_alt.o compile
FAIL: g++.dg/compat/eh/template1 cp_compat_y_alt.o compile
UNRESOLVED: g++.dg/compat/eh/template1 cp_compat_x_tst.o-cp_compat_y_alt.o link
UNRESOLVED: g++.dg/compat/eh/template1 cp_compat_x_tst.o-cp_compat_y_alt.o execute
UNRESOLVED: g++.dg/compat/eh/template1 cp_compat_x_alt.o-cp_compat_y_tst.o link
UNRESOLVED: g++.dg/compat/eh/template1 cp_compat_x_alt.o-cp_compat_y_tst.o execute
UNRESOLVED: g++.dg/compat/eh/template1 cp_compat_x_alt.o-cp_compat_y_alt.o link
UNRESOLVED: g++.dg/compat/eh/template1 cp_compat_x_alt.o-cp_compat_y_alt.o execute
FAIL: g++.dg/compat/eh/unexpected1 cp_compat_x_alt.o compile
FAIL: g++.dg/compat/eh/unexpected1 cp_compat_y_alt.o compile
UNRESOLVED: g++.dg/compat/eh/unexpected1 cp_compat_x_tst.o-cp_compat_y_alt.o link
UNRESOLVED: g++.dg/compat/eh/unexpected1 cp_compat_x_tst.o-cp_compat_y_alt.o execute
UNRESOLVED: g++.dg/compat/eh/unexpected1 cp_compat_x_alt.o-cp_compat_y_tst.o link
UNRESOLVED: g++.dg/compat/eh/unexpected1 cp_compat_x_alt.o-cp_compat_y_tst.o execute
UNRESOLVED: g++.dg/compat/eh/unexpected1 cp_compat_x_alt.o-cp_compat_y_alt.o link
UNRESOLVED: g++.dg/compat/eh/unexpected1 cp_compat_x_alt.o-cp_compat_y_alt.o execute
FAIL: g++.dg/compat/init/array5 cp_compat_x_alt.o compile
FAIL: g++.dg/compat/init/array5 cp_compat_y_alt.o compile
UNRESOLVED: g++.dg/compat/init/array5 cp_compat_x_tst.o-cp_compat_y_alt.o link
UNRESOLVED: g++.dg/compat/init/array5 cp_compat_x_tst.o-cp_compat_y_alt.o execute
UNRESOLVED: g++.dg/compat/init/array5 cp_compat_x_alt.o-cp_compat_y_tst.o link
UNRESOLVED: g++.dg/compat/init/array5 cp_compat_x_alt.o-cp_compat_y_tst.o execute
UNRESOLVED: g++.dg/compat/init/array5 cp_compat_x_alt.o-cp_compat_y_alt.o link
UNRESOLVED: g++.dg/compat/init/array5 cp_compat_x_alt.o-cp_compat_y_alt.o execute
FAIL: g++.dg/compat/init/byval1 cp_compat_x_alt.o compile
FAIL: g++.dg/compat/init/byval1 cp_compat_y_alt.o compile
UNRESOLVED: g++.dg/compat/init/byval1 cp_compat_x_tst.o-cp_compat_y_alt.o link
UNRESOLVED: g++.dg/compat/init/byval1 cp_compat_x_tst.o-cp_compat_y_alt.o execute
UNRESOLVED: g++.dg/compat/init/byval1 cp_compat_x_alt.o-cp_compat_y_tst.o link
UNRESOLVED: g++.dg/compat/init/byval1 cp_compat_x_alt.o-cp_compat_y_tst.o execute
UNRESOLVED: g++.dg/compat/init/byval1 cp_compat_x_alt.o-cp_compat_y_alt.o link
UNRESOLVED: g++.dg/compat/init/byval1 cp_compat_x_alt.o-cp_compat_y_alt.o execute
FAIL: g++.dg/compat/init/dtor1 cp_compat_x_alt.o compile
FAIL: g++.dg/compat/init/dtor1 cp_compat_y_alt.o compile
UNRESOLVED: g++.dg/compat/init/dtor1 cp_compat_x_tst.o-cp_compat_y_alt.o link
UNRESOLVED: g++.dg/compat/init/dtor1 cp_compat_x_tst.o-cp_compat_y_alt.o execute
UNRESOLVED: g++.dg/compat/init/dtor1 cp_compat_x_alt.o-cp_compat_y_tst.o link
UNRESOLVED: g++.dg/compat/init/dtor1 cp_compat_x_alt.o-cp_compat_y_tst.o execute
UNRESOLVED: g++.dg/compat/init/dtor1 cp_compat_x_alt.o-cp_compat_y_alt.o link
UNRESOLVED: g++.dg/compat/init/dtor1 cp_compat_x_alt.o-cp_compat_y_alt.o execute
FAIL: g++.dg/compat/init/elide1 cp_compat_x_alt.o compile
FAIL: g++.dg/compat/init/elide1 cp_compat_y_alt.o compile
UNRESOLVED: g++.dg/compat/init/elide1 cp_compat_x_tst.o-cp_compat_y_alt.o link
UNRESOLVED: g++.dg/compat/init/elide1 cp_compat_x_tst.o-cp_compat_y_alt.o execute
UNRESOLVED: g++.dg/compat/init/elide1 cp_compat_x_alt.o-cp_compat_y_tst.o link
UNRESOLVED: g++.dg/compat/init/elide1 cp_compat_x_alt.o-cp_compat_y_tst.o execute
UNRESOLVED: g++.dg/compat/init/elide1 cp_compat_x_alt.o-cp_compat_y_alt.o link
UNRESOLVED: g++.dg/compat/init/elide1 cp_compat_x_alt.o-cp_compat_y_alt.o execute
FAIL: g++.dg/compat/init/init-ref2 cp_compat_x_alt.o compile
FAIL: g++.dg/compat/init/init-ref2 cp_compat_y_alt.o compile
UNRESOLVED: g++.dg/compat/init/init-ref2 cp_compat_x_tst.o-cp_compat_y_alt.o link
UNRESOLVED: g++.dg/compat/init/init-ref2 cp_compat_x_tst.o-cp_compat_y_alt.o execute
UNRESOLVED: g++.dg/compat/init/init-ref2 cp_compat_x_alt.o-cp_compat_y_tst.o link
UNRESOLVED: g++.dg/compat/init/init-ref2 cp_compat_x_alt.o-cp_compat_y_tst.o execute
UNRESOLVED: g++.dg/compat/init/init-ref2 cp_compat_x_alt.o-cp_compat_y_alt.o link
UNRESOLVED: g++.dg/compat/init/init-ref2 cp_compat_x_alt.o-cp_compat_y_alt.o execute
=== g++ Summary ===
# of expected passes 130
# of unexpected failures 52
# of unresolved testcases 156
# of unsupported tests 13
/scratch/gcc/nightly-2011-01-31-4.5/arm-none-eabi/obj/test-4.5-0-arm-none-eabi/host-i686-pc-linux-gnu/fsf-4.5/bin/arm-none-eabi-g++ version 4.5.3 20110201 (prerelease) (GCC)
Host is i686-pc-linux-gnu
=== gcc tests ===
Running target arm-sim-fsf/-mthumb
FAIL: gcc.c-torture/compile/pr39845.c -O0 (test for excess errors)
FAIL: gcc.c-torture/compile/pr39845.c -O1 (test for excess errors)
FAIL: gcc.c-torture/compile/pr39845.c -O2 (test for excess errors)
FAIL: gcc.c-torture/compile/pr39845.c -O3 -fomit-frame-pointer (test for excess errors)
FAIL: gcc.c-torture/compile/pr39845.c -O3 -fomit-frame-pointer -funroll-loops (test for excess errors)
FAIL: gcc.c-torture/compile/pr39845.c -O3 -fomit-frame-pointer -funroll-all-loops -finline-functions (test for excess errors)
FAIL: gcc.c-torture/compile/pr39845.c -O3 -g (test for excess errors)
FAIL: gcc.c-torture/compile/pr39845.c -Os (test for excess errors)
FAIL: gcc.c-torture/compile/pr39845.c -O2 -flto (test for excess errors)
FAIL: gcc.c-torture/compile/pr39845.c -O2 -fwhopr (test for excess errors)
FAIL: gcc.c-torture/execute/builtins/abs-1.c execution, -O2 -fwhopr
XPASS: gcc.c-torture/execute/941014-1.c execution, -O0
FAIL: gcc.dg/compat/struct-layout-1 c_compat_x_tst.o compile
FAIL: gcc.dg/compat/struct-layout-1 c_compat_y_tst.o compile
UNRESOLVED: gcc.dg/compat/struct-layout-1 c_compat_x_tst.o-c_compat_y_tst.o link
UNRESOLVED: gcc.dg/compat/struct-layout-1 c_compat_x_tst.o-c_compat_y_tst.o execute
FAIL: gcc.dg/Wcxx-compat-12.c (test for warnings, line 7)
FAIL: gcc.dg/Wcxx-compat-12.c (test for warnings, line 10)
FAIL: gcc.dg/Wcxx-compat-12.c (test for excess errors)
FAIL: gcc.dg/uninit-13.c unconditional (test for warnings, line 8)
FAIL: gcc.dg/uninit-13.c (test for excess errors)
WARNING: program timed out.
FAIL: gcc.dg/graphite/block-4.c execution test
FAIL: gcc.dg/lto/20081112 c_lto_20081112_0.o-c_lto_20081112_1.o execute -O2 -fwhopr
FAIL: gcc.dg/lto/20090210 c_lto_20090210_0.o-c_lto_20090210_1.o link
UNRESOLVED: gcc.dg/lto/20090210 c_lto_20090210_0.o-c_lto_20090210_1.o execute -O0 -fwhopr
FAIL: gcc.dg/lto/20090210 c_lto_20090210_0.o-c_lto_20090210_1.o link
UNRESOLVED: gcc.dg/lto/20090210 c_lto_20090210_0.o-c_lto_20090210_1.o execute -O2 -fwhopr
FAIL: gcc.dg/lto/20090210 c_lto_20090210_0.o-c_lto_20090210_1.o link
UNRESOLVED: gcc.dg/lto/20090210 c_lto_20090210_0.o-c_lto_20090210_1.o execute -O0 -flto
FAIL: gcc.dg/lto/20090210 c_lto_20090210_0.o-c_lto_20090210_1.o link
UNRESOLVED: gcc.dg/lto/20090210 c_lto_20090210_0.o-c_lto_20090210_1.o execute -O2 -flto
ERROR: gcc.target/arm/neon-modes-1.c: Unrecognized option type: arm_neon for " dg-add-options 4 arm_neon "
UNRESOLVED: gcc.target/arm/neon-modes-1.c: Unrecognized option type: arm_neon for " dg-add-options 4 arm_neon "
FAIL: gcc.target/arm/pr43698.c execution test
=== gcc Summary ===
# of expected passes 63403
# of unexpected failures 25
# of unexpected successes 1
# of expected failures 92
# of unresolved testcases 7
# of unsupported tests 2676
/scratch/gcc/nightly-2011-01-31-4.5/arm-none-eabi/obj/test-4.5-0-arm-none-eabi/host-i686-pc-linux-gnu/fsf-4.5/bin/arm-none-eabi-gcc version 4.5.3 20110201 (prerelease) (GCC)
Host is i686-pc-linux-gnu
=== gcc tests ===
Running target arm-sim-fsf/-mthumb
FAIL: gcc.dg/compat/fnptr-by-value-1 c_compat_x_alt.o compile
FAIL: gcc.dg/compat/fnptr-by-value-1 c_compat_y_alt.o compile
UNRESOLVED: gcc.dg/compat/fnptr-by-value-1 c_compat_x_tst.o-c_compat_y_alt.o link
UNRESOLVED: gcc.dg/compat/fnptr-by-value-1 c_compat_x_tst.o-c_compat_y_alt.o execute
UNRESOLVED: gcc.dg/compat/fnptr-by-value-1 c_compat_x_alt.o-c_compat_y_tst.o link
UNRESOLVED: gcc.dg/compat/fnptr-by-value-1 c_compat_x_alt.o-c_compat_y_tst.o execute
UNRESOLVED: gcc.dg/compat/fnptr-by-value-1 c_compat_x_alt.o-c_compat_y_alt.o link
UNRESOLVED: gcc.dg/compat/fnptr-by-value-1 c_compat_x_alt.o-c_compat_y_alt.o execute
FAIL: gcc.dg/compat/scalar-by-value-1 c_compat_x_alt.o compile
FAIL: gcc.dg/compat/scalar-by-value-1 c_compat_y_alt.o compile
UNRESOLVED: gcc.dg/compat/scalar-by-value-1 c_compat_x_tst.o-c_compat_y_alt.o link
UNRESOLVED: gcc.dg/compat/scalar-by-value-1 c_compat_x_tst.o-c_compat_y_alt.o execute
UNRESOLVED: gcc.dg/compat/scalar-by-value-1 c_compat_x_alt.o-c_compat_y_tst.o link
UNRESOLVED: gcc.dg/compat/scalar-by-value-1 c_compat_x_alt.o-c_compat_y_tst.o execute
UNRESOLVED: gcc.dg/compat/scalar-by-value-1 c_compat_x_alt.o-c_compat_y_alt.o link
UNRESOLVED: gcc.dg/compat/scalar-by-value-1 c_compat_x_alt.o-c_compat_y_alt.o execute
FAIL: gcc.dg/compat/scalar-by-value-2 c_compat_x_alt.o compile
FAIL: gcc.dg/compat/scalar-by-value-2 c_compat_y_alt.o compile
UNRESOLVED: gcc.dg/compat/scalar-by-value-2 c_compat_x_tst.o-c_compat_y_alt.o link
UNRESOLVED: gcc.dg/compat/scalar-by-value-2 c_compat_x_tst.o-c_compat_y_alt.o execute
UNRESOLVED: gcc.dg/compat/scalar-by-value-2 c_compat_x_alt.o-c_compat_y_tst.o link
UNRESOLVED: gcc.dg/compat/scalar-by-value-2 c_compat_x_alt.o-c_compat_y_tst.o execute
UNRESOLVED: gcc.dg/compat/scalar-by-value-2 c_compat_x_alt.o-c_compat_y_alt.o link
UNRESOLVED: gcc.dg/compat/scalar-by-value-2 c_compat_x_alt.o-c_compat_y_alt.o execute
FAIL: gcc.dg/compat/scalar-by-value-3 c_compat_x_alt.o compile
FAIL: gcc.dg/compat/scalar-by-value-3 c_compat_y_alt.o compile
UNRESOLVED: gcc.dg/compat/scalar-by-value-3 c_compat_x_tst.o-c_compat_y_alt.o link
UNRESOLVED: gcc.dg/compat/scalar-by-value-3 c_compat_x_tst.o-c_compat_y_alt.o execute
UNRESOLVED: gcc.dg/compat/scalar-by-value-3 c_compat_x_alt.o-c_compat_y_tst.o link
UNRESOLVED: gcc.dg/compat/scalar-by-value-3 c_compat_x_alt.o-c_compat_y_tst.o execute
UNRESOLVED: gcc.dg/compat/scalar-by-value-3 c_compat_x_alt.o-c_compat_y_alt.o link
UNRESOLVED: gcc.dg/compat/scalar-by-value-3 c_compat_x_alt.o-c_compat_y_alt.o execute
FAIL: gcc.dg/compat/scalar-by-value-4 c_compat_x_alt.o compile
FAIL: gcc.dg/compat/scalar-by-value-4 c_compat_y_alt.o compile
UNRESOLVED: gcc.dg/compat/scalar-by-value-4 c_compat_x_tst.o-c_compat_y_alt.o link
UNRESOLVED: gcc.dg/compat/scalar-by-value-4 c_compat_x_tst.o-c_compat_y_alt.o execute
UNRESOLVED: gcc.dg/compat/scalar-by-value-4 c_compat_x_alt.o-c_compat_y_tst.o link
UNRESOLVED: gcc.dg/compat/scalar-by-value-4 c_compat_x_alt.o-c_compat_y_tst.o execute
UNRESOLVED: gcc.dg/compat/scalar-by-value-4 c_compat_x_alt.o-c_compat_y_alt.o link
UNRESOLVED: gcc.dg/compat/scalar-by-value-4 c_compat_x_alt.o-c_compat_y_alt.o execute
FAIL: gcc.dg/compat/scalar-by-value-5 c_compat_x_alt.o compile
FAIL: gcc.dg/compat/scalar-by-value-5 c_compat_y_alt.o compile
UNRESOLVED: gcc.dg/compat/scalar-by-value-5 c_compat_x_tst.o-c_compat_y_alt.o link
UNRESOLVED: gcc.dg/compat/scalar-by-value-5 c_compat_x_tst.o-c_compat_y_alt.o execute
UNRESOLVED: gcc.dg/compat/scalar-by-value-5 c_compat_x_alt.o-c_compat_y_tst.o link
UNRESOLVED: gcc.dg/compat/scalar-by-value-5 c_compat_x_alt.o-c_compat_y_tst.o execute
UNRESOLVED: gcc.dg/compat/scalar-by-value-5 c_compat_x_alt.o-c_compat_y_alt.o link
UNRESOLVED: gcc.dg/compat/scalar-by-value-5 c_compat_x_alt.o-c_compat_y_alt.o execute
FAIL: gcc.dg/compat/scalar-by-value-6 c_compat_x_alt.o compile
FAIL: gcc.dg/compat/scalar-by-value-6 c_compat_y_alt.o compile
UNRESOLVED: gcc.dg/compat/scalar-by-value-6 c_compat_x_tst.o-c_compat_y_alt.o link
UNRESOLVED: gcc.dg/compat/scalar-by-value-6 c_compat_x_tst.o-c_compat_y_alt.o execute
UNRESOLVED: gcc.dg/compat/scalar-by-value-6 c_compat_x_alt.o-c_compat_y_tst.o link
UNRESOLVED: gcc.dg/compat/scalar-by-value-6 c_compat_x_alt.o-c_compat_y_tst.o execute
UNRESOLVED: gcc.dg/compat/scalar-by-value-6 c_compat_x_alt.o-c_compat_y_alt.o link
UNRESOLVED: gcc.dg/compat/scalar-by-value-6 c_compat_x_alt.o-c_compat_y_alt.o execute
FAIL: gcc.dg/compat/scalar-return-1 c_compat_x_alt.o compile
FAIL: gcc.dg/compat/scalar-return-1 c_compat_y_alt.o compile
UNRESOLVED: gcc.dg/compat/scalar-return-1 c_compat_x_tst.o-c_compat_y_alt.o link
UNRESOLVED: gcc.dg/compat/scalar-return-1 c_compat_x_tst.o-c_compat_y_alt.o execute
UNRESOLVED: gcc.dg/compat/scalar-return-1 c_compat_x_alt.o-c_compat_y_tst.o link
UNRESOLVED: gcc.dg/compat/scalar-return-1 c_compat_x_alt.o-c_compat_y_tst.o execute
UNRESOLVED: gcc.dg/compat/scalar-return-1 c_compat_x_alt.o-c_compat_y_alt.o link
UNRESOLVED: gcc.dg/compat/scalar-return-1 c_compat_x_alt.o-c_compat_y_alt.o execute
FAIL: gcc.dg/compat/scalar-return-2 c_compat_x_alt.o compile
FAIL: gcc.dg/compat/scalar-return-2 c_compat_y_alt.o compile
UNRESOLVED: gcc.dg/compat/scalar-return-2 c_compat_x_tst.o-c_compat_y_alt.o link
UNRESOLVED: gcc.dg/compat/scalar-return-2 c_compat_x_tst.o-c_compat_y_alt.o execute
UNRESOLVED: gcc.dg/compat/scalar-return-2 c_compat_x_alt.o-c_compat_y_tst.o link
UNRESOLVED: gcc.dg/compat/scalar-return-2 c_compat_x_alt.o-c_compat_y_tst.o execute
UNRESOLVED: gcc.dg/compat/scalar-return-2 c_compat_x_alt.o-c_compat_y_alt.o link
UNRESOLVED: gcc.dg/compat/scalar-return-2 c_compat_x_alt.o-c_compat_y_alt.o execute
FAIL: gcc.dg/compat/scalar-return-3 c_compat_x_alt.o compile
FAIL: gcc.dg/compat/scalar-return-3 c_compat_y_alt.o compile
UNRESOLVED: gcc.dg/compat/scalar-return-3 c_compat_x_tst.o-c_compat_y_alt.o link
UNRESOLVED: gcc.dg/compat/scalar-return-3 c_compat_x_tst.o-c_compat_y_alt.o execute
UNRESOLVED: gcc.dg/compat/scalar-return-3 c_compat_x_alt.o-c_compat_y_tst.o link
UNRESOLVED: gcc.dg/compat/scalar-return-3 c_compat_x_alt.o-c_compat_y_tst.o execute
UNRESOLVED: gcc.dg/compat/scalar-return-3 c_compat_x_alt.o-c_compat_y_alt.o link
UNRESOLVED: gcc.dg/compat/scalar-return-3 c_compat_x_alt.o-c_compat_y_alt.o execute
FAIL: gcc.dg/compat/scalar-return-4 c_compat_x_alt.o compile
FAIL: gcc.dg/compat/scalar-return-4 c_compat_y_alt.o compile
UNRESOLVED: gcc.dg/compat/scalar-return-4 c_compat_x_tst.o-c_compat_y_alt.o link
UNRESOLVED: gcc.dg/compat/scalar-return-4 c_compat_x_tst.o-c_compat_y_alt.o execute
UNRESOLVED: gcc.dg/compat/scalar-return-4 c_compat_x_alt.o-c_compat_y_tst.o link
UNRESOLVED: gcc.dg/compat/scalar-return-4 c_compat_x_alt.o-c_compat_y_tst.o execute
UNRESOLVED: gcc.dg/compat/scalar-return-4 c_compat_x_alt.o-c_compat_y_alt.o link
UNRESOLVED: gcc.dg/compat/scalar-return-4 c_compat_x_alt.o-c_compat_y_alt.o execute
FAIL: gcc.dg/compat/sdata-1 c_compat_x_alt.o compile
FAIL: gcc.dg/compat/sdata-1 c_compat_y_alt.o compile
UNRESOLVED: gcc.dg/compat/sdata-1 c_compat_x_tst.o-c_compat_y_alt.o link
UNRESOLVED: gcc.dg/compat/sdata-1 c_compat_x_tst.o-c_compat_y_alt.o execute
UNRESOLVED: gcc.dg/compat/sdata-1 c_compat_x_alt.o-c_compat_y_tst.o link
UNRESOLVED: gcc.dg/compat/sdata-1 c_compat_x_alt.o-c_compat_y_tst.o execute
UNRESOLVED: gcc.dg/compat/sdata-1 c_compat_x_alt.o-c_compat_y_alt.o link
UNRESOLVED: gcc.dg/compat/sdata-1 c_compat_x_alt.o-c_compat_y_alt.o execute
FAIL: gcc.dg/compat/struct-align-1 c_compat_x_alt.o compile
FAIL: gcc.dg/compat/struct-align-1 c_compat_y_alt.o compile
UNRESOLVED: gcc.dg/compat/struct-align-1 c_compat_x_tst.o-c_compat_y_alt.o link
UNRESOLVED: gcc.dg/compat/struct-align-1 c_compat_x_tst.o-c_compat_y_alt.o execute
UNRESOLVED: gcc.dg/compat/struct-align-1 c_compat_x_alt.o-c_compat_y_tst.o link
UNRESOLVED: gcc.dg/compat/struct-align-1 c_compat_x_alt.o-c_compat_y_tst.o execute
UNRESOLVED: gcc.dg/compat/struct-align-1 c_compat_x_alt.o-c_compat_y_alt.o link
UNRESOLVED: gcc.dg/compat/struct-align-1 c_compat_x_alt.o-c_compat_y_alt.o execute
FAIL: gcc.dg/compat/struct-align-2 c_compat_x_alt.o compile
FAIL: gcc.dg/compat/struct-align-2 c_compat_y_alt.o compile
UNRESOLVED: gcc.dg/compat/struct-align-2 c_compat_x_tst.o-c_compat_y_alt.o link
UNRESOLVED: gcc.dg/compat/struct-align-2 c_compat_x_tst.o-c_compat_y_alt.o execute
UNRESOLVED: gcc.dg/compat/struct-align-2 c_compat_x_alt.o-c_compat_y_tst.o link
UNRESOLVED: gcc.dg/compat/struct-align-2 c_compat_x_alt.o-c_compat_y_tst.o execute
UNRESOLVED: gcc.dg/compat/struct-align-2 c_compat_x_alt.o-c_compat_y_alt.o link
UNRESOLVED: gcc.dg/compat/struct-align-2 c_compat_x_alt.o-c_compat_y_alt.o execute
FAIL: gcc.dg/compat/struct-by-value-10 c_compat_x_alt.o compile
FAIL: gcc.dg/compat/struct-by-value-10 c_compat_y_alt.o compile
UNRESOLVED: gcc.dg/compat/struct-by-value-10 c_compat_x_tst.o-c_compat_y_alt.o link
UNRESOLVED: gcc.dg/compat/struct-by-value-10 c_compat_x_tst.o-c_compat_y_alt.o execute
UNRESOLVED: gcc.dg/compat/struct-by-value-10 c_compat_x_alt.o-c_compat_y_tst.o link
UNRESOLVED: gcc.dg/compat/struct-by-value-10 c_compat_x_alt.o-c_compat_y_tst.o execute
UNRESOLVED: gcc.dg/compat/struct-by-value-10 c_compat_x_alt.o-c_compat_y_alt.o link
UNRESOLVED: gcc.dg/compat/struct-by-value-10 c_compat_x_alt.o-c_compat_y_alt.o execute
FAIL: gcc.dg/compat/struct-by-value-11 c_compat_x_alt.o compile
FAIL: gcc.dg/compat/struct-by-value-11 c_compat_y_alt.o compile
UNRESOLVED: gcc.dg/compat/struct-by-value-11 c_compat_x_tst.o-c_compat_y_alt.o link
UNRESOLVED: gcc.dg/compat/struct-by-value-11 c_compat_x_tst.o-c_compat_y_alt.o execute
UNRESOLVED: gcc.dg/compat/struct-by-value-11 c_compat_x_alt.o-c_compat_y_tst.o link
UNRESOLVED: gcc.dg/compat/struct-by-value-11 c_compat_x_alt.o-c_compat_y_tst.o execute
UNRESOLVED: gcc.dg/compat/struct-by-value-11 c_compat_x_alt.o-c_compat_y_alt.o link
UNRESOLVED: gcc.dg/compat/struct-by-value-11 c_compat_x_alt.o-c_compat_y_alt.o execute
FAIL: gcc.dg/compat/struct-by-value-12 c_compat_x_alt.o compile
FAIL: gcc.dg/compat/struct-by-value-12 c_compat_y_alt.o compile
UNRESOLVED: gcc.dg/compat/struct-by-value-12 c_compat_x_tst.o-c_compat_y_alt.o link
UNRESOLVED: gcc.dg/compat/struct-by-value-12 c_compat_x_tst.o-c_compat_y_alt.o execute
UNRESOLVED: gcc.dg/compat/struct-by-value-12 c_compat_x_alt.o-c_compat_y_tst.o link
UNRESOLVED: gcc.dg/compat/struct-by-value-12 c_compat_x_alt.o-c_compat_y_tst.o execute
UNRESOLVED: gcc.dg/compat/struct-by-value-12 c_compat_x_alt.o-c_compat_y_alt.o link
UNRESOLVED: gcc.dg/compat/struct-by-value-12 c_compat_x_alt.o-c_compat_y_alt.o execute
FAIL: gcc.dg/compat/struct-by-value-13 c_compat_x_alt.o compile
FAIL: gcc.dg/compat/struct-by-value-13 c_compat_y_alt.o compile
UNRESOLVED: gcc.dg/compat/struct-by-value-13 c_compat_x_tst.o-c_compat_y_alt.o link
UNRESOLVED: gcc.dg/compat/struct-by-value-13 c_compat_x_tst.o-c_compat_y_alt.o execute
UNRESOLVED: gcc.dg/compat/struct-by-value-13 c_compat_x_alt.o-c_compat_y_tst.o link
UNRESOLVED: gcc.dg/compat/struct-by-value-13 c_compat_x_alt.o-c_compat_y_tst.o execute
UNRESOLVED: gcc.dg/compat/struct-by-value-13 c_compat_x_alt.o-c_compat_y_alt.o link
UNRESOLVED: gcc.dg/compat/struct-by-value-13 c_compat_x_alt.o-c_compat_y_alt.o execute
FAIL: gcc.dg/compat/struct-by-value-14 c_compat_x_alt.o compile
FAIL: gcc.dg/compat/struct-by-value-14 c_compat_y_alt.o compile
UNRESOLVED: gcc.dg/compat/struct-by-value-14 c_compat_x_tst.o-c_compat_y_alt.o link
UNRESOLVED: gcc.dg/compat/struct-by-value-14 c_compat_x_tst.o-c_compat_y_alt.o execute
UNRESOLVED: gcc.dg/compat/struct-by-value-14 c_compat_x_alt.o-c_compat_y_tst.o link
UNRESOLVED: gcc.dg/compat/struct-by-value-14 c_compat_x_alt.o-c_compat_y_tst.o execute
UNRESOLVED: gcc.dg/compat/struct-by-value-14 c_compat_x_alt.o-c_compat_y_alt.o link
UNRESOLVED: gcc.dg/compat/struct-by-value-14 c_compat_x_alt.o-c_compat_y_alt.o execute
FAIL: gcc.dg/compat/struct-by-value-15 c_compat_x_alt.o compile
FAIL: gcc.dg/compat/struct-by-value-15 c_compat_y_alt.o compile
UNRESOLVED: gcc.dg/compat/struct-by-value-15 c_compat_x_tst.o-c_compat_y_alt.o link
UNRESOLVED: gcc.dg/compat/struct-by-value-15 c_compat_x_tst.o-c_compat_y_alt.o execute
UNRESOLVED: gcc.dg/compat/struct-by-value-15 c_compat_x_alt.o-c_compat_y_tst.o link
UNRESOLVED: gcc.dg/compat/struct-by-value-15 c_compat_x_alt.o-c_compat_y_tst.o execute
UNRESOLVED: gcc.dg/compat/struct-by-value-15 c_compat_x_alt.o-c_compat_y_alt.o link
UNRESOLVED: gcc.dg/compat/struct-by-value-15 c_compat_x_alt.o-c_compat_y_alt.o execute
FAIL: gcc.dg/compat/struct-by-value-16 c_compat_x_alt.o compile
FAIL: gcc.dg/compat/struct-by-value-16 c_compat_y_alt.o compile
UNRESOLVED: gcc.dg/compat/struct-by-value-16 c_compat_x_tst.o-c_compat_y_alt.o link
UNRESOLVED: gcc.dg/compat/struct-by-value-16 c_compat_x_tst.o-c_compat_y_alt.o execute
UNRESOLVED: gcc.dg/compat/struct-by-value-16 c_compat_x_alt.o-c_compat_y_tst.o link
UNRESOLVED: gcc.dg/compat/struct-by-value-16 c_compat_x_alt.o-c_compat_y_tst.o execute
UNRESOLVED: gcc.dg/compat/struct-by-value-16 c_compat_x_alt.o-c_compat_y_alt.o link
UNRESOLVED: gcc.dg/compat/struct-by-value-16 c_compat_x_alt.o-c_compat_y_alt.o execute
FAIL: gcc.dg/compat/struct-by-value-16a c_compat_x_alt.o compile
FAIL: gcc.dg/compat/struct-by-value-16a c_compat_y_alt.o compile
UNRESOLVED: gcc.dg/compat/struct-by-value-16a c_compat_x_tst.o-c_compat_y_alt.o link
UNRESOLVED: gcc.dg/compat/struct-by-value-16a c_compat_x_tst.o-c_compat_y_alt.o execute
UNRESOLVED: gcc.dg/compat/struct-by-value-16a c_compat_x_alt.o-c_compat_y_tst.o link
UNRESOLVED: gcc.dg/compat/struct-by-value-16a c_compat_x_alt.o-c_compat_y_tst.o execute
UNRESOLVED: gcc.dg/compat/struct-by-value-16a c_compat_x_alt.o-c_compat_y_alt.o link
UNRESOLVED: gcc.dg/compat/struct-by-value-16a c_compat_x_alt.o-c_compat_y_alt.o execute
FAIL: gcc.dg/compat/struct-by-value-17 c_compat_x_alt.o compile
FAIL: gcc.dg/compat/struct-by-value-17 c_compat_y_alt.o compile
UNRESOLVED: gcc.dg/compat/struct-by-value-17 c_compat_x_tst.o-c_compat_y_alt.o link
UNRESOLVED: gcc.dg/compat/struct-by-value-17 c_compat_x_tst.o-c_compat_y_alt.o execute
UNRESOLVED: gcc.dg/compat/struct-by-value-17 c_compat_x_alt.o-c_compat_y_tst.o link
UNRESOLVED: gcc.dg/compat/struct-by-value-17 c_compat_x_alt.o-c_compat_y_tst.o execute
UNRESOLVED: gcc.dg/compat/struct-by-value-17 c_compat_x_alt.o-c_compat_y_alt.o link
UNRESOLVED: gcc.dg/compat/struct-by-value-17 c_compat_x_alt.o-c_compat_y_alt.o execute
FAIL: gcc.dg/compat/struct-by-value-17a c_compat_x_alt.o compile
FAIL: gcc.dg/compat/struct-by-value-17a c_compat_y_alt.o compile
UNRESOLVED: gcc.dg/compat/struct-by-value-17a c_compat_x_tst.o-c_compat_y_alt.o link
UNRESOLVED: gcc.dg/compat/struct-by-value-17a c_compat_x_tst.o-c_compat_y_alt.o execute
UNRESOLVED: gcc.dg/compat/struct-by-value-17a c_compat_x_alt.o-c_compat_y_tst.o link
UNRESOLVED: gcc.dg/compat/struct-by-value-17a c_compat_x_alt.o-c_compat_y_tst.o execute
UNRESOLVED: gcc.dg/compat/struct-by-value-17a c_compat_x_alt.o-c_compat_y_alt.o link
UNRESOLVED: gcc.dg/compat/struct-by-value-17a c_compat_x_alt.o-c_compat_y_alt.o execute
FAIL: gcc.dg/compat/struct-by-value-18 c_compat_x_alt.o compile
FAIL: gcc.dg/compat/struct-by-value-18 c_compat_y_alt.o compile
UNRESOLVED: gcc.dg/compat/struct-by-value-18 c_compat_x_tst.o-c_compat_y_alt.o link
UNRESOLVED: gcc.dg/compat/struct-by-value-18 c_compat_x_tst.o-c_compat_y_alt.o execute
UNRESOLVED: gcc.dg/compat/struct-by-value-18 c_compat_x_alt.o-c_compat_y_tst.o link
UNRESOLVED: gcc.dg/compat/struct-by-value-18 c_compat_x_alt.o-c_compat_y_tst.o execute
UNRESOLVED: gcc.dg/compat/struct-by-value-18 c_compat_x_alt.o-c_compat_y_alt.o link
UNRESOLVED: gcc.dg/compat/struct-by-value-18 c_compat_x_alt.o-c_compat_y_alt.o execute
FAIL: gcc.dg/compat/struct-by-value-18a c_compat_x_alt.o compile
FAIL: gcc.dg/compat/struct-by-value-18a c_compat_y_alt.o compile
UNRESOLVED: gcc.dg/compat/struct-by-value-18a c_compat_x_tst.o-c_compat_y_alt.o link
UNRESOLVED: gcc.dg/compat/struct-by-value-18a c_compat_x_tst.o-c_compat_y_alt.o execute
UNRESOLVED: gcc.dg/compat/struct-by-value-18a c_compat_x_alt.o-c_compat_y_tst.o link
UNRESOLVED: gcc.dg/compat/struct-by-value-18a c_compat_x_alt.o-c_compat_y_tst.o execute
UNRESOLVED: gcc.dg/compat/struct-by-value-18a c_compat_x_alt.o-c_compat_y_alt.o link
UNRESOLVED: gcc.dg/compat/struct-by-value-18a c_compat_x_alt.o-c_compat_y_alt.o execute
FAIL: gcc.dg/compat/struct-by-value-19 c_compat_x_alt.o compile
FAIL: gcc.dg/compat/struct-by-value-19 c_compat_y_alt.o compile
UNRESOLVED: gcc.dg/compat/struct-by-value-19 c_compat_x_tst.o-c_compat_y_alt.o link
UNRESOLVED: gcc.dg/compat/struct-by-value-19 c_compat_x_tst.o-c_compat_y_alt.o execute
UNRESOLVED: gcc.dg/compat/struct-by-value-19 c_compat_x_alt.o-c_compat_y_tst.o link
UNRESOLVED: gcc.dg/compat/struct-by-value-19 c_compat_x_alt.o-c_compat_y_tst.o execute
UNRESOLVED: gcc.dg/compat/struct-by-value-19 c_compat_x_alt.o-c_compat_y_alt.o link
UNRESOLVED: gcc.dg/compat/struct-by-value-19 c_compat_x_alt.o-c_compat_y_alt.o execute
FAIL: gcc.dg/compat/struct-by-value-1 c_compat_x_alt.o compile
FAIL: gcc.dg/compat/struct-by-value-1 c_compat_y_alt.o compile
UNRESOLVED: gcc.dg/compat/struct-by-value-1 c_compat_x_tst.o-c_compat_y_alt.o link
UNRESOLVED: gcc.dg/compat/struct-by-value-1 c_compat_x_tst.o-c_compat_y_alt.o execute
UNRESOLVED: gcc.dg/compat/struct-by-value-1 c_compat_x_alt.o-c_compat_y_tst.o link
UNRESOLVED: gcc.dg/compat/struct-by-value-1 c_compat_x_alt.o-c_compat_y_tst.o execute
UNRESOLVED: gcc.dg/compat/struct-by-value-1 c_compat_x_alt.o-c_compat_y_alt.o link
UNRESOLVED: gcc.dg/compat/struct-by-value-1 c_compat_x_alt.o-c_compat_y_alt.o execute
FAIL: gcc.dg/compat/struct-by-value-20 c_compat_x_alt.o compile
FAIL: gcc.dg/compat/struct-by-value-20 c_compat_y_alt.o compile
UNRESOLVED: gcc.dg/compat/struct-by-value-20 c_compat_x_tst.o-c_compat_y_alt.o link
UNRESOLVED: gcc.dg/compat/struct-by-value-20 c_compat_x_tst.o-c_compat_y_alt.o execute
UNRESOLVED: gcc.dg/compat/struct-by-value-20 c_compat_x_alt.o-c_compat_y_tst.o link
UNRESOLVED: gcc.dg/compat/struct-by-value-20 c_compat_x_alt.o-c_compat_y_tst.o execute
UNRESOLVED: gcc.dg/compat/struct-by-value-20 c_compat_x_alt.o-c_compat_y_alt.o link
UNRESOLVED: gcc.dg/compat/struct-by-value-20 c_compat_x_alt.o-c_compat_y_alt.o execute
FAIL: gcc.dg/compat/struct-by-value-21 c_compat_x_alt.o compile
FAIL: gcc.dg/compat/struct-by-value-21 c_compat_y_alt.o compile
UNRESOLVED: gcc.dg/compat/struct-by-value-21 c_compat_x_tst.o-c_compat_y_alt.o link
UNRESOLVED: gcc.dg/compat/struct-by-value-21 c_compat_x_tst.o-c_compat_y_alt.o execute
UNRESOLVED: gcc.dg/compat/struct-by-value-21 c_compat_x_alt.o-c_compat_y_tst.o link
UNRESOLVED: gcc.dg/compat/struct-by-value-21 c_compat_x_alt.o-c_compat_y_tst.o execute
UNRESOLVED: gcc.dg/compat/struct-by-value-21 c_compat_x_alt.o-c_compat_y_alt.o link
UNRESOLVED: gcc.dg/compat/struct-by-value-21 c_compat_x_alt.o-c_compat_y_alt.o execute
FAIL: gcc.dg/compat/struct-by-value-22 c_compat_x_alt.o compile
FAIL: gcc.dg/compat/struct-by-value-22 c_compat_y_alt.o compile
UNRESOLVED: gcc.dg/compat/struct-by-value-22 c_compat_x_tst.o-c_compat_y_alt.o link
UNRESOLVED: gcc.dg/compat/struct-by-value-22 c_compat_x_tst.o-c_compat_y_alt.o execute
UNRESOLVED: gcc.dg/compat/struct-by-value-22 c_compat_x_alt.o-c_compat_y_tst.o link
UNRESOLVED: gcc.dg/compat/struct-by-value-22 c_compat_x_alt.o-c_compat_y_tst.o execute
UNRESOLVED: gcc.dg/compat/struct-by-value-22 c_compat_x_alt.o-c_compat_y_alt.o link
UNRESOLVED: gcc.dg/compat/struct-by-value-22 c_compat_x_alt.o-c_compat_y_alt.o execute
FAIL: gcc.dg/compat/struct-by-value-2 c_compat_x_alt.o compile
FAIL: gcc.dg/compat/struct-by-value-2 c_compat_y_alt.o compile
UNRESOLVED: gcc.dg/compat/struct-by-value-2 c_compat_x_tst.o-c_compat_y_alt.o link
UNRESOLVED: gcc.dg/compat/struct-by-value-2 c_compat_x_tst.o-c_compat_y_alt.o execute
UNRESOLVED: gcc.dg/compat/struct-by-value-2 c_compat_x_alt.o-c_compat_y_tst.o link
UNRESOLVED: gcc.dg/compat/struct-by-value-2 c_compat_x_alt.o-c_compat_y_tst.o execute
UNRESOLVED: gcc.dg/compat/struct-by-value-2 c_compat_x_alt.o-c_compat_y_alt.o link
UNRESOLVED: gcc.dg/compat/struct-by-value-2 c_compat_x_alt.o-c_compat_y_alt.o execute
FAIL: gcc.dg/compat/struct-by-value-3 c_compat_x_alt.o compile
FAIL: gcc.dg/compat/struct-by-value-3 c_compat_y_alt.o compile
UNRESOLVED: gcc.dg/compat/struct-by-value-3 c_compat_x_tst.o-c_compat_y_alt.o link
UNRESOLVED: gcc.dg/compat/struct-by-value-3 c_compat_x_tst.o-c_compat_y_alt.o execute
UNRESOLVED: gcc.dg/compat/struct-by-value-3 c_compat_x_alt.o-c_compat_y_tst.o link
UNRESOLVED: gcc.dg/compat/struct-by-value-3 c_compat_x_alt.o-c_compat_y_tst.o execute
UNRESOLVED: gcc.dg/compat/struct-by-value-3 c_compat_x_alt.o-c_compat_y_alt.o link
UNRESOLVED: gcc.dg/compat/struct-by-value-3 c_compat_x_alt.o-c_compat_y_alt.o execute
FAIL: gcc.dg/compat/struct-by-value-4 c_compat_x_alt.o compile
FAIL: gcc.dg/compat/struct-by-value-4 c_compat_y_alt.o compile
UNRESOLVED: gcc.dg/compat/struct-by-value-4 c_compat_x_tst.o-c_compat_y_alt.o link
UNRESOLVED: gcc.dg/compat/struct-by-value-4 c_compat_x_tst.o-c_compat_y_alt.o execute
UNRESOLVED: gcc.dg/compat/struct-by-value-4 c_compat_x_alt.o-c_compat_y_tst.o link
UNRESOLVED: gcc.dg/compat/struct-by-value-4 c_compat_x_alt.o-c_compat_y_tst.o execute
UNRESOLVED: gcc.dg/compat/struct-by-value-4 c_compat_x_alt.o-c_compat_y_alt.o link
UNRESOLVED: gcc.dg/compat/struct-by-value-4 c_compat_x_alt.o-c_compat_y_alt.o execute
FAIL: gcc.dg/compat/struct-by-value-5a c_compat_x_alt.o compile
FAIL: gcc.dg/compat/struct-by-value-5a c_compat_y_alt.o compile
UNRESOLVED: gcc.dg/compat/struct-by-value-5a c_compat_x_tst.o-c_compat_y_alt.o link
UNRESOLVED: gcc.dg/compat/struct-by-value-5a c_compat_x_tst.o-c_compat_y_alt.o execute
UNRESOLVED: gcc.dg/compat/struct-by-value-5a c_compat_x_alt.o-c_compat_y_tst.o link
UNRESOLVED: gcc.dg/compat/struct-by-value-5a c_compat_x_alt.o-c_compat_y_tst.o execute
UNRESOLVED: gcc.dg/compat/struct-by-value-5a c_compat_x_alt.o-c_compat_y_alt.o link
UNRESOLVED: gcc.dg/compat/struct-by-value-5a c_compat_x_alt.o-c_compat_y_alt.o execute
FAIL: gcc.dg/compat/struct-by-value-5b c_compat_x_alt.o compile
FAIL: gcc.dg/compat/struct-by-value-5b c_compat_y_alt.o compile
UNRESOLVED: gcc.dg/compat/struct-by-value-5b c_compat_x_tst.o-c_compat_y_alt.o link
UNRESOLVED: gcc.dg/compat/struct-by-value-5b c_compat_x_tst.o-c_compat_y_alt.o execute
UNRESOLVED: gcc.dg/compat/struct-by-value-5b c_compat_x_alt.o-c_compat_y_tst.o link
UNRESOLVED: gcc.dg/compat/struct-by-value-5b c_compat_x_alt.o-c_compat_y_tst.o execute
UNRESOLVED: gcc.dg/compat/struct-by-value-5b c_compat_x_alt.o-c_compat_y_alt.o link
UNRESOLVED: gcc.dg/compat/struct-by-value-5b c_compat_x_alt.o-c_compat_y_alt.o execute
FAIL: gcc.dg/compat/struct-by-value-6a c_compat_x_alt.o compile
FAIL: gcc.dg/compat/struct-by-value-6a c_compat_y_alt.o compile
UNRESOLVED: gcc.dg/compat/struct-by-value-6a c_compat_x_tst.o-c_compat_y_alt.o link
UNRESOLVED: gcc.dg/compat/struct-by-value-6a c_compat_x_tst.o-c_compat_y_alt.o execute
UNRESOLVED: gcc.dg/compat/struct-by-value-6a c_compat_x_alt.o-c_compat_y_tst.o link
UNRESOLVED: gcc.dg/compat/struct-by-value-6a c_compat_x_alt.o-c_compat_y_tst.o execute
UNRESOLVED: gcc.dg/compat/struct-by-value-6a c_compat_x_alt.o-c_compat_y_alt.o link
UNRESOLVED: gcc.dg/compat/struct-by-value-6a c_compat_x_alt.o-c_compat_y_alt.o execute
FAIL: gcc.dg/compat/struct-by-value-6b c_compat_x_alt.o compile
FAIL: gcc.dg/compat/struct-by-value-6b c_compat_y_alt.o compile
UNRESOLVED: gcc.dg/compat/struct-by-value-6b c_compat_x_tst.o-c_compat_y_alt.o link
UNRESOLVED: gcc.dg/compat/struct-by-value-6b c_compat_x_tst.o-c_compat_y_alt.o execute
UNRESOLVED: gcc.dg/compat/struct-by-value-6b c_compat_x_alt.o-c_compat_y_tst.o link
UNRESOLVED: gcc.dg/compat/struct-by-value-6b c_compat_x_alt.o-c_compat_y_tst.o execute
UNRESOLVED: gcc.dg/compat/struct-by-value-6b c_compat_x_alt.o-c_compat_y_alt.o link
UNRESOLVED: gcc.dg/compat/struct-by-value-6b c_compat_x_alt.o-c_compat_y_alt.o execute
FAIL: gcc.dg/compat/struct-by-value-7a c_compat_x_alt.o compile
FAIL: gcc.dg/compat/struct-by-value-7a c_compat_y_alt.o compile
UNRESOLVED: gcc.dg/compat/struct-by-value-7a c_compat_x_tst.o-c_compat_y_alt.o link
UNRESOLVED: gcc.dg/compat/struct-by-value-7a c_compat_x_tst.o-c_compat_y_alt.o execute
UNRESOLVED: gcc.dg/compat/struct-by-value-7a c_compat_x_alt.o-c_compat_y_tst.o link
UNRESOLVED: gcc.dg/compat/struct-by-value-7a c_compat_x_alt.o-c_compat_y_tst.o execute
UNRESOLVED: gcc.dg/compat/struct-by-value-7a c_compat_x_alt.o-c_compat_y_alt.o link
UNRESOLVED: gcc.dg/compat/struct-by-value-7a c_compat_x_alt.o-c_compat_y_alt.o execute
FAIL: gcc.dg/compat/struct-by-value-7b c_compat_x_alt.o compile
FAIL: gcc.dg/compat/struct-by-value-7b c_compat_y_alt.o compile
UNRESOLVED: gcc.dg/compat/struct-by-value-7b c_compat_x_tst.o-c_compat_y_alt.o link
UNRESOLVED: gcc.dg/compat/struct-by-value-7b c_compat_x_tst.o-c_compat_y_alt.o execute
UNRESOLVED: gcc.dg/compat/struct-by-value-7b c_compat_x_alt.o-c_compat_y_tst.o link
UNRESOLVED: gcc.dg/compat/struct-by-value-7b c_compat_x_alt.o-c_compat_y_tst.o execute
UNRESOLVED: gcc.dg/compat/struct-by-value-7b c_compat_x_alt.o-c_compat_y_alt.o link
UNRESOLVED: gcc.dg/compat/struct-by-value-7b c_compat_x_alt.o-c_compat_y_alt.o execute
FAIL: gcc.dg/compat/struct-by-value-8 c_compat_x_alt.o compile
FAIL: gcc.dg/compat/struct-by-value-8 c_compat_y_alt.o compile
UNRESOLVED: gcc.dg/compat/struct-by-value-8 c_compat_x_tst.o-c_compat_y_alt.o link
UNRESOLVED: gcc.dg/compat/struct-by-value-8 c_compat_x_tst.o-c_compat_y_alt.o execute
UNRESOLVED: gcc.dg/compat/struct-by-value-8 c_compat_x_alt.o-c_compat_y_tst.o link
UNRESOLVED: gcc.dg/compat/struct-by-value-8 c_compat_x_alt.o-c_compat_y_tst.o execute
UNRESOLVED: gcc.dg/compat/struct-by-value-8 c_compat_x_alt.o-c_compat_y_alt.o link
UNRESOLVED: gcc.dg/compat/struct-by-value-8 c_compat_x_alt.o-c_compat_y_alt.o execute
FAIL: gcc.dg/compat/struct-by-value-9 c_compat_x_alt.o compile
FAIL: gcc.dg/compat/struct-by-value-9 c_compat_y_alt.o compile
UNRESOLVED: gcc.dg/compat/struct-by-value-9 c_compat_x_tst.o-c_compat_y_alt.o link
UNRESOLVED: gcc.dg/compat/struct-by-value-9 c_compat_x_tst.o-c_compat_y_alt.o execute
UNRESOLVED: gcc.dg/compat/struct-by-value-9 c_compat_x_alt.o-c_compat_y_tst.o link
UNRESOLVED: gcc.dg/compat/struct-by-value-9 c_compat_x_alt.o-c_compat_y_tst.o execute
UNRESOLVED: gcc.dg/compat/struct-by-value-9 c_compat_x_alt.o-c_compat_y_alt.o link
UNRESOLVED: gcc.dg/compat/struct-by-value-9 c_compat_x_alt.o-c_compat_y_alt.o execute
FAIL: gcc.dg/compat/struct-complex-1 c_compat_x_alt.o compile
FAIL: gcc.dg/compat/struct-complex-1 c_compat_y_alt.o compile
UNRESOLVED: gcc.dg/compat/struct-complex-1 c_compat_x_tst.o-c_compat_y_alt.o link
UNRESOLVED: gcc.dg/compat/struct-complex-1 c_compat_x_tst.o-c_compat_y_alt.o execute
UNRESOLVED: gcc.dg/compat/struct-complex-1 c_compat_x_alt.o-c_compat_y_tst.o link
UNRESOLVED: gcc.dg/compat/struct-complex-1 c_compat_x_alt.o-c_compat_y_tst.o execute
UNRESOLVED: gcc.dg/compat/struct-complex-1 c_compat_x_alt.o-c_compat_y_alt.o link
UNRESOLVED: gcc.dg/compat/struct-complex-1 c_compat_x_alt.o-c_compat_y_alt.o execute
FAIL: gcc.dg/compat/struct-complex-2 c_compat_x_alt.o compile
FAIL: gcc.dg/compat/struct-complex-2 c_compat_y_alt.o compile
UNRESOLVED: gcc.dg/compat/struct-complex-2 c_compat_x_tst.o-c_compat_y_alt.o link
UNRESOLVED: gcc.dg/compat/struct-complex-2 c_compat_x_tst.o-c_compat_y_alt.o execute
UNRESOLVED: gcc.dg/compat/struct-complex-2 c_compat_x_alt.o-c_compat_y_tst.o link
UNRESOLVED: gcc.dg/compat/struct-complex-2 c_compat_x_alt.o-c_compat_y_tst.o execute
UNRESOLVED: gcc.dg/compat/struct-complex-2 c_compat_x_alt.o-c_compat_y_alt.o link
UNRESOLVED: gcc.dg/compat/struct-complex-2 c_compat_x_alt.o-c_compat_y_alt.o execute
FAIL: gcc.dg/compat/struct-layout-1 c_compat_x_alt.o compile
FAIL: gcc.dg/compat/struct-layout-1 c_compat_y_alt.o compile
FAIL: gcc.dg/compat/struct-layout-1 c_compat_x_tst.o compile
FAIL: gcc.dg/compat/struct-layout-1 c_compat_y_tst.o compile
UNRESOLVED: gcc.dg/compat/struct-layout-1 c_compat_x_tst.o-c_compat_y_tst.o link
UNRESOLVED: gcc.dg/compat/struct-layout-1 c_compat_x_tst.o-c_compat_y_tst.o execute
UNRESOLVED: gcc.dg/compat/struct-layout-1 c_compat_x_tst.o-c_compat_y_alt.o link
UNRESOLVED: gcc.dg/compat/struct-layout-1 c_compat_x_tst.o-c_compat_y_alt.o execute
UNRESOLVED: gcc.dg/compat/struct-layout-1 c_compat_x_alt.o-c_compat_y_tst.o link
UNRESOLVED: gcc.dg/compat/struct-layout-1 c_compat_x_alt.o-c_compat_y_tst.o execute
UNRESOLVED: gcc.dg/compat/struct-layout-1 c_compat_x_alt.o-c_compat_y_alt.o link
UNRESOLVED: gcc.dg/compat/struct-layout-1 c_compat_x_alt.o-c_compat_y_alt.o execute
FAIL: gcc.dg/compat/struct-return-10 c_compat_x_alt.o compile
FAIL: gcc.dg/compat/struct-return-10 c_compat_y_alt.o compile
UNRESOLVED: gcc.dg/compat/struct-return-10 c_compat_x_tst.o-c_compat_y_alt.o link
UNRESOLVED: gcc.dg/compat/struct-return-10 c_compat_x_tst.o-c_compat_y_alt.o execute
UNRESOLVED: gcc.dg/compat/struct-return-10 c_compat_x_alt.o-c_compat_y_tst.o link
UNRESOLVED: gcc.dg/compat/struct-return-10 c_compat_x_alt.o-c_compat_y_tst.o execute
UNRESOLVED: gcc.dg/compat/struct-return-10 c_compat_x_alt.o-c_compat_y_alt.o link
UNRESOLVED: gcc.dg/compat/struct-return-10 c_compat_x_alt.o-c_compat_y_alt.o execute
FAIL: gcc.dg/compat/struct-return-19 c_compat_x_alt.o compile
FAIL: gcc.dg/compat/struct-return-19 c_compat_y_alt.o compile
UNRESOLVED: gcc.dg/compat/struct-return-19 c_compat_x_tst.o-c_compat_y_alt.o link
UNRESOLVED: gcc.dg/compat/struct-return-19 c_compat_x_tst.o-c_compat_y_alt.o execute
UNRESOLVED: gcc.dg/compat/struct-return-19 c_compat_x_alt.o-c_compat_y_tst.o link
UNRESOLVED: gcc.dg/compat/struct-return-19 c_compat_x_alt.o-c_compat_y_tst.o execute
UNRESOLVED: gcc.dg/compat/struct-return-19 c_compat_x_alt.o-c_compat_y_alt.o link
UNRESOLVED: gcc.dg/compat/struct-return-19 c_compat_x_alt.o-c_compat_y_alt.o execute
FAIL: gcc.dg/compat/struct-return-20 c_compat_x_alt.o compile
FAIL: gcc.dg/compat/struct-return-20 c_compat_y_alt.o compile
UNRESOLVED: gcc.dg/compat/struct-return-20 c_compat_x_tst.o-c_compat_y_alt.o link
UNRESOLVED: gcc.dg/compat/struct-return-20 c_compat_x_tst.o-c_compat_y_alt.o execute
UNRESOLVED: gcc.dg/compat/struct-return-20 c_compat_x_alt.o-c_compat_y_tst.o link
UNRESOLVED: gcc.dg/compat/struct-return-20 c_compat_x_alt.o-c_compat_y_tst.o execute
UNRESOLVED: gcc.dg/compat/struct-return-20 c_compat_x_alt.o-c_compat_y_alt.o link
UNRESOLVED: gcc.dg/compat/struct-return-20 c_compat_x_alt.o-c_compat_y_alt.o execute
FAIL: gcc.dg/compat/struct-return-21 c_compat_x_alt.o compile
FAIL: gcc.dg/compat/struct-return-21 c_compat_y_alt.o compile
UNRESOLVED: gcc.dg/compat/struct-return-21 c_compat_x_tst.o-c_compat_y_alt.o link
UNRESOLVED: gcc.dg/compat/struct-return-21 c_compat_x_tst.o-c_compat_y_alt.o execute
UNRESOLVED: gcc.dg/compat/struct-return-21 c_compat_x_alt.o-c_compat_y_tst.o link
UNRESOLVED: gcc.dg/compat/struct-return-21 c_compat_x_alt.o-c_compat_y_tst.o execute
UNRESOLVED: gcc.dg/compat/struct-return-21 c_compat_x_alt.o-c_compat_y_alt.o link
UNRESOLVED: gcc.dg/compat/struct-return-21 c_compat_x_alt.o-c_compat_y_alt.o execute
FAIL: gcc.dg/compat/struct-return-2 c_compat_x_alt.o compile
FAIL: gcc.dg/compat/struct-return-2 c_compat_y_alt.o compile
UNRESOLVED: gcc.dg/compat/struct-return-2 c_compat_x_tst.o-c_compat_y_alt.o link
UNRESOLVED: gcc.dg/compat/struct-return-2 c_compat_x_tst.o-c_compat_y_alt.o execute
UNRESOLVED: gcc.dg/compat/struct-return-2 c_compat_x_alt.o-c_compat_y_tst.o link
UNRESOLVED: gcc.dg/compat/struct-return-2 c_compat_x_alt.o-c_compat_y_tst.o execute
UNRESOLVED: gcc.dg/compat/struct-return-2 c_compat_x_alt.o-c_compat_y_alt.o link
UNRESOLVED: gcc.dg/compat/struct-return-2 c_compat_x_alt.o-c_compat_y_alt.o execute
FAIL: gcc.dg/compat/struct-return-3 c_compat_x_alt.o compile
FAIL: gcc.dg/compat/struct-return-3 c_compat_y_alt.o compile
UNRESOLVED: gcc.dg/compat/struct-return-3 c_compat_x_tst.o-c_compat_y_alt.o link
UNRESOLVED: gcc.dg/compat/struct-return-3 c_compat_x_tst.o-c_compat_y_alt.o execute
UNRESOLVED: gcc.dg/compat/struct-return-3 c_compat_x_alt.o-c_compat_y_tst.o link
UNRESOLVED: gcc.dg/compat/struct-return-3 c_compat_x_alt.o-c_compat_y_tst.o execute
UNRESOLVED: gcc.dg/compat/struct-return-3 c_compat_x_alt.o-c_compat_y_alt.o link
UNRESOLVED: gcc.dg/compat/struct-return-3 c_compat_x_alt.o-c_compat_y_alt.o execute
FAIL: gcc.dg/compat/union-by-value-1 c_compat_x_alt.o compile
FAIL: gcc.dg/compat/union-by-value-1 c_compat_y_alt.o compile
UNRESOLVED: gcc.dg/compat/union-by-value-1 c_compat_x_tst.o-c_compat_y_alt.o link
UNRESOLVED: gcc.dg/compat/union-by-value-1 c_compat_x_tst.o-c_compat_y_alt.o execute
UNRESOLVED: gcc.dg/compat/union-by-value-1 c_compat_x_alt.o-c_compat_y_tst.o link
UNRESOLVED: gcc.dg/compat/union-by-value-1 c_compat_x_alt.o-c_compat_y_tst.o execute
UNRESOLVED: gcc.dg/compat/union-by-value-1 c_compat_x_alt.o-c_compat_y_alt.o link
UNRESOLVED: gcc.dg/compat/union-by-value-1 c_compat_x_alt.o-c_compat_y_alt.o execute
FAIL: gcc.dg/compat/union-return-1 c_compat_x_alt.o compile
FAIL: gcc.dg/compat/union-return-1 c_compat_y_alt.o compile
UNRESOLVED: gcc.dg/compat/union-return-1 c_compat_x_tst.o-c_compat_y_alt.o link
UNRESOLVED: gcc.dg/compat/union-return-1 c_compat_x_tst.o-c_compat_y_alt.o execute
UNRESOLVED: gcc.dg/compat/union-return-1 c_compat_x_alt.o-c_compat_y_tst.o link
UNRESOLVED: gcc.dg/compat/union-return-1 c_compat_x_alt.o-c_compat_y_tst.o execute
UNRESOLVED: gcc.dg/compat/union-return-1 c_compat_x_alt.o-c_compat_y_alt.o link
UNRESOLVED: gcc.dg/compat/union-return-1 c_compat_x_alt.o-c_compat_y_alt.o execute
FAIL: gcc.dg/compat/vector-1 c_compat_x_alt.o compile
FAIL: gcc.dg/compat/vector-1 c_compat_y_alt.o compile
UNRESOLVED: gcc.dg/compat/vector-1 c_compat_x_tst.o-c_compat_y_alt.o link
UNRESOLVED: gcc.dg/compat/vector-1 c_compat_x_tst.o-c_compat_y_alt.o execute
UNRESOLVED: gcc.dg/compat/vector-1 c_compat_x_alt.o-c_compat_y_tst.o link
UNRESOLVED: gcc.dg/compat/vector-1 c_compat_x_alt.o-c_compat_y_tst.o execute
UNRESOLVED: gcc.dg/compat/vector-1 c_compat_x_alt.o-c_compat_y_alt.o link
UNRESOLVED: gcc.dg/compat/vector-1 c_compat_x_alt.o-c_compat_y_alt.o execute
FAIL: gcc.dg/compat/vector-2 c_compat_x_alt.o compile
FAIL: gcc.dg/compat/vector-2 c_compat_y_alt.o compile
UNRESOLVED: gcc.dg/compat/vector-2 c_compat_x_tst.o-c_compat_y_alt.o link
UNRESOLVED: gcc.dg/compat/vector-2 c_compat_x_tst.o-c_compat_y_alt.o execute
UNRESOLVED: gcc.dg/compat/vector-2 c_compat_x_alt.o-c_compat_y_tst.o link
UNRESOLVED: gcc.dg/compat/vector-2 c_compat_x_alt.o-c_compat_y_tst.o execute
UNRESOLVED: gcc.dg/compat/vector-2 c_compat_x_alt.o-c_compat_y_alt.o link
UNRESOLVED: gcc.dg/compat/vector-2 c_compat_x_alt.o-c_compat_y_alt.o execute
=== gcc Summary ===
# of expected passes 271
# of unexpected failures 112
# of unresolved testcases 332
# of unsupported tests 8
/scratch/gcc/nightly-2011-01-31-4.5/arm-none-eabi/obj/test-4.5-0-arm-none-eabi/host-i686-pc-linux-gnu/fsf-4.5/bin/arm-none-eabi-gcc version 4.5.3 20110201 (prerelease) (GCC)
Host is i686-pc-linux-gnu
=== libstdc++ tests ===
Running target arm-sim-fsf/-mthumb
FAIL: 22_locale/collate/transform/wchar_t/28277.cc execution test
FAIL: 22_locale/ctype/scan/wchar_t/1.cc execution test
FAIL: 23_containers/vector/profile/vector.cc execution test
FAIL: 25_algorithms/copy_backward/deque_iterators/1.cc execution test
FAIL: 25_algorithms/move_backward/deque_iterators/1.cc execution test
FAIL: 27_io/basic_filebuf/underflow/wchar_t/11603.cc execution test
FAIL: 27_io/basic_ostream/inserters_arithmetic/wchar_t/4402.cc execution test
FAIL: 27_io/basic_stringbuf/overflow/wchar_t/1.cc execution test
XPASS: ext/stdio_filebuf/char/10063-2.cc execution test
XPASS: ext/stdio_filebuf/char/10063-3.cc execution test
=== libstdc++ Summary ===
# of expected passes 6295
# of unexpected failures 8
# of unexpected successes 2
# of expected failures 93
# of unsupported tests 414
Compiler version: 4.5.3 20110201 (prerelease) (GCC)
Platform: arm-none-eabi
configure flags: --build=i686-pc-linux-gnu --host=i686-pc-linux-gnu --target=arm-none-eabi --enable-threads --disable-libmudflap --disable-libssp --disable-libstdcxx-pch --with-gnu-as --with-gnu-ld --enable-languages=c,c++ --disable-shared --enable-lto --with-newlib --disable-nls --prefix=/opt/codesourcery --with-headers=yes --with-sysroot=/opt/codesourcery/arm-none-eabi --with-build-sysroot=/scratch/gcc/nightly-2011-01-31-4.5/arm-none-eabi/install/arm-none-eabi --with-gmp=/scratch/gcc/nightly-2011-01-31-4.5/arm-none-eabi/obj/host-libs-4.5-0-arm-none-eabi-i686-pc-linux-gnu/usr --with-mpfr=/scratch/gcc/nightly-2011-01-31-4.5/arm-none-eabi/obj/host-libs-4.5-0-arm-none-eabi-i686-pc-linux-gnu/usr --with-mpc=/scratch/gcc/nightly-2011-01-31-4.5/arm-none-eabi/obj/host-libs-4.5-0-arm-none-eabi-i686-pc-linux-gnu/usr --with-ppl=/scratch/gcc/nightly-2011-01-31-4.5/arm-none-eabi/obj/host-libs-4.5-0-arm-none-eabi-i686-pc-linux-gnu/usr --with-host-libstdcxx='-static-libgcc -Wl,-Bstatic,-ls
tdc++,-Bdynamic -lm' --with-cloog=/scratch/gcc/nightly-2011-01-31-4.5/arm-none-eabi/obj/host-libs-4.5-0-arm-none-eabi-i686-pc-linux-gnu/usr --with-libelf=/scratch/gcc/nightly-2011-01-31-4.5/arm-none-eabi/obj/host-libs-4.5-0-arm-none-eabi-i686-pc-linux-gnu/usr --disable-libgomp --enable-poison-system-directories --with-build-time-tools=/scratch/gcc/nightly-2011-01-31-4.5/arm-none-eabi/install/arm-none-eabi/bin --with-build-time-tools=/scratch/gcc/nightly-2011-01-31-4.5/arm-none-eabi/install/arm-none-eabi/bin
More information about the Gcc-testresults
mailing list