Results for 4.4.6 20110201 (prerelease) [gcc-4_4-branch revision 169466] (GCC) testsuite on powerpc64-unknown-linux-gnu
Pat Haugen
pthaugen@us.ibm.com
Tue Feb 1 15:40:00 GMT 2011
Linux 2.6.16.46-0.4-ppc64 ppc64
GNU C Library development release version 2.4 (20070330)
GNU ld (GNU Binutils) 2.20
GNU assembler (GNU Binutils) 2.20
GNU Make 3.80
DejaGnu:
Expect version is 5.43.0
Tcl version is 8.4
Framework version is 1.4.4
32-bit biarch default32
LAST_UPDATED: Tue Feb 1 07:13:58 UTC 2011 (revision 169466)
Native configuration is powerpc64-unknown-linux-gnu
=== gcc tests ===
Running target unix/-m32
FAIL: gcc.dg/overflow-warn-3.c (test for warnings, line 99)
FAIL: gcc.dg/overflow-warn-3.c (test for excess errors)
FAIL: gcc.dg/tree-ssa/pr42585.c scan-tree-dump-times optimized "struct _fat_ptr _ans" 0
FAIL: gcc.dg/tree-ssa/pr42585.c scan-tree-dump-times optimized "struct _fat_ptr _T2" 0
=== gcc Summary for unix/-m32 ===
# of expected passes 54899
# of unexpected failures 4
# of expected failures 191
# of unsupported tests 575
Running target unix/-m64
FAIL: gcc.dg/tree-ssa/pr42585.c scan-tree-dump-times optimized "struct _fat_ptr _ans" 0
FAIL: gcc.dg/tree-ssa/pr42585.c scan-tree-dump-times optimized "struct _fat_ptr _T2" 0
=== gcc Summary for unix/-m64 ===
# of expected passes 54747
# of unexpected failures 2
# of expected failures 195
# of unsupported tests 640
=== gcc Summary ===
# of expected passes 109646
# of unexpected failures 6
# of expected failures 386
# of unsupported tests 1215
/home/gccbuild/build/nightly/build-gcc-4.4/gcc/xgcc version 4.4.6 20110201 (prerelease) [gcc-4_4-branch revision 169466] (GCC)
=== gfortran tests ===
Running target unix/-m32
XPASS: gfortran.dg/default_format_denormal_2.f90 -O0 execution test
XPASS: gfortran.dg/default_format_denormal_2.f90 -O1 execution test
XPASS: gfortran.dg/default_format_denormal_2.f90 -O2 execution test
XPASS: gfortran.dg/default_format_denormal_2.f90 -O3 -fomit-frame-pointer execution test
XPASS: gfortran.dg/default_format_denormal_2.f90 -O3 -fomit-frame-pointer -funroll-loops execution test
XPASS: gfortran.dg/default_format_denormal_2.f90 -O3 -fomit-frame-pointer -funroll-all-loops -finline-functions execution test
XPASS: gfortran.dg/default_format_denormal_2.f90 -O3 -g execution test
XPASS: gfortran.dg/default_format_denormal_2.f90 -Os execution test
=== gfortran Summary for unix/-m32 ===
# of expected passes 30272
# of unexpected successes 8
# of expected failures 26
# of unsupported tests 127
Running target unix/-m64
FAIL: gfortran.dg/bind_c_usage_9.f03 -O (test for errors, line 47)
FAIL: gfortran.dg/bind_c_usage_9.f03 -O (test for excess errors)
XPASS: gfortran.dg/default_format_denormal_2.f90 -O0 execution test
XPASS: gfortran.dg/default_format_denormal_2.f90 -O1 execution test
XPASS: gfortran.dg/default_format_denormal_2.f90 -O2 execution test
XPASS: gfortran.dg/default_format_denormal_2.f90 -O3 -fomit-frame-pointer execution test
XPASS: gfortran.dg/default_format_denormal_2.f90 -O3 -fomit-frame-pointer -funroll-loops execution test
XPASS: gfortran.dg/default_format_denormal_2.f90 -O3 -fomit-frame-pointer -funroll-all-loops -finline-functions execution test
XPASS: gfortran.dg/default_format_denormal_2.f90 -O3 -g execution test
XPASS: gfortran.dg/default_format_denormal_2.f90 -Os execution test
=== gfortran Summary for unix/-m64 ===
# of expected passes 30435
# of unexpected failures 2
# of unexpected successes 8
# of expected failures 26
# of unsupported tests 46
=== gfortran Summary ===
# of expected passes 60707
# of unexpected failures 2
# of unexpected successes 16
# of expected failures 52
# of unsupported tests 173
/home/gccbuild/build/nightly/build-gcc-4.4/gcc/testsuite/gfortran/../../gfortran version 4.4.6 20110201 (prerelease) [gcc-4_4-branch revision 169466] (GCC)
=== g++ tests ===
Running target unix/-m32
=== g++ Summary for unix/-m32 ===
# of expected passes 19801
# of expected failures 157
# of unsupported tests 141
Running target unix/-m64
=== g++ Summary for unix/-m64 ===
# of expected passes 19767
# of expected failures 157
# of unsupported tests 143
=== g++ Summary ===
# of expected passes 39568
# of expected failures 314
# of unsupported tests 284
/home/gccbuild/build/nightly/build-gcc-4.4/gcc/testsuite/g++/../../g++ version 4.4.6 20110201 (prerelease) [gcc-4_4-branch revision 169466] (GCC)
=== obj-c++ tests ===
Running target unix/-m32
WARNING: obj-c++.dg/lookup-2.mm compilation failed to produce executable
WARNING: obj-c++.dg/try-catch-2.mm compilation failed to produce executable
WARNING: obj-c++.dg/try-catch-9.mm compilation failed to produce executable
=== obj-c++ Summary for unix/-m32 ===
# of expected passes 438
# of expected failures 10
# of unsupported tests 13
Running target unix/-m64
WARNING: obj-c++.dg/lookup-2.mm compilation failed to produce executable
WARNING: obj-c++.dg/try-catch-2.mm compilation failed to produce executable
WARNING: obj-c++.dg/try-catch-9.mm compilation failed to produce executable
=== obj-c++ Summary for unix/-m64 ===
# of expected passes 427
# of expected failures 21
# of unsupported tests 13
=== obj-c++ Summary ===
# of expected passes 865
# of expected failures 31
# of unsupported tests 26
/home/gccbuild/build/nightly/build-gcc-4.4/gcc/testsuite/obj-c++/../../g++ version 4.4.6 20110201 (prerelease) [gcc-4_4-branch revision 169466] (GCC)
=== objc tests ===
Running target unix/-m32
=== objc Summary for unix/-m32 ===
# of expected passes 1866
# of expected failures 15
# of unsupported tests 24
Running target unix/-m64
=== objc Summary for unix/-m64 ===
# of expected passes 1866
# of expected failures 15
# of unsupported tests 24
=== objc Summary ===
# of expected passes 3732
# of expected failures 30
# of unsupported tests 48
/home/gccbuild/build/nightly/build-gcc-4.4/gcc/xgcc version 4.4.6 20110201 (prerelease) [gcc-4_4-branch revision 169466] (GCC)
=== libgomp tests ===
Running target unix/-m32
=== libgomp Summary for unix/-m32 ===
# of expected passes 2508
Running target unix/-m64
=== libgomp Summary for unix/-m64 ===
# of expected passes 2508
=== libgomp Summary ===
# of expected passes 5016
=== libmudflap tests ===
Running target unix/-m32
FAIL: libmudflap.c++/pass41-frag.cxx execution test
FAIL: libmudflap.c++/pass41-frag.cxx (-static) execution test
FAIL: libmudflap.c++/pass41-frag.cxx ( -O) execution test
FAIL: libmudflap.c++/pass41-frag.cxx (-O2) execution test
FAIL: libmudflap.c++/pass41-frag.cxx (-O3) execution test
=== libmudflap Summary for unix/-m32 ===
# of expected passes 1889
# of unexpected failures 5
Running target unix/-m64
FAIL: libmudflap.c++/pass41-frag.cxx execution test
FAIL: libmudflap.c++/pass41-frag.cxx (-static) execution test
FAIL: libmudflap.c++/pass41-frag.cxx ( -O) execution test
FAIL: libmudflap.c++/pass41-frag.cxx (-O2) execution test
FAIL: libmudflap.c++/pass41-frag.cxx (-O3) execution test
=== libmudflap Summary for unix/-m64 ===
# of expected passes 1889
# of unexpected failures 5
=== libmudflap Summary ===
# of expected passes 3778
# of unexpected failures 10
=== libstdc++ tests ===
Running target unix/-m32
FAIL: abi_check
=== libstdc++ Summary for unix/-m32 ===
# of expected passes 6506
# of unexpected failures 1
# of expected failures 80
# of unsupported tests 15
Running target unix/-m64
XPASS: 26_numerics/complex/13450.cc execution test
XPASS: 26_numerics/complex/complex_value.cc execution test
XPASS: 26_numerics/complex/pow.cc execution test
=== libstdc++ Summary for unix/-m64 ===
# of expected passes 6504
# of unexpected successes 3
# of expected failures 80
# of unsupported tests 15
=== libstdc++ Summary ===
# of expected passes 13010
# of unexpected failures 1
# of unexpected successes 3
# of expected failures 160
# of unsupported tests 30
Compiler version: 4.4.6 20110201 (prerelease) [gcc-4_4-branch revision 169466] (GCC)
Platform: powerpc64-unknown-linux-gnu
configure flags: --prefix=/opt/gcc-nightly/4.4-20110201 --build=powerpc64-linux --host=powerpc64-linux --target=powerpc64-linux --with-cpu=default32 --with-as=/opt/gcc-nightly/binutils-2.20/bin/as --with-ld=/opt/gcc-nightly/binutils-2.20/bin/ld --enable-threads=posix --enable-shared --enable-__cxa_atexit --enable-languages=c,c++,fortran,objc,obj-c++ --with-long-double-128 --enable-secureplt --enable-checking --disable-alsa --with-gmp=/opt/gcc-nightly/gmp-mpfr --with-mpfr=/opt/gcc-nightly/gmp-mpfr
More information about the Gcc-testresults
mailing list