Results for 4.7.0 20111229 (experimental) [trunk revision 182719] (GCC) testsuite on ia64-suse-linux-gnu
Andreas Schwab
schwab@linux-m68k.org
Thu Dec 29 18:38:00 GMT 2011
LAST_UPDATED: Thu Dec 29 09:01:47 UTC 2011 (revision 182719)
=== acats tests ===
FAIL: cb1010a
FAIL: cb1010c
FAIL: cb1010d
=== acats Summary ===
# of expected passes 2318
# of unexpected failures 3
Native configuration is ia64-suse-linux-gnu
=== g++ tests ===
Running target unix
FAIL: g++.dg/cpp0x/constexpr-rom.C scan-assembler rodata
FAIL: g++.dg/inherit/covariant7.C -std=gnu++98 scan-tree-dump class "48 .*c6::_ZTcv0_n32_v0_n24_NV2c62f2Ev"
FAIL: g++.dg/inherit/covariant7.C -std=gnu++98 scan-tree-dump class "56 .*c6::f2"
FAIL: g++.dg/inherit/covariant7.C -std=gnu++98 scan-tree-dump class "168 .*c6::_ZTv0_n32_NV2c62f2Ev"
FAIL: g++.dg/inherit/covariant7.C -std=gnu++11 scan-tree-dump class "48 .*c6::_ZTcv0_n32_v0_n24_NV2c62f2Ev"
FAIL: g++.dg/inherit/covariant7.C -std=gnu++11 scan-tree-dump class "56 .*c6::f2"
FAIL: g++.dg/inherit/covariant7.C -std=gnu++11 scan-tree-dump class "168 .*c6::_ZTv0_n32_NV2c62f2Ev"
FAIL: g++.dg/tree-ssa/pr45605.C -std=gnu++98 scan-tree-dump-times fre1 "D::Run \\(" 1
FAIL: g++.dg/tree-ssa/pr45605.C -std=gnu++11 scan-tree-dump-times fre1 "D::Run \\(" 1
=== g++ Summary ===
# of expected passes 46217
# of unexpected failures 9
# of expected failures 288
# of unsupported tests 660
/usr/local/gcc/gcc-20111229/Build/gcc/testsuite/g++/../../g++ version 4.7.0 20111229 (experimental) [trunk revision 182719] (GCC)
=== gcc tests ===
Running target unix
FAIL: gcc.c-torture/execute/20040811-1.c execution, -O0
FAIL: gcc.c-torture/execute/pr43220.c execution, -O0
FAIL: gcc.c-torture/execute/vla-dealloc-1.c execution, -O0
WARNING: program timed out.
WARNING: program timed out.
WARNING: program timed out.
FAIL: gcc.dg/debug/dwarf2/asm-line1.c scan-assembler is_stmt 1
FAIL: gcc.dg/cproj-fails-with-broken-glibc.c execution test
XPASS: gcc.dg/guality/example.c -O0 execution test
WARNING: program timed out.
XPASS: gcc.dg/guality/guality.c -O0 execution test
WARNING: program timed out.
FAIL: gcc.dg/guality/inline-params.c -O0 execution test
FAIL: gcc.dg/guality/inline-params.c -O1 execution test
FAIL: gcc.dg/guality/pr36728-1.c -O0 line 12 y == 2
FAIL: gcc.dg/guality/pr36728-1.c -O3 -fomit-frame-pointer line 12 y == 2
FAIL: gcc.dg/guality/pr36728-1.c -O3 -g line 12 y == 2
FAIL: gcc.dg/guality/pr36728-2.c -O1 line 12 y == 2
XPASS: gcc.dg/guality/pr41353-1.c -O0 line 28 j == 28 + 37
FAIL: gcc.dg/guality/pr41353-1.c -O3 -fomit-frame-pointer line 39 i == 12
FAIL: gcc.dg/guality/pr41353-1.c -O3 -g line 39 i == 12
XPASS: gcc.dg/guality/pr41447-1.c -O0 execution test
WARNING: program timed out.
XPASS: gcc.dg/guality/pr41616-1.c -O0 execution test
FAIL: gcc.dg/guality/pr43051-1.c -O1 line 39 c == &a[0]
FAIL: gcc.dg/guality/pr43077-1.c -O0 line 19 vara == 1
FAIL: gcc.dg/guality/pr43077-1.c -O1 line 42 b == 2
FAIL: gcc.dg/guality/pr43077-1.c -O3 -fomit-frame-pointer line 42 varb == 2
FAIL: gcc.dg/guality/pr43077-1.c -O3 -g line 42 varb == 2
FAIL: gcc.dg/guality/pr43177.c -O3 -fomit-frame-pointer line 15 x == 7
FAIL: gcc.dg/guality/pr43177.c -O3 -fomit-frame-pointer line 24 x == 7
FAIL: gcc.dg/guality/pr43177.c -O3 -g line 15 x == 7
FAIL: gcc.dg/guality/pr43177.c -O3 -g line 24 x == 7
FAIL: gcc.dg/guality/pr48437.c -O0 line 14 i == 0
FAIL: gcc.dg/guality/pr48437.c -O1 line 14 i == 0
FAIL: gcc.dg/guality/pr48437.c -O2 line 14 i == 0
FAIL: gcc.dg/guality/pr48437.c -O3 -fomit-frame-pointer line 14 i == 0
FAIL: gcc.dg/guality/pr48437.c -O3 -fomit-frame-pointer -funroll-loops line 14 i == 0
FAIL: gcc.dg/guality/pr48437.c -O3 -fomit-frame-pointer -funroll-all-loops -finline-functions line 14 i == 0
FAIL: gcc.dg/guality/pr48437.c -O3 -g line 14 i == 0
FAIL: gcc.dg/guality/pr48437.c -Os line 14 i == 0
FAIL: gcc.dg/guality/pr48437.c -O2 -flto -flto-partition=none line 14 i == 0
FAIL: gcc.dg/guality/pr48437.c -O2 -flto line 14 i == 0
FAIL: gcc.dg/guality/vla-1.c -O0 line 17 sizeof (a) == 6
FAIL: gcc.dg/guality/vla-1.c -O0 line 24 sizeof (a) == 17 * sizeof (short)
FAIL: gcc.dg/guality/vla-1.c -O1 line 24 sizeof (a) == 17 * sizeof (short)
FAIL: gcc.dg/guality/vla-1.c -O3 -fomit-frame-pointer line 24 i == 5
FAIL: gcc.dg/guality/vla-1.c -O3 -g line 24 i == 5
FAIL: gcc.dg/guality/vla-2.c -O2 -flto -flto-partition=none line 16 sizeof (a) == 5 * sizeof (int)
FAIL: gcc.dg/guality/vla-2.c -O2 -flto line 16 sizeof (a) == 5 * sizeof (int)
FAIL: gcc.dg/simulate-thread/atomic-other-int.c -O3 -g thread simulation test
FAIL: gcc.dg/simulate-thread/atomic-other-short.c -O3 -g thread simulation test
FAIL: gcc.dg/tm/pr51472.c (internal compiler error)
FAIL: gcc.dg/tm/pr51472.c (test for excess errors)
FAIL: gcc.dg/torture/vshuf-v2si.c -O2 (internal compiler error)
FAIL: gcc.dg/torture/vshuf-v2si.c -O2 (test for excess errors)
WARNING: gcc.dg/torture/vshuf-v2si.c -O2 compilation failed to produce executable
FAIL: gcc.dg/torture/vshuf-v8qi.c -O2 execution test
XPASS: gcc.dg/tree-ssa/20040204-1.c scan-tree-dump-times optimized "link_error" 0
XPASS: gcc.dg/tree-ssa/loop-1.c scan-assembler-times foo 5
FAIL: gcc.dg/vect/vec-scal-opt.c scan-tree-dump-times veclower2 ">> k.[0-9_]*" 1
FAIL: gcc.dg/vect/vec-scal-opt1.c scan-tree-dump-times veclower2 ">> 2" 1
FAIL: gcc.dg/vect/vec-scal-opt2.c scan-tree-dump-times veclower2 ">> 2" 1
XPASS: gcc.dg/vect/pr33804.c scan-tree-dump-times vect "vectorized 1 loops" 1
XPASS: gcc.dg/vect/pr33804.c scan-tree-dump-times vect "vectorizing stmts using SLP" 1
XPASS: gcc.dg/vect/pr33953.c scan-tree-dump-times vect "vectorized 1 loops" 1
XPASS: gcc.dg/vect/pr33953.c scan-tree-dump-times vect "vectorizing stmts using SLP" 1
XPASS: gcc.dg/vect/vect-35-big-array.c scan-tree-dump-times vect "vectorized 2 loops" 1
XPASS: gcc.dg/vect/vect-35.c scan-tree-dump-times vect "vectorized 2 loops" 1
XPASS: gcc.dg/vect/vect-outer-5.c scan-tree-dump vect "zero step in outer loop."
FAIL: gcc.dg/vect/vect-sdivmod-1.c scan-tree-dump-times vect "vectorized 1 loops" 4
FAIL: gcc.dg/vect/slp-perm-9.c scan-tree-dump-times vect "vectorized 1 loops" 1
FAIL: gcc.dg/vect/slp-perm-9.c scan-tree-dump-times vect "vectorizing stmts using SLP" 0
XPASS: gcc.dg/vect/pr33804.c -flto scan-tree-dump-times vect "vectorized 1 loops" 1
XPASS: gcc.dg/vect/pr33804.c -flto scan-tree-dump-times vect "vectorizing stmts using SLP" 1
XPASS: gcc.dg/vect/pr33953.c -flto scan-tree-dump-times vect "vectorized 1 loops" 1
XPASS: gcc.dg/vect/pr33953.c -flto scan-tree-dump-times vect "vectorizing stmts using SLP" 1
XPASS: gcc.dg/vect/vect-35-big-array.c -flto scan-tree-dump-times vect "vectorized 2 loops" 1
XPASS: gcc.dg/vect/vect-35.c -flto scan-tree-dump-times vect "vectorized 2 loops" 1
XPASS: gcc.dg/vect/vect-outer-5.c -flto scan-tree-dump vect "zero step in outer loop."
FAIL: gcc.dg/vect/vect-sdivmod-1.c -flto scan-tree-dump-times vect "vectorized 1 loops" 4
FAIL: gcc.dg/vect/slp-perm-9.c -flto scan-tree-dump-times vect "vectorized 1 loops" 1
FAIL: gcc.dg/vect/slp-perm-9.c -flto scan-tree-dump-times vect "vectorizing stmts using SLP" 0
XPASS: gcc.dg/vect/no-section-anchors-vect-69.c scan-tree-dump-times vect "Alignment of access forced using peeling" 2
XPASS: gcc.dg/vect/no-scevccp-outer-21.c scan-tree-dump-times vect "OUTER LOOP VECTORIZED." 1
XPASS: gcc.dg/vect/if-cvt-stores-vect-ifcvt-18.c scan-tree-dump-times vect "vectorized 1 loops" 1
=== gcc Summary ===
# of expected passes 75807
# of unexpected failures 55
# of unexpected successes 24
# of expected failures 388
# of unsupported tests 1927
/usr/local/gcc/gcc-20111229/Build/gcc/xgcc version 4.7.0 20111229 (experimental) [trunk revision 182719] (GCC)
=== gfortran tests ===
Running target unix
=== gfortran Summary ===
# of expected passes 40247
# of expected failures 50
# of unsupported tests 70
/usr/local/gcc/gcc-20111229/Build/gcc/testsuite/gfortran/../../gfortran version 4.7.0 20111229 (experimental) [trunk revision 182719] (GCC)
=== gnat tests ===
Running target unix
FAIL: gnat.dg/pack9.adb scan-tree-dump-not optimized "gnat_rcheck"
FAIL: gnat.dg/stack_check1.adb execution test
FAIL: gnat.dg/stack_check2.adb execution test
=== gnat Summary ===
# of expected passes 1046
# of unexpected failures 3
# of expected failures 12
# of unsupported tests 9
/usr/local/gcc/gcc-20111229/Build/gcc/gnatmake version 4.7.0 20111229 (experimental) [trunk revision 182719]
=== obj-c++ tests ===
Running target unix
=== obj-c++ Summary ===
# of expected passes 1442
# of expected failures 10
# of unsupported tests 86
/usr/local/gcc/gcc-20111229/Build/gcc/testsuite/obj-c++/../../g++ version 4.7.0 20111229 (experimental) [trunk revision 182719] (GCC)
=== objc tests ===
Running target unix
=== objc Summary ===
# of expected passes 2992
# of unsupported tests 75
/usr/local/gcc/gcc-20111229/Build/gcc/xgcc version 4.7.0 20111229 (experimental) [trunk revision 182719] (GCC)
=== boehm-gc tests ===
Running target unix
FAIL: boehm-gc.c/thread_leak_test.c -O2 (test for excess errors)
=== boehm-gc Summary ===
# of expected passes 11
# of unexpected failures 1
# of unsupported tests 1
=== libffi tests ===
Running target unix
=== libffi Summary ===
# of expected passes 1634
# of expected failures 10
# of unsupported tests 15
=== libgomp tests ===
Running target unix
FAIL: libgomp.c/omp-loop03.c execution test
FAIL: libgomp.c++/loop-3.C -O execution test
=== libgomp Summary ===
# of expected passes 2946
# of unexpected failures 2
=== libjava tests ===
Running target unix
FAIL: getlocalvartable output
FAIL: Throw_3 -O3 output - source compiled test
FAIL: Throw_3 -O3 -findirect-dispatch output - source compiled test
=== libjava Summary ===
# of expected passes 2571
# of unexpected failures 3
=== libmudflap tests ===
Running target unix
FAIL: libmudflap.c++/pass55-frag.cxx ( -O) execution test
=== libmudflap Summary ===
# of expected passes 1893
# of unexpected failures 1
=== libstdc++ tests ===
Running target unix
=== libstdc++ Summary ===
# of expected passes 8573
# of expected failures 44
# of unsupported tests 163
Compiler version: 4.7.0 20111229 (experimental) [trunk revision 182719] (GCC)
Platform: ia64-suse-linux-gnu
configure flags: --prefix=/usr --build=ia64-suse-linux --host=ia64-suse-linux --enable-shared --enable-threads --enable-__cxa_atexit --with-system-zlib --with-system-libunwind
More information about the Gcc-testresults
mailing list