Results for 4.7.0 20111224 (experimental) testsuite on sparc64-unknown-linux-gnu
Mikael Pettersson
mikpe@it.uu.se
Sun Dec 25 17:41:00 GMT 2011
LAST_UPDATED: Obtained from SVN: trunk revision 182676
=== acats tests ===
=== acats Summary ===
# of expected passes 2321
# of unexpected failures 0
Native configuration is sparc64-unknown-linux-gnu
=== g++ tests ===
Running target unix
FAIL: g++.dg/guality/redeclaration1.C -O0 line 17 i == 24
FAIL: g++.dg/guality/redeclaration1.C -O1 line 17 i == 24
FAIL: g++.dg/guality/redeclaration1.C -O2 line 17 i == 24
FAIL: g++.dg/guality/redeclaration1.C -O3 -fomit-frame-pointer line 17 i == 24
FAIL: g++.dg/guality/redeclaration1.C -O3 -g line 17 i == 24
FAIL: g++.dg/guality/redeclaration1.C -Os line 17 i == 24
=== g++ Summary ===
# of expected passes 44567
# of unexpected failures 6
# of expected failures 286
# of unsupported tests 652
/mnt/scratch/objdir47/gcc/testsuite/g++/../../g++ version 4.7.0 20111224 (experimental) (GCC)
=== gcc tests ===
Running target unix
FAIL: gcc.dg/atomic-compare-exchange-1.c (test for excess errors)
WARNING: gcc.dg/atomic-compare-exchange-1.c compilation failed to produce executable
FAIL: gcc.dg/atomic-compare-exchange-2.c (test for excess errors)
WARNING: gcc.dg/atomic-compare-exchange-2.c compilation failed to produce executable
FAIL: gcc.dg/atomic-compare-exchange-3.c (test for excess errors)
WARNING: gcc.dg/atomic-compare-exchange-3.c compilation failed to produce executable
FAIL: gcc.dg/atomic-exchange-1.c (test for excess errors)
WARNING: gcc.dg/atomic-exchange-1.c compilation failed to produce executable
FAIL: gcc.dg/atomic-exchange-2.c (test for excess errors)
WARNING: gcc.dg/atomic-exchange-2.c compilation failed to produce executable
FAIL: gcc.dg/atomic-op-1.c (test for excess errors)
WARNING: gcc.dg/atomic-op-1.c compilation failed to produce executable
FAIL: gcc.dg/atomic-op-2.c (test for excess errors)
WARNING: gcc.dg/atomic-op-2.c compilation failed to produce executable
FAIL: gcc.dg/atomic-op-3.c (test for excess errors)
WARNING: gcc.dg/atomic-op-3.c compilation failed to produce executable
FAIL: gcc.dg/cproj-fails-with-broken-glibc.c execution test
XPASS: gcc.dg/guality/example.c -O0 execution test
XPASS: gcc.dg/guality/guality.c -O0 execution test
XPASS: gcc.dg/guality/inline-params.c -O2 execution test
XPASS: gcc.dg/guality/inline-params.c -O3 -fomit-frame-pointer execution test
XPASS: gcc.dg/guality/inline-params.c -O3 -g execution test
XPASS: gcc.dg/guality/inline-params.c -Os execution test
XPASS: gcc.dg/guality/pr41353-1.c -O0 line 28 j == 28 + 37
FAIL: gcc.dg/guality/pr41353-1.c -O1 line 28 i1 == 2 * 37
FAIL: gcc.dg/guality/pr41353-1.c -O1 line 28 i2 == 3 * 37
FAIL: gcc.dg/guality/pr41353-1.c -O2 line 28 i1 == 2 * 37
FAIL: gcc.dg/guality/pr41353-1.c -O2 line 28 i2 == 3 * 37
FAIL: gcc.dg/guality/pr41353-1.c -O3 -fomit-frame-pointer line 28 i1 == 2 * 37
FAIL: gcc.dg/guality/pr41353-1.c -O3 -fomit-frame-pointer line 28 i2 == 3 * 37
FAIL: gcc.dg/guality/pr41353-1.c -O3 -g line 28 i1 == 2 * 37
FAIL: gcc.dg/guality/pr41353-1.c -O3 -g line 28 i2 == 3 * 37
FAIL: gcc.dg/guality/pr41353-1.c -Os line 28 i1 == 2 * 37
FAIL: gcc.dg/guality/pr41353-1.c -Os line 28 i2 == 3 * 37
FAIL: gcc.dg/guality/pr41404-1.c -O1 line 10 *foo == 'f'
FAIL: gcc.dg/guality/pr41404-1.c -O2 line 10 *foo == 'f'
FAIL: gcc.dg/guality/pr41404-1.c -O3 -fomit-frame-pointer line 10 *foo == 'f'
FAIL: gcc.dg/guality/pr41404-1.c -O3 -g line 10 *foo == 'f'
FAIL: gcc.dg/guality/pr41404-1.c -Os line 10 *foo == 'f'
XPASS: gcc.dg/guality/pr41447-1.c -O0 execution test
XPASS: gcc.dg/guality/pr41447-1.c -O1 execution test
XPASS: gcc.dg/guality/pr41447-1.c -O2 execution test
XPASS: gcc.dg/guality/pr41447-1.c -O3 -fomit-frame-pointer execution test
XPASS: gcc.dg/guality/pr41447-1.c -O3 -g execution test
XPASS: gcc.dg/guality/pr41447-1.c -Os execution test
XPASS: gcc.dg/guality/pr41616-1.c -O0 execution test
XPASS: gcc.dg/guality/pr41616-1.c -O1 execution test
XPASS: gcc.dg/guality/pr41616-1.c -O2 execution test
XPASS: gcc.dg/guality/pr41616-1.c -O3 -fomit-frame-pointer execution test
XPASS: gcc.dg/guality/pr41616-1.c -O3 -g execution test
XPASS: gcc.dg/guality/pr41616-1.c -Os execution test
FAIL: gcc.dg/guality/pr43479.c -O1 line 13 h == 9
FAIL: gcc.dg/guality/pr43479.c -O2 line 13 h == 9
FAIL: gcc.dg/guality/pr43479.c -O3 -fomit-frame-pointer line 13 h == 9
FAIL: gcc.dg/guality/pr43479.c -O3 -g line 13 h == 9
FAIL: gcc.dg/guality/pr43479.c -Os line 13 h == 9
FAIL: gcc.dg/guality/vla-2.c -O2 line 16 sizeof (a) == 5 * sizeof (int)
FAIL: gcc.dg/guality/vla-2.c -O3 -fomit-frame-pointer line 16 sizeof (a) == 5 * sizeof (int)
FAIL: gcc.dg/guality/vla-2.c -O3 -g line 16 sizeof (a) == 5 * sizeof (int)
FAIL: gcc.dg/simulate-thread/atomic-other-int.c -O0 -g (test for excess errors)
FAIL: gcc.dg/simulate-thread/atomic-other-int.c -O1 -g (test for excess errors)
FAIL: gcc.dg/simulate-thread/atomic-other-int.c -O2 -g (test for excess errors)
FAIL: gcc.dg/simulate-thread/atomic-other-int.c -O3 -g (test for excess errors)
FAIL: gcc.dg/simulate-thread/atomic-other-int.c -Os -g (test for excess errors)
FAIL: gcc.dg/simulate-thread/atomic-other-short.c -O0 -g (test for excess errors)
FAIL: gcc.dg/simulate-thread/atomic-other-short.c -O1 -g (test for excess errors)
FAIL: gcc.dg/simulate-thread/atomic-other-short.c -O2 -g (test for excess errors)
FAIL: gcc.dg/simulate-thread/atomic-other-short.c -O3 -g (test for excess errors)
FAIL: gcc.dg/simulate-thread/atomic-other-short.c -Os -g (test for excess errors)
XPASS: gcc.dg/vect/no-section-anchors-vect-69.c scan-tree-dump-times vect "Alignment of access forced using peeling" 2
=== gcc Summary ===
# of expected passes 62733
# of unexpected failures 42
# of unexpected successes 20
# of expected failures 253
# of unsupported tests 1564
/mnt/scratch/objdir47/gcc/xgcc version 4.7.0 20111224 (experimental) (GCC)
=== gfortran tests ===
Running target unix
=== gfortran Summary ===
# of expected passes 39732
# of expected failures 44
# of unsupported tests 268
/mnt/scratch/objdir47/gcc/testsuite/gfortran/../../gfortran version 4.7.0 20111224 (experimental) (GCC)
=== gnat tests ===
Running target unix
=== gnat Summary ===
# of expected passes 1049
# of expected failures 12
# of unsupported tests 9
/mnt/scratch/objdir47/gcc/gnatmake version 4.7.0 20111224 (experimental)
=== libgomp tests ===
Running target unix
=== libgomp Summary ===
# of expected passes 2946
# of unsupported tests 1
=== libstdc++ tests ===
Running target unix
FAIL: libstdc++-abi/abi_check
FAIL: 22_locale/messages/members/char/1.cc execution test
FAIL: 22_locale/messages/members/char/2.cc execution test
FAIL: 22_locale/messages/members/char/wrapped_env.cc execution test
FAIL: 22_locale/messages/members/char/wrapped_locale.cc execution test
FAIL: 22_locale/messages_byname/named_equivalence.cc execution test
FAIL: 23_containers/unordered_multimap/erase/24061-multimap.cc execution test
=== libstdc++ Summary ===
# of expected passes 8404
# of unexpected failures 7
# of expected failures 44
# of unsupported tests 253
Compiler version: 4.7.0 20111224 (experimental)
Platform: sparc64-unknown-linux-gnu
configure flags: --prefix=/mnt/scratch/install47 --with-gmp=/home/mikpe/pkgs/linux-sparc64/gmp-5.0.2 --with-mpfr=/home/mikpe/pkgs/linux-sparc64/mpfr-3.1.0 --with-mpc=/home/mikpe/pkgs/linux-sparc64/mpc-0.9 --with-cpu=v8 --enable-multilib --disable-plugin --disable-lto --disable-nls --enable-threads=posix --enable-checking=release --disable-libmudflap --enable-languages=c,c++,fortran,ada --disable-build-poststage1-with-cxx
BOOT_CFLAGS=-g -O2
More information about the Gcc-testresults
mailing list