Results for 4.7.0 20111222 (experimental) [trunk revision 182625] (GCC) testsuite on i386-pc-solaris2.11
Rainer Orth
ro@CeBiTec.Uni-Bielefeld.DE
Fri Dec 23 10:18:00 GMT 2011
LAST_UPDATED: Thu Dec 22 16:13:28 UTC 2011 (revision 182625)
=== acats tests ===
=== acats Summary ===
# of expected passes 2321
# of unexpected failures 0
Native configuration is i386-pc-solaris2.11
=== g++ tests ===
Running target unix
FAIL: g++.dg/lto/20091219 cp_lto_20091219_0.o-cp_lto_20091219_0.o link, -O3 -flto
UNRESOLVED: g++.dg/lto/20091219 cp_lto_20091219_0.o-cp_lto_20091219_0.o execute -O3 -flto
=== g++ Summary for unix ===
# of expected passes 46558
# of unexpected failures 1
# of expected failures 290
# of unresolved testcases 1
# of unsupported tests 377
Running target unix/-m64
FAIL: g++.dg/lto/20091219 cp_lto_20091219_0.o-cp_lto_20091219_0.o link, -O3 -flto
UNRESOLVED: g++.dg/lto/20091219 cp_lto_20091219_0.o-cp_lto_20091219_0.o execute -O3 -flto
=== g++ Summary for unix/-m64 ===
# of expected passes 47351
# of unexpected failures 1
# of expected failures 290
# of unresolved testcases 1
# of unsupported tests 607
=== g++ Summary ===
# of expected passes 93909
# of unexpected failures 2
# of expected failures 580
# of unresolved testcases 2
# of unsupported tests 984
/var/gcc/regression/trunk/11-gcc/build/gcc/testsuite/g++/../../g++ version 4.7.0 20111222 (experimental) [trunk revision 182625] (GCC)
=== gcc tests ===
Running target unix
FAIL: gcc.dg/simulate-thread/atomic-other-int.c -O1 -g thread simulation test
FAIL: gcc.dg/simulate-thread/atomic-other-int.c -O2 -g thread simulation test
FAIL: gcc.dg/simulate-thread/atomic-other-int.c -O3 -g thread simulation test
FAIL: gcc.dg/simulate-thread/atomic-other-int.c -Os -g thread simulation test
FAIL: gcc.dg/simulate-thread/atomic-other-longlong.c -O0 -g thread simulation test
FAIL: gcc.dg/simulate-thread/atomic-other-longlong.c -O1 -g thread simulation test
FAIL: gcc.dg/simulate-thread/atomic-other-longlong.c -O2 -g thread simulation test
FAIL: gcc.dg/simulate-thread/atomic-other-longlong.c -O3 -g thread simulation test
FAIL: gcc.dg/simulate-thread/atomic-other-longlong.c -Os -g thread simulation test
FAIL: gcc.dg/simulate-thread/atomic-other-short.c -O1 -g thread simulation test
FAIL: gcc.dg/simulate-thread/atomic-other-short.c -O2 -g thread simulation test
FAIL: gcc.dg/simulate-thread/atomic-other-short.c -O3 -g thread simulation test
FAIL: gcc.dg/simulate-thread/atomic-other-short.c -Os -g thread simulation test
XPASS: gcc.dg/vect/vect-multitypes-1.c scan-tree-dump-times vect "Alignment of access forced using peeling" 2
XPASS: gcc.dg/vect/vect-multitypes-1.c scan-tree-dump-times vect "Vectorizing an unaligned access" 4
XPASS: gcc.dg/vect/vect-peel-3.c scan-tree-dump-times vect "Vectorizing an unaligned access" 1
XPASS: gcc.dg/vect/vect-peel-3.c scan-tree-dump-times vect "Alignment of access forced using peeling" 1
XPASS: gcc.dg/vect/vect-multitypes-1.c -flto scan-tree-dump-times vect "Alignment of access forced using peeling" 2
XPASS: gcc.dg/vect/vect-multitypes-1.c -flto scan-tree-dump-times vect "Vectorizing an unaligned access" 4
XPASS: gcc.dg/vect/vect-peel-3.c -flto scan-tree-dump-times vect "Vectorizing an unaligned access" 1
XPASS: gcc.dg/vect/vect-peel-3.c -flto scan-tree-dump-times vect "Alignment of access forced using peeling" 1
XPASS: gcc.dg/vect/no-section-anchors-vect-69.c scan-tree-dump-times vect "Alignment of access forced using peeling" 2
=== gcc Summary for unix ===
# of expected passes 82407
# of unexpected failures 13
# of unexpected successes 9
# of expected failures 270
# of unsupported tests 1331
Running target unix/-m64
FAIL: gcc.dg/simulate-thread/atomic-load-int128.c -O0 -g thread simulation test
FAIL: gcc.dg/simulate-thread/atomic-load-int128.c -O1 -g thread simulation test
FAIL: gcc.dg/simulate-thread/atomic-load-int128.c -O2 -g thread simulation test
FAIL: gcc.dg/simulate-thread/atomic-load-int128.c -O3 -g thread simulation test
FAIL: gcc.dg/simulate-thread/atomic-load-int128.c -Os -g thread simulation test
FAIL: gcc.dg/simulate-thread/atomic-other-int.c -O1 -g thread simulation test
FAIL: gcc.dg/simulate-thread/atomic-other-int.c -O2 -g thread simulation test
FAIL: gcc.dg/simulate-thread/atomic-other-int.c -O3 -g thread simulation test
FAIL: gcc.dg/simulate-thread/atomic-other-int.c -Os -g thread simulation test
FAIL: gcc.dg/simulate-thread/atomic-other-int128.c -O0 -g thread simulation test
FAIL: gcc.dg/simulate-thread/atomic-other-int128.c -O1 -g thread simulation test
FAIL: gcc.dg/simulate-thread/atomic-other-int128.c -O2 -g thread simulation test
FAIL: gcc.dg/simulate-thread/atomic-other-int128.c -O3 -g thread simulation test
FAIL: gcc.dg/simulate-thread/atomic-other-int128.c -Os -g thread simulation test
FAIL: gcc.dg/simulate-thread/atomic-other-longlong.c -O1 -g thread simulation test
FAIL: gcc.dg/simulate-thread/atomic-other-longlong.c -O2 -g thread simulation test
FAIL: gcc.dg/simulate-thread/atomic-other-longlong.c -O3 -g thread simulation test
FAIL: gcc.dg/simulate-thread/atomic-other-longlong.c -Os -g thread simulation test
FAIL: gcc.dg/simulate-thread/atomic-other-short.c -O1 -g thread simulation test
FAIL: gcc.dg/simulate-thread/atomic-other-short.c -O2 -g thread simulation test
FAIL: gcc.dg/simulate-thread/atomic-other-short.c -O3 -g thread simulation test
FAIL: gcc.dg/simulate-thread/atomic-other-short.c -Os -g thread simulation test
FAIL: gcc.dg/simulate-thread/speculative-store.c -Os -g thread simulation test
FAIL: gcc.dg/tree-prof/bb-reorg.c execution, -fprofile-use -D_PROFILE_USE
=== gcc Summary for unix/-m64 ===
# of expected passes 82650
# of unexpected failures 24
# of expected failures 270
# of unsupported tests 1698
=== gcc Summary ===
# of expected passes 165057
# of unexpected failures 37
# of unexpected successes 9
# of expected failures 540
# of unsupported tests 3029
/var/gcc/regression/trunk/11-gcc/build/gcc/xgcc version 4.7.0 20111222 (experimental) [trunk revision 182625] (GCC)
=== gfortran tests ===
Running target unix
=== gfortran Summary for unix ===
# of expected passes 40137
# of expected failures 53
# of unsupported tests 227
Running target unix/-m64
=== gfortran Summary for unix/-m64 ===
# of expected passes 40440
# of expected failures 53
# of unsupported tests 81
=== gfortran Summary ===
# of expected passes 80577
# of expected failures 106
# of unsupported tests 308
/var/gcc/regression/trunk/11-gcc/build/gcc/testsuite/gfortran/../../gfortran version 4.7.0 20111222 (experimental) [trunk revision 182625] (GCC)
=== gnat tests ===
Running target unix
=== gnat Summary for unix ===
# of expected passes 1056
# of expected failures 12
# of unsupported tests 5
Running target unix/-m64
=== gnat Summary for unix/-m64 ===
# of expected passes 1056
# of expected failures 12
# of unsupported tests 5
=== gnat Summary ===
# of expected passes 2112
# of expected failures 24
# of unsupported tests 10
/var/gcc/regression/trunk/11-gcc/build/gcc/gnatmake version 4.7.0 20111222 (experimental) [trunk revision 182625]
=== go tests ===
Running target unix
FAIL: ./select5-out.go compilation, -O2 -g
FAIL: go.test/test/chan/select2.go execution, -O2 -g
FAIL: go.test/test/fixedbugs/bug273.go execution, -O2 -g
WARNING: program timed out.
=== go Summary for unix ===
# of expected passes 3129
# of unexpected failures 3
# of expected failures 22
# of untested testcases 3
# of unsupported tests 4
Running target unix/-m64
FAIL: ./select5-out.go compilation, -O2 -g
FAIL: go.test/test/chan/doubleselect.go execution, -O2 -g
FAIL: go.test/test/chan/nonblock.go execution, -O2 -g
FAIL: go.test/test/chan/select2.go execution, -O2 -g
FAIL: go.test/test/chan/select3.go execution, -O2 -g
FAIL: go.test/test/mallocfin.go execution, -O2 -g
FAIL: go.test/test/stack.go execution, -O2 -g
WARNING: program timed out.
=== go Summary for unix/-m64 ===
# of expected passes 3125
# of unexpected failures 7
# of expected failures 22
# of untested testcases 3
# of unsupported tests 4
=== go Summary ===
# of expected passes 6254
# of unexpected failures 10
# of expected failures 44
# of untested testcases 6
# of unsupported tests 8
/var/gcc/regression/trunk/11-gcc/build/gcc/testsuite/go/../../gccgo version 4.7.0 20111222 (experimental) [trunk revision 182625] (GCC)
=== obj-c++ tests ===
Running target unix
=== obj-c++ Summary for unix ===
# of expected passes 1450
# of expected failures 2
# of unsupported tests 86
Running target unix/-m64
=== obj-c++ Summary for unix/-m64 ===
# of expected passes 1442
# of expected failures 10
# of unsupported tests 86
=== obj-c++ Summary ===
# of expected passes 2892
# of expected failures 12
# of unsupported tests 172
/var/gcc/regression/trunk/11-gcc/build/gcc/testsuite/obj-c++/../../g++ version 4.7.0 20111222 (experimental) [trunk revision 182625] (GCC)
=== objc tests ===
Running target unix
=== objc Summary for unix ===
# of expected passes 2988
# of expected failures 6
# of unsupported tests 74
Running target unix/-m64
=== objc Summary for unix/-m64 ===
# of expected passes 2988
# of expected failures 6
# of unsupported tests 74
=== objc Summary ===
# of expected passes 5976
# of expected failures 12
# of unsupported tests 148
/var/gcc/regression/trunk/11-gcc/build/gcc/xgcc version 4.7.0 20111222 (experimental) [trunk revision 182625] (GCC)
=== boehm-gc tests ===
Running target unix
=== boehm-gc Summary for unix ===
# of expected passes 12
# of unsupported tests 1
Running target unix/-m64
=== boehm-gc Summary for unix/-m64 ===
# of expected passes 12
# of unsupported tests 1
=== boehm-gc Summary ===
# of expected passes 24
# of unsupported tests 2
=== libffi tests ===
Running target unix
=== libffi Summary for unix ===
# of expected passes 1634
# of expected failures 10
# of unsupported tests 15
Running target unix/-m64
=== libffi Summary for unix/-m64 ===
# of expected passes 1634
# of expected failures 10
# of unsupported tests 15
=== libffi Summary ===
# of expected passes 3268
# of expected failures 20
# of unsupported tests 30
=== libgo tests ===
Running target unix
FAIL: encoding/gob
FAIL: go/token
FAIL: math/big
FAIL: net/rpc
FAIL: old/netchan
=== libgo Summary for unix ===
# of expected passes 133
# of unexpected failures 5
Running target unix/-m64
FAIL: bufio
FAIL: bytes
FAIL: errors
FAIL: expvar
FAIL: flag
FAIL: fmt
FAIL: html
FAIL: image
FAIL: io
FAIL: log
FAIL: math
FAIL: mime
FAIL: net
FAIL: os
FAIL: patch
FAIL: path
FAIL: reflect
FAIL: regexp
FAIL: runtime
FAIL: sort
FAIL: strconv
FAIL: strings
FAIL: sync
FAIL: time
FAIL: unicode
FAIL: websocket
FAIL: archive/tar
FAIL: archive/zip
FAIL: compress/bzip2
FAIL: compress/flate
FAIL: compress/gzip
FAIL: compress/lzw
FAIL: compress/zlib
FAIL: container/heap
FAIL: container/list
FAIL: container/ring
FAIL: crypto/aes
FAIL: crypto/bcrypt
FAIL: crypto/blowfish
FAIL: crypto/cast5
FAIL: crypto/cipher
FAIL: crypto/des
FAIL: crypto/dsa
FAIL: crypto/ecdsa
FAIL: crypto/elliptic
FAIL: crypto/hmac
FAIL: crypto/md4
FAIL: crypto/md5
FAIL: crypto/ocsp
FAIL: crypto/openpgp
FAIL: crypto/rand
FAIL: crypto/rc4
FAIL: crypto/ripemd160
FAIL: crypto/rsa
FAIL: crypto/sha1
FAIL: crypto/sha256
FAIL: crypto/sha512
FAIL: crypto/subtle
FAIL: crypto/tls
FAIL: crypto/twofish
FAIL: crypto/x509
FAIL: crypto/xtea
FAIL: crypto/openpgp/armor
FAIL: crypto/openpgp/elgamal
FAIL: crypto/openpgp/packet
FAIL: crypto/openpgp/s2k
FAIL: debug/dwarf
FAIL: debug/elf
FAIL: debug/macho
FAIL: debug/pe
FAIL: encoding/ascii85
FAIL: encoding/asn1
FAIL: encoding/base32
FAIL: encoding/base64
FAIL: encoding/binary
FAIL: encoding/csv
FAIL: encoding/git85
FAIL: encoding/gob
FAIL: encoding/hex
FAIL: encoding/json
FAIL: encoding/pem
FAIL: encoding/xml
FAIL: exp/ebnf
FAIL: exp/norm
FAIL: exp/spdy
FAIL: exp/sql
FAIL: exp/ssh
FAIL: exp/terminal
FAIL: html/template
FAIL: go/ast
FAIL: go/doc
FAIL: go/parser
FAIL: go/printer
FAIL: go/scanner
FAIL: go/token
FAIL: hash/adler32
FAIL: hash/crc32
FAIL: hash/crc64
FAIL: hash/fnv
FAIL: image/draw
FAIL: image/jpeg
FAIL: image/png
FAIL: image/tiff
FAIL: image/ycbcr
FAIL: index/suffixarray
FAIL: io/ioutil
FAIL: log/syslog
FAIL: math/big
FAIL: math/cmplx
FAIL: math/rand
FAIL: mime/multipart
FAIL: net/http
FAIL: net/http/cgi
FAIL: net/http/fcgi
FAIL: net/http/httputil
FAIL: net/mail
FAIL: net/rpc
FAIL: net/smtp
FAIL: net/textproto
FAIL: net/url
FAIL: net/rpc/jsonrpc
FAIL: old/netchan
FAIL: old/regexp
FAIL: old/template
FAIL: os/exec
FAIL: os/user
FAIL: os/signal
FAIL: path/filepath
FAIL: regexp/syntax
FAIL: sync/atomic
FAIL: text/scanner
FAIL: text/tabwriter
FAIL: text/template
FAIL: text/template/parse
FAIL: testing/quick
FAIL: testing/script
FAIL: unicode/utf16
FAIL: unicode/utf8
=== libgo Summary for unix/-m64 ===
# of unexpected failures 138
=== libgo Summary ===
# of expected passes 133
# of unexpected failures 143
/var/gcc/regression/trunk/11-gcc/build/./gcc/gccgo version 4.7.0 20111222 (experimental) [trunk revision 182625] (GCC)
=== libgomp tests ===
Running target unix
=== libgomp Summary for unix ===
# of expected passes 2988
# of unsupported tests 3
Running target unix/-m64
=== libgomp Summary for unix/-m64 ===
# of expected passes 2988
# of unsupported tests 3
=== libgomp Summary ===
# of expected passes 5976
# of unsupported tests 6
=== libitm tests ===
Running target unix
FAIL: libitm.c/cancel.c execution test
FAIL: libitm.c/clone-1.c execution test
FAIL: libitm.c/memcpy-1.c execution test
FAIL: libitm.c/memset-1.c execution test
FAIL: libitm.c/notx.c execution test
FAIL: libitm.c/simple-1.c execution test
FAIL: libitm.c/simple-2.c execution test
FAIL: libitm.c/txrelease.c execution test
FAIL: libitm.c++/eh-1.C execution test
WARNING: libitm.c++/static_ctor.C compilation failed to produce executable
=== libitm Summary for unix ===
# of expected passes 14
# of unexpected failures 9
# of expected failures 5
Running target unix/-m64
FAIL: libitm.c/cancel.c execution test
FAIL: libitm.c/clone-1.c execution test
FAIL: libitm.c/memcpy-1.c execution test
FAIL: libitm.c/memset-1.c execution test
FAIL: libitm.c/notx.c execution test
FAIL: libitm.c/simple-1.c execution test
FAIL: libitm.c/simple-2.c execution test
FAIL: libitm.c/txrelease.c execution test
FAIL: libitm.c++/eh-1.C execution test
WARNING: libitm.c++/static_ctor.C compilation failed to produce executable
=== libitm Summary for unix/-m64 ===
# of expected passes 14
# of unexpected failures 9
# of expected failures 5
=== libitm Summary ===
# of expected passes 28
# of unexpected failures 18
# of expected failures 10
=== libjava tests ===
Running target unix
=== libjava Summary for unix ===
# of expected passes 2574
Running target unix/-m64
=== libjava Summary for unix/-m64 ===
# of expected passes 2574
=== libjava Summary ===
# of expected passes 5148
=== libmudflap tests ===
Running target unix
=== libmudflap Summary for unix ===
# of expected passes 1433
Running target unix/-m64
FAIL: libmudflap.c++/pass55-frag.cxx ( -O) execution test
=== libmudflap Summary for unix/-m64 ===
# of expected passes 1432
# of unexpected failures 1
=== libmudflap Summary ===
# of expected passes 2865
# of unexpected failures 1
=== libstdc++ tests ===
Running target unix
FAIL: 27_io/basic_istream/extractors_arithmetic/char/dr696.cc execution test
FAIL: 27_io/basic_istream/extractors_arithmetic/wchar_t/dr696.cc execution test
FAIL: 27_io/basic_ostream/inserters_arithmetic/char/7.cc execution test
FAIL: 27_io/basic_ostream/inserters_arithmetic/wchar_t/7.cc execution test
=== libstdc++ Summary for unix ===
# of expected passes 7891
# of unexpected failures 4
# of expected failures 45
# of unsupported tests 502
Running target unix/-m64
FAIL: libstdc++-abi/abi_check
=== libstdc++ Summary for unix/-m64 ===
# of expected passes 7894
# of unexpected failures 1
# of expected failures 45
# of unsupported tests 502
=== libstdc++ Summary ===
# of expected passes 15785
# of unexpected failures 5
# of expected failures 90
# of unsupported tests 1004
Compiler version: 4.7.0 20111222 (experimental) [trunk revision 182625] (GCC)
Platform: i386-pc-solaris2.11
configure flags: --prefix=/vol/gcc --target=i386-pc-solaris2.11 --enable-checking=release --enable-objc-gc --enable-libmudflap --with-host-libstdcxx='-L/vol/gcc-4.4/lib -Wl,-Bstatic -lstdc++ -Wl,-Bdynamic -lm' --with-boot-ldflags='-static-libstdc++ -static-libgcc -L/vol/gcc-4.4/lib' --with-gmp-include=/vol/gcc/include --with-gmp-lib=/vol/gcc/lib --with-mpfr-include=/vol/gcc/include --with-mpfr-lib=/vol/gcc/lib --with-mpc-include=/vol/gcc/include --with-mpc-lib=/vol/gcc/lib --enable-languages=all,ada,obj-c++,go --with-ppl-include=/vol/gcc/include --with-ppl-lib=/vol/gcc/lib --with-cloog-include=/vol/gcc/include --with-cloog-lib=/vol/gcc/lib --enable-cloog-backend=ppl
BOOT_CFLAGS=-g -O2
More information about the Gcc-testresults
mailing list