Results for 4.7.0 20111216 (experimental) [trunk revision 182408] (GCC) testsuite on i386-pc-solaris2.9
Rainer Orth
ro@CeBiTec.Uni-Bielefeld.DE
Mon Dec 19 13:38:00 GMT 2011
LAST_UPDATED: Fri Dec 16 16:43:22 UTC 2011 (revision 182408)
=== acats tests ===
=== acats Summary ===
# of expected passes 2321
# of unexpected failures 0
Native configuration is i386-pc-solaris2.9
=== g++ tests ===
Running target unix
FAIL: g++.dg/init/cleanup3.C scan-assembler-not _tcf
FAIL: g++.dg/init/cleanup3.C scan-assembler-not _tcf
FAIL: g++.dg/template/sfinae21.C -std=c++11 (test for excess errors)
FAIL: g++.old-deja/g++.other/init5.C -std=c++98 execution test
FAIL: g++.old-deja/g++.other/init5.C -std=c++11 execution test
=== g++ Summary ===
# of expected passes 46517
# of unexpected failures 5
# of expected failures 288
# of unsupported tests 361
/var/gcc/regression/trunk/9-gcc-gas-gld/build/gcc/testsuite/g++/../../g++ version 4.7.0 20111216 (experimental) [trunk revision 182408] (GCC)
=== gcc tests ===
Running target unix
=== gcc Summary ===
# of expected passes 82878
# of expected failures 270
# of unsupported tests 1072
/var/gcc/regression/trunk/9-gcc-gas-gld/build/gcc/xgcc version 4.7.0 20111216 (experimental) [trunk revision 182408] (GCC)
=== gfortran tests ===
Running target unix
FAIL: gfortran.dg/class_to_type_1.f03 -O0 execution test
FAIL: gfortran.dg/class_to_type_1.f03 -O1 execution test
FAIL: gfortran.dg/class_to_type_1.f03 -O2 execution test
FAIL: gfortran.dg/class_to_type_1.f03 -O3 -fomit-frame-pointer execution test
FAIL: gfortran.dg/class_to_type_1.f03 -O3 -fomit-frame-pointer -funroll-loops execution test
FAIL: gfortran.dg/class_to_type_1.f03 -O3 -fomit-frame-pointer -funroll-all-loops -finline-functions execution test
FAIL: gfortran.dg/class_to_type_1.f03 -O3 -g execution test
FAIL: gfortran.dg/class_to_type_1.f03 -Os execution test
FAIL: gfortran.dg/static_linking_1.f -O0 execution test
FAIL: gfortran.dg/static_linking_1.f -O1 execution test
FAIL: gfortran.dg/static_linking_1.f -O2 execution test
FAIL: gfortran.dg/static_linking_1.f -O3 -fomit-frame-pointer execution test
FAIL: gfortran.dg/static_linking_1.f -O3 -fomit-frame-pointer -funroll-loops execution test
FAIL: gfortran.dg/static_linking_1.f -O3 -fomit-frame-pointer -funroll-all-loops -finline-functions execution test
FAIL: gfortran.dg/static_linking_1.f -O3 -g execution test
FAIL: gfortran.dg/static_linking_1.f -Os execution test
=== gfortran Summary ===
# of expected passes 39814
# of unexpected failures 16
# of expected failures 53
# of unsupported tests 364
/var/gcc/regression/trunk/9-gcc-gas-gld/build/gcc/testsuite/gfortran/../../gfortran version 4.7.0 20111216 (experimental) [trunk revision 182408] (GCC)
=== gnat tests ===
Running target unix
=== gnat Summary ===
# of expected passes 1055
# of expected failures 11
# of unsupported tests 5
/var/gcc/regression/trunk/9-gcc-gas-gld/build/gcc/gnatmake version 4.7.0 20111216 (experimental) [trunk revision 182408]
=== go tests ===
Running target unix
FAIL: go.test/test/chan/powser1.go, -O2 -g (internal compiler error)
FAIL: go.test/test/chan/select2.go execution, -O2 -g
FAIL: go.test/test/fixedbugs/bug273.go execution, -O2 -g
=== go Summary ===
# of expected passes 3129
# of unexpected failures 3
# of expected failures 22
# of untested testcases 2
# of unsupported tests 4
/var/gcc/regression/trunk/9-gcc-gas-gld/build/gcc/testsuite/go/../../gccgo version 4.7.0 20111216 (experimental) [trunk revision 182408] (GCC)
=== obj-c++ tests ===
Running target unix
=== obj-c++ Summary ===
# of expected passes 1450
# of expected failures 2
# of unsupported tests 86
/var/gcc/regression/trunk/9-gcc-gas-gld/build/gcc/testsuite/obj-c++/../../g++ version 4.7.0 20111216 (experimental) [trunk revision 182408] (GCC)
=== objc tests ===
Running target unix
=== objc Summary ===
# of expected passes 2988
# of expected failures 6
# of unsupported tests 74
/var/gcc/regression/trunk/9-gcc-gas-gld/build/gcc/xgcc version 4.7.0 20111216 (experimental) [trunk revision 182408] (GCC)
=== boehm-gc tests ===
Running target unix
=== boehm-gc Summary ===
# of expected passes 12
# of unsupported tests 1
=== libffi tests ===
Running target unix
=== libffi Summary ===
# of expected passes 1634
# of expected failures 10
# of unsupported tests 15
=== libgo tests ===
Running target unix
FAIL: time
FAIL: crypto/rand
FAIL: exp/sql
FAIL: net/http
=== libgo Summary ===
# of expected passes 134
# of unexpected failures 4
=== libgomp tests ===
Running target unix
=== libgomp Summary ===
# of expected passes 2988
# of unsupported tests 3
=== libitm tests ===
Running target unix
FAIL: libitm.c/memcpy-1.c execution test
FAIL: libitm.c/memset-1.c execution test
FAIL: libitm.c++/eh-1.C execution test
WARNING: libitm.c++/static_ctor.C compilation failed to produce executable
=== libitm Summary ===
# of expected passes 20
# of unexpected failures 3
# of expected failures 5
=== libjava tests ===
Running target unix
FAIL: Divide_1 output - source compiled test
FAIL: Divide_1 -findirect-dispatch output - source compiled test
FAIL: Divide_1 -O3 output - source compiled test
FAIL: Divide_1 -O3 -findirect-dispatch output - source compiled test
=== libjava Summary ===
# of expected passes 2570
# of unexpected failures 4
=== libstdc++ tests ===
Running target unix
=== libstdc++ Summary ===
# of expected passes 7597
# of expected failures 49
# of unsupported tests 624
Compiler version: 4.7.0 20111216 (experimental) [trunk revision 182408] (GCC)
Platform: i386-pc-solaris2.9
configure flags: --prefix=/vol/gcc --target=i386-pc-solaris2.9 --enable-objc-gc --with-host-libstdcxx='-L/vol/gcc-4.4/lib -Wl,-Bstatic -lstdc++ -Wl,-Bdynamic -lm' --with-boot-ldflags='-static-libstdc++ -static-libgcc -L/vol/gcc-4.4/lib' --with-as=/vol/gcc/bin/gas-2.22 --with-gnu-as --with-ld=/vol/gcc/bin/gld-2.22 --with-gnu-ld --disable-initfini-array --with-gmp-include=/vol/gcc/include --with-gmp-lib=/vol/gcc/lib --with-mpfr-include=/vol/gcc/include --with-mpfr-lib=/vol/gcc/lib --with-mpc-include=/vol/gcc/include --with-mpc-lib=/vol/gcc/lib --enable-languages=all,ada,obj-c++,go --with-ppl-include=/vol/gcc/include --with-ppl-lib=/vol/gcc/lib --with-cloog-include=/vol/gcc/include --with-cloog-lib=/vol/gcc/lib --enable-cloog-backend=ppl
BOOT_CFLAGS=-g -O2
More information about the Gcc-testresults
mailing list