Results for 4.7.0 20111210 (experimental) (GCC) testsuite on x86_64-unknown-linux-gnu
tester
gcctester@yahoo.co.jp
Sat Dec 10 03:57:00 GMT 2011
=== acats tests ===
=== acats Summary ===
# of expected passes 2321
# of unexpected failures 0
Native configuration is x86_64-unknown-linux-gnu
=== g++ tests ===
Running target unix
=== g++ Summary ===
# of expected passes 47838
# of expected failures 288
# of unsupported tests 515
/home/tester/gcc/tmp/gcc/testsuite/g++/../../g++ version 4.7.0 20111210 (experimental) (GCC)
=== gcc tests ===
Running target unix
XPASS: gcc.dg/inline_3.c (test for excess errors)
XPASS: gcc.dg/inline_4.c (test for excess errors)
XPASS: gcc.dg/unroll_2.c (test for excess errors)
XPASS: gcc.dg/unroll_3.c (test for excess errors)
XPASS: gcc.dg/unroll_4.c (test for excess errors)
FAIL: gcc.dg/tree-ssa/vrp47.c scan-tree-dump-times dom1 "x[^ ]* & y" 1
=== gcc Summary ===
# of expected passes 84613
# of unexpected failures 1
# of unexpected successes 5
# of expected failures 269
# of unsupported tests 1233
/home/tester/gcc/tmp/gcc/xgcc version 4.7.0 20111210 (experimental) (GCC)
=== gfortran tests ===
Running target unix
FAIL: gfortran.fortran-torture/execute/entry_4.f90 execution, -O2
FAIL: gfortran.fortran-torture/execute/entry_4.f90 execution, -O2 -fomit-frame-pointer -finline-functions
FAIL: gfortran.fortran-torture/execute/entry_4.f90 execution, -O2 -fomit-frame-pointer -finline-functions -funroll-loops
FAIL: gfortran.fortran-torture/execute/entry_4.f90 execution, -O2 -fbounds-check
FAIL: gfortran.fortran-torture/execute/entry_4.f90 execution, -O3 -g
FAIL: gfortran.fortran-torture/execute/entry_4.f90 execution, -O2 -ftree-vectorize -msse2
=== gfortran Summary ===
# of expected passes 40259
# of unexpected failures 6
# of expected failures 53
# of unsupported tests 69
/home/tester/gcc/tmp/gcc/testsuite/gfortran/../../gfortran version 4.7.0 20111210 (experimental) (GCC)
=== gnat tests ===
Running target unix
=== gnat Summary ===
# of expected passes 1060
# of expected failures 11
# of unsupported tests 2
/home/tester/gcc/tmp/gcc/gnatmake version 4.7.0 20111210 (experimental)
=== go tests ===
Running target unix
=== go Summary ===
# of expected passes 3137
# of expected failures 22
# of untested testcases 2
# of unsupported tests 4
/home/tester/gcc/tmp/gcc/testsuite/go/../../gccgo version 4.7.0 20111210 (experimental) (GCC)
=== obj-c++ tests ===
Running target unix
=== obj-c++ Summary ===
# of expected passes 1442
# of expected failures 10
# of unsupported tests 86
/home/tester/gcc/tmp/gcc/testsuite/obj-c++/../../g++ version 4.7.0 20111210 (experimental) (GCC)
=== objc tests ===
Running target unix
=== objc Summary ===
# of expected passes 2988
# of expected failures 6
# of unsupported tests 74
/home/tester/gcc/tmp/gcc/xgcc version 4.7.0 20111210 (experimental) (GCC)
=== boehm-gc tests ===
Running target unix
FAIL: boehm-gc.c/thread_leak_test.c -O2 (test for excess errors)
=== boehm-gc Summary ===
# of expected passes 11
# of unexpected failures 1
# of unsupported tests 1
=== libffi tests ===
Running target unix
=== libffi Summary ===
# of expected passes 1634
# of expected failures 10
# of unsupported tests 15
=== libgo tests ===
Running target unix
=== libgo Summary for unix ===
# of expected passes 137
Running target unix/-m32
FAIL: exp/sql
=== libgo Summary for unix/-m32 ===
# of expected passes 136
# of unexpected failures 1
=== libgo Summary ===
# of expected passes 273
# of unexpected failures 1
/home/tester/gcc/tmp/./gcc/gccgo version 4.7.0 20111210 (experimental) (GCC)
=== libgomp tests ===
Running target unix
FAIL: libgomp.c++/for-2.C -O0 (test for excess errors)
UNRESOLVED: libgomp.c++/for-2.C -O0 compilation failed to produce executable
FAIL: libgomp.c++/for-2.C -O1 (test for excess errors)
UNRESOLVED: libgomp.c++/for-2.C -O1 compilation failed to produce executable
FAIL: libgomp.c++/for-2.C -O2 (test for excess errors)
UNRESOLVED: libgomp.c++/for-2.C -O2 compilation failed to produce executable
FAIL: libgomp.c++/for-2.C -O3 -fomit-frame-pointer (test for excess errors)
UNRESOLVED: libgomp.c++/for-2.C -O3 -fomit-frame-pointer compilation failed to produce executable
FAIL: libgomp.c++/for-2.C -O3 -fomit-frame-pointer -funroll-loops (test for excess errors)
UNRESOLVED: libgomp.c++/for-2.C -O3 -fomit-frame-pointer -funroll-loops compilation failed to produce executable
FAIL: libgomp.c++/for-2.C -O3 -fomit-frame-pointer -funroll-all-loops -finline-functions (test for excess errors)
UNRESOLVED: libgomp.c++/for-2.C -O3 -fomit-frame-pointer -funroll-all-loops -finline-functions compilation failed to produce executable
FAIL: libgomp.c++/for-2.C -O3 -g (test for excess errors)
UNRESOLVED: libgomp.c++/for-2.C -O3 -g compilation failed to produce executable
FAIL: libgomp.c++/for-2.C -Os (test for excess errors)
UNRESOLVED: libgomp.c++/for-2.C -Os compilation failed to produce executable
=== libgomp Summary ===
# of expected passes 2978
# of unexpected failures 8
# of unresolved testcases 8
=== libitm tests ===
Running target unix
UNRESOLVED: libitm.c++/static_ctor.C compilation failed to produce executable
=== libitm Summary ===
# of expected passes 23
# of expected failures 5
# of unresolved testcases 1
=== libjava tests ===
Running target unix
=== libjava Summary ===
# of expected passes 2574
=== libmudflap tests ===
Running target unix
FAIL: libmudflap.c++/pass55-frag.cxx ( -O) execution test
=== libmudflap Summary ===
# of expected passes 1426
# of unexpected failures 1
=== libstdc++ tests ===
Running target unix
=== libstdc++ Summary ===
# of expected passes 8200
# of expected failures 45
# of unsupported tests 449
Compiler version: 4.7.0 20111210 (experimental) (GCC)
Platform: x86_64-unknown-linux-gnu
configure flags: --prefix=/home/tester/build/gcc-svn --with-gmp=/home/tester/build/gmp-5.0.2 --with-mpfr=/home/tester/build/mpfr-3.1.0 --with-mpc=/home/tester/build/mpc-0.9 --with-ppl=/home/tester/build/ppl-0.11.2 --with-cloog=/home/tester/build/cloog-ppl-0.15.11 --enable-languages=c,c++,fortran,objc,obj-c++,java,go,ada
More information about the Gcc-testresults
mailing list