Results for 4.7.0 20111207 (experimental) [trunk revision 182083] (GCC) objc testsuite on sparc-unknown-rtems4.11
Joel Sherrill
joel@rtems.org
Sat Dec 10 01:47:00 GMT 2011
LAST_UPDATED: Wed Dec 7 17:18:00 UTC 2011 (revision 182083)
Target is sparc-unknown-rtems4.11
Host is x86_64-unknown-linux-gnu
=== objc tests ===
Running target rtems-sparc-sis
FAIL: objc.dg/bitfield-1.m -fgnu-runtime (test for excess errors)
UNRESOLVED: objc.dg/bitfield-1.m -fgnu-runtime compilation failed to produce executable
FAIL: objc.dg/bitfield-3.m -fgnu-runtime (test for excess errors)
UNRESOLVED: objc.dg/bitfield-3.m -fgnu-runtime compilation failed to produce executable
FAIL: objc.dg/bitfield-5.m -fgnu-runtime (test for excess errors)
UNRESOLVED: objc.dg/bitfield-5.m -fgnu-runtime compilation failed to produce executable
FAIL: objc.dg/call-super-1.m -fgnu-runtime (test for excess errors)
UNRESOLVED: objc.dg/call-super-1.m -fgnu-runtime compilation failed to produce executable
FAIL: objc.dg/call-super-3.m -fgnu-runtime (test for excess errors)
UNRESOLVED: objc.dg/call-super-3.m -fgnu-runtime compilation failed to produce executable
FAIL: objc.dg/category-1.m -fgnu-runtime (test for excess errors)
UNRESOLVED: objc.dg/category-1.m -fgnu-runtime compilation failed to produce executable
FAIL: objc.dg/defs.m -fgnu-runtime (test for excess errors)
UNRESOLVED: objc.dg/defs.m -fgnu-runtime compilation failed to produce executable
FAIL: objc.dg/demangle-1.m -fgnu-runtime (test for excess errors)
UNRESOLVED: objc.dg/demangle-1.m -fgnu-runtime compilation failed to produce executable
FAIL: objc.dg/desig-init-1.m -fgnu-runtime (test for excess errors)
UNRESOLVED: objc.dg/desig-init-1.m -fgnu-runtime compilation failed to produce executable
FAIL: objc.dg/encode-2.m -fgnu-runtime (test for excess errors)
UNRESOLVED: objc.dg/encode-2.m -fgnu-runtime compilation failed to produce executable
FAIL: objc.dg/encode-3.m -fgnu-runtime (test for excess errors)
UNRESOLVED: objc.dg/encode-3.m -fgnu-runtime compilation failed to produce executable
FAIL: objc.dg/encode-4.m -fgnu-runtime (test for excess errors)
UNRESOLVED: objc.dg/encode-4.m -fgnu-runtime compilation failed to produce executable
FAIL: objc.dg/exceptions-2.m -fgnu-runtime (test for excess errors)
UNRESOLVED: objc.dg/exceptions-2.m -fgnu-runtime compilation failed to produce executable
FAIL: objc.dg/foreach-1.m -fgnu-runtime (test for excess errors)
UNRESOLVED: objc.dg/foreach-1.m -fgnu-runtime compilation failed to produce executable
FAIL: objc.dg/foreach-2.m -fgnu-runtime (test for excess errors)
UNRESOLVED: objc.dg/foreach-2.m -fgnu-runtime compilation failed to produce executable
FAIL: objc.dg/foreach-4.m -fgnu-runtime (test for excess errors)
UNRESOLVED: objc.dg/foreach-4.m -fgnu-runtime compilation failed to produce executable
FAIL: objc.dg/foreach-5.m -fgnu-runtime (test for excess errors)
UNRESOLVED: objc.dg/foreach-5.m -fgnu-runtime compilation failed to produce executable
FAIL: objc.dg/func-ptr-1.m -fgnu-runtime (test for excess errors)
UNRESOLVED: objc.dg/func-ptr-1.m -fgnu-runtime compilation failed to produce executable
FAIL: objc.dg/func-ptr-2.m -fgnu-runtime (test for excess errors)
UNRESOLVED: objc.dg/func-ptr-2.m -fgnu-runtime compilation failed to produce executable
FAIL: objc.dg/gnu-api-2-class-meta.m -fgnu-runtime (test for excess errors)
UNRESOLVED: objc.dg/gnu-api-2-class-meta.m -fgnu-runtime compilation failed to produce executable
FAIL: objc.dg/gnu-api-2-class.m -fgnu-runtime (test for excess errors)
UNRESOLVED: objc.dg/gnu-api-2-class.m -fgnu-runtime compilation failed to produce executable
FAIL: objc.dg/gnu-api-2-ivar.m -fgnu-runtime (test for excess errors)
UNRESOLVED: objc.dg/gnu-api-2-ivar.m -fgnu-runtime compilation failed to produce executable
FAIL: objc.dg/gnu-api-2-method.m -fgnu-runtime (test for excess errors)
UNRESOLVED: objc.dg/gnu-api-2-method.m -fgnu-runtime compilation failed to produce executable
FAIL: objc.dg/gnu-api-2-objc.m -fgnu-runtime (test for excess errors)
UNRESOLVED: objc.dg/gnu-api-2-objc.m -fgnu-runtime compilation failed to produce executable
FAIL: objc.dg/gnu-api-2-objc_msg_lookup.m -fgnu-runtime (test for excess errors)
UNRESOLVED: objc.dg/gnu-api-2-objc_msg_lookup.m -fgnu-runtime compilation failed to produce executable
FAIL: objc.dg/gnu-api-2-object.m -fgnu-runtime (test for excess errors)
UNRESOLVED: objc.dg/gnu-api-2-object.m -fgnu-runtime compilation failed to produce executable
FAIL: objc.dg/gnu-api-2-property.m -fgnu-runtime (test for excess errors)
UNRESOLVED: objc.dg/gnu-api-2-property.m -fgnu-runtime compilation failed to produce executable
FAIL: objc.dg/gnu-api-2-protocol.m -fgnu-runtime (test for excess errors)
UNRESOLVED: objc.dg/gnu-api-2-protocol.m -fgnu-runtime compilation failed to produce executable
FAIL: objc.dg/gnu-api-2-resolve-method.m -fgnu-runtime (test for excess errors)
UNRESOLVED: objc.dg/gnu-api-2-resolve-method.m -fgnu-runtime compilation failed to produce executable
FAIL: objc.dg/gnu-api-2-sel.m -fgnu-runtime (test for excess errors)
UNRESOLVED: objc.dg/gnu-api-2-sel.m -fgnu-runtime compilation failed to produce executable
FAIL: objc.dg/gnu-runtime-3.m -fgnu-runtime (test for excess errors)
UNRESOLVED: objc.dg/gnu-runtime-3.m -fgnu-runtime compilation failed to produce executable
FAIL: objc.dg/libobjc-selector-1.m -fgnu-runtime (test for excess errors)
UNRESOLVED: objc.dg/libobjc-selector-1.m -fgnu-runtime compilation failed to produce executable
FAIL: objc.dg/lookup-1.m -fgnu-runtime (test for excess errors)
UNRESOLVED: objc.dg/lookup-1.m -fgnu-runtime compilation failed to produce executable
FAIL: objc.dg/method-10.m -fgnu-runtime (test for excess errors)
UNRESOLVED: objc.dg/method-10.m -fgnu-runtime compilation failed to produce executable
FAIL: objc.dg/method-13.m -fgnu-runtime (test for excess errors)
UNRESOLVED: objc.dg/method-13.m -fgnu-runtime compilation failed to produce executable
FAIL: objc.dg/method-20b.m -fgnu-runtime (test for excess errors)
UNRESOLVED: objc.dg/method-20b.m -fgnu-runtime compilation failed to produce executable
FAIL: objc.dg/method-3.m -fgnu-runtime (test for excess errors)
UNRESOLVED: objc.dg/method-3.m -fgnu-runtime compilation failed to produce executable
FAIL: objc.dg/pr18255.m -fgnu-runtime (test for excess errors)
UNRESOLVED: objc.dg/pr18255.m -fgnu-runtime compilation failed to produce executable
FAIL: objc.dg/pr23214.m -fgnu-runtime (test for excess errors)
UNRESOLVED: objc.dg/pr23214.m -fgnu-runtime compilation failed to produce executable
FAIL: objc.dg/pr48177.m -fgnu-runtime (test for excess errors)
UNRESOLVED: objc.dg/pr48177.m -fgnu-runtime compilation failed to produce executable
FAIL: objc.dg/proto-lossage-3.m -fgnu-runtime (test for excess errors)
UNRESOLVED: objc.dg/proto-lossage-3.m -fgnu-runtime compilation failed to produce executable
FAIL: objc.dg/proto-qual-1.m -fgnu-runtime (test for excess errors)
UNRESOLVED: objc.dg/proto-qual-1.m -fgnu-runtime compilation failed to produce executable
FAIL: objc.dg/sizeof-1.m -fgnu-runtime (test for excess errors)
UNRESOLVED: objc.dg/sizeof-1.m -fgnu-runtime compilation failed to produce executable
FAIL: objc.dg/stret-1.m -fgnu-runtime (test for excess errors)
UNRESOLVED: objc.dg/stret-1.m -fgnu-runtime compilation failed to produce executable
FAIL: objc.dg/super-class-3.m -fgnu-runtime (test for excess errors)
UNRESOLVED: objc.dg/super-class-3.m -fgnu-runtime compilation failed to produce executable
FAIL: objc.dg/type-size-2.m -fgnu-runtime (test for excess errors)
UNRESOLVED: objc.dg/type-size-2.m -fgnu-runtime compilation failed to produce executable
FAIL: objc.dg/va-meth-1.m -fgnu-runtime (test for excess errors)
UNRESOLVED: objc.dg/va-meth-1.m -fgnu-runtime compilation failed to produce executable
FAIL: objc.dg/lto/trivial-1 objc_lto_trivial-1_0.o-objc_lto_trivial-1_0.o link, -O0 -flto -fgnu-runtime
UNRESOLVED: objc.dg/lto/trivial-1 objc_lto_trivial-1_0.o-objc_lto_trivial-1_0.o execute -O0 -flto -fgnu-runtime
FAIL: objc.dg/lto/trivial-1 objc_lto_trivial-1_0.o-objc_lto_trivial-1_0.o link, -O2 -flto -fgnu-runtime
UNRESOLVED: objc.dg/lto/trivial-1 objc_lto_trivial-1_0.o-objc_lto_trivial-1_0.o execute -O2 -flto -fgnu-runtime
FAIL: objc.dg/lto/trivial-1 objc_lto_trivial-1_0.o-objc_lto_trivial-1_0.o link, -O0 -flto -flto-partition=none -fgnu-runtime
UNRESOLVED: objc.dg/lto/trivial-1 objc_lto_trivial-1_0.o-objc_lto_trivial-1_0.o execute -O0 -flto -flto-partition=none -fgnu-runtime
FAIL: objc.dg/lto/trivial-1 objc_lto_trivial-1_0.o-objc_lto_trivial-1_0.o link, -O2 -flto -flto-partition=none -fgnu-runtime
UNRESOLVED: objc.dg/lto/trivial-1 objc_lto_trivial-1_0.o-objc_lto_trivial-1_0.o execute -O2 -flto -flto-partition=none -fgnu-runtime
FAIL: objc.dg/property/at-property-10.m -fgnu-runtime (test for excess errors)
UNRESOLVED: objc.dg/property/at-property-10.m -fgnu-runtime compilation failed to produce executable
FAIL: objc.dg/property/at-property-11.m -fgnu-runtime (test for excess errors)
UNRESOLVED: objc.dg/property/at-property-11.m -fgnu-runtime compilation failed to produce executable
FAIL: objc.dg/property/at-property-12.m -fgnu-runtime (test for excess errors)
UNRESOLVED: objc.dg/property/at-property-12.m -fgnu-runtime compilation failed to produce executable
FAIL: objc.dg/property/at-property-13.m -fgnu-runtime (test for excess errors)
UNRESOLVED: objc.dg/property/at-property-13.m -fgnu-runtime compilation failed to produce executable
FAIL: objc.dg/property/at-property-19.m -fgnu-runtime (test for excess errors)
UNRESOLVED: objc.dg/property/at-property-19.m -fgnu-runtime compilation failed to produce executable
FAIL: objc.dg/property/at-property-22.m -fgnu-runtime (test for excess errors)
UNRESOLVED: objc.dg/property/at-property-22.m -fgnu-runtime compilation failed to produce executable
FAIL: objc.dg/property/at-property-24.m -fgnu-runtime (test for excess errors)
UNRESOLVED: objc.dg/property/at-property-24.m -fgnu-runtime compilation failed to produce executable
FAIL: objc.dg/property/at-property-26.m -fgnu-runtime (test for excess errors)
UNRESOLVED: objc.dg/property/at-property-26.m -fgnu-runtime compilation failed to produce executable
FAIL: objc.dg/property/at-property-27.m -fgnu-runtime (test for excess errors)
UNRESOLVED: objc.dg/property/at-property-27.m -fgnu-runtime compilation failed to produce executable
FAIL: objc.dg/property/at-property-6.m -fgnu-runtime (test for excess errors)
UNRESOLVED: objc.dg/property/at-property-6.m -fgnu-runtime compilation failed to produce executable
FAIL: objc.dg/property/at-property-7.m -fgnu-runtime (test for excess errors)
UNRESOLVED: objc.dg/property/at-property-7.m -fgnu-runtime compilation failed to produce executable
FAIL: objc.dg/property/at-property-8.m -fgnu-runtime (test for excess errors)
UNRESOLVED: objc.dg/property/at-property-8.m -fgnu-runtime compilation failed to produce executable
FAIL: objc.dg/property/at-property-9.m -fgnu-runtime (test for excess errors)
UNRESOLVED: objc.dg/property/at-property-9.m -fgnu-runtime compilation failed to produce executable
FAIL: objc.dg/property/dotsyntax-1.m -fgnu-runtime (test for excess errors)
UNRESOLVED: objc.dg/property/dotsyntax-1.m -fgnu-runtime compilation failed to produce executable
FAIL: objc.dg/property/dotsyntax-10.m -fgnu-runtime (test for excess errors)
UNRESOLVED: objc.dg/property/dotsyntax-10.m -fgnu-runtime compilation failed to produce executable
FAIL: objc.dg/property/dotsyntax-12.m -fgnu-runtime (test for excess errors)
UNRESOLVED: objc.dg/property/dotsyntax-12.m -fgnu-runtime compilation failed to produce executable
FAIL: objc.dg/property/dotsyntax-13.m -fgnu-runtime (test for excess errors)
UNRESOLVED: objc.dg/property/dotsyntax-13.m -fgnu-runtime compilation failed to produce executable
FAIL: objc.dg/property/dotsyntax-16.m -fgnu-runtime (test for excess errors)
UNRESOLVED: objc.dg/property/dotsyntax-16.m -fgnu-runtime compilation failed to produce executable
FAIL: objc.dg/property/dotsyntax-18.m -fgnu-runtime (test for excess errors)
UNRESOLVED: objc.dg/property/dotsyntax-18.m -fgnu-runtime compilation failed to produce executable
FAIL: objc.dg/property/dotsyntax-19.m -fgnu-runtime (test for excess errors)
UNRESOLVED: objc.dg/property/dotsyntax-19.m -fgnu-runtime compilation failed to produce executable
FAIL: objc.dg/property/dotsyntax-2.m -fgnu-runtime (test for excess errors)
UNRESOLVED: objc.dg/property/dotsyntax-2.m -fgnu-runtime compilation failed to produce executable
FAIL: objc.dg/property/dotsyntax-21.m -fgnu-runtime (test for excess errors)
UNRESOLVED: objc.dg/property/dotsyntax-21.m -fgnu-runtime compilation failed to produce executable
FAIL: objc.dg/property/dotsyntax-3.m -fgnu-runtime (test for excess errors)
UNRESOLVED: objc.dg/property/dotsyntax-3.m -fgnu-runtime compilation failed to produce executable
FAIL: objc.dg/property/dotsyntax-5.m -fgnu-runtime (test for excess errors)
UNRESOLVED: objc.dg/property/dotsyntax-5.m -fgnu-runtime compilation failed to produce executable
FAIL: objc.dg/property/dotsyntax-6.m -fgnu-runtime (test for excess errors)
UNRESOLVED: objc.dg/property/dotsyntax-6.m -fgnu-runtime compilation failed to produce executable
FAIL: objc.dg/property/dotsyntax-7.m -fgnu-runtime (test for excess errors)
UNRESOLVED: objc.dg/property/dotsyntax-7.m -fgnu-runtime compilation failed to produce executable
FAIL: objc.dg/property/dotsyntax-8.m -fgnu-runtime (test for excess errors)
UNRESOLVED: objc.dg/property/dotsyntax-8.m -fgnu-runtime compilation failed to produce executable
FAIL: objc.dg/property/dotsyntax-9.m -fgnu-runtime (test for excess errors)
UNRESOLVED: objc.dg/property/dotsyntax-9.m -fgnu-runtime compilation failed to produce executable
FAIL: objc.dg/property/dynamic-5.m -fgnu-runtime (test for excess errors)
UNRESOLVED: objc.dg/property/dynamic-5.m -fgnu-runtime compilation failed to produce executable
FAIL: objc.dg/property/fsf-property-basic.m -fgnu-runtime (test for excess errors)
UNRESOLVED: objc.dg/property/fsf-property-basic.m -fgnu-runtime compilation failed to produce executable
FAIL: objc.dg/property/fsf-property-method-access.m -fgnu-runtime (test for excess errors)
UNRESOLVED: objc.dg/property/fsf-property-method-access.m -fgnu-runtime compilation failed to produce executable
FAIL: objc.dg/property/fsf-property-named-ivar.m -fgnu-runtime (test for excess errors)
UNRESOLVED: objc.dg/property/fsf-property-named-ivar.m -fgnu-runtime compilation failed to produce executable
FAIL: objc.dg/property/property-1.m -fgnu-runtime (test for excess errors)
UNRESOLVED: objc.dg/property/property-1.m -fgnu-runtime compilation failed to produce executable
FAIL: objc.dg/property/property-encoding-1.m -fgnu-runtime (test for excess errors)
UNRESOLVED: objc.dg/property/property-encoding-1.m -fgnu-runtime compilation failed to produce executable
FAIL: objc.dg/property/synthesize-10.m -fgnu-runtime (test for excess errors)
UNRESOLVED: objc.dg/property/synthesize-10.m -fgnu-runtime compilation failed to produce executable
FAIL: objc.dg/property/synthesize-2.m -fgnu-runtime (test for excess errors)
UNRESOLVED: objc.dg/property/synthesize-2.m -fgnu-runtime compilation failed to produce executable
FAIL: objc.dg/property/synthesize-3.m -fgnu-runtime (test for excess errors)
UNRESOLVED: objc.dg/property/synthesize-3.m -fgnu-runtime compilation failed to produce executable
FAIL: objc.dg/property/synthesize-4.m -fgnu-runtime (test for excess errors)
UNRESOLVED: objc.dg/property/synthesize-4.m -fgnu-runtime compilation failed to produce executable
FAIL: objc.dg/property/synthesize-7.m -fgnu-runtime (test for excess errors)
UNRESOLVED: objc.dg/property/synthesize-7.m -fgnu-runtime compilation failed to produce executable
FAIL: objc.dg/special/unclaimed-category-1.m unclaimed-category-1a.o (test for excess errors)
UNRESOLVED: objc.dg/special/unclaimed-category-1.m unclaimed-category-1a.o compilation failed to produce executable
FAIL: objc.dg/special/load-category-1.m load-category-1a.o (test for excess errors)
UNRESOLVED: objc.dg/special/load-category-1.m load-category-1a.o compilation failed to produce executable
FAIL: objc.dg/special/load-category-2.m load-category-2a.o (test for excess errors)
UNRESOLVED: objc.dg/special/load-category-2.m load-category-2a.o compilation failed to produce executable
FAIL: objc.dg/special/load-category-3.m load-category-3a.o (test for excess errors)
UNRESOLVED: objc.dg/special/load-category-3.m load-category-3a.o compilation failed to produce executable
FAIL: objc.dg/strings/strings-2.m -fgnu-runtime (test for excess errors)
UNRESOLVED: objc.dg/strings/strings-2.m -fgnu-runtime compilation failed to produce executable
FAIL: objc.dg/torture/forward-1.m -O0 -fgnu-runtime (test for excess errors)
UNRESOLVED: objc.dg/torture/forward-1.m -O0 -fgnu-runtime compilation failed to produce executable
FAIL: objc.dg/torture/forward-1.m -O1 -fgnu-runtime (test for excess errors)
UNRESOLVED: objc.dg/torture/forward-1.m -O1 -fgnu-runtime compilation failed to produce executable
FAIL: objc.dg/torture/forward-1.m -O2 -fgnu-runtime (test for excess errors)
UNRESOLVED: objc.dg/torture/forward-1.m -O2 -fgnu-runtime compilation failed to produce executable
FAIL: objc.dg/torture/forward-1.m -O3 -fomit-frame-pointer -fgnu-runtime (test for excess errors)
UNRESOLVED: objc.dg/torture/forward-1.m -O3 -fomit-frame-pointer -fgnu-runtime compilation failed to produce executable
FAIL: objc.dg/torture/forward-1.m -O3 -fomit-frame-pointer -funroll-loops -fgnu-runtime (test for excess errors)
UNRESOLVED: objc.dg/torture/forward-1.m -O3 -fomit-frame-pointer -funroll-loops -fgnu-runtime compilation failed to produce executable
FAIL: objc.dg/torture/forward-1.m -O3 -fomit-frame-pointer -funroll-all-loops -finline-functions -fgnu-runtime (test for excess errors)
UNRESOLVED: objc.dg/torture/forward-1.m -O3 -fomit-frame-pointer -funroll-all-loops -finline-functions -fgnu-runtime compilation failed to produce executable
FAIL: objc.dg/torture/forward-1.m -O3 -g -fgnu-runtime (test for excess errors)
UNRESOLVED: objc.dg/torture/forward-1.m -O3 -g -fgnu-runtime compilation failed to produce executable
FAIL: objc.dg/torture/forward-1.m -Os -fgnu-runtime (test for excess errors)
UNRESOLVED: objc.dg/torture/forward-1.m -Os -fgnu-runtime compilation failed to produce executable
FAIL: objc.dg/torture/forward-1.m -O2 -flto -fno-use-linker-plugin -flto-partition=none -fgnu-runtime (test for excess errors)
UNRESOLVED: objc.dg/torture/forward-1.m -O2 -flto -fno-use-linker-plugin -flto-partition=none -fgnu-runtime compilation failed to produce executable
FAIL: objc.dg/torture/forward-1.m -O2 -flto -fuse-linker-plugin -fno-fat-lto-objects -fgnu-runtime (test for excess errors)
UNRESOLVED: objc.dg/torture/forward-1.m -O2 -flto -fuse-linker-plugin -fno-fat-lto-objects -fgnu-runtime compilation failed to produce executable
FAIL: objc.dg/torture/trivial.m -O0 -fgnu-runtime (test for excess errors)
UNRESOLVED: objc.dg/torture/trivial.m -O0 -fgnu-runtime compilation failed to produce executable
FAIL: objc.dg/torture/trivial.m -O1 -fgnu-runtime (test for excess errors)
UNRESOLVED: objc.dg/torture/trivial.m -O1 -fgnu-runtime compilation failed to produce executable
FAIL: objc.dg/torture/trivial.m -O2 -fgnu-runtime (test for excess errors)
UNRESOLVED: objc.dg/torture/trivial.m -O2 -fgnu-runtime compilation failed to produce executable
FAIL: objc.dg/torture/trivial.m -O3 -fomit-frame-pointer -fgnu-runtime (test for excess errors)
UNRESOLVED: objc.dg/torture/trivial.m -O3 -fomit-frame-pointer -fgnu-runtime compilation failed to produce executable
FAIL: objc.dg/torture/trivial.m -O3 -g -fgnu-runtime (test for excess errors)
UNRESOLVED: objc.dg/torture/trivial.m -O3 -g -fgnu-runtime compilation failed to produce executable
FAIL: objc.dg/torture/trivial.m -Os -fgnu-runtime (test for excess errors)
UNRESOLVED: objc.dg/torture/trivial.m -Os -fgnu-runtime compilation failed to produce executable
FAIL: objc.dg/torture/trivial.m -O2 -flto -fno-use-linker-plugin -flto-partition=none -fgnu-runtime (test for excess errors)
UNRESOLVED: objc.dg/torture/trivial.m -O2 -flto -fno-use-linker-plugin -flto-partition=none -fgnu-runtime compilation failed to produce executable
FAIL: objc.dg/torture/trivial.m -O2 -flto -fuse-linker-plugin -fno-fat-lto-objects -fgnu-runtime (test for excess errors)
UNRESOLVED: objc.dg/torture/trivial.m -O2 -flto -fuse-linker-plugin -fno-fat-lto-objects -fgnu-runtime compilation failed to produce executable
FAIL: objc.dg/torture/strings/const-str-3.m -O0 -fgnu-runtime (test for excess errors)
UNRESOLVED: objc.dg/torture/strings/const-str-3.m -O0 -fgnu-runtime compilation failed to produce executable
FAIL: objc.dg/torture/strings/const-str-3.m -O1 -fgnu-runtime (test for excess errors)
UNRESOLVED: objc.dg/torture/strings/const-str-3.m -O1 -fgnu-runtime compilation failed to produce executable
FAIL: objc.dg/torture/strings/const-str-3.m -O2 -fgnu-runtime (test for excess errors)
UNRESOLVED: objc.dg/torture/strings/const-str-3.m -O2 -fgnu-runtime compilation failed to produce executable
FAIL: objc.dg/torture/strings/const-str-3.m -O3 -fomit-frame-pointer -fgnu-runtime (test for excess errors)
UNRESOLVED: objc.dg/torture/strings/const-str-3.m -O3 -fomit-frame-pointer -fgnu-runtime compilation failed to produce executable
FAIL: objc.dg/torture/strings/const-str-3.m -O3 -g -fgnu-runtime (test for excess errors)
UNRESOLVED: objc.dg/torture/strings/const-str-3.m -O3 -g -fgnu-runtime compilation failed to produce executable
FAIL: objc.dg/torture/strings/const-str-3.m -Os -fgnu-runtime (test for excess errors)
UNRESOLVED: objc.dg/torture/strings/const-str-3.m -Os -fgnu-runtime compilation failed to produce executable
FAIL: objc.dg/torture/strings/const-str-3.m -O2 -flto -fno-use-linker-plugin -flto-partition=none -fgnu-runtime (test for excess errors)
UNRESOLVED: objc.dg/torture/strings/const-str-3.m -O2 -flto -fno-use-linker-plugin -flto-partition=none -fgnu-runtime compilation failed to produce executable
FAIL: objc.dg/torture/strings/const-str-3.m -O2 -flto -fuse-linker-plugin -fno-fat-lto-objects -fgnu-runtime (test for excess errors)
UNRESOLVED: objc.dg/torture/strings/const-str-3.m -O2 -flto -fuse-linker-plugin -fno-fat-lto-objects -fgnu-runtime compilation failed to produce executable
FAIL: objc.dg/torture/strings/const-str-4.m -O0 -fgnu-runtime (test for excess errors)
UNRESOLVED: objc.dg/torture/strings/const-str-4.m -O0 -fgnu-runtime compilation failed to produce executable
FAIL: objc.dg/torture/strings/const-str-4.m -O1 -fgnu-runtime (test for excess errors)
UNRESOLVED: objc.dg/torture/strings/const-str-4.m -O1 -fgnu-runtime compilation failed to produce executable
FAIL: objc.dg/torture/strings/const-str-4.m -O2 -fgnu-runtime (test for excess errors)
UNRESOLVED: objc.dg/torture/strings/const-str-4.m -O2 -fgnu-runtime compilation failed to produce executable
FAIL: objc.dg/torture/strings/const-str-4.m -O3 -fomit-frame-pointer -fgnu-runtime (test for excess errors)
UNRESOLVED: objc.dg/torture/strings/const-str-4.m -O3 -fomit-frame-pointer -fgnu-runtime compilation failed to produce executable
FAIL: objc.dg/torture/strings/const-str-4.m -O3 -g -fgnu-runtime (test for excess errors)
UNRESOLVED: objc.dg/torture/strings/const-str-4.m -O3 -g -fgnu-runtime compilation failed to produce executable
FAIL: objc.dg/torture/strings/const-str-4.m -Os -fgnu-runtime (test for excess errors)
UNRESOLVED: objc.dg/torture/strings/const-str-4.m -Os -fgnu-runtime compilation failed to produce executable
FAIL: objc.dg/torture/strings/const-str-4.m -O2 -flto -fno-use-linker-plugin -flto-partition=none -fgnu-runtime (test for excess errors)
UNRESOLVED: objc.dg/torture/strings/const-str-4.m -O2 -flto -fno-use-linker-plugin -flto-partition=none -fgnu-runtime compilation failed to produce executable
FAIL: objc.dg/torture/strings/const-str-4.m -O2 -flto -fuse-linker-plugin -fno-fat-lto-objects -fgnu-runtime (test for excess errors)
UNRESOLVED: objc.dg/torture/strings/const-str-4.m -O2 -flto -fuse-linker-plugin -fno-fat-lto-objects -fgnu-runtime compilation failed to produce executable
FAIL: objc.dg/torture/strings/const-str-7.m -O0 -fgnu-runtime (test for excess errors)
UNRESOLVED: objc.dg/torture/strings/const-str-7.m -O0 -fgnu-runtime compilation failed to produce executable
FAIL: objc.dg/torture/strings/const-str-7.m -O1 -fgnu-runtime (test for excess errors)
UNRESOLVED: objc.dg/torture/strings/const-str-7.m -O1 -fgnu-runtime compilation failed to produce executable
FAIL: objc.dg/torture/strings/const-str-7.m -O2 -fgnu-runtime (test for excess errors)
UNRESOLVED: objc.dg/torture/strings/const-str-7.m -O2 -fgnu-runtime compilation failed to produce executable
FAIL: objc.dg/torture/strings/const-str-7.m -O3 -fomit-frame-pointer -fgnu-runtime (test for excess errors)
UNRESOLVED: objc.dg/torture/strings/const-str-7.m -O3 -fomit-frame-pointer -fgnu-runtime compilation failed to produce executable
FAIL: objc.dg/torture/strings/const-str-7.m -O3 -g -fgnu-runtime (test for excess errors)
UNRESOLVED: objc.dg/torture/strings/const-str-7.m -O3 -g -fgnu-runtime compilation failed to produce executable
FAIL: objc.dg/torture/strings/const-str-7.m -Os -fgnu-runtime (test for excess errors)
UNRESOLVED: objc.dg/torture/strings/const-str-7.m -Os -fgnu-runtime compilation failed to produce executable
FAIL: objc.dg/torture/strings/const-str-7.m -O2 -flto -fno-use-linker-plugin -flto-partition=none -fgnu-runtime (test for excess errors)
UNRESOLVED: objc.dg/torture/strings/const-str-7.m -O2 -flto -fno-use-linker-plugin -flto-partition=none -fgnu-runtime compilation failed to produce executable
FAIL: objc.dg/torture/strings/const-str-7.m -O2 -flto -fuse-linker-plugin -fno-fat-lto-objects -fgnu-runtime (test for excess errors)
UNRESOLVED: objc.dg/torture/strings/const-str-7.m -O2 -flto -fuse-linker-plugin -fno-fat-lto-objects -fgnu-runtime compilation failed to produce executable
FAIL: objc.dg/torture/strings/const-str-8.m -O0 -fgnu-runtime (test for excess errors)
UNRESOLVED: objc.dg/torture/strings/const-str-8.m -O0 -fgnu-runtime compilation failed to produce executable
FAIL: objc.dg/torture/strings/const-str-8.m -O1 -fgnu-runtime (test for excess errors)
UNRESOLVED: objc.dg/torture/strings/const-str-8.m -O1 -fgnu-runtime compilation failed to produce executable
FAIL: objc.dg/torture/strings/const-str-8.m -O2 -fgnu-runtime (test for excess errors)
UNRESOLVED: objc.dg/torture/strings/const-str-8.m -O2 -fgnu-runtime compilation failed to produce executable
FAIL: objc.dg/torture/strings/const-str-8.m -O3 -fomit-frame-pointer -fgnu-runtime (test for excess errors)
UNRESOLVED: objc.dg/torture/strings/const-str-8.m -O3 -fomit-frame-pointer -fgnu-runtime compilation failed to produce executable
FAIL: objc.dg/torture/strings/const-str-8.m -O3 -g -fgnu-runtime (test for excess errors)
UNRESOLVED: objc.dg/torture/strings/const-str-8.m -O3 -g -fgnu-runtime compilation failed to produce executable
FAIL: objc.dg/torture/strings/const-str-8.m -Os -fgnu-runtime (test for excess errors)
UNRESOLVED: objc.dg/torture/strings/const-str-8.m -Os -fgnu-runtime compilation failed to produce executable
FAIL: objc.dg/torture/strings/const-str-8.m -O2 -flto -fno-use-linker-plugin -flto-partition=none -fgnu-runtime (test for excess errors)
UNRESOLVED: objc.dg/torture/strings/const-str-8.m -O2 -flto -fno-use-linker-plugin -flto-partition=none -fgnu-runtime compilation failed to produce executable
FAIL: objc.dg/torture/strings/const-str-8.m -O2 -flto -fuse-linker-plugin -fno-fat-lto-objects -fgnu-runtime (test for excess errors)
UNRESOLVED: objc.dg/torture/strings/const-str-8.m -O2 -flto -fuse-linker-plugin -fno-fat-lto-objects -fgnu-runtime compilation failed to produce executable
FAIL: objc.dg/torture/strings/string1.m -O0 -fgnu-runtime (test for excess errors)
UNRESOLVED: objc.dg/torture/strings/string1.m -O0 -fgnu-runtime compilation failed to produce executable
FAIL: objc.dg/torture/strings/string1.m -O1 -fgnu-runtime (test for excess errors)
UNRESOLVED: objc.dg/torture/strings/string1.m -O1 -fgnu-runtime compilation failed to produce executable
FAIL: objc.dg/torture/strings/string1.m -O2 -fgnu-runtime (test for excess errors)
UNRESOLVED: objc.dg/torture/strings/string1.m -O2 -fgnu-runtime compilation failed to produce executable
FAIL: objc.dg/torture/strings/string1.m -O3 -fomit-frame-pointer -fgnu-runtime (test for excess errors)
UNRESOLVED: objc.dg/torture/strings/string1.m -O3 -fomit-frame-pointer -fgnu-runtime compilation failed to produce executable
FAIL: objc.dg/torture/strings/string1.m -O3 -g -fgnu-runtime (test for excess errors)
UNRESOLVED: objc.dg/torture/strings/string1.m -O3 -g -fgnu-runtime compilation failed to produce executable
FAIL: objc.dg/torture/strings/string1.m -Os -fgnu-runtime (test for excess errors)
UNRESOLVED: objc.dg/torture/strings/string1.m -Os -fgnu-runtime compilation failed to produce executable
FAIL: objc.dg/torture/strings/string1.m -O2 -flto -fno-use-linker-plugin -flto-partition=none -fgnu-runtime (test for excess errors)
UNRESOLVED: objc.dg/torture/strings/string1.m -O2 -flto -fno-use-linker-plugin -flto-partition=none -fgnu-runtime compilation failed to produce executable
FAIL: objc.dg/torture/strings/string1.m -O2 -flto -fuse-linker-plugin -fno-fat-lto-objects -fgnu-runtime (test for excess errors)
UNRESOLVED: objc.dg/torture/strings/string1.m -O2 -flto -fuse-linker-plugin -fno-fat-lto-objects -fgnu-runtime compilation failed to produce executable
FAIL: objc.dg/torture/strings/string2.m -O0 -fgnu-runtime (test for excess errors)
UNRESOLVED: objc.dg/torture/strings/string2.m -O0 -fgnu-runtime compilation failed to produce executable
FAIL: objc.dg/torture/strings/string2.m -O1 -fgnu-runtime (test for excess errors)
UNRESOLVED: objc.dg/torture/strings/string2.m -O1 -fgnu-runtime compilation failed to produce executable
FAIL: objc.dg/torture/strings/string2.m -O2 -fgnu-runtime (test for excess errors)
UNRESOLVED: objc.dg/torture/strings/string2.m -O2 -fgnu-runtime compilation failed to produce executable
FAIL: objc.dg/torture/strings/string2.m -O3 -fomit-frame-pointer -fgnu-runtime (test for excess errors)
UNRESOLVED: objc.dg/torture/strings/string2.m -O3 -fomit-frame-pointer -fgnu-runtime compilation failed to produce executable
FAIL: objc.dg/torture/strings/string2.m -O3 -g -fgnu-runtime (test for excess errors)
UNRESOLVED: objc.dg/torture/strings/string2.m -O3 -g -fgnu-runtime compilation failed to produce executable
FAIL: objc.dg/torture/strings/string2.m -Os -fgnu-runtime (test for excess errors)
UNRESOLVED: objc.dg/torture/strings/string2.m -Os -fgnu-runtime compilation failed to produce executable
FAIL: objc.dg/torture/strings/string2.m -O2 -flto -fno-use-linker-plugin -flto-partition=none -fgnu-runtime (test for excess errors)
UNRESOLVED: objc.dg/torture/strings/string2.m -O2 -flto -fno-use-linker-plugin -flto-partition=none -fgnu-runtime compilation failed to produce executable
FAIL: objc.dg/torture/strings/string2.m -O2 -flto -fuse-linker-plugin -fno-fat-lto-objects -fgnu-runtime (test for excess errors)
UNRESOLVED: objc.dg/torture/strings/string2.m -O2 -flto -fuse-linker-plugin -fno-fat-lto-objects -fgnu-runtime compilation failed to produce executable
FAIL: objc.dg/torture/strings/string3.m -O0 -fgnu-runtime (test for excess errors)
UNRESOLVED: objc.dg/torture/strings/string3.m -O0 -fgnu-runtime compilation failed to produce executable
FAIL: objc.dg/torture/strings/string3.m -O1 -fgnu-runtime (test for excess errors)
UNRESOLVED: objc.dg/torture/strings/string3.m -O1 -fgnu-runtime compilation failed to produce executable
FAIL: objc.dg/torture/strings/string3.m -O2 -fgnu-runtime (test for excess errors)
UNRESOLVED: objc.dg/torture/strings/string3.m -O2 -fgnu-runtime compilation failed to produce executable
FAIL: objc.dg/torture/strings/string3.m -O3 -fomit-frame-pointer -fgnu-runtime (test for excess errors)
UNRESOLVED: objc.dg/torture/strings/string3.m -O3 -fomit-frame-pointer -fgnu-runtime compilation failed to produce executable
FAIL: objc.dg/torture/strings/string3.m -O3 -g -fgnu-runtime (test for excess errors)
UNRESOLVED: objc.dg/torture/strings/string3.m -O3 -g -fgnu-runtime compilation failed to produce executable
FAIL: objc.dg/torture/strings/string3.m -Os -fgnu-runtime (test for excess errors)
UNRESOLVED: objc.dg/torture/strings/string3.m -Os -fgnu-runtime compilation failed to produce executable
FAIL: objc.dg/torture/strings/string3.m -O2 -flto -fno-use-linker-plugin -flto-partition=none -fgnu-runtime (test for excess errors)
UNRESOLVED: objc.dg/torture/strings/string3.m -O2 -flto -fno-use-linker-plugin -flto-partition=none -fgnu-runtime compilation failed to produce executable
FAIL: objc.dg/torture/strings/string3.m -O2 -flto -fuse-linker-plugin -fno-fat-lto-objects -fgnu-runtime (test for excess errors)
UNRESOLVED: objc.dg/torture/strings/string3.m -O2 -flto -fuse-linker-plugin -fno-fat-lto-objects -fgnu-runtime compilation failed to produce executable
FAIL: objc.dg/torture/strings/string4.m -O0 -fgnu-runtime (test for excess errors)
UNRESOLVED: objc.dg/torture/strings/string4.m -O0 -fgnu-runtime compilation failed to produce executable
FAIL: objc.dg/torture/strings/string4.m -O1 -fgnu-runtime (test for excess errors)
UNRESOLVED: objc.dg/torture/strings/string4.m -O1 -fgnu-runtime compilation failed to produce executable
FAIL: objc.dg/torture/strings/string4.m -O2 -fgnu-runtime (test for excess errors)
UNRESOLVED: objc.dg/torture/strings/string4.m -O2 -fgnu-runtime compilation failed to produce executable
FAIL: objc.dg/torture/strings/string4.m -O3 -fomit-frame-pointer -fgnu-runtime (test for excess errors)
UNRESOLVED: objc.dg/torture/strings/string4.m -O3 -fomit-frame-pointer -fgnu-runtime compilation failed to produce executable
FAIL: objc.dg/torture/strings/string4.m -O3 -g -fgnu-runtime (test for excess errors)
UNRESOLVED: objc.dg/torture/strings/string4.m -O3 -g -fgnu-runtime compilation failed to produce executable
FAIL: objc.dg/torture/strings/string4.m -Os -fgnu-runtime (test for excess errors)
UNRESOLVED: objc.dg/torture/strings/string4.m -Os -fgnu-runtime compilation failed to produce executable
FAIL: objc.dg/torture/strings/string4.m -O2 -flto -fno-use-linker-plugin -flto-partition=none -fgnu-runtime (test for excess errors)
UNRESOLVED: objc.dg/torture/strings/string4.m -O2 -flto -fno-use-linker-plugin -flto-partition=none -fgnu-runtime compilation failed to produce executable
FAIL: objc.dg/torture/strings/string4.m -O2 -flto -fuse-linker-plugin -fno-fat-lto-objects -fgnu-runtime (test for excess errors)
UNRESOLVED: objc.dg/torture/strings/string4.m -O2 -flto -fuse-linker-plugin -fno-fat-lto-objects -fgnu-runtime compilation failed to produce executable
=== objc Summary ===
# of expected passes 1408
# of unexpected failures 177
# of unresolved testcases 177
# of unsupported tests 98
/home2/joel/build/b-sparc-objc/gcc/xgcc version 4.7.0 20111207 (experimental) [trunk revision 182083] (GCC)
Compiler version: 4.7.0 20111207 (experimental) [trunk revision 182083] (GCC) objc
Platform: sparc-unknown-rtems4.11
configure flags: --with-ppl=/users/joel/test-gcc/install-svn --enable-threads=rtems --with-gnu-as --enable-multilib --with-gnu-ld --disable-newlib --verbose --with-system-zlib --disable-nls CFLAGS_FOR_TARGET=-B/users/joel/test-gcc/install-svn/sparc-rtems4.11/sis/lib/ --enable-version-specific-runtime-libs --enable-languages=c,objc --target=sparc-rtems4.11 --prefix=/users/joel/test-gcc/install-svn
More information about the Gcc-testresults
mailing list