Results for 4.7.0 20111209 (experimental) (GCC) testsuite on x86_64-unknown-linux-gnu
Weidong Cui
mason.cui@gmail.com
Fri Dec 9 08:35:00 GMT 2011
Native configuration is x86_64-unknown-linux-gnu
=== gcc tests ===
Running target unix
XPASS: gcc.dg/inline_3.c (test for excess errors)
XPASS: gcc.dg/inline_4.c (test for excess errors)
WARNING: program timed out.
FAIL: gcc.dg/pr43058.c (test for excess errors)
XPASS: gcc.dg/unroll_2.c (test for excess errors)
XPASS: gcc.dg/unroll_3.c (test for excess errors)
XPASS: gcc.dg/unroll_4.c (test for excess errors)
FAIL: gcc.dg/tree-ssa/vrp47.c scan-tree-dump-times dom1 "x[^ ]* & y" 1
=== gcc Summary ===
# of expected passes 83689
# of unexpected failures 2
# of unexpected successes 5
# of expected failures 253
# of unsupported tests 1472
/home/mason/gcc-build/gcc/xgcc version 4.7.0 20111209 (experimental) (GCC)
=== gfortran tests ===
Running target unix
FAIL: gfortran.fortran-torture/execute/entry_4.f90 execution, -O2
FAIL: gfortran.fortran-torture/execute/entry_4.f90 execution, -O2 -fomit-frame-pointer -finline-functions
FAIL: gfortran.fortran-torture/execute/entry_4.f90 execution, -O2 -fomit-frame-pointer -finline-functions -funroll-loops
FAIL: gfortran.fortran-torture/execute/entry_4.f90 execution, -O2 -fbounds-check
FAIL: gfortran.fortran-torture/execute/entry_4.f90 execution, -O3 -g
FAIL: gfortran.fortran-torture/execute/entry_4.f90 execution, -O2 -ftree-vectorize -msse2
=== gfortran Summary ===
# of expected passes 40258
# of unexpected failures 6
# of expected failures 53
# of unsupported tests 69
/home/mason/gcc-build/gcc/testsuite/gfortran/../../gfortran version 4.7.0 20111209 (experimental) (GCC)
=== g++ tests ===
Running target unix
=== g++ Summary ===
# of expected passes 47810
# of expected failures 288
# of unsupported tests 519
/home/mason/gcc-build/gcc/testsuite/g++/../../g++ version 4.7.0 20111209 (experimental) (GCC)
=== obj-c++ tests ===
Running target unix
=== obj-c++ Summary ===
# of expected passes 1442
# of expected failures 10
# of unsupported tests 86
/home/mason/gcc-build/gcc/testsuite/obj-c++/../../g++ version 4.7.0 20111209 (experimental) (GCC)
=== objc tests ===
Running target unix
=== objc Summary ===
# of expected passes 2988
# of expected failures 6
# of unsupported tests 74
/home/mason/gcc-build/gcc/xgcc version 4.7.0 20111209 (experimental) (GCC)
=== libgomp tests ===
Running target unix
=== libgomp Summary ===
# of expected passes 2994
=== libitm tests ===
Running target unix
UNRESOLVED: libitm.c++/static_ctor.C compilation failed to produce executable
=== libitm Summary ===
# of expected passes 23
# of expected failures 5
# of unresolved testcases 1
=== libmudflap tests ===
Running target unix
FAIL: libmudflap.c++/pass55-frag.cxx ( -O) execution test
=== libmudflap Summary ===
# of expected passes 1426
# of unexpected failures 1
=== libstdc++ tests ===
Running target unix
=== libstdc++ Summary ===
# of expected passes 8192
# of expected failures 45
# of unsupported tests 450
Compiler version: 4.7.0 20111209 (experimental) (GCC)
Platform: x86_64-unknown-linux-gnu
configure flags: --enable-languages=c,c++,objc,obj-c++,fortran,lto --with-ppl=/usr/local
More information about the Gcc-testresults
mailing list