Results for 4.7.0 20111204 (experimental) (GCC) testsuite on s390-ibm-linux-gnu default
Andreas Krebbel
Andreas.Krebbel@de.ibm.com
Sun Dec 4 02:09:00 GMT 2011
LAST_UPDATED: Sun Dec 4 01:01:18 UTC 2011 (revision 181979)
Native configuration is s390-ibm-linux-gnu default
=== g++ tests ===
Running target unix
=== g++ Summary ===
# of expected passes 46274
# of expected failures 288
# of unsupported tests 639
-default/gcc/testsuite/g++/../../g++ version 4.7.0 20111204 (experimental) (GCC)
=== gcc tests ===
Running target unix
FAIL: gcc.dg/c99-stdint-1.c (test for excess errors)
FAIL: gcc.dg/lower-subreg-1.c scan-rtl-dump subreg1 "Splitting reg"
FAIL: gcc.dg/pr46309.c scan-tree-dump-times reassoc1 "Optimizing range tests a_[0-9]*.D. -.1, 1. and -.2, 2. and -.3, 3. and -.4, 4.[
FAIL: gcc.dg/pr46309.c scan-tree-dump-times reassoc1 "Optimizing range tests a_[0-9]*.D. -.1, 1. and -.3, 3.[
FAIL: gcc.dg/pr46309.c scan-tree-dump-times reassoc1 "Optimizing range tests a_[0-9]*.D. -.1, 1. and -.2, 2.[
FAIL: gcc.dg/pr46309.c scan-tree-dump-times reassoc1 "Optimizing range tests a_[0-9]*.D. -.0, 31. and -.64, 95.[
FAIL: gcc.dg/pr46309.c scan-tree-dump-times reassoc1 "Optimizing range tests a_[0-9]*.D. -.128, 159. and -.192, 223.[
FAIL: gcc.dg/pr46309.c scan-tree-dump-times reassoc2 "Optimizing range tests D.[0-9]*_[0-9]* -.0, 31. and -.128, 159.[
FAIL: gcc.dg/uninit-13.c unconditional (test for warnings, line 8)
FAIL: gcc.dg/uninit-13.c (test for excess errors)
XPASS: gcc.dg/guality/example.c -O0 execution test
XPASS: gcc.dg/guality/example.c -O1 execution test
XPASS: gcc.dg/guality/example.c -O2 execution test
XPASS: gcc.dg/guality/example.c -Os execution test
XPASS: gcc.dg/guality/example.c -O2 -flto -flto-partition=none execution test
XPASS: gcc.dg/guality/example.c -O2 -flto execution test
XPASS: gcc.dg/guality/guality.c -O0 execution test
XPASS: gcc.dg/guality/guality.c -O1 execution test
XPASS: gcc.dg/guality/guality.c -O2 execution test
XPASS: gcc.dg/guality/guality.c -O3 -fomit-frame-pointer execution test
XPASS: gcc.dg/guality/guality.c -O3 -g execution test
XPASS: gcc.dg/guality/guality.c -Os execution test
XPASS: gcc.dg/guality/guality.c -O2 -flto -flto-partition=none execution test
XPASS: gcc.dg/guality/guality.c -O2 -flto execution test
XPASS: gcc.dg/guality/inline-params.c -O2 execution test
XPASS: gcc.dg/guality/inline-params.c -O3 -fomit-frame-pointer execution test
XPASS: gcc.dg/guality/inline-params.c -O3 -g execution test
XPASS: gcc.dg/guality/inline-params.c -Os execution test
XPASS: gcc.dg/guality/inline-params.c -O2 -flto -flto-partition=none execution test
XPASS: gcc.dg/guality/inline-params.c -O2 -flto execution test
XPASS: gcc.dg/guality/pr41353-1.c -O0 line 28 j == 28 + 37
XPASS: gcc.dg/guality/pr41353-1.c -O1 line 28 j == 28 + 37
XPASS: gcc.dg/guality/pr41353-1.c -O2 line 28 j == 28 + 37
XPASS: gcc.dg/guality/pr41353-1.c -O3 -fomit-frame-pointer line 28 j == 28 + 37
XPASS: gcc.dg/guality/pr41353-1.c -O3 -g line 28 j == 28 + 37
XPASS: gcc.dg/guality/pr41353-1.c -Os line 28 j == 28 + 37
XPASS: gcc.dg/guality/pr41353-1.c -O2 -flto -flto-partition=none line 28 j == 28 + 37
XPASS: gcc.dg/guality/pr41353-1.c -O2 -flto line 28 j == 28 + 37
XPASS: gcc.dg/guality/pr41447-1.c -O0 execution test
XPASS: gcc.dg/guality/pr41447-1.c -O1 execution test
XPASS: gcc.dg/guality/pr41447-1.c -O2 execution test
XPASS: gcc.dg/guality/pr41447-1.c -O3 -fomit-frame-pointer execution test
XPASS: gcc.dg/guality/pr41447-1.c -O3 -g execution test
XPASS: gcc.dg/guality/pr41447-1.c -Os execution test
XPASS: gcc.dg/guality/pr41447-1.c -O2 -flto -flto-partition=none execution test
XPASS: gcc.dg/guality/pr41447-1.c -O2 -flto execution test
XPASS: gcc.dg/guality/pr41616-1.c -O0 execution test
XPASS: gcc.dg/guality/pr41616-1.c -O1 execution test
XPASS: gcc.dg/guality/pr41616-1.c -O2 execution test
XPASS: gcc.dg/guality/pr41616-1.c -O3 -fomit-frame-pointer execution test
XPASS: gcc.dg/guality/pr41616-1.c -O3 -g execution test
XPASS: gcc.dg/guality/pr41616-1.c -Os execution test
XPASS: gcc.dg/guality/pr41616-1.c -O2 -flto -flto-partition=none execution test
XPASS: gcc.dg/guality/pr41616-1.c -O2 -flto execution test
FAIL: gcc.dg/guality/vla-1.c -O2 -flto -flto-partition=none line 17 sizeof (a) == 6
FAIL: gcc.dg/guality/vla-1.c -O2 -flto -flto-partition=none line 24 sizeof (a) == 17 * sizeof (short)
FAIL: gcc.dg/guality/vla-1.c -O2 -flto line 17 sizeof (a) == 6
FAIL: gcc.dg/guality/vla-1.c -O2 -flto line 24 sizeof (a) == 17 * sizeof (short)
FAIL: gcc.dg/guality/vla-2.c -O2 -flto -flto-partition=none line 16 sizeof (a) == 5 * sizeof (int)
FAIL: gcc.dg/guality/vla-2.c -O2 -flto line 16 sizeof (a) == 5 * sizeof (int)
XPASS: gcc.dg/tree-ssa/20040204-1.c scan-tree-dump-times optimized "link_error" 0
FAIL: gcc.dg/tree-ssa/ssa-dom-thread-4.c scan-tree-dump-times dom1 "Threaded" 3
=== gcc Summary ===
# of expected passes 73733
# of unexpected failures 17
# of unexpected successes 45
# of expected failures 121
# of unsupported tests 1500
-default/gcc/xgcc version 4.7.0 20111204 (experimental) (GCC)
=== gfortran tests ===
Running target unix
=== gfortran Summary ===
# of expected passes 39215
# of expected failures 42
# of unsupported tests 235
-default/gcc/testsuite/gfortran/../../gfortran version 4.7.0 20111204 (experimental) (GCC)
=== objc tests ===
Running target unix
=== objc Summary ===
# of expected passes 2994
# of unsupported tests 74
-default/gcc/xgcc version 4.7.0 20111204 (experimental) (GCC)
=== libgomp tests ===
Running target unix
=== libgomp Summary ===
# of expected passes 2946
# of unsupported tests 1
=== libmudflap tests ===
Running target unix
FAIL: libmudflap.c++/pass41-frag.cxx (-static) (test for excess errors)
WARNING: libmudflap.c++/pass41-frag.cxx (-static) compilation failed to produce executable
=== libmudflap Summary ===
# of expected passes 1892
# of unexpected failures 1
=== libstdc++ tests ===
Running target unix
FAIL: 23_containers/unordered_multimap/erase/24061-multimap.cc execution test
=== libstdc++ Summary ===
# of expected passes 8801
# of unexpected failures 1
# of expected failures 45
# of unsupported tests 142
Version: 4.7.0 20111204 (experimental) (GCC)
Platform: s390-ibm-linux-gnu default
configure flags: --prefix=/build/build-system/build/20111203/gcc-head/install-s390-default --enable-shared --with-system-zlib --enable-threads=posix --enable-__cxa_atexit --enable-checking --enable-languages=c,c++,objc,fortran --with-mode=zarch
More information about the Gcc-testresults
mailing list