Results for 4.7.0 20111128 (experimental) [trunk revision 181789] (GCC) testsuite on hppa-unknown-linux-gnu
Dave Anglin
dave.anglin@bell.net
Thu Dec 1 00:43:00 GMT 2011
LAST_UPDATED: Tue Nov 29 00:05:40 UTC 2011 (revision 181789)
=== acats tests ===
=== acats Summary ===
# of expected passes 2321
# of unexpected failures 0
Native configuration is hppa-unknown-linux-gnu
=== gcc tests ===
Running target unix
FAIL: gcc.c-torture/execute/920501-1.c compilation, -O2 -flto -fno-use-linker-plugin -flto-partition=none (internal compiler error)
UNRESOLVED: gcc.c-torture/execute/920501-1.c execution, -O2 -flto -fno-use-linker-plugin -flto-partition=none
FAIL: gcc.c-torture/execute/arith-rand-ll.c execution, -O2
FAIL: gcc.c-torture/execute/arith-rand-ll.c execution, -Os
FAIL: gcc.c-torture/execute/arith-rand-ll.c execution, -O2 -flto -fno-use-linker-plugin -flto-partition=none
FAIL: gcc.c-torture/execute/arith-rand-ll.c execution, -O2 -flto -fuse-linker-plugin -fno-fat-lto-objects
FAIL: gcc.dg/atomic-op-1.c (test for excess errors)
UNRESOLVED: gcc.dg/atomic-op-1.c compilation failed to produce executable
FAIL: gcc.dg/atomic-op-2.c (test for excess errors)
UNRESOLVED: gcc.dg/atomic-op-2.c compilation failed to produce executable
FAIL: gcc.dg/atomic-op-3.c (test for excess errors)
UNRESOLVED: gcc.dg/atomic-op-3.c compilation failed to produce executable
FAIL: gcc.dg/ia64-sync-1.c (internal compiler error)
FAIL: gcc.dg/ia64-sync-1.c (test for warnings, line )
FAIL: gcc.dg/ia64-sync-1.c (test for excess errors)
UNRESOLVED: gcc.dg/ia64-sync-1.c compilation failed to produce executable
FAIL: gcc.dg/ia64-sync-2.c (test for excess errors)
UNRESOLVED: gcc.dg/ia64-sync-2.c compilation failed to produce executable
FAIL: gcc.dg/pr49696.c (internal compiler error)
FAIL: gcc.dg/pr49696.c (test for warnings, line )
FAIL: gcc.dg/pr49696.c (test for excess errors)
FAIL: gcc.dg/pr49994-3.c (test for excess errors)
FAIL: gcc.dg/sync-2.c (test for excess errors)
UNRESOLVED: gcc.dg/sync-2.c compilation failed to produce executable
FAIL: gcc.dg/sync-3.c (test for excess errors)
UNRESOLVED: gcc.dg/sync-3.c compilation failed to produce executable
XPASS: gcc.dg/guality/example.c -O0 execution test
XPASS: gcc.dg/guality/example.c -O1 execution test
XPASS: gcc.dg/guality/example.c -O2 execution test
XPASS: gcc.dg/guality/example.c -O2 -flto -fno-use-linker-plugin -flto-partition=none execution test
XPASS: gcc.dg/guality/guality.c -O0 execution test
XPASS: gcc.dg/guality/guality.c -O1 execution test
XPASS: gcc.dg/guality/guality.c -O2 execution test
XPASS: gcc.dg/guality/guality.c -O3 -fomit-frame-pointer execution test
XPASS: gcc.dg/guality/guality.c -O3 -g execution test
XPASS: gcc.dg/guality/guality.c -Os execution test
XPASS: gcc.dg/guality/guality.c -O2 -flto -fno-use-linker-plugin -flto-partition=none execution test
XPASS: gcc.dg/guality/guality.c -O2 -flto -fuse-linker-plugin -fno-fat-lto-objects execution test
XPASS: gcc.dg/guality/inline-params.c -O2 execution test
XPASS: gcc.dg/guality/inline-params.c -O3 -fomit-frame-pointer execution test
XPASS: gcc.dg/guality/inline-params.c -O3 -g execution test
XPASS: gcc.dg/guality/inline-params.c -Os execution test
XPASS: gcc.dg/guality/inline-params.c -O2 -flto -fno-use-linker-plugin -flto-partition=none execution test
XPASS: gcc.dg/guality/inline-params.c -O2 -flto -fuse-linker-plugin -fno-fat-lto-objects execution test
FAIL: gcc.dg/guality/nrv-1.c -O2 line 20 a2.i[0] == 42
FAIL: gcc.dg/guality/nrv-1.c -O3 -fomit-frame-pointer line 20 a2.i[0] == 42
FAIL: gcc.dg/guality/nrv-1.c -O3 -g line 20 a2.i[0] == 42
FAIL: gcc.dg/guality/nrv-1.c -Os line 20 a2.i[0] == 42
FAIL: gcc.dg/guality/nrv-1.c -O2 -flto -fno-use-linker-plugin -flto-partition=none line 20 a2.i[0] == 42
FAIL: gcc.dg/guality/nrv-1.c -O2 -flto -fuse-linker-plugin -fno-fat-lto-objects line 20 a2.i[0] == 42
XPASS: gcc.dg/guality/pr41353-1.c -O0 line 28 j == 28 + 37
XPASS: gcc.dg/guality/pr41353-1.c -O1 line 28 j == 28 + 37
XPASS: gcc.dg/guality/pr41353-1.c -O2 line 28 j == 28 + 37
XPASS: gcc.dg/guality/pr41353-1.c -O3 -fomit-frame-pointer line 28 j == 28 + 37
XPASS: gcc.dg/guality/pr41353-1.c -O3 -g line 28 j == 28 + 37
XPASS: gcc.dg/guality/pr41353-1.c -Os line 28 j == 28 + 37
XPASS: gcc.dg/guality/pr41353-1.c -O2 -flto -fno-use-linker-plugin -flto-partition=none line 28 j == 28 + 37
XPASS: gcc.dg/guality/pr41353-1.c -O2 -flto -fuse-linker-plugin -fno-fat-lto-objects line 28 j == 28 + 37
FAIL: gcc.dg/guality/pr41404-1.c -O2 -flto -fno-use-linker-plugin -flto-partition=none line 10 *foo == 'f'
XPASS: gcc.dg/guality/pr41447-1.c -O0 execution test
XPASS: gcc.dg/guality/pr41447-1.c -O1 execution test
XPASS: gcc.dg/guality/pr41447-1.c -O2 execution test
XPASS: gcc.dg/guality/pr41447-1.c -O3 -fomit-frame-pointer execution test
XPASS: gcc.dg/guality/pr41447-1.c -O3 -g execution test
XPASS: gcc.dg/guality/pr41447-1.c -Os execution test
XPASS: gcc.dg/guality/pr41447-1.c -O2 -flto -fuse-linker-plugin -fno-fat-lto-objects execution test
XPASS: gcc.dg/guality/pr41616-1.c -O0 execution test
XPASS: gcc.dg/guality/pr41616-1.c -O1 execution test
XPASS: gcc.dg/guality/pr41616-1.c -O2 execution test
XPASS: gcc.dg/guality/pr41616-1.c -O3 -fomit-frame-pointer execution test
XPASS: gcc.dg/guality/pr41616-1.c -O3 -g execution test
XPASS: gcc.dg/guality/pr41616-1.c -Os execution test
XPASS: gcc.dg/guality/pr41616-1.c -O2 -flto -fno-use-linker-plugin -flto-partition=none execution test
FAIL: gcc.dg/guality/pr43177.c -O1 line 15 x == 7
FAIL: gcc.dg/guality/pr43177.c -O1 line 24 x == 7
FAIL: gcc.dg/guality/pr43177.c -O2 line 15 x == 7
FAIL: gcc.dg/guality/pr43177.c -O2 line 24 x == 7
FAIL: gcc.dg/guality/pr43177.c -O3 -fomit-frame-pointer line 15 x == 7
FAIL: gcc.dg/guality/pr43177.c -O3 -fomit-frame-pointer line 24 x == 7
FAIL: gcc.dg/guality/pr43177.c -O3 -g line 15 x == 7
FAIL: gcc.dg/guality/pr43177.c -O3 -g line 24 x == 7
FAIL: gcc.dg/guality/pr43177.c -Os line 15 x == 7
FAIL: gcc.dg/guality/pr43177.c -Os line 24 x == 7
FAIL: gcc.dg/guality/pr43177.c -O2 -flto -fno-use-linker-plugin -flto-partition=none line 15 x == 7
FAIL: gcc.dg/guality/pr43177.c -O2 -flto -fno-use-linker-plugin -flto-partition=none line 24 x == 7
FAIL: gcc.dg/guality/pr43177.c -O2 -flto -fuse-linker-plugin -fno-fat-lto-objects line 15 x == 7
FAIL: gcc.dg/guality/pr43177.c -O2 -flto -fuse-linker-plugin -fno-fat-lto-objects line 24 x == 7
FAIL: gcc.dg/guality/pr43479.c -O2 -flto -fno-use-linker-plugin -flto-partition=none line 13 h == 9
FAIL: gcc.dg/guality/pr43479.c -O2 -flto -fuse-linker-plugin -fno-fat-lto-objects line 13 h == 9
FAIL: gcc.dg/guality/sra-1.c -O1 line 43 a.i == 4
FAIL: gcc.dg/guality/sra-1.c -O1 line 43 a.j == 14
FAIL: gcc.dg/guality/sra-1.c -O2 line 43 a.i == 4
FAIL: gcc.dg/guality/sra-1.c -O2 line 43 a.j == 14
FAIL: gcc.dg/guality/sra-1.c -O3 -fomit-frame-pointer line 43 a.i == 4
FAIL: gcc.dg/guality/sra-1.c -O3 -fomit-frame-pointer line 43 a.j == 14
FAIL: gcc.dg/guality/sra-1.c -O3 -g line 43 a.i == 4
FAIL: gcc.dg/guality/sra-1.c -O3 -g line 43 a.j == 14
FAIL: gcc.dg/guality/sra-1.c -Os line 43 a.i == 4
FAIL: gcc.dg/guality/sra-1.c -Os line 43 a.j == 14
FAIL: gcc.dg/guality/sra-1.c -O2 -flto -fno-use-linker-plugin -flto-partition=none line 43 a.i == 4
FAIL: gcc.dg/guality/sra-1.c -O2 -flto -fno-use-linker-plugin -flto-partition=none line 43 a.j == 14
FAIL: gcc.dg/guality/sra-1.c -O2 -flto -fuse-linker-plugin -fno-fat-lto-objects line 43 a.i == 4
FAIL: gcc.dg/guality/sra-1.c -O2 -flto -fuse-linker-plugin -fno-fat-lto-objects line 43 a.j == 14
FAIL: gcc.dg/guality/vla-1.c -O0 line 17 sizeof (a) == 6
FAIL: gcc.dg/guality/vla-1.c -O0 line 24 sizeof (a) == 17 * sizeof (short)
FAIL: gcc.dg/guality/vla-1.c -O1 line 17 sizeof (a) == 6
FAIL: gcc.dg/guality/vla-1.c -O1 line 24 sizeof (a) == 17 * sizeof (short)
FAIL: gcc.dg/guality/vla-1.c -O2 line 17 sizeof (a) == 6
FAIL: gcc.dg/guality/vla-1.c -O2 line 24 sizeof (a) == 17 * sizeof (short)
FAIL: gcc.dg/guality/vla-1.c -O3 -fomit-frame-pointer line 17 sizeof (a) == 6
FAIL: gcc.dg/guality/vla-1.c -O3 -fomit-frame-pointer line 24 sizeof (a) == 17 * sizeof (short)
FAIL: gcc.dg/guality/vla-1.c -O3 -g line 17 sizeof (a) == 6
FAIL: gcc.dg/guality/vla-1.c -O3 -g line 24 sizeof (a) == 17 * sizeof (short)
FAIL: gcc.dg/guality/vla-1.c -Os line 17 sizeof (a) == 6
FAIL: gcc.dg/guality/vla-1.c -Os line 24 i == 5
FAIL: gcc.dg/guality/vla-1.c -Os line 24 sizeof (a) == 17 * sizeof (short)
FAIL: gcc.dg/guality/vla-1.c -O2 -flto -fno-use-linker-plugin -flto-partition=none line 17 sizeof (a) == 6
FAIL: gcc.dg/guality/vla-1.c -O2 -flto -fno-use-linker-plugin -flto-partition=none line 24 sizeof (a) == 17 * sizeof (short)
FAIL: gcc.dg/guality/vla-1.c -O2 -flto -fuse-linker-plugin -fno-fat-lto-objects line 17 sizeof (a) == 6
FAIL: gcc.dg/guality/vla-1.c -O2 -flto -fuse-linker-plugin -fno-fat-lto-objects line 24 sizeof (a) == 17 * sizeof (short)
FAIL: gcc.dg/guality/vla-2.c -O0 line 16 sizeof (a) == 5 * sizeof (int)
FAIL: gcc.dg/guality/vla-2.c -O0 line 25 sizeof (a) == 6 * sizeof (int)
FAIL: gcc.dg/guality/vla-2.c -O1 line 16 sizeof (a) == 5 * sizeof (int)
FAIL: gcc.dg/guality/vla-2.c -O1 line 25 sizeof (a) == 6 * sizeof (int)
FAIL: gcc.dg/guality/vla-2.c -O2 line 16 sizeof (a) == 5 * sizeof (int)
FAIL: gcc.dg/guality/vla-2.c -O2 line 25 sizeof (a) == 6 * sizeof (int)
FAIL: gcc.dg/guality/vla-2.c -O3 -fomit-frame-pointer line 16 sizeof (a) == 5 * sizeof (int)
FAIL: gcc.dg/guality/vla-2.c -O3 -fomit-frame-pointer line 25 sizeof (a) == 6 * sizeof (int)
FAIL: gcc.dg/guality/vla-2.c -O3 -g line 16 sizeof (a) == 5 * sizeof (int)
FAIL: gcc.dg/guality/vla-2.c -O3 -g line 25 sizeof (a) == 6 * sizeof (int)
FAIL: gcc.dg/guality/vla-2.c -Os line 16 sizeof (a) == 5 * sizeof (int)
FAIL: gcc.dg/guality/vla-2.c -Os line 25 sizeof (a) == 6 * sizeof (int)
FAIL: gcc.dg/guality/vla-2.c -O2 -flto -fno-use-linker-plugin -flto-partition=none line 16 sizeof (a) == 5 * sizeof (int)
FAIL: gcc.dg/guality/vla-2.c -O2 -flto -fno-use-linker-plugin -flto-partition=none line 25 sizeof (a) == 6 * sizeof (int)
FAIL: gcc.dg/guality/vla-2.c -O2 -flto -fuse-linker-plugin -fno-fat-lto-objects line 16 sizeof (a) == 5 * sizeof (int)
FAIL: gcc.dg/guality/vla-2.c -O2 -flto -fuse-linker-plugin -fno-fat-lto-objects line 25 sizeof (a) == 6 * sizeof (int)
FAIL: gcc.dg/ipa/inline-5.c scan-ipa-dump-times inline "Will be eliminated" 4
FAIL: gcc.dg/lto/trans-mem-1 c_lto_trans-mem-1_0.o-c_lto_trans-mem-1_1.o link, -flto -fgnu-tm
UNRESOLVED: gcc.dg/lto/trans-mem-1 c_lto_trans-mem-1_0.o-c_lto_trans-mem-1_1.o execute -flto -fgnu-tm
FAIL: gcc.dg/lto/trans-mem-2 c_lto_trans-mem-2_0.o-c_lto_trans-mem-2_1.o link, -flto -fgnu-tm
UNRESOLVED: gcc.dg/lto/trans-mem-2 c_lto_trans-mem-2_0.o-c_lto_trans-mem-2_1.o execute -flto -fgnu-tm
FAIL: gcc.dg/simulate-thread/atomic-other-int.c -O0 -g (test for excess errors)
FAIL: gcc.dg/simulate-thread/atomic-other-int.c -O1 -g (test for excess errors)
FAIL: gcc.dg/simulate-thread/atomic-other-int.c -O2 -g (test for excess errors)
FAIL: gcc.dg/simulate-thread/atomic-other-int.c -O3 -g (test for excess errors)
FAIL: gcc.dg/simulate-thread/atomic-other-int.c -Os -g (test for excess errors)
FAIL: gcc.dg/simulate-thread/atomic-other-short.c -O0 -g (test for excess errors)
FAIL: gcc.dg/simulate-thread/atomic-other-short.c -O1 -g (test for excess errors)
FAIL: gcc.dg/simulate-thread/atomic-other-short.c -O2 -g (test for excess errors)
FAIL: gcc.dg/simulate-thread/atomic-other-short.c -O3 -g (test for excess errors)
FAIL: gcc.dg/simulate-thread/atomic-other-short.c -Os -g (test for excess errors)
FAIL: gcc.dg/simulate-thread/subfields.c -O2 -g thread simulation test
FAIL: gcc.dg/simulate-thread/subfields.c -O3 -g thread simulation test
FAIL: gcc.dg/simulate-thread/subfields.c -Os -g thread simulation test
FAIL: c-c++-common/simulate-thread/bitfields-2.c -Os -g thread simulation test
UNRESOLVED: gcc.dg/torture/ipa-pta-1.c -O2 -flto -fuse-linker-plugin -fno-fat-lto-objects scan-ipa-dump pta "bar.arg0 = { test4.arg0 test3.arg0 test2.arg0 test1.arg0 }"
UNRESOLVED: gcc.dg/torture/pr23821.c -O2 -flto -fuse-linker-plugin -fno-fat-lto-objects scan-tree-dump ivcanon "Added canonical iv"
UNRESOLVED: gcc.dg/torture/pr39074-2.c -O2 -flto -fuse-linker-plugin -fno-fat-lto-objects scan-tree-dump alias "y.._., points-to vars: { i }"
UNRESOLVED: gcc.dg/torture/pr39074.c -O2 -flto -fuse-linker-plugin -fno-fat-lto-objects scan-tree-dump alias "y.._., points-to vars: { i }"
UNRESOLVED: gcc.dg/torture/pr42898-2.c -O2 -flto -fuse-linker-plugin -fno-fat-lto-objects scan-tree-dump-times optimized "\\*ptr" 1
UNRESOLVED: gcc.dg/torture/pr42898.c -O2 -flto -fuse-linker-plugin -fno-fat-lto-objects scan-tree-dump-times optimized "\\*ptr" 1
UNRESOLVED: gcc.dg/torture/pr45704.c -O2 -flto -fuse-linker-plugin -fno-fat-lto-objects scan-tree-dump-times optimized "={v}" 1
UNRESOLVED: gcc.dg/torture/pr50472.c -O2 -flto -fuse-linker-plugin -fno-fat-lto-objects scan-tree-dump-not optimized "return 1"
UNRESOLVED: gcc.dg/torture/pta-callused-1.c -O2 -flto -fuse-linker-plugin -fno-fat-lto-objects scan-tree-dump alias "p.._., points-to vars: { i j }"
UNRESOLVED: gcc.dg/torture/pta-escape-1.c -O2 -flto -fuse-linker-plugin -fno-fat-lto-objects scan-tree-dump alias "ESCAPED = {[^
UNRESOLVED: gcc.dg/torture/pta-ptrarith-1.c -O2 -flto -fuse-linker-plugin -fno-fat-lto-objects scan-tree-dump alias "ESCAPED = {[^
UNRESOLVED: gcc.dg/torture/pta-ptrarith-2.c -O2 -flto -fuse-linker-plugin -fno-fat-lto-objects scan-tree-dump alias "= { i j }"
UNRESOLVED: gcc.dg/torture/pta-ptrarith-3.c -O2 -flto -fuse-linker-plugin -fno-fat-lto-objects scan-tree-dump alias "q_., points-to vars: { i j k }"
UNRESOLVED: gcc.dg/torture/ssa-pta-fn-1.c -O2 -flto -fuse-linker-plugin -fno-fat-lto-objects scan-tree-dump alias "q_const_., points-to non-local, points-to vars: { i }"
UNRESOLVED: gcc.dg/torture/ssa-pta-fn-1.c -O2 -flto -fuse-linker-plugin -fno-fat-lto-objects scan-tree-dump alias "q_pure_., points-to non-local, points-to escaped, points-to vars: { i }"
UNRESOLVED: gcc.dg/torture/ssa-pta-fn-1.c -O2 -flto -fuse-linker-plugin -fno-fat-lto-objects scan-tree-dump alias "q_normal_., points-to non-local, points-to escaped, points-to vars: { }"
XPASS: gcc.dg/tree-ssa/loop-1.c scan-assembler-times foo 5
FAIL: gcc.dg/tree-ssa/vrp47.c scan-tree-dump-times dom1 "x[^ ]* & y" 1
=== gcc Summary ===
# of expected passes 72631
# of unexpected failures 106
# of unexpected successes 41
# of expected failures 124
# of unresolved testcases 26
# of unsupported tests 1301
/home/dave/gnu/gcc/objdir/gcc/xgcc version 4.7.0 20111128 (experimental) [trunk revision 181789] (GCC)
=== gfortran tests ===
Running target unix
WARNING: program timed out.
FAIL: gfortran.dg/namelist_12.f -Os (test for excess errors)
UNRESOLVED: gfortran.dg/namelist_12.f -Os compilation failed to produce executable
FAIL: gfortran.dg/pr45636.f90 -O scan-tree-dump-times forwprop2 "memset" 0
FAIL: gfortran.fortran-torture/execute/entry_4.f90 execution, -O2
FAIL: gfortran.fortran-torture/execute/entry_4.f90 execution, -O2 -fomit-frame-pointer -finline-functions
FAIL: gfortran.fortran-torture/execute/entry_4.f90 execution, -O2 -fomit-frame-pointer -finline-functions -funroll-loops
FAIL: gfortran.fortran-torture/execute/entry_4.f90 execution, -O2 -fbounds-check
FAIL: gfortran.fortran-torture/execute/entry_4.f90 execution, -O3 -g
=== gfortran Summary ===
# of expected passes 38860
# of unexpected failures 7
# of expected failures 42
# of unresolved testcases 1
# of unsupported tests 380
/home/dave/gnu/gcc/objdir/gcc/testsuite/gfortran/../../gfortran version 4.7.0 20111128 (experimental) [trunk revision 181789] (GCC)
=== g++ tests ===
Running target unix
FAIL: g++.dg/abi/guard2.C scan-assembler _ZGVZN1A1fEvE1i,comdat
FAIL: g++.dg/abi/guard2.C scan-assembler _ZGVZN1A1fEvE1i,comdat
FAIL: g++.dg/simulate-thread/bitfields-2.C -O2 -g -std=c++98 thread simulation test
FAIL: g++.dg/simulate-thread/bitfields-2.C -O3 -g -std=c++11 thread simulation test
FAIL: g++.dg/simulate-thread/bitfields-2.C -Os -g thread simulation test
FAIL: g++.dg/simulate-thread/bitfields.C -O2 -g -std=c++98 thread simulation test
FAIL: g++.dg/simulate-thread/bitfields.C -O3 -g -std=c++11 thread simulation test
FAIL: g++.dg/simulate-thread/bitfields.C -Os -g thread simulation test
FAIL: c-c++-common/simulate-thread/bitfields-2.c -Os -g thread simulation test
=== g++ Summary ===
# of expected passes 45466
# of unexpected failures 9
# of expected failures 282
# of unsupported tests 699
/home/dave/gnu/gcc/objdir/gcc/testsuite/g++/../../g++ version 4.7.0 20111128 (experimental) [trunk revision 181789] (GCC)
=== gnat tests ===
Running target unix
=== gnat Summary ===
# of expected passes 1047
# of expected failures 11
# of unsupported tests 9
/home/dave/gnu/gcc/objdir/gcc/gnatmake version 4.7.0 20111128 (experimental) [trunk revision 181789]
=== obj-c++ tests ===
Running target unix
FAIL: obj-c++.dg/naming-3.mm -fgnu-runtime (test for errors, line 6)
FAIL: obj-c++.dg/naming-4.mm -fgnu-runtime (test for errors, line 31)
FAIL: obj-c++.dg/naming-4.mm -fgnu-runtime (test for warnings, line 63)
FAIL: obj-c++.dg/naming-4.mm -fgnu-runtime (test for warnings, line 100)
=== obj-c++ Summary ===
# of expected passes 1446
# of unexpected failures 4
# of expected failures 2
# of unsupported tests 86
/home/dave/gnu/gcc/objdir/gcc/testsuite/obj-c++/../../g++ version 4.7.0 20111128 (experimental) [trunk revision 181789] (GCC)
=== objc tests ===
Running target unix
=== objc Summary ===
# of expected passes 2994
# of unsupported tests 74
/home/dave/gnu/gcc/objdir/gcc/xgcc version 4.7.0 20111128 (experimental) [trunk revision 181789] (GCC)
=== boehm-gc tests ===
Running target unix
FAIL: boehm-gc.c/thread_leak_test.c -O2 (test for excess errors)
=== boehm-gc Summary ===
# of expected passes 11
# of unexpected failures 1
# of unsupported tests 1
=== libffi tests ===
Running target unix
=== libffi Summary ===
# of expected passes 1634
# of expected failures 10
# of unsupported tests 15
=== libgomp tests ===
Running target unix
FAIL: libgomp.c/atomic-10.c (test for excess errors)
UNRESOLVED: libgomp.c/atomic-10.c compilation failed to produce executable
FAIL: libgomp.c/atomic-11.c (test for excess errors)
UNRESOLVED: libgomp.c/atomic-11.c compilation failed to produce executable
FAIL: libgomp.c/atomic-14.c (test for excess errors)
UNRESOLVED: libgomp.c/atomic-14.c compilation failed to produce executable
FAIL: libgomp.c/collapse-1.c (test for excess errors)
UNRESOLVED: libgomp.c/collapse-1.c compilation failed to produce executable
FAIL: libgomp.c/collapse-3.c (test for excess errors)
UNRESOLVED: libgomp.c/collapse-3.c compilation failed to produce executable
FAIL: libgomp.c/icv-1.c (test for excess errors)
UNRESOLVED: libgomp.c/icv-1.c compilation failed to produce executable
FAIL: libgomp.c/icv-2.c (test for excess errors)
UNRESOLVED: libgomp.c/icv-2.c compilation failed to produce executable
FAIL: libgomp.c/lib-1.c (test for excess errors)
UNRESOLVED: libgomp.c/lib-1.c compilation failed to produce executable
FAIL: libgomp.c/nestedfn-3.c (test for excess errors)
UNRESOLVED: libgomp.c/nestedfn-3.c compilation failed to produce executable
FAIL: libgomp.c/nestedfn-4.c (test for excess errors)
UNRESOLVED: libgomp.c/nestedfn-4.c compilation failed to produce executable
FAIL: libgomp.c/pr42942.c (test for excess errors)
UNRESOLVED: libgomp.c/pr42942.c compilation failed to produce executable
FAIL: libgomp.c/reduction-1.c (test for excess errors)
UNRESOLVED: libgomp.c/reduction-1.c compilation failed to produce executable
FAIL: libgomp.c/reduction-2.c (test for excess errors)
UNRESOLVED: libgomp.c/reduction-2.c compilation failed to produce executable
FAIL: libgomp.c/reduction-3.c (test for excess errors)
UNRESOLVED: libgomp.c/reduction-3.c compilation failed to produce executable
FAIL: libgomp.c/reduction-4.c (test for excess errors)
UNRESOLVED: libgomp.c/reduction-4.c compilation failed to produce executable
FAIL: libgomp.c++/atomic-2.C -O0 (test for excess errors)
UNRESOLVED: libgomp.c++/atomic-2.C -O0 compilation failed to produce executable
FAIL: libgomp.c++/atomic-2.C -O1 (test for excess errors)
UNRESOLVED: libgomp.c++/atomic-2.C -O1 compilation failed to produce executable
FAIL: libgomp.c++/atomic-2.C -O2 (test for excess errors)
UNRESOLVED: libgomp.c++/atomic-2.C -O2 compilation failed to produce executable
FAIL: libgomp.c++/atomic-2.C -O3 -fomit-frame-pointer (test for excess errors)
UNRESOLVED: libgomp.c++/atomic-2.C -O3 -fomit-frame-pointer compilation failed to produce executable
FAIL: libgomp.c++/atomic-2.C -O3 -fomit-frame-pointer -funroll-loops (test for excess errors)
UNRESOLVED: libgomp.c++/atomic-2.C -O3 -fomit-frame-pointer -funroll-loops compilation failed to produce executable
FAIL: libgomp.c++/atomic-2.C -O3 -fomit-frame-pointer -funroll-all-loops -finline-functions (test for excess errors)
UNRESOLVED: libgomp.c++/atomic-2.C -O3 -fomit-frame-pointer -funroll-all-loops -finline-functions compilation failed to produce executable
FAIL: libgomp.c++/atomic-2.C -O3 -g (test for excess errors)
UNRESOLVED: libgomp.c++/atomic-2.C -O3 -g compilation failed to produce executable
FAIL: libgomp.c++/atomic-2.C -Os (test for excess errors)
UNRESOLVED: libgomp.c++/atomic-2.C -Os compilation failed to produce executable
FAIL: libgomp.c++/atomic-4.C -O0 (test for excess errors)
UNRESOLVED: libgomp.c++/atomic-4.C -O0 compilation failed to produce executable
FAIL: libgomp.c++/atomic-4.C -O1 (test for excess errors)
UNRESOLVED: libgomp.c++/atomic-4.C -O1 compilation failed to produce executable
FAIL: libgomp.c++/atomic-4.C -O2 (test for excess errors)
UNRESOLVED: libgomp.c++/atomic-4.C -O2 compilation failed to produce executable
FAIL: libgomp.c++/atomic-4.C -O3 -fomit-frame-pointer (test for excess errors)
UNRESOLVED: libgomp.c++/atomic-4.C -O3 -fomit-frame-pointer compilation failed to produce executable
FAIL: libgomp.c++/atomic-4.C -O3 -fomit-frame-pointer -funroll-loops (test for excess errors)
UNRESOLVED: libgomp.c++/atomic-4.C -O3 -fomit-frame-pointer -funroll-loops compilation failed to produce executable
FAIL: libgomp.c++/atomic-4.C -O3 -fomit-frame-pointer -funroll-all-loops -finline-functions (test for excess errors)
UNRESOLVED: libgomp.c++/atomic-4.C -O3 -fomit-frame-pointer -funroll-all-loops -finline-functions compilation failed to produce executable
FAIL: libgomp.c++/atomic-4.C -O3 -g (test for excess errors)
UNRESOLVED: libgomp.c++/atomic-4.C -O3 -g compilation failed to produce executable
FAIL: libgomp.c++/atomic-4.C -Os (test for excess errors)
UNRESOLVED: libgomp.c++/atomic-4.C -Os compilation failed to produce executable
FAIL: libgomp.c++/atomic-8.C -O0 (test for excess errors)
UNRESOLVED: libgomp.c++/atomic-8.C -O0 compilation failed to produce executable
FAIL: libgomp.c++/atomic-8.C -O1 (test for excess errors)
UNRESOLVED: libgomp.c++/atomic-8.C -O1 compilation failed to produce executable
FAIL: libgomp.c++/atomic-8.C -O2 (test for excess errors)
UNRESOLVED: libgomp.c++/atomic-8.C -O2 compilation failed to produce executable
FAIL: libgomp.c++/atomic-8.C -O3 -fomit-frame-pointer (test for excess errors)
UNRESOLVED: libgomp.c++/atomic-8.C -O3 -fomit-frame-pointer compilation failed to produce executable
FAIL: libgomp.c++/atomic-8.C -O3 -fomit-frame-pointer -funroll-loops (test for excess errors)
UNRESOLVED: libgomp.c++/atomic-8.C -O3 -fomit-frame-pointer -funroll-loops compilation failed to produce executable
FAIL: libgomp.c++/atomic-8.C -O3 -fomit-frame-pointer -funroll-all-loops -finline-functions (test for excess errors)
UNRESOLVED: libgomp.c++/atomic-8.C -O3 -fomit-frame-pointer -funroll-all-loops -finline-functions compilation failed to produce executable
FAIL: libgomp.c++/atomic-8.C -O3 -g (test for excess errors)
UNRESOLVED: libgomp.c++/atomic-8.C -O3 -g compilation failed to produce executable
FAIL: libgomp.c++/atomic-8.C -Os (test for excess errors)
UNRESOLVED: libgomp.c++/atomic-8.C -Os compilation failed to produce executable
FAIL: libgomp.c++/atomic-9.C -O0 (test for excess errors)
UNRESOLVED: libgomp.c++/atomic-9.C -O0 compilation failed to produce executable
FAIL: libgomp.c++/atomic-9.C -O1 (test for excess errors)
UNRESOLVED: libgomp.c++/atomic-9.C -O1 compilation failed to produce executable
FAIL: libgomp.c++/atomic-9.C -O2 (test for excess errors)
UNRESOLVED: libgomp.c++/atomic-9.C -O2 compilation failed to produce executable
FAIL: libgomp.c++/atomic-9.C -O3 -fomit-frame-pointer (test for excess errors)
UNRESOLVED: libgomp.c++/atomic-9.C -O3 -fomit-frame-pointer compilation failed to produce executable
FAIL: libgomp.c++/atomic-9.C -O3 -fomit-frame-pointer -funroll-loops (test for excess errors)
UNRESOLVED: libgomp.c++/atomic-9.C -O3 -fomit-frame-pointer -funroll-loops compilation failed to produce executable
FAIL: libgomp.c++/atomic-9.C -O3 -fomit-frame-pointer -funroll-all-loops -finline-functions (test for excess errors)
UNRESOLVED: libgomp.c++/atomic-9.C -O3 -fomit-frame-pointer -funroll-all-loops -finline-functions compilation failed to produce executable
FAIL: libgomp.c++/atomic-9.C -O3 -g (test for excess errors)
UNRESOLVED: libgomp.c++/atomic-9.C -O3 -g compilation failed to produce executable
FAIL: libgomp.c++/atomic-9.C -Os (test for excess errors)
UNRESOLVED: libgomp.c++/atomic-9.C -Os compilation failed to produce executable
FAIL: libgomp.c++/collapse-1.C -O0 (test for excess errors)
UNRESOLVED: libgomp.c++/collapse-1.C -O0 compilation failed to produce executable
FAIL: libgomp.c++/collapse-1.C -O1 (test for excess errors)
UNRESOLVED: libgomp.c++/collapse-1.C -O1 compilation failed to produce executable
FAIL: libgomp.c++/collapse-1.C -O2 (test for excess errors)
UNRESOLVED: libgomp.c++/collapse-1.C -O2 compilation failed to produce executable
FAIL: libgomp.c++/collapse-1.C -O3 -fomit-frame-pointer (test for excess errors)
UNRESOLVED: libgomp.c++/collapse-1.C -O3 -fomit-frame-pointer compilation failed to produce executable
FAIL: libgomp.c++/collapse-1.C -O3 -fomit-frame-pointer -funroll-loops (test for excess errors)
UNRESOLVED: libgomp.c++/collapse-1.C -O3 -fomit-frame-pointer -funroll-loops compilation failed to produce executable
FAIL: libgomp.c++/collapse-1.C -O3 -fomit-frame-pointer -funroll-all-loops -finline-functions (test for excess errors)
UNRESOLVED: libgomp.c++/collapse-1.C -O3 -fomit-frame-pointer -funroll-all-loops -finline-functions compilation failed to produce executable
FAIL: libgomp.c++/collapse-1.C -O3 -g (test for excess errors)
UNRESOLVED: libgomp.c++/collapse-1.C -O3 -g compilation failed to produce executable
FAIL: libgomp.c++/collapse-1.C -Os (test for excess errors)
UNRESOLVED: libgomp.c++/collapse-1.C -Os compilation failed to produce executable
FAIL: libgomp.c++/reduction-1.C -O (test for excess errors)
UNRESOLVED: libgomp.c++/reduction-1.C -O compilation failed to produce executable
FAIL: libgomp.c++/reduction-2.C -O (test for excess errors)
UNRESOLVED: libgomp.c++/reduction-2.C -O compilation failed to produce executable
FAIL: libgomp.c++/reduction-3.C -O (test for excess errors)
UNRESOLVED: libgomp.c++/reduction-3.C -O compilation failed to produce executable
FAIL: libgomp.c++/task-8.C -O1 execution test
FAIL: libgomp.fortran/reduction5.f90 -O0 (test for excess errors)
UNRESOLVED: libgomp.fortran/reduction5.f90 -O0 compilation failed to produce executable
FAIL: libgomp.fortran/reduction5.f90 -O1 (test for excess errors)
UNRESOLVED: libgomp.fortran/reduction5.f90 -O1 compilation failed to produce executable
FAIL: libgomp.fortran/reduction5.f90 -O2 (test for excess errors)
UNRESOLVED: libgomp.fortran/reduction5.f90 -O2 compilation failed to produce executable
FAIL: libgomp.fortran/reduction5.f90 -O3 -fomit-frame-pointer (test for excess errors)
UNRESOLVED: libgomp.fortran/reduction5.f90 -O3 -fomit-frame-pointer compilation failed to produce executable
FAIL: libgomp.fortran/reduction5.f90 -O3 -fomit-frame-pointer -funroll-loops (test for excess errors)
UNRESOLVED: libgomp.fortran/reduction5.f90 -O3 -fomit-frame-pointer -funroll-loops compilation failed to produce executable
FAIL: libgomp.fortran/reduction5.f90 -O3 -fomit-frame-pointer -funroll-all-loops -finline-functions (test for excess errors)
UNRESOLVED: libgomp.fortran/reduction5.f90 -O3 -fomit-frame-pointer -funroll-all-loops -finline-functions compilation failed to produce executable
FAIL: libgomp.fortran/reduction5.f90 -O3 -g (test for excess errors)
UNRESOLVED: libgomp.fortran/reduction5.f90 -O3 -g compilation failed to produce executable
FAIL: libgomp.fortran/reduction5.f90 -Os (test for excess errors)
UNRESOLVED: libgomp.fortran/reduction5.f90 -Os compilation failed to produce executable
=== libgomp Summary ===
# of expected passes 2813
# of unexpected failures 67
# of unresolved testcases 66
# of unsupported tests 1
=== libjava tests ===
Running target unix
=== libjava Summary ===
# of expected passes 2574
=== libmudflap tests ===
Running target unix
FAIL: libmudflap.c++/pass55-frag.cxx ( -O) execution test
WARNING: program timed out.
FAIL: libmudflap.cth/pass40-frag.c execution test
FAIL: libmudflap.cth/pass40-frag.c output pattern test
WARNING: program timed out.
FAIL: libmudflap.cth/pass40-frag.c (-static -DSTATIC) execution test
FAIL: libmudflap.cth/pass40-frag.c (-static -DSTATIC) output pattern test
WARNING: program timed out.
FAIL: libmudflap.cth/pass40-frag.c (-O2) execution test
FAIL: libmudflap.cth/pass40-frag.c (-O2) output pattern test
WARNING: program timed out.
FAIL: libmudflap.cth/pass40-frag.c (-O3) execution test
FAIL: libmudflap.cth/pass40-frag.c (-O3) output pattern test
=== libmudflap Summary ===
# of expected passes 1885
# of unexpected failures 9
=== libstdc++ tests ===
Running target unix
FAIL: 22_locale/time_get/get_date/wchar_t/4.cc execution test
FAIL: 23_containers/unordered_multimap/erase/24061-multimap.cc execution test
WARNING: program timed out.
FAIL: ext/rope/pthread7-rope.cc execution test
=== libstdc++ Summary ===
# of expected passes 8399
# of unexpected failures 3
# of expected failures 45
# of unsupported tests 250
Compiler version: 4.7.0 20111128 (experimental) [trunk revision 181789] (GCC)
Platform: hppa-unknown-linux-gnu
configure flags: --with-gnu-as --with-gnu-ld --enable-shared --enable-multiarch --with-multiarch-defaults=hppa-linux-gnu --enable-linker-build-id --build=hppa-linux-gnu --host=hppa-linux-gnu --target=hppa-linux-gnu --prefix=/home/dave/opt/gnu/gcc/gcc-4.7.0 --with-local-prefix=/home/dave/opt/gnu --enable-threads=posix --enable-__cxa_atexit --disable-comdat --build=hppa-linux-gnu --enable-clocale=gnu --enable-java-gc=boehm --without-cloog --without-ppl --enable-languages=c,c++,objc,fortran,obj-c++,java,ada,lto
More information about the Gcc-testresults
mailing list