Results for 4.6.2 20110826 (prerelease) [gcc-4_6-branch revision 178112] (GCC) testsuite on sparc-sun-solaris2.9

Rainer Orth ro@CeBiTec.Uni-Bielefeld.DE
Mon Aug 29 09:24:00 GMT 2011


LAST_UPDATED: Fri Aug 26 18:06:17 UTC 2011 (revision 178112)

		=== acats tests ===

		=== acats Summary ===
# of expected passes		2321
# of unexpected failures	0
Native configuration is sparc-sun-solaris2.9

		=== g++ tests ===


Running target unix
WARNING: program timed out.
FAIL: g++.dg/lto/20091219 cp_lto_20091219_0.o-cp_lto_20091219_0.o link, -O3 -flto
UNRESOLVED: g++.dg/lto/20091219 cp_lto_20091219_0.o-cp_lto_20091219_0.o execute -O3 -flto
FAIL: g++.dg/torture/pr31863.C  -O2 -flto  (test for excess errors)

		=== g++ Summary for unix ===

# of expected passes		26360
# of unexpected failures	2
# of expected failures		169
# of unresolved testcases	1
# of unsupported tests		495

Running target unix/-m64
FAIL: g++.dg/lto/20091219 cp_lto_20091219_0.o-cp_lto_20091219_0.o link, -O3 -flto
UNRESOLVED: g++.dg/lto/20091219 cp_lto_20091219_0.o-cp_lto_20091219_0.o execute -O3 -flto
FAIL: g++.dg/torture/pr31863.C  -O2 -flto  (test for excess errors)

		=== g++ Summary for unix/-m64 ===

# of expected passes		26972
# of unexpected failures	2
# of expected failures		169
# of unresolved testcases	1
# of unsupported tests		492

		=== g++ Summary ===

# of expected passes		53332
# of unexpected failures	4
# of expected failures		338
# of unresolved testcases	2
# of unsupported tests		987
/var/gcc/regression/gcc-4.6-branch/9-gcc/build/gcc/testsuite/g++/../../g++  version 4.6.2 20110826 (prerelease) [gcc-4_6-branch revision 178112] (GCC) 

		=== gcc tests ===


Running target unix
FAIL: gcc.dg/ipa/ipa-sra-2.c scan-tree-dump eipa_sra "About to replace expr cow_.*D.->red with \\*ISRA"
FAIL: gcc.dg/ipa/ipa-sra-2.c scan-tree-dump eipa_sra "About to replace expr cow_.*D.->green with ISRA"
FAIL: gcc.dg/ipa/ipa-sra-2.c scan-tree-dump eipa_sra "About to replace expr calf_.*D.->red with \\*ISRA"
FAIL: gcc.dg/ipa/ipa-sra-2.c scan-tree-dump eipa_sra "About to replace expr calf_.*D.->green with ISRA"
FAIL: gcc.dg/ipa/ipa-sra-6.c scan-tree-dump-times eipa_sra "foo " 1
FAIL: gcc.dg/lto/20110201-1 c_lto_20110201-1_0.o-c_lto_20110201-1_0.o link,  -O0 -flto 
UNRESOLVED: gcc.dg/lto/20110201-1 c_lto_20110201-1_0.o-c_lto_20110201-1_0.o execute  -O0 -flto 

		=== gcc Summary for unix ===

# of expected passes		69877
# of unexpected failures	6
# of expected failures		235
# of unresolved testcases	1
# of unsupported tests		1237

Running target unix/-m64
FAIL: gcc.dg/ipa/ipa-sra-2.c scan-tree-dump eipa_sra "About to replace expr cow_.*D.->red with \\*ISRA"
FAIL: gcc.dg/ipa/ipa-sra-2.c scan-tree-dump eipa_sra "About to replace expr cow_.*D.->green with ISRA"
FAIL: gcc.dg/ipa/ipa-sra-2.c scan-tree-dump eipa_sra "About to replace expr calf_.*D.->red with \\*ISRA"
FAIL: gcc.dg/ipa/ipa-sra-2.c scan-tree-dump eipa_sra "About to replace expr calf_.*D.->green with ISRA"
FAIL: gcc.dg/ipa/ipa-sra-6.c scan-tree-dump-times eipa_sra "foo " 1

		=== gcc Summary for unix/-m64 ===

# of expected passes		70466
# of unexpected failures	5
# of expected failures		227
# of unsupported tests		1239

		=== gcc Summary ===

# of expected passes		140343
# of unexpected failures	11
# of expected failures		462
# of unresolved testcases	1
# of unsupported tests		2476
/var/gcc/regression/gcc-4.6-branch/9-gcc/build/gcc/xgcc  version 4.6.2 20110826 (prerelease) [gcc-4_6-branch revision 178112] (GCC) 

		=== gfortran tests ===


Running target unix

		=== gfortran Summary for unix ===

# of expected passes		38156
# of expected failures		43
# of unsupported tests		396

Running target unix/-m64

		=== gfortran Summary for unix/-m64 ===

# of expected passes		38435
# of expected failures		43
# of unsupported tests		259

		=== gfortran Summary ===

# of expected passes		76591
# of expected failures		86
# of unsupported tests		655
/var/gcc/regression/gcc-4.6-branch/9-gcc/build/gcc/testsuite/gfortran/../../gfortran  version 4.6.2 20110826 (prerelease) [gcc-4_6-branch revision 178112] (GCC) 

		=== gnat tests ===


Running target unix

		=== gnat Summary for unix ===

# of expected passes		870
# of expected failures		10
# of unsupported tests		4

Running target unix/-m64

		=== gnat Summary for unix/-m64 ===

# of expected passes		870
# of expected failures		10
# of unsupported tests		4

		=== gnat Summary ===

# of expected passes		1740
# of expected failures		20
# of unsupported tests		8
/var/gcc/regression/gcc-4.6-branch/9-gcc/build/gcc/gnatmake version 4.6.2 20110826 (prerelease) [gcc-4_6-branch revision 178112]

		=== objc tests ===


Running target unix

		=== objc Summary for unix ===

# of expected passes		2916
# of expected failures		10
# of unsupported tests		74

Running target unix/-m64

		=== objc Summary for unix/-m64 ===

# of expected passes		2916
# of expected failures		10
# of unsupported tests		74

		=== objc Summary ===

# of expected passes		5832
# of expected failures		20
# of unsupported tests		148
/var/gcc/regression/gcc-4.6-branch/9-gcc/build/gcc/xgcc  version 4.6.2 20110826 (prerelease) [gcc-4_6-branch revision 178112] (GCC) 

		=== libffi tests ===


Running target unix

		=== libffi Summary for unix ===

# of expected passes		1634
# of expected failures		10
# of unsupported tests		15

Running target unix/-m64

		=== libffi Summary for unix/-m64 ===

# of expected passes		1634
# of expected failures		10
# of unsupported tests		15

		=== libffi Summary ===

# of expected passes		3268
# of expected failures		20
# of unsupported tests		30
		=== libgomp tests ===


Running target unix

		=== libgomp Summary for unix ===

# of expected passes		2612
# of unsupported tests		10

Running target unix/-m64

		=== libgomp Summary for unix/-m64 ===

# of expected passes		2612
# of unsupported tests		10

		=== libgomp Summary ===

# of expected passes		5224
# of unsupported tests		20
		=== libjava tests ===


Running target unix
FAIL: InvokeInterface execution - source compiled test
FAIL: InvokeInterface -O3 execution - source compiled test

		=== libjava Summary for unix ===

# of expected passes		2570
# of unexpected failures	2
# of untested testcases		2

Running target unix/-m64
FAIL: InvokeInterface execution - source compiled test
FAIL: InvokeInterface -O3 execution - source compiled test

		=== libjava Summary for unix/-m64 ===

# of expected passes		2570
# of unexpected failures	2
# of untested testcases		2

		=== libjava Summary ===

# of expected passes		5140
# of unexpected failures	4
# of untested testcases		4
		=== libstdc++ tests ===


Running target unix

		=== libstdc++ Summary for unix ===

# of expected passes		6871
# of expected failures		84
# of unsupported tests		742

Running target unix/-m64

		=== libstdc++ Summary for unix/-m64 ===

# of expected passes		6871
# of expected failures		84
# of unsupported tests		742

		=== libstdc++ Summary ===

# of expected passes		13742
# of expected failures		168
# of unsupported tests		1484

Compiler version: 4.6.2 20110826 (prerelease) [gcc-4_6-branch revision 178112] (GCC) 
Platform: sparc-sun-solaris2.9
configure flags: --prefix=/vol/gcc --target=sparc-sun-solaris2.9 --with-gmp-include=/vol/gcc/include --with-gmp-lib=/vol/gcc/lib --with-mpfr-include=/vol/gcc/include --with-mpfr-lib=/vol/gcc/lib --with-mpc-include=/vol/gcc/include --with-mpc-lib=/vol/gcc/lib --enable-languages=all,ada --without-ppl --without-cloog
BOOT_CFLAGS=-g -O2



More information about the Gcc-testresults mailing list