Results for 4.7.0 20110818 (experimental) [trunk revision 177865] (GCC) testsuite on hppa64-hp-hpux11.11
John David Anglin
dave@hiauly3.hia.nrc.ca
Tue Aug 23 20:35:00 GMT 2011
Native configuration is hppa64-hp-hpux11.11
=== g++ tests ===
Running target unix
FAIL: g++.dg/init/copy7.C execution test
WARNING: program timed out.
=== g++ Summary ===
# of expected passes 25620
# of unexpected failures 1
# of expected failures 160
# of unsupported tests 599
/test/gnu/gcc/objdir/gcc/testsuite/g++/../../g++ version 4.7.0 20110818 (experimental) [trunk revision 177865] (GCC)
=== gcc tests ===
Running target unix
XPASS: gcc.dg/uninit-B.c uninit i warning (test for warnings, line 12)
XPASS: gcc.dg/uninit-pr19430.c (test for warnings, line 32)
XPASS: gcc.dg/uninit-pr19430.c uninitialized (test for warnings, line 41)
WARNING: program timed out.
FAIL: gcc.dg/ipa/ipa-sra-2.c scan-tree-dump eipa_sra "About to replace expr cow_.*D.->red with \\*ISRA"
FAIL: gcc.dg/ipa/ipa-sra-2.c scan-tree-dump eipa_sra "About to replace expr cow_.*D.->green with ISRA"
FAIL: gcc.dg/ipa/ipa-sra-2.c scan-tree-dump eipa_sra "About to replace expr calf_.*D.->red with \\*ISRA"
FAIL: gcc.dg/ipa/ipa-sra-2.c scan-tree-dump eipa_sra "About to replace expr calf_.*D.->green with ISRA"
FAIL: gcc.dg/ipa/ipa-sra-6.c scan-tree-dump-times eipa_sra "foo " 1
FAIL: gcc.dg/lto/20090116 c_lto_20090116_0.o-c_lto_20090116_0.o link, -O1 -flto -flto-partition=1to1 -fPIC (internal compiler error)
UNRESOLVED: gcc.dg/lto/20090116 c_lto_20090116_0.o-c_lto_20090116_0.o execute -O1 -flto -flto-partition=1to1 -fPIC
FAIL: gcc.dg/tree-ssa/vrp47.c scan-tree-dump-times dom1 "x[^ ]* & y" 1
=== gcc Summary ===
# of expected passes 67860
# of unexpected failures 7
# of unexpected successes 3
# of expected failures 112
# of unresolved testcases 1
# of unsupported tests 1293
/test/gnu/gcc/objdir/gcc/xgcc version 4.7.0 20110818 (experimental) [trunk revision 177865] (GCC)
=== gfortran tests ===
Running target unix
=== gfortran Summary ===
# of expected passes 38215
# of expected failures 41
# of unsupported tests 363
/test/gnu/gcc/objdir/gcc/testsuite/gfortran/../../gfortran version 4.7.0 20110818 (experimental) [trunk revision 177865] (GCC)
=== obj-c++ tests ===
Running target unix
=== obj-c++ Summary ===
# of expected passes 1440
# of expected failures 10
# of unsupported tests 86
/test/gnu/gcc/objdir/gcc/testsuite/obj-c++/../../g++ version 4.7.0 20110818 (experimental) [trunk revision 177865] (GCC)
=== objc tests ===
Running target unix
=== objc Summary ===
# of expected passes 2980
# of unsupported tests 75
/test/gnu/gcc/objdir/gcc/xgcc version 4.7.0 20110818 (experimental) [trunk revision 177865] (GCC)
=== libgomp tests ===
Running target unix
=== libgomp Summary ===
# of expected passes 2880
# of unsupported tests 10
=== libstdc++ tests ===
Running target unix
=== libstdc++ Summary ===
# of expected passes 7066
# of expected failures 46
# of unsupported tests 806
Compiler version: 4.7.0 20110818 (experimental) [trunk revision 177865] (GCC)
Platform: hppa64-hp-hpux11.11
configure flags:Test Run By dave on Tue Aug 23 04:51:53 2011
More information about the Gcc-testresults
mailing list