Results for 4.7.0 20110819 (experimental) [trunk revision 177911] (GCC) testsuite on i386-pc-solaris2.10
Rainer Orth
ro@CeBiTec.Uni-Bielefeld.DE
Mon Aug 22 11:19:00 GMT 2011
LAST_UPDATED: Fri Aug 19 18:15:33 UTC 2011 (revision 177911)
=== acats tests ===
=== acats Summary ===
# of expected passes 2321
# of unexpected failures 0
Native configuration is i386-pc-solaris2.10
=== g++ tests ===
Running target unix
FAIL: g++.dg/lto/20091219 cp_lto_20091219_0.o-cp_lto_20091219_0.o link, -O3 -flto
UNRESOLVED: g++.dg/lto/20091219 cp_lto_20091219_0.o-cp_lto_20091219_0.o execute -O3 -flto
FAIL: g++.dg/tree-prof/partition2.C compilation, -Os -fprofile-use
UNRESOLVED: g++.dg/tree-prof/partition2.C execution, -Os -fprofile-use
=== g++ Summary for unix ===
# of expected passes 27599
# of unexpected failures 2
# of expected failures 159
# of unresolved testcases 2
# of unsupported tests 191
Running target unix/-m64
FAIL: g++.dg/lto/20091219 cp_lto_20091219_0.o-cp_lto_20091219_0.o link, -O3 -flto
UNRESOLVED: g++.dg/lto/20091219 cp_lto_20091219_0.o-cp_lto_20091219_0.o execute -O3 -flto
FAIL: g++.dg/tree-prof/partition2.C compilation, -Os -fprofile-use
UNRESOLVED: g++.dg/tree-prof/partition2.C execution, -Os -fprofile-use
=== g++ Summary for unix/-m64 ===
# of expected passes 27830
# of unexpected failures 2
# of expected failures 159
# of unresolved testcases 2
# of unsupported tests 391
=== g++ Summary ===
# of expected passes 55429
# of unexpected failures 4
# of expected failures 318
# of unresolved testcases 4
# of unsupported tests 582
/var/gcc/regression/trunk/10-gcc/build/gcc/testsuite/g++/../../g++ version 4.7.0 20110819 (experimental) [trunk revision 177911] (GCC)
=== gcc tests ===
Running target unix
FAIL: gcc.dg/builtin-complex-err-1.c (internal compiler error)
FAIL: gcc.dg/builtin-complex-err-1.c (test for errors, line 11)
FAIL: gcc.dg/builtin-complex-err-1.c (test for errors, line 13)
FAIL: gcc.dg/builtin-complex-err-1.c (test for errors, line 15)
FAIL: gcc.dg/builtin-complex-err-1.c (test for errors, line 17)
FAIL: gcc.dg/builtin-complex-err-1.c (test for errors, line 22)
FAIL: gcc.dg/builtin-complex-err-1.c (test for errors, line 23)
FAIL: gcc.dg/builtin-complex-err-1.c (test for errors, line 26)
FAIL: gcc.dg/builtin-complex-err-1.c (test for excess errors)
FAIL: gcc.dg/builtin-complex-err-2.c (internal compiler error)
FAIL: gcc.dg/builtin-complex-err-2.c (test for excess errors)
XPASS: gcc.dg/uninit-B.c uninit i warning (test for warnings, line 12)
XPASS: gcc.dg/uninit-pr19430.c (test for warnings, line 32)
XPASS: gcc.dg/uninit-pr19430.c uninitialized (test for warnings, line 41)
FAIL: gcc.dg/torture/builtin-complex-1.c -O0 (internal compiler error)
FAIL: gcc.dg/torture/builtin-complex-1.c -O0 (test for excess errors)
WARNING: gcc.dg/torture/builtin-complex-1.c -O0 compilation failed to produce executable
FAIL: gcc.dg/torture/builtin-complex-1.c -O1 (internal compiler error)
FAIL: gcc.dg/torture/builtin-complex-1.c -O1 (test for excess errors)
WARNING: gcc.dg/torture/builtin-complex-1.c -O1 compilation failed to produce executable
FAIL: gcc.dg/torture/builtin-complex-1.c -O2 (internal compiler error)
FAIL: gcc.dg/torture/builtin-complex-1.c -O2 (test for excess errors)
WARNING: gcc.dg/torture/builtin-complex-1.c -O2 compilation failed to produce executable
FAIL: gcc.dg/torture/builtin-complex-1.c -O3 -fomit-frame-pointer (internal compiler error)
FAIL: gcc.dg/torture/builtin-complex-1.c -O3 -fomit-frame-pointer (test for excess errors)
WARNING: gcc.dg/torture/builtin-complex-1.c -O3 -fomit-frame-pointer compilation failed to produce executable
FAIL: gcc.dg/torture/builtin-complex-1.c -O3 -fomit-frame-pointer -funroll-loops (internal compiler error)
FAIL: gcc.dg/torture/builtin-complex-1.c -O3 -fomit-frame-pointer -funroll-loops (test for excess errors)
WARNING: gcc.dg/torture/builtin-complex-1.c -O3 -fomit-frame-pointer -funroll-loops compilation failed to produce executable
FAIL: gcc.dg/torture/builtin-complex-1.c -O3 -fomit-frame-pointer -funroll-all-loops -finline-functions (internal compiler error)
FAIL: gcc.dg/torture/builtin-complex-1.c -O3 -fomit-frame-pointer -funroll-all-loops -finline-functions (test for excess errors)
WARNING: gcc.dg/torture/builtin-complex-1.c -O3 -fomit-frame-pointer -funroll-all-loops -finline-functions compilation failed to produce executable
FAIL: gcc.dg/torture/builtin-complex-1.c -O3 -g (internal compiler error)
FAIL: gcc.dg/torture/builtin-complex-1.c -O3 -g (test for excess errors)
WARNING: gcc.dg/torture/builtin-complex-1.c -O3 -g compilation failed to produce executable
FAIL: gcc.dg/torture/builtin-complex-1.c -Os (internal compiler error)
FAIL: gcc.dg/torture/builtin-complex-1.c -Os (test for excess errors)
WARNING: gcc.dg/torture/builtin-complex-1.c -Os compilation failed to produce executable
FAIL: gcc.dg/torture/builtin-complex-1.c -O2 -flto -flto-partition=none (internal compiler error)
FAIL: gcc.dg/torture/builtin-complex-1.c -O2 -flto -flto-partition=none (test for excess errors)
WARNING: gcc.dg/torture/builtin-complex-1.c -O2 -flto -flto-partition=none compilation failed to produce executable
FAIL: gcc.dg/torture/builtin-complex-1.c -O2 -flto (internal compiler error)
FAIL: gcc.dg/torture/builtin-complex-1.c -O2 -flto (test for excess errors)
WARNING: gcc.dg/torture/builtin-complex-1.c -O2 -flto compilation failed to produce executable
FAIL: gcc.dg/tree-ssa/vrp47.c scan-tree-dump-times dom1 "x[^ ]* & y" 1
FAIL: gcc.target/i386/pr25293.c (internal compiler error)
FAIL: gcc.target/i386/pr25293.c (test for excess errors)
=== gcc Summary for unix ===
# of expected passes 79173
# of unexpected failures 34
# of unexpected successes 3
# of expected failures 244
# of unsupported tests 897
Running target unix/-m64
XPASS: gcc.dg/uninit-B.c uninit i warning (test for warnings, line 12)
XPASS: gcc.dg/uninit-pr19430.c (test for warnings, line 32)
XPASS: gcc.dg/uninit-pr19430.c uninitialized (test for warnings, line 41)
FAIL: gcc.dg/tree-prof/bb-reorg.c execution, -fprofile-use -D_PROFILE_USE
FAIL: gcc.dg/tree-ssa/vrp47.c scan-tree-dump-times dom1 "x[^ ]* & y" 1
=== gcc Summary for unix/-m64 ===
# of expected passes 79372
# of unexpected failures 2
# of unexpected successes 3
# of expected failures 244
# of unsupported tests 1291
=== gcc Summary ===
# of expected passes 158545
# of unexpected failures 36
# of unexpected successes 6
# of expected failures 488
# of unsupported tests 2188
/var/gcc/regression/trunk/10-gcc/build/gcc/xgcc version 4.7.0 20110819 (experimental) [trunk revision 177911] (GCC)
=== gfortran tests ===
Running target unix
XPASS: gfortran.dg/graphite/interchange-1.f -O scan-tree-dump-times graphite "will be interchanged" 1
=== gfortran Summary for unix ===
# of expected passes 39294
# of unexpected successes 1
# of expected failures 52
# of unsupported tests 228
Running target unix/-m64
XPASS: gfortran.dg/graphite/interchange-1.f -O scan-tree-dump-times graphite "will be interchanged" 1
=== gfortran Summary for unix/-m64 ===
# of expected passes 39589
# of unexpected successes 1
# of expected failures 52
# of unsupported tests 90
=== gfortran Summary ===
# of expected passes 78883
# of unexpected successes 2
# of expected failures 104
# of unsupported tests 318
/var/gcc/regression/trunk/10-gcc/build/gcc/testsuite/gfortran/../../gfortran version 4.7.0 20110819 (experimental) [trunk revision 177911] (GCC)
=== gnat tests ===
Running target unix
=== gnat Summary for unix ===
# of expected passes 911
# of expected failures 11
# of unsupported tests 5
Running target unix/-m64
=== gnat Summary for unix/-m64 ===
# of expected passes 911
# of expected failures 11
# of unsupported tests 5
=== gnat Summary ===
# of expected passes 1822
# of expected failures 22
# of unsupported tests 10
/var/gcc/regression/trunk/10-gcc/build/gcc/gnatmake version 4.7.0 20110819 (experimental) [trunk revision 177911]
=== go tests ===
Running target unix
FAIL: ./select5-out.go compilation, -O2 -g
FAIL: go.test/test/fixedbugs/bug273.go execution, -O2 -g
WARNING: program timed out.
=== go Summary for unix ===
# of expected passes 2984
# of unexpected failures 2
# of expected failures 23
# of untested testcases 1
Running target unix/-m64
=== go Summary for unix/-m64 ===
# of expected passes 2987
# of expected failures 23
=== go Summary ===
# of expected passes 5971
# of unexpected failures 2
# of expected failures 46
# of untested testcases 1
/var/gcc/regression/trunk/10-gcc/build/gcc/testsuite/go/../../gccgo version 4.7.0 20110819 (experimental) [trunk revision 177911] (GCC)
=== obj-c++ tests ===
Running target unix
=== obj-c++ Summary for unix ===
# of expected passes 1448
# of expected failures 2
# of unsupported tests 86
Running target unix/-m64
=== obj-c++ Summary for unix/-m64 ===
# of expected passes 1440
# of expected failures 10
# of unsupported tests 86
=== obj-c++ Summary ===
# of expected passes 2888
# of expected failures 12
# of unsupported tests 172
/var/gcc/regression/trunk/10-gcc/build/gcc/testsuite/obj-c++/../../g++ version 4.7.0 20110819 (experimental) [trunk revision 177911] (GCC)
=== objc tests ===
Running target unix
=== objc Summary for unix ===
# of expected passes 2976
# of expected failures 6
# of unsupported tests 74
Running target unix/-m64
=== objc Summary for unix/-m64 ===
# of expected passes 2976
# of expected failures 6
# of unsupported tests 74
=== objc Summary ===
# of expected passes 5952
# of expected failures 12
# of unsupported tests 148
/var/gcc/regression/trunk/10-gcc/build/gcc/xgcc version 4.7.0 20110819 (experimental) [trunk revision 177911] (GCC)
=== boehm-gc tests ===
Running target unix
=== boehm-gc Summary for unix ===
# of expected passes 12
# of unsupported tests 1
Running target unix/-m64
=== boehm-gc Summary for unix/-m64 ===
# of expected passes 12
# of unsupported tests 1
=== boehm-gc Summary ===
# of expected passes 24
# of unsupported tests 2
=== libffi tests ===
Running target unix
=== libffi Summary for unix ===
# of expected passes 1634
# of expected failures 10
# of unsupported tests 15
Running target unix/-m64
=== libffi Summary for unix/-m64 ===
# of expected passes 1634
# of expected failures 10
# of unsupported tests 15
=== libffi Summary ===
# of expected passes 3268
# of expected failures 20
# of unsupported tests 30
=== libgo tests ===
Running target unix
FAIL: crypto/rand
=== libgo Summary for unix ===
# of expected passes 123
# of unexpected failures 1
# of untested testcases 2
Running target unix/-m64
FAIL: exec
FAIL: html
FAIL: http
FAIL: log
FAIL: mime
FAIL: netchan
FAIL: os
FAIL: rpc
FAIL: strconv
FAIL: template
FAIL: time
FAIL: websocket
FAIL: archive/tar
FAIL: archive/zip
FAIL: compress/flate
FAIL: compress/lzw
FAIL: compress/zlib
FAIL: crypto/dsa
FAIL: crypto/ecdsa
FAIL: crypto/elliptic
FAIL: crypto/openpgp
FAIL: crypto/rand
FAIL: crypto/rsa
FAIL: crypto/x509
FAIL: debug/dwarf
FAIL: debug/elf
FAIL: debug/macho
FAIL: debug/pe
FAIL: go/parser
FAIL: go/printer
FAIL: go/typechecker
FAIL: http/cgi
FAIL: image/jpeg
FAIL: image/png
FAIL: io/ioutil
FAIL: mime/multipart
FAIL: path/filepath
FAIL: rpc/jsonrpc
=== libgo Summary for unix/-m64 ===
# of expected passes 86
# of unexpected failures 38
# of untested testcases 2
=== libgo Summary ===
# of expected passes 209
# of unexpected failures 39
# of untested testcases 4
/var/gcc/regression/trunk/10-gcc/build/./gcc/gccgo version 4.7.0 20110819 (experimental) [trunk revision 177911] (GCC)
=== libgomp tests ===
Running target unix
FAIL: libgomp.graphite/force-parallel-1.c execution test
=== libgomp Summary for unix ===
# of expected passes 2971
# of unexpected failures 1
# of unsupported tests 3
Running target unix/-m64
FAIL: libgomp.graphite/force-parallel-1.c execution test
=== libgomp Summary for unix/-m64 ===
# of expected passes 2971
# of unexpected failures 1
# of unsupported tests 3
=== libgomp Summary ===
# of expected passes 5942
# of unexpected failures 2
# of unsupported tests 6
=== libjava tests ===
Running target unix
=== libjava Summary for unix ===
# of expected passes 2574
Running target unix/-m64
=== libjava Summary for unix/-m64 ===
# of expected passes 2574
=== libjava Summary ===
# of expected passes 5148
=== libstdc++ tests ===
Running target unix
XPASS: 22_locale/num_put/put/char/14220.cc execution test
XPASS: 22_locale/num_put/put/wchar_t/14220.cc execution test
=== libstdc++ Summary for unix ===
# of expected passes 7726
# of unexpected successes 2
# of expected failures 47
# of unsupported tests 495
Running target unix/-m64
=== libstdc++ Summary for unix/-m64 ===
# of expected passes 7728
# of expected failures 47
# of unsupported tests 495
=== libstdc++ Summary ===
# of expected passes 15454
# of unexpected successes 2
# of expected failures 94
# of unsupported tests 990
Compiler version: 4.7.0 20110819 (experimental) [trunk revision 177911] (GCC)
Platform: i386-pc-solaris2.10
configure flags: --prefix=/vol/gcc --target=i386-pc-solaris2.10 --enable-objc-gc --with-host-libstdcxx='-L/vol/gcc-4.4/lib -Wl,-Bstatic -lstdc++ -Wl,-Bdynamic -lm' --with-boot-ldflags='-static-libstdc++ -static-libgcc -L/vol/gcc-4.4/lib' --with-gmp-include=/vol/gcc/include --with-gmp-lib=/vol/gcc/lib --with-mpfr-include=/vol/gcc/include --with-mpfr-lib=/vol/gcc/lib --with-mpc-include=/vol/gcc/include --with-mpc-lib=/vol/gcc/lib --enable-languages=all,ada,obj-c++,go --with-ppl-include=/vol/gcc/include --with-ppl-lib=/vol/gcc/lib --with-cloog-include=/vol/gcc/include --with-cloog-lib=/vol/gcc/lib --enable-cloog-backend=ppl
BOOT_CFLAGS=-g -O2
More information about the Gcc-testresults
mailing list