Results for 4.7.0 20110818 (experimental) (GCC) testsuite on ia64-hp-hpux11.23
Steve Ellcey
sje@catbert.cup.hp.com
Thu Aug 18 20:38:00 GMT 2011
Native configuration is ia64-hp-hpux11.23
=== g++ tests ===
Running target unix/-milp32
WARNING: program timed out.
FAIL: g++.dg/eh/cleanup1.C (test for excess errors)
FAIL: g++.dg/inherit/covariant7.C scan-tree-dump class "24 .*c6::_ZTcv0_n16_v0_n12_NV2c62f2Ev"
FAIL: g++.dg/inherit/covariant7.C scan-tree-dump class "28 .*c6::f2"
FAIL: g++.dg/inherit/covariant7.C scan-tree-dump class "84 .*c6::_ZTv0_n16_NV2c62f2Ev"
FAIL: g++.dg/init/copy7.C execution test
UNRESOLVED: decl_plugin.c compilation, -I. -I/ctires/gcc/nightly2/src/trunk/gcc/testsuite -I/ctires/gcc/nightly2/src/trunk/gcc/testsuite/../../gcc -I/ctires/gcc/nightly2/build-ia64-hp-hpux11.23-trunk/obj_gcc/gcc/testsuite/g++/../../../gcc -I/ctires/gcc/nightly2/src/trunk/gcc/testsuite/../../include -I/ctires/gcc/nightly2/src/trunk/gcc/testsuite/../../libcpp/include -I/proj/opensrc/be/ia64-hp-hpux11.23/include -I/proj/opensrc/be/ia64-hp-hpux11.23/include -I/proj/opensrc/be/ia64-hp-hpux11.23/include -I/ctires/gcc/nightly2/build-ia64-hp-hpux11.23-trunk/obj_gcc/gcc/testsuite/g++/../../../intl -DIN_GCC -fPIC -shared
=== g++ Summary for unix/-milp32 ===
# of expected passes 26689
# of unexpected failures 5
# of expected failures 164
# of unresolved testcases 1
# of unsupported tests 430
Running target unix/-mlp64
WARNING: program timed out.
FAIL: tmpdir-g++.dg-struct-layout-1/t001 cp_compat_y_tst.o compile
UNRESOLVED: tmpdir-g++.dg-struct-layout-1/t001 cp_compat_x_tst.o-cp_compat_y_tst.o link
UNRESOLVED: tmpdir-g++.dg-struct-layout-1/t001 cp_compat_x_tst.o-cp_compat_y_tst.o execute
WARNING: program timed out.
FAIL: tmpdir-g++.dg-struct-layout-1/t002 cp_compat_y_tst.o compile
UNRESOLVED: tmpdir-g++.dg-struct-layout-1/t002 cp_compat_x_tst.o-cp_compat_y_tst.o link
UNRESOLVED: tmpdir-g++.dg-struct-layout-1/t002 cp_compat_x_tst.o-cp_compat_y_tst.o execute
WARNING: program timed out.
FAIL: tmpdir-g++.dg-struct-layout-1/t003 cp_compat_y_tst.o compile
UNRESOLVED: tmpdir-g++.dg-struct-layout-1/t003 cp_compat_x_tst.o-cp_compat_y_tst.o link
UNRESOLVED: tmpdir-g++.dg-struct-layout-1/t003 cp_compat_x_tst.o-cp_compat_y_tst.o execute
WARNING: program timed out.
FAIL: tmpdir-g++.dg-struct-layout-1/t024 cp_compat_y_tst.o compile
UNRESOLVED: tmpdir-g++.dg-struct-layout-1/t024 cp_compat_x_tst.o-cp_compat_y_tst.o link
UNRESOLVED: tmpdir-g++.dg-struct-layout-1/t024 cp_compat_x_tst.o-cp_compat_y_tst.o execute
WARNING: program timed out.
FAIL: tmpdir-g++.dg-struct-layout-1/t026 cp_compat_y_tst.o compile
UNRESOLVED: tmpdir-g++.dg-struct-layout-1/t026 cp_compat_x_tst.o-cp_compat_y_tst.o link
UNRESOLVED: tmpdir-g++.dg-struct-layout-1/t026 cp_compat_x_tst.o-cp_compat_y_tst.o execute
WARNING: program timed out.
FAIL: tmpdir-g++.dg-struct-layout-1/t027 cp_compat_y_tst.o compile
UNRESOLVED: tmpdir-g++.dg-struct-layout-1/t027 cp_compat_x_tst.o-cp_compat_y_tst.o link
UNRESOLVED: tmpdir-g++.dg-struct-layout-1/t027 cp_compat_x_tst.o-cp_compat_y_tst.o execute
WARNING: program timed out.
FAIL: tmpdir-g++.dg-struct-layout-1/t030 cp_compat_y_tst.o compile
UNRESOLVED: tmpdir-g++.dg-struct-layout-1/t030 cp_compat_x_tst.o-cp_compat_y_tst.o link
UNRESOLVED: tmpdir-g++.dg-struct-layout-1/t030 cp_compat_x_tst.o-cp_compat_y_tst.o execute
WARNING: program timed out.
FAIL: g++.dg/eh/cleanup1.C (test for excess errors)
FAIL: g++.dg/inherit/covariant7.C scan-tree-dump class "48 .*c6::_ZTcv0_n32_v0_n24_NV2c62f2Ev"
FAIL: g++.dg/inherit/covariant7.C scan-tree-dump class "56 .*c6::f2"
FAIL: g++.dg/inherit/covariant7.C scan-tree-dump class "168 .*c6::_ZTv0_n32_NV2c62f2Ev"
FAIL: g++.dg/init/copy7.C execution test
WARNING: program timed out.
FAIL: g++.dg/tree-ssa/copyprop.C (test for excess errors)
WARNING: program timed out.
UNRESOLVED: decl_plugin.c compilation, -I. -I/ctires/gcc/nightly2/src/trunk/gcc/testsuite -I/ctires/gcc/nightly2/src/trunk/gcc/testsuite/../../gcc -I/ctires/gcc/nightly2/build-ia64-hp-hpux11.23-trunk/obj_gcc/gcc/testsuite/g++/../../../gcc -I/ctires/gcc/nightly2/src/trunk/gcc/testsuite/../../include -I/ctires/gcc/nightly2/src/trunk/gcc/testsuite/../../libcpp/include -I/proj/opensrc/be/ia64-hp-hpux11.23/include -I/proj/opensrc/be/ia64-hp-hpux11.23/include -I/proj/opensrc/be/ia64-hp-hpux11.23/include -I/ctires/gcc/nightly2/build-ia64-hp-hpux11.23-trunk/obj_gcc/gcc/testsuite/g++/../../../intl -DIN_GCC -fPIC -shared
=== g++ Summary for unix/-mlp64 ===
# of expected passes 26628
# of unexpected failures 13
# of expected failures 164
# of unresolved testcases 15
# of unsupported tests 431
=== g++ Summary ===
# of expected passes 53317
# of unexpected failures 18
# of expected failures 328
# of unresolved testcases 16
# of unsupported tests 861
/ctires/gcc/nightly2/build-ia64-hp-hpux11.23-trunk/obj_gcc/gcc/testsuite/g++/../../g++ version 4.7.0 20110818 (experimental) (GCC)
=== gcc tests ===
Running target unix/-milp32
FAIL: gcc.c-torture/compile/20001226-1.c -O3 -fomit-frame-pointer (test for excess errors)
FAIL: gcc.c-torture/compile/20001226-1.c -O3 -g (test for excess errors)
FAIL: gcc.c-torture/compile/limits-fndefn.c -O3 -g (test for excess errors)
FAIL: gcc.c-torture/compile/limits-structnest.c -O2 (test for excess errors)
FAIL: gcc.c-torture/compile/limits-structnest.c -O3 -fomit-frame-pointer (test for excess errors)
FAIL: gcc.c-torture/compile/limits-structnest.c -O3 -g (test for excess errors)
FAIL: gcc.c-torture/compile/limits-structnest.c -Os (test for excess errors)
FAIL: gcc.c-torture/compile/limits-structnest.c -O2 -flto -flto-partition=none (test for excess errors)
FAIL: gcc.c-torture/compile/limits-structnest.c -O2 -flto (test for excess errors)
WARNING: program timed out.
WARNING: program timed out.
WARNING: program timed out.
WARNING: program timed out.
FAIL: gcc.c-torture/execute/builtins/memset-chk.c compilation, -O3 -fomit-frame-pointer -funroll-loops
UNRESOLVED: gcc.c-torture/execute/builtins/memset-chk.c execution, -O3 -fomit-frame-pointer -funroll-loops
WARNING: program timed out.
FAIL: tmpdir-gcc.dg-struct-layout-1/t002 c_compat_y_tst.o compile
UNRESOLVED: tmpdir-gcc.dg-struct-layout-1/t002 c_compat_x_tst.o-c_compat_y_tst.o link
UNRESOLVED: tmpdir-gcc.dg-struct-layout-1/t002 c_compat_x_tst.o-c_compat_y_tst.o execute
WARNING: program timed out.
FAIL: tmpdir-gcc.dg-struct-layout-1/t024 c_compat_y_tst.o compile
UNRESOLVED: tmpdir-gcc.dg-struct-layout-1/t024 c_compat_x_tst.o-c_compat_y_tst.o link
UNRESOLVED: tmpdir-gcc.dg-struct-layout-1/t024 c_compat_x_tst.o-c_compat_y_tst.o execute
WARNING: program timed out.
FAIL: tmpdir-gcc.dg-struct-layout-1/t025 c_compat_y_tst.o compile
UNRESOLVED: tmpdir-gcc.dg-struct-layout-1/t025 c_compat_x_tst.o-c_compat_y_tst.o link
UNRESOLVED: tmpdir-gcc.dg-struct-layout-1/t025 c_compat_x_tst.o-c_compat_y_tst.o execute
WARNING: program timed out.
FAIL: tmpdir-gcc.dg-struct-layout-1/t026 c_compat_y_tst.o compile
UNRESOLVED: tmpdir-gcc.dg-struct-layout-1/t026 c_compat_x_tst.o-c_compat_y_tst.o link
UNRESOLVED: tmpdir-gcc.dg-struct-layout-1/t026 c_compat_x_tst.o-c_compat_y_tst.o execute
WARNING: program timed out.
FAIL: tmpdir-gcc.dg-struct-layout-1/t028 c_compat_y_tst.o compile
UNRESOLVED: tmpdir-gcc.dg-struct-layout-1/t028 c_compat_x_tst.o-c_compat_y_tst.o link
UNRESOLVED: tmpdir-gcc.dg-struct-layout-1/t028 c_compat_x_tst.o-c_compat_y_tst.o execute
FAIL: gcc.dg/pr49994-3.c (test for excess errors)
XPASS: gcc.dg/uninit-B.c uninit i warning (test for warnings, line 12)
XPASS: gcc.dg/uninit-pr19430.c (test for warnings, line 32)
XPASS: gcc.dg/uninit-pr19430.c uninitialized (test for warnings, line 41)
WARNING: program timed out.
FAIL: gcc.dg/ipa/ipa-sra-2.c scan-tree-dump eipa_sra "About to replace expr cow_.*D.->red with \\*ISRA"
FAIL: gcc.dg/ipa/ipa-sra-2.c scan-tree-dump eipa_sra "About to replace expr cow_.*D.->green with ISRA"
FAIL: gcc.dg/ipa/ipa-sra-2.c scan-tree-dump eipa_sra "About to replace expr calf_.*D.->red with \\*ISRA"
FAIL: gcc.dg/ipa/ipa-sra-2.c scan-tree-dump eipa_sra "About to replace expr calf_.*D.->green with ISRA"
FAIL: gcc.dg/ipa/ipa-sra-6.c scan-tree-dump-times eipa_sra "foo " 1
XPASS: gcc.dg/tree-ssa/20040204-1.c scan-tree-dump-times optimized "link_error" 0
FAIL: gcc.dg/tree-ssa/vrp47.c scan-tree-dump-times dom1 "x[^ ]* & y" 1
XPASS: gcc.dg/vect/pr33804.c scan-tree-dump-times vect "vectorized 1 loops" 1
XPASS: gcc.dg/vect/pr33804.c scan-tree-dump-times vect "vectorizing stmts using SLP" 1
XPASS: gcc.dg/vect/pr33953.c scan-tree-dump-times vect "vectorized 1 loops" 1
XPASS: gcc.dg/vect/pr33953.c scan-tree-dump-times vect "vectorizing stmts using SLP" 1
FAIL: gcc.dg/vect/vect-120.c scan-tree-dump-times vect "vectorized 1 loops" 1
XPASS: gcc.dg/vect/vect-35.c scan-tree-dump-times vect "vectorized 2 loops" 1
XPASS: gcc.dg/vect/vect-outer-5.c scan-tree-dump-times vect "zero step in outer loop." 1
XPASS: gcc.dg/vect/slp-24.c scan-tree-dump-times vect "vectorized 1 loops" 1
XPASS: gcc.dg/vect/slp-24.c scan-tree-dump-times vect "vectorizing stmts using SLP" 2
XPASS: gcc.dg/vect/pr33804.c -flto scan-tree-dump-times vect "vectorized 1 loops" 1
XPASS: gcc.dg/vect/pr33804.c -flto scan-tree-dump-times vect "vectorizing stmts using SLP" 1
XPASS: gcc.dg/vect/pr33953.c -flto scan-tree-dump-times vect "vectorized 1 loops" 1
XPASS: gcc.dg/vect/pr33953.c -flto scan-tree-dump-times vect "vectorizing stmts using SLP" 1
FAIL: gcc.dg/vect/vect-120.c -flto scan-tree-dump-times vect "vectorized 1 loops" 1
XPASS: gcc.dg/vect/vect-35.c -flto scan-tree-dump-times vect "vectorized 2 loops" 1
XPASS: gcc.dg/vect/vect-outer-5.c -flto scan-tree-dump-times vect "zero step in outer loop." 1
XPASS: gcc.dg/vect/slp-24.c -flto scan-tree-dump-times vect "vectorized 1 loops" 1
XPASS: gcc.dg/vect/slp-24.c -flto scan-tree-dump-times vect "vectorizing stmts using SLP" 2
XPASS: gcc.dg/vect/no-scevccp-outer-21.c scan-tree-dump-times vect "OUTER LOOP VECTORIZED." 1
XPASS: gcc.dg/vect/if-cvt-stores-vect-ifcvt-18.c scan-tree-dump-times vect "vectorized 1 loops" 1
=== gcc Summary for unix/-milp32 ===
# of expected passes 72010
# of unexpected failures 24
# of unexpected successes 22
# of expected failures 319
# of unresolved testcases 11
# of unsupported tests 1065
Running target unix/-mlp64
FAIL: gcc.c-torture/compile/20001226-1.c -O2 (test for excess errors)
FAIL: gcc.c-torture/compile/20001226-1.c -O3 -fomit-frame-pointer (test for excess errors)
FAIL: gcc.c-torture/compile/20001226-1.c -O3 -g (test for excess errors)
FAIL: gcc.c-torture/compile/20001226-1.c -Os (test for excess errors)
FAIL: gcc.c-torture/compile/20001226-1.c -O2 -flto -flto-partition=none (test for excess errors)
FAIL: gcc.c-torture/compile/20001226-1.c -O2 -flto (test for excess errors)
FAIL: gcc.c-torture/compile/limits-fndefn.c -O3 -g (test for excess errors)
FAIL: gcc.c-torture/compile/limits-structnest.c -O2 (test for excess errors)
FAIL: gcc.c-torture/compile/limits-structnest.c -O3 -fomit-frame-pointer (test for excess errors)
FAIL: gcc.c-torture/compile/limits-structnest.c -O3 -g (test for excess errors)
FAIL: gcc.c-torture/compile/limits-structnest.c -Os (test for excess errors)
FAIL: gcc.c-torture/compile/limits-structnest.c -O2 -flto -flto-partition=none (test for excess errors)
FAIL: gcc.c-torture/compile/limits-structnest.c -O2 -flto (test for excess errors)
WARNING: program timed out.
WARNING: program timed out.
WARNING: program timed out.
WARNING: program timed out.
WARNING: program timed out.
WARNING: program timed out.
WARNING: program timed out.
WARNING: program timed out.
FAIL: gcc.c-torture/execute/builtins/memset-chk.c compilation, -O3 -fomit-frame-pointer
UNRESOLVED: gcc.c-torture/execute/builtins/memset-chk.c execution, -O3 -fomit-frame-pointer
WARNING: program timed out.
FAIL: gcc.c-torture/execute/builtins/memset-chk.c compilation, -O3 -fomit-frame-pointer -funroll-loops
UNRESOLVED: gcc.c-torture/execute/builtins/memset-chk.c execution, -O3 -fomit-frame-pointer -funroll-loops
WARNING: program timed out.
FAIL: gcc.c-torture/execute/builtins/memset-chk.c compilation, -O3 -fomit-frame-pointer -funroll-all-loops -finline-functions
UNRESOLVED: gcc.c-torture/execute/builtins/memset-chk.c execution, -O3 -fomit-frame-pointer -funroll-all-loops -finline-functions
WARNING: program timed out.
FAIL: gcc.c-torture/execute/builtins/memset-chk.c compilation, -O3 -g
UNRESOLVED: gcc.c-torture/execute/builtins/memset-chk.c execution, -O3 -g
WARNING: program timed out.
FAIL: tmpdir-gcc.dg-struct-layout-1/t002 c_compat_y_tst.o compile
UNRESOLVED: tmpdir-gcc.dg-struct-layout-1/t002 c_compat_x_tst.o-c_compat_y_tst.o link
UNRESOLVED: tmpdir-gcc.dg-struct-layout-1/t002 c_compat_x_tst.o-c_compat_y_tst.o execute
WARNING: program timed out.
FAIL: tmpdir-gcc.dg-struct-layout-1/t003 c_compat_y_tst.o compile
UNRESOLVED: tmpdir-gcc.dg-struct-layout-1/t003 c_compat_x_tst.o-c_compat_y_tst.o link
UNRESOLVED: tmpdir-gcc.dg-struct-layout-1/t003 c_compat_x_tst.o-c_compat_y_tst.o execute
WARNING: program timed out.
FAIL: tmpdir-gcc.dg-struct-layout-1/t024 c_compat_y_tst.o compile
UNRESOLVED: tmpdir-gcc.dg-struct-layout-1/t024 c_compat_x_tst.o-c_compat_y_tst.o link
UNRESOLVED: tmpdir-gcc.dg-struct-layout-1/t024 c_compat_x_tst.o-c_compat_y_tst.o execute
WARNING: program timed out.
FAIL: tmpdir-gcc.dg-struct-layout-1/t025 c_compat_y_tst.o compile
UNRESOLVED: tmpdir-gcc.dg-struct-layout-1/t025 c_compat_x_tst.o-c_compat_y_tst.o link
UNRESOLVED: tmpdir-gcc.dg-struct-layout-1/t025 c_compat_x_tst.o-c_compat_y_tst.o execute
WARNING: program timed out.
FAIL: tmpdir-gcc.dg-struct-layout-1/t026 c_compat_y_tst.o compile
UNRESOLVED: tmpdir-gcc.dg-struct-layout-1/t026 c_compat_x_tst.o-c_compat_y_tst.o link
UNRESOLVED: tmpdir-gcc.dg-struct-layout-1/t026 c_compat_x_tst.o-c_compat_y_tst.o execute
WARNING: program timed out.
FAIL: tmpdir-gcc.dg-struct-layout-1/t027 c_compat_y_tst.o compile
UNRESOLVED: tmpdir-gcc.dg-struct-layout-1/t027 c_compat_x_tst.o-c_compat_y_tst.o link
UNRESOLVED: tmpdir-gcc.dg-struct-layout-1/t027 c_compat_x_tst.o-c_compat_y_tst.o execute
WARNING: program timed out.
FAIL: tmpdir-gcc.dg-struct-layout-1/t028 c_compat_y_tst.o compile
UNRESOLVED: tmpdir-gcc.dg-struct-layout-1/t028 c_compat_x_tst.o-c_compat_y_tst.o link
UNRESOLVED: tmpdir-gcc.dg-struct-layout-1/t028 c_compat_x_tst.o-c_compat_y_tst.o execute
WARNING: program timed out.
FAIL: gcc.dg/20020425-1.c (test for excess errors)
WARNING: program timed out.
FAIL: gcc.dg/pr43058.c (test for excess errors)
WARNING: program timed out.
FAIL: gcc.dg/pr48141.c (test for excess errors)
FAIL: gcc.dg/pr49994-3.c (test for excess errors)
WARNING: program timed out.
FAIL: gcc.dg/struct-by-value-1.c (test for excess errors)
WARNING: gcc.dg/struct-by-value-1.c compilation failed to produce executable
XPASS: gcc.dg/uninit-B.c uninit i warning (test for warnings, line 12)
XPASS: gcc.dg/uninit-pr19430.c (test for warnings, line 32)
XPASS: gcc.dg/uninit-pr19430.c uninitialized (test for warnings, line 41)
WARNING: program timed out.
FAIL: gcc.dg/ipa/ipa-sra-2.c scan-tree-dump eipa_sra "About to replace expr cow_.*D.->red with \\*ISRA"
FAIL: gcc.dg/ipa/ipa-sra-2.c scan-tree-dump eipa_sra "About to replace expr cow_.*D.->green with ISRA"
FAIL: gcc.dg/ipa/ipa-sra-2.c scan-tree-dump eipa_sra "About to replace expr calf_.*D.->red with \\*ISRA"
FAIL: gcc.dg/ipa/ipa-sra-2.c scan-tree-dump eipa_sra "About to replace expr calf_.*D.->green with ISRA"
FAIL: gcc.dg/ipa/ipa-sra-6.c scan-tree-dump-times eipa_sra "foo " 1
XPASS: gcc.dg/tree-ssa/20040204-1.c scan-tree-dump-times optimized "link_error" 0
FAIL: gcc.dg/tree-ssa/vrp47.c scan-tree-dump-times dom1 "x[^ ]* & y" 1
XPASS: gcc.dg/vect/pr33804.c scan-tree-dump-times vect "vectorized 1 loops" 1
XPASS: gcc.dg/vect/pr33804.c scan-tree-dump-times vect "vectorizing stmts using SLP" 1
XPASS: gcc.dg/vect/pr33953.c scan-tree-dump-times vect "vectorized 1 loops" 1
XPASS: gcc.dg/vect/pr33953.c scan-tree-dump-times vect "vectorizing stmts using SLP" 1
FAIL: gcc.dg/vect/vect-120.c scan-tree-dump-times vect "vectorized 1 loops" 1
XPASS: gcc.dg/vect/vect-35.c scan-tree-dump-times vect "vectorized 2 loops" 1
XPASS: gcc.dg/vect/vect-outer-5.c scan-tree-dump-times vect "zero step in outer loop." 1
XPASS: gcc.dg/vect/pr33804.c -flto scan-tree-dump-times vect "vectorized 1 loops" 1
XPASS: gcc.dg/vect/pr33804.c -flto scan-tree-dump-times vect "vectorizing stmts using SLP" 1
XPASS: gcc.dg/vect/pr33953.c -flto scan-tree-dump-times vect "vectorized 1 loops" 1
XPASS: gcc.dg/vect/pr33953.c -flto scan-tree-dump-times vect "vectorizing stmts using SLP" 1
FAIL: gcc.dg/vect/vect-120.c -flto scan-tree-dump-times vect "vectorized 1 loops" 1
XPASS: gcc.dg/vect/vect-35.c -flto scan-tree-dump-times vect "vectorized 2 loops" 1
XPASS: gcc.dg/vect/vect-outer-5.c -flto scan-tree-dump-times vect "zero step in outer loop." 1
XPASS: gcc.dg/vect/no-scevccp-outer-21.c scan-tree-dump-times vect "OUTER LOOP VECTORIZED." 1
XPASS: gcc.dg/vect/if-cvt-stores-vect-ifcvt-18.c scan-tree-dump-times vect "vectorized 1 loops" 1
=== gcc Summary for unix/-mlp64 ===
# of expected passes 72005
# of unexpected failures 37
# of unexpected successes 18
# of expected failures 320
# of unresolved testcases 18
# of unsupported tests 1061
=== gcc Summary ===
# of expected passes 144015
# of unexpected failures 61
# of unexpected successes 40
# of expected failures 639
# of unresolved testcases 29
# of unsupported tests 2126
/ctires/gcc/nightly2/build-ia64-hp-hpux11.23-trunk/obj_gcc/gcc/xgcc version 4.7.0 20110818 (experimental) (GCC)
=== gfortran tests ===
Running target unix/-milp32
FAIL: gfortran.dg/minlocval_3.f90 -O (test for excess errors)
FAIL: gfortran.dg/namelist_70.f90 -O3 -fomit-frame-pointer -funroll-loops (test for excess errors)
WARNING: gfortran.dg/namelist_70.f90 -O3 -fomit-frame-pointer -funroll-loops compilation failed to produce executable
FAIL: gfortran.dg/namelist_70.f90 -O3 -fomit-frame-pointer -funroll-all-loops -finline-functions (test for excess errors)
WARNING: gfortran.dg/namelist_70.f90 -O3 -fomit-frame-pointer -funroll-all-loops -finline-functions compilation failed to produce executable
FAIL: gfortran.dg/pr41928.f90 -O (test for excess errors)
FAIL: gfortran.dg/zero_sized_1.f90 -O3 -fomit-frame-pointer -funroll-loops (test for excess errors)
WARNING: gfortran.dg/zero_sized_1.f90 -O3 -fomit-frame-pointer -funroll-loops compilation failed to produce executable
FAIL: gfortran.dg/zero_sized_1.f90 -O3 -fomit-frame-pointer -funroll-all-loops -finline-functions (test for excess errors)
WARNING: gfortran.dg/zero_sized_1.f90 -O3 -fomit-frame-pointer -funroll-all-loops -finline-functions compilation failed to produce executable
WARNING: program timed out.
WARNING: program timed out.
WARNING: program timed out.
WARNING: program timed out.
WARNING: program timed out.
WARNING: program timed out.
FAIL: gfortran.dg/guality/pr41558.f90 -O1 line 7 s == 'foo'
FAIL: gfortran.dg/guality/pr41558.f90 -O2 line 7 s == 'foo'
FAIL: gfortran.dg/guality/pr41558.f90 -Os line 7 s == 'foo'
WARNING: program timed out.
FAIL: gfortran.fortran-torture/execute/forall_7.f90 compilation, -O3 -g
=== gfortran Summary for unix/-milp32 ===
# of expected passes 39330
# of unexpected failures 10
# of expected failures 49
# of untested testcases 1
# of unsupported tests 83
Running target unix/-mlp64
FAIL: gfortran.dg/maxlocval_2.f90 -O3 -fomit-frame-pointer -funroll-loops (test for excess errors)
WARNING: gfortran.dg/maxlocval_2.f90 -O3 -fomit-frame-pointer -funroll-loops compilation failed to produce executable
FAIL: gfortran.dg/maxlocval_2.f90 -O3 -fomit-frame-pointer -funroll-all-loops -finline-functions (test for excess errors)
WARNING: gfortran.dg/maxlocval_2.f90 -O3 -fomit-frame-pointer -funroll-all-loops -finline-functions compilation failed to produce executable
FAIL: gfortran.dg/minlocval_1.f90 -O3 -fomit-frame-pointer -funroll-all-loops -finline-functions (test for excess errors)
WARNING: gfortran.dg/minlocval_1.f90 -O3 -fomit-frame-pointer -funroll-all-loops -finline-functions compilation failed to produce executable
FAIL: gfortran.dg/minlocval_3.f90 -O (test for excess errors)
FAIL: gfortran.dg/namelist_70.f90 -O3 -fomit-frame-pointer -funroll-loops (test for excess errors)
WARNING: gfortran.dg/namelist_70.f90 -O3 -fomit-frame-pointer -funroll-loops compilation failed to produce executable
FAIL: gfortran.dg/namelist_70.f90 -O3 -fomit-frame-pointer -funroll-all-loops -finline-functions (test for excess errors)
WARNING: gfortran.dg/namelist_70.f90 -O3 -fomit-frame-pointer -funroll-all-loops -finline-functions compilation failed to produce executable
FAIL: gfortran.dg/namelist_70.f90 -O3 -g (test for excess errors)
WARNING: gfortran.dg/namelist_70.f90 -O3 -g compilation failed to produce executable
FAIL: gfortran.dg/namelist_70.f90 -Os (test for excess errors)
WARNING: gfortran.dg/namelist_70.f90 -Os compilation failed to produce executable
FAIL: gfortran.dg/pr41928.f90 -O (test for excess errors)
FAIL: gfortran.dg/zero_sized_1.f90 -O3 -fomit-frame-pointer -funroll-loops (test for excess errors)
FAIL: gfortran.dg/zero_sized_1.f90 -O3 -fomit-frame-pointer -funroll-loops execution test
FAIL: gfortran.dg/zero_sized_1.f90 -O3 -fomit-frame-pointer -funroll-all-loops -finline-functions (test for excess errors)
WARNING: gfortran.dg/zero_sized_1.f90 -O3 -fomit-frame-pointer -funroll-all-loops -finline-functions compilation failed to produce executable
WARNING: program timed out.
WARNING: program timed out.
WARNING: program timed out.
WARNING: program timed out.
WARNING: program timed out.
WARNING: program timed out.
WARNING: program timed out.
WARNING: program timed out.
WARNING: program timed out.
WARNING: program timed out.
WARNING: program timed out.
WARNING: program timed out.
FAIL: gfortran.fortran-torture/execute/forall_7.f90 compilation, -O3 -g
=== gfortran Summary for unix/-mlp64 ===
# of expected passes 39320
# of unexpected failures 13
# of expected failures 49
# of untested testcases 1
# of unsupported tests 86
=== gfortran Summary ===
# of expected passes 78650
# of unexpected failures 23
# of expected failures 98
# of untested testcases 2
# of unsupported tests 169
/ctires/gcc/nightly2/build-ia64-hp-hpux11.23-trunk/obj_gcc/gcc/testsuite/gfortran/../../gfortran version 4.7.0 20110818 (experimental) (GCC)
=== libgomp tests ===
Running target unix/-mlp64
WARNING: program timed out.
FAIL: libgomp.fortran/strassen.f90 -O execution test
WARNING: program timed out.
FAIL: libgomp.fortran/vla1.f90 -O3 -fomit-frame-pointer (test for excess errors)
WARNING: libgomp.fortran/vla1.f90 -O3 -fomit-frame-pointer compilation failed to produce executable
WARNING: program timed out.
FAIL: libgomp.fortran/vla1.f90 -O3 -fomit-frame-pointer -funroll-loops (test for excess errors)
WARNING: libgomp.fortran/vla1.f90 -O3 -fomit-frame-pointer -funroll-loops compilation failed to produce executable
WARNING: program timed out.
FAIL: libgomp.fortran/vla1.f90 -O3 -fomit-frame-pointer -funroll-all-loops -finline-functions (test for excess errors)
WARNING: libgomp.fortran/vla1.f90 -O3 -fomit-frame-pointer -funroll-all-loops -finline-functions compilation failed to produce executable
WARNING: program timed out.
FAIL: libgomp.fortran/vla1.f90 -O3 -g (test for excess errors)
WARNING: libgomp.fortran/vla1.f90 -O3 -g compilation failed to produce executable
WARNING: program timed out.
FAIL: libgomp.fortran/vla2.f90 -O3 -fomit-frame-pointer -funroll-all-loops -finline-functions (test for excess errors)
WARNING: libgomp.fortran/vla2.f90 -O3 -fomit-frame-pointer -funroll-all-loops -finline-functions compilation failed to produce executable
WARNING: program timed out.
FAIL: libgomp.fortran/vla2.f90 -O3 -g (test for excess errors)
WARNING: libgomp.fortran/vla2.f90 -O3 -g compilation failed to produce executable
WARNING: program timed out.
FAIL: libgomp.fortran/vla3.f90 -O3 -fomit-frame-pointer (test for excess errors)
WARNING: libgomp.fortran/vla3.f90 -O3 -fomit-frame-pointer compilation failed to produce executable
WARNING: program timed out.
FAIL: libgomp.fortran/vla3.f90 -O3 -fomit-frame-pointer -funroll-loops (test for excess errors)
WARNING: libgomp.fortran/vla3.f90 -O3 -fomit-frame-pointer -funroll-loops compilation failed to produce executable
WARNING: program timed out.
FAIL: libgomp.fortran/vla3.f90 -O3 -fomit-frame-pointer -funroll-all-loops -finline-functions (test for excess errors)
WARNING: libgomp.fortran/vla3.f90 -O3 -fomit-frame-pointer -funroll-all-loops -finline-functions compilation failed to produce executable
WARNING: program timed out.
FAIL: libgomp.fortran/vla3.f90 -O3 -g (test for excess errors)
WARNING: libgomp.fortran/vla3.f90 -O3 -g compilation failed to produce executable
WARNING: program timed out.
WARNING: libgomp.fortran/vla4.f90 -O3 -fomit-frame-pointer compilation failed to produce executable
WARNING: program timed out.
WARNING: libgomp.fortran/vla4.f90 -O3 -fomit-frame-pointer -funroll-loops compilation failed to produce executable
WARNING: program timed out.
WARNING: libgomp.fortran/vla4.f90 -O3 -fomit-frame-pointer -funroll-all-loops -finline-functions compilation failed to produce executable
WARNING: program timed out.
WARNING: libgomp.fortran/vla4.f90 -O3 -g compilation failed to produce executable
WARNING: program timed out.
WARNING: libgomp.fortran/vla5.f90 -O3 -fomit-frame-pointer compilation failed to produce executable
WARNING: program timed out.
WARNING: libgomp.fortran/vla5.f90 -O3 -fomit-frame-pointer -funroll-loops compilation failed to produce executable
WARNING: program timed out.
WARNING: libgomp.fortran/vla5.f90 -O3 -fomit-frame-pointer -funroll-all-loops -finline-functions compilation failed to produce executable
WARNING: program timed out.
WARNING: libgomp.fortran/vla5.f90 -O3 -g compilation failed to produce executable
WARNING: program timed out.
FAIL: libgomp.fortran/vla6.f90 -O3 -fomit-frame-pointer -funroll-loops (test for excess errors)
WARNING: libgomp.fortran/vla6.f90 -O3 -fomit-frame-pointer -funroll-loops compilation failed to produce executable
=== libgomp Summary for unix/-mlp64 ===
# of expected passes 2863
# of unexpected failures 12
# of unsupported tests 3
Running target unix/-milp32
=== libgomp Summary for unix/-milp32 ===
# of expected passes 2894
# of unsupported tests 3
=== libgomp Summary ===
# of expected passes 5757
# of unexpected failures 12
# of unsupported tests 6
=== libstdc++ tests ===
Running target unix/-milp32
XPASS: 22_locale/collate/hash/char/1.cc (test for excess errors)
XPASS: 22_locale/collate/requirements/base_classes.cc (test for excess errors)
XPASS: 22_locale/collate/transform/wchar_t/28277.cc (test for excess errors)
XPASS: 22_locale/collate_byname/requirements/base_classes.cc (test for excess errors)
FAIL: 22_locale/ctype/scan/char/1.cc (test for excess errors)
WARNING: 22_locale/ctype/scan/char/1.cc compilation failed to produce executable
FAIL: ext/codecvt/wchar_t.cc execution test
WARNING: program timed out.
=== libstdc++ Summary for unix/-milp32 ===
# of expected passes 7101
# of unexpected failures 2
# of unexpected successes 4
# of expected failures 45
# of unsupported tests 827
Running target unix/-mlp64
FAIL: 20_util/hash/quality.cc execution test
XPASS: 22_locale/collate/hash/char/1.cc (test for excess errors)
XPASS: 22_locale/collate/requirements/base_classes.cc (test for excess errors)
XPASS: 22_locale/collate/transform/wchar_t/28277.cc (test for excess errors)
XPASS: 22_locale/collate_byname/requirements/base_classes.cc (test for excess errors)
FAIL: 22_locale/ctype/scan/char/1.cc (test for excess errors)
WARNING: 22_locale/ctype/scan/char/1.cc compilation failed to produce executable
FAIL: 26_numerics/complex/inserters_extractors/char/1.cc (test for excess errors)
WARNING: 26_numerics/complex/inserters_extractors/char/1.cc compilation failed to produce executable
FAIL: ext/codecvt/wchar_t.cc execution test
WARNING: program timed out.
WARNING: program timed out.
WARNING: program timed out.
=== libstdc++ Summary for unix/-mlp64 ===
# of expected passes 7098
# of unexpected failures 4
# of unexpected successes 4
# of expected failures 45
# of unsupported tests 827
=== libstdc++ Summary ===
# of expected passes 14199
# of unexpected failures 6
# of unexpected successes 8
# of expected failures 90
# of unsupported tests 1654
=== libstdc++ Summary ===
Compiler version: 4.7.0 20110818 (experimental) (GCC)
Platform: ia64-hp-hpux11.23
configure flags: --host=ia64-hp-hpux11.23 --build=ia64-hp-hpux11.23 --prefix=/ctires/gcc/nightly2/gcc-ia64-hp-hpux11.23-trunk --with-local-prefix=/ctires/gcc/nightly2/gcc-ia64-hp-hpux11.23-trunk --disable-nls --with-gmp=/proj/opensrc/be/ia64-hp-hpux11.23 --with-mpfr=/proj/opensrc/be/ia64-hp-hpux11.23 --with-mpc=/proj/opensrc/be/ia64-hp-hpux11.23 --with-libelf=/proj/opensrc/be/ia64-hp-hpux11.23 --disable-libmudflap --enable-libunwind-exceptions SED=/usr/bin/sed --enable-languages=c,c++,fortran
More information about the Gcc-testresults
mailing list