Results for 4.7.0 20110812 (experimental) [trunk revision 177698] (GCC) testsuite on sparc-sun-solaris2.11
Rainer Orth
ro@CeBiTec.Uni-Bielefeld.DE
Mon Aug 15 09:38:00 GMT 2011
LAST_UPDATED: Fri Aug 12 16:15:17 UTC 2011 (revision 177698)
=== acats tests ===
=== acats Summary ===
# of expected passes 2321
# of unexpected failures 0
Native configuration is sparc-sun-solaris2.11
=== g++ tests ===
Running target unix
FAIL: g++.dg/init/copy7.C execution test
FAIL: g++.dg/tree-ssa/pr41186.C scan-tree-dump fre1 "Replaced b1.D.[0-9]*.i with 0"
FAIL: g++.dg/tree-ssa/pr41186.C scan-tree-dump fre1 "Replaced b1.D.[0-9]*.f with 1"
FAIL: g++.dg/lto/20091219 cp_lto_20091219_0.o-cp_lto_20091219_0.o link, -O3 -flto
UNRESOLVED: g++.dg/lto/20091219 cp_lto_20091219_0.o-cp_lto_20091219_0.o execute -O3 -flto
UNRESOLVED: decl_plugin.c compilation, -I. -I/vol/gcc/src/hg/trunk/local/gcc/testsuite -I/vol/gcc/src/hg/trunk/local/gcc/testsuite/../../gcc -I/var/gcc/regression/trunk/11-gcc/build/gcc/testsuite/g++/../../../gcc -I/vol/gcc/src/hg/trunk/local/gcc/testsuite/../../include -I/vol/gcc/src/hg/trunk/local/gcc/testsuite/../../libcpp/include -I/vol/gcc/include -I/vol/gcc/include -I/vol/gcc/include -I/var/gcc/regression/trunk/11-gcc/build/gcc/testsuite/g++/../../../intl -DIN_GCC -fPIC -shared
FAIL: g++.dg/tree-prof/partition2.C compilation, -Os -fprofile-use
UNRESOLVED: g++.dg/tree-prof/partition2.C execution, -Os -fprofile-use
=== g++ Summary for unix ===
# of expected passes 27091
# of unexpected failures 5
# of expected failures 159
# of unresolved testcases 3
# of unsupported tests 437
Running target unix/-m64
FAIL: g++.dg/init/copy7.C execution test
FAIL: g++.dg/tree-ssa/pr41186.C scan-tree-dump fre1 "Replaced b1.D.[0-9]*.i with 0"
FAIL: g++.dg/tree-ssa/pr41186.C scan-tree-dump fre1 "Replaced b1.D.[0-9]*.f with 1"
FAIL: g++.dg/lto/20091219 cp_lto_20091219_0.o-cp_lto_20091219_0.o link, -O3 -flto
UNRESOLVED: g++.dg/lto/20091219 cp_lto_20091219_0.o-cp_lto_20091219_0.o execute -O3 -flto
UNRESOLVED: decl_plugin.c compilation, -I. -I/vol/gcc/src/hg/trunk/local/gcc/testsuite -I/vol/gcc/src/hg/trunk/local/gcc/testsuite/../../gcc -I/var/gcc/regression/trunk/11-gcc/build/gcc/testsuite/g++/../../../gcc -I/vol/gcc/src/hg/trunk/local/gcc/testsuite/../../include -I/vol/gcc/src/hg/trunk/local/gcc/testsuite/../../libcpp/include -I/vol/gcc/include -I/vol/gcc/include -I/vol/gcc/include -I/var/gcc/regression/trunk/11-gcc/build/gcc/testsuite/g++/../../../intl -DIN_GCC -fPIC -shared
FAIL: g++.dg/tree-prof/partition2.C compilation, -Os -fprofile-use
UNRESOLVED: g++.dg/tree-prof/partition2.C execution, -Os -fprofile-use
=== g++ Summary for unix/-m64 ===
# of expected passes 27703
# of unexpected failures 5
# of expected failures 159
# of unresolved testcases 3
# of unsupported tests 434
=== g++ Summary ===
# of expected passes 54794
# of unexpected failures 10
# of expected failures 318
# of unresolved testcases 6
# of unsupported tests 871
/var/gcc/regression/trunk/11-gcc/build/gcc/testsuite/g++/../../g++ version 4.7.0 20110812 (experimental) [trunk revision 177698] (GCC)
=== gcc tests ===
Running target unix
FAIL: gcc.dg/builtins-67.c (test for excess errors)
XPASS: gcc.dg/uninit-B.c uninit i warning (test for warnings, line 12)
XPASS: gcc.dg/uninit-pr19430.c (test for warnings, line 32)
XPASS: gcc.dg/uninit-pr19430.c uninitialized (test for warnings, line 41)
FAIL: gcc.dg/ipa/ipa-sra-2.c scan-tree-dump eipa_sra "About to replace expr cow_.*D.->red with \\*ISRA"
FAIL: gcc.dg/ipa/ipa-sra-2.c scan-tree-dump eipa_sra "About to replace expr cow_.*D.->green with ISRA"
FAIL: gcc.dg/ipa/ipa-sra-2.c scan-tree-dump eipa_sra "About to replace expr calf_.*D.->red with \\*ISRA"
FAIL: gcc.dg/ipa/ipa-sra-2.c scan-tree-dump eipa_sra "About to replace expr calf_.*D.->green with ISRA"
FAIL: gcc.dg/ipa/ipa-sra-6.c scan-tree-dump-times eipa_sra "foo " 1
FAIL: gcc.dg/tree-ssa/vrp47.c scan-tree-dump-times dom1 "x[^ ]* & y" 1
FAIL: gcc.dg/vect/slp-multitypes-2.c execution test
FAIL: gcc.dg/vect/slp-multitypes-2.c -flto execution test
=== gcc Summary for unix ===
# of expected passes 72116
# of unexpected failures 9
# of unexpected successes 3
# of expected failures 293
# of unsupported tests 1345
Running target unix/-m64
FAIL: gcc.dg/builtins-67.c (test for excess errors)
FAIL: gcc.dg/pr44194-1.c scan-rtl-dump dse1 "global deletions = 2"
XPASS: gcc.dg/uninit-B.c uninit i warning (test for warnings, line 12)
XPASS: gcc.dg/uninit-pr19430.c (test for warnings, line 32)
XPASS: gcc.dg/uninit-pr19430.c uninitialized (test for warnings, line 41)
FAIL: gcc.dg/ipa/ipa-sra-2.c scan-tree-dump eipa_sra "About to replace expr cow_.*D.->red with \\*ISRA"
FAIL: gcc.dg/ipa/ipa-sra-2.c scan-tree-dump eipa_sra "About to replace expr cow_.*D.->green with ISRA"
FAIL: gcc.dg/ipa/ipa-sra-2.c scan-tree-dump eipa_sra "About to replace expr calf_.*D.->red with \\*ISRA"
FAIL: gcc.dg/ipa/ipa-sra-2.c scan-tree-dump eipa_sra "About to replace expr calf_.*D.->green with ISRA"
FAIL: gcc.dg/ipa/ipa-sra-6.c scan-tree-dump-times eipa_sra "foo " 1
FAIL: gcc.dg/tree-ssa/vrp47.c scan-tree-dump-times dom1 "x[^ ]* & y" 1
=== gcc Summary for unix/-m64 ===
# of expected passes 72750
# of unexpected failures 8
# of unexpected successes 3
# of expected failures 284
# of unsupported tests 1352
=== gcc Summary ===
# of expected passes 144866
# of unexpected failures 17
# of unexpected successes 6
# of expected failures 577
# of unsupported tests 2697
/var/gcc/regression/trunk/11-gcc/build/gcc/xgcc version 4.7.0 20110812 (experimental) [trunk revision 177698] (GCC)
=== gfortran tests ===
Running target unix
XPASS: gfortran.dg/graphite/interchange-1.f -O scan-tree-dump-times graphite "will be interchanged" 1
=== gfortran Summary for unix ===
# of expected passes 39168
# of unexpected successes 1
# of expected failures 54
# of unsupported tests 263
Running target unix/-m64
XPASS: gfortran.dg/graphite/interchange-1.f -O scan-tree-dump-times graphite "will be interchanged" 1
=== gfortran Summary for unix/-m64 ===
# of expected passes 39488
# of unexpected successes 1
# of expected failures 54
# of unsupported tests 109
=== gfortran Summary ===
# of expected passes 78656
# of unexpected successes 2
# of expected failures 108
# of unsupported tests 372
/var/gcc/regression/trunk/11-gcc/build/gcc/testsuite/gfortran/../../gfortran version 4.7.0 20110812 (experimental) [trunk revision 177698] (GCC)
=== gnat tests ===
Running target unix
=== gnat Summary for unix ===
# of expected passes 910
# of expected failures 11
# of unsupported tests 6
Running target unix/-m64
=== gnat Summary for unix/-m64 ===
# of expected passes 910
# of expected failures 11
# of unsupported tests 6
=== gnat Summary ===
# of expected passes 1820
# of expected failures 22
# of unsupported tests 12
/var/gcc/regression/trunk/11-gcc/build/gcc/gnatmake version 4.7.0 20110812 (experimental) [trunk revision 177698]
=== go tests ===
Running target unix
FAIL: ./64bit-out.go compilation, -O2 -g
FAIL: ./select5-out.go compilation, -O2 -g
FAIL: ./tmp.go compilation, -O2 -g
FAIL: go.test/test/fixedbugs/bug273.go execution, -O2 -g
WARNING: program timed out.
WARNING: program timed out.
WARNING: program timed out.
=== go Summary for unix ===
# of expected passes 2980
# of unexpected failures 4
# of expected failures 23
# of untested testcases 3
Running target unix/-m64
FAIL: ./64bit-out.go compilation, -O2 -g
FAIL: ./select5-out.go compilation, -O2 -g
FAIL: ./tmp.go compilation, -O2 -g
WARNING: program timed out.
WARNING: program timed out.
WARNING: program timed out.
=== go Summary for unix/-m64 ===
# of expected passes 2981
# of unexpected failures 3
# of expected failures 23
# of untested testcases 3
=== go Summary ===
# of expected passes 5961
# of unexpected failures 7
# of expected failures 46
# of untested testcases 6
/var/gcc/regression/trunk/11-gcc/build/gcc/testsuite/go/../../gccgo version 4.7.0 20110812 (experimental) [trunk revision 177698] (GCC)
=== obj-c++ tests ===
Running target unix
=== obj-c++ Summary for unix ===
# of expected passes 1448
# of expected failures 2
# of unsupported tests 86
Running target unix/-m64
=== obj-c++ Summary for unix/-m64 ===
# of expected passes 1440
# of expected failures 10
# of unsupported tests 86
=== obj-c++ Summary ===
# of expected passes 2888
# of expected failures 12
# of unsupported tests 172
/var/gcc/regression/trunk/11-gcc/build/gcc/testsuite/obj-c++/../../g++ version 4.7.0 20110812 (experimental) [trunk revision 177698] (GCC)
=== objc tests ===
Running target unix
=== objc Summary for unix ===
# of expected passes 2982
# of unsupported tests 74
Running target unix/-m64
=== objc Summary for unix/-m64 ===
# of expected passes 2982
# of unsupported tests 74
=== objc Summary ===
# of expected passes 5964
# of unsupported tests 148
/var/gcc/regression/trunk/11-gcc/build/gcc/xgcc version 4.7.0 20110812 (experimental) [trunk revision 177698] (GCC)
=== boehm-gc tests ===
Running target unix
=== boehm-gc Summary for unix ===
# of expected passes 12
# of unsupported tests 1
Running target unix/-m64
=== boehm-gc Summary for unix/-m64 ===
# of expected passes 12
# of unsupported tests 1
=== boehm-gc Summary ===
# of expected passes 24
# of unsupported tests 2
=== libffi tests ===
Running target unix
=== libffi Summary for unix ===
# of expected passes 1634
# of expected failures 10
# of unsupported tests 15
Running target unix/-m64
=== libffi Summary for unix/-m64 ===
# of expected passes 1634
# of expected failures 10
# of unsupported tests 15
=== libffi Summary ===
# of expected passes 3268
# of expected failures 20
# of unsupported tests 30
=== libgo tests ===
Running target unix
FAIL: big
FAIL: time
FAIL: try
FAIL: testing/quick
=== libgo Summary for unix ===
# of expected passes 120
# of unexpected failures 4
# of untested testcases 2
Running target unix/-m64
FAIL: big
FAIL: reflect
FAIL: time
FAIL: try
FAIL: testing/quick
=== libgo Summary for unix/-m64 ===
# of expected passes 119
# of unexpected failures 5
# of untested testcases 2
=== libgo Summary ===
# of expected passes 239
# of unexpected failures 9
# of untested testcases 4
/var/gcc/regression/trunk/11-gcc/build/./gcc/gccgo version 4.7.0 20110812 (experimental) [trunk revision 177698] (GCC)
=== libgomp tests ===
Running target unix
FAIL: libgomp.c++/reduction-4.C -O0 execution test
FAIL: libgomp.c++/reduction-4.C -O1 execution test
FAIL: libgomp.c++/reduction-4.C -O2 execution test
FAIL: libgomp.c++/reduction-4.C -O3 -fomit-frame-pointer execution test
FAIL: libgomp.c++/reduction-4.C -O3 -fomit-frame-pointer -funroll-loops execution test
FAIL: libgomp.c++/reduction-4.C -O3 -fomit-frame-pointer -funroll-all-loops -finline-functions execution test
FAIL: libgomp.c++/reduction-4.C -O3 -g execution test
FAIL: libgomp.c++/reduction-4.C -Os execution test
FAIL: libgomp.graphite/force-parallel-1.c execution test
=== libgomp Summary for unix ===
# of expected passes 2917
# of unexpected failures 9
# of unsupported tests 10
Running target unix/-m64
FAIL: libgomp.c++/reduction-4.C -O0 execution test
FAIL: libgomp.c++/reduction-4.C -O1 execution test
FAIL: libgomp.c++/reduction-4.C -O2 execution test
FAIL: libgomp.c++/reduction-4.C -O3 -fomit-frame-pointer execution test
FAIL: libgomp.c++/reduction-4.C -O3 -fomit-frame-pointer -funroll-loops execution test
FAIL: libgomp.c++/reduction-4.C -O3 -fomit-frame-pointer -funroll-all-loops -finline-functions execution test
FAIL: libgomp.c++/reduction-4.C -O3 -g execution test
FAIL: libgomp.c++/reduction-4.C -Os execution test
FAIL: libgomp.graphite/force-parallel-1.c execution test
=== libgomp Summary for unix/-m64 ===
# of expected passes 2917
# of unexpected failures 9
# of unsupported tests 10
=== libgomp Summary ===
# of expected passes 5834
# of unexpected failures 18
# of unsupported tests 20
=== libjava tests ===
Running target unix
=== libjava Summary for unix ===
# of expected passes 2574
Running target unix/-m64
=== libjava Summary for unix/-m64 ===
# of expected passes 2574
=== libjava Summary ===
# of expected passes 5148
=== libmudflap tests ===
Running target unix
=== libmudflap Summary for unix ===
# of expected passes 1433
Running target unix/-m64
FAIL: libmudflap.c++/pass55-frag.cxx ( -O) execution test
=== libmudflap Summary for unix/-m64 ===
# of expected passes 1432
# of unexpected failures 1
=== libmudflap Summary ===
# of expected passes 2865
# of unexpected failures 1
=== libstdc++ tests ===
Running target unix
=== libstdc++ Summary for unix ===
# of expected passes 7727
# of expected failures 46
# of unsupported tests 495
Running target unix/-m64
=== libstdc++ Summary for unix/-m64 ===
# of expected passes 7727
# of expected failures 46
# of unsupported tests 495
=== libstdc++ Summary ===
# of expected passes 15454
# of expected failures 92
# of unsupported tests 990
Compiler version: 4.7.0 20110812 (experimental) [trunk revision 177698] (GCC)
Platform: sparc-sun-solaris2.11
configure flags: --prefix=/vol/gcc --target=sparc-sun-solaris2.11 --enable-objc-gc --enable-libmudflap --with-host-libstdcxx='-L/vol/gcc-4.4/lib -Wl,-Bstatic -lstdc++ -Wl,-Bdynamic -lm' --with-boot-ldflags='-static-libstdc++ -static-libgcc -L/vol/gcc-4.4/lib' --with-gmp-include=/vol/gcc/include --with-gmp-lib=/vol/gcc/lib --with-mpfr-include=/vol/gcc/include --with-mpfr-lib=/vol/gcc/lib --with-mpc-include=/vol/gcc/include --with-mpc-lib=/vol/gcc/lib --enable-languages=all,ada,obj-c++,go --with-ppl-include=/vol/gcc/include --with-ppl-lib=/vol/gcc/lib --with-cloog-include=/vol/gcc/include --with-cloog-lib=/vol/gcc/lib --enable-cloog-backend=ppl
BOOT_CFLAGS=-g -O2
More information about the Gcc-testresults
mailing list