Results for 4.7.0 20110812 (experimental) [trunk revision 177694] (GCC) testsuite on i386-pc-solaris2.10
Sean McGovern
sean@seanmcgovern.ca
Sat Aug 13 18:49:00 GMT 2011
\$ uname -a
SunOS tsukimi 5.10 Generic_142910-17 i86pc i386 i86pc
\$ cat /etc/release
Oracle Solaris 10 9/10 s10x_u9wos_14a X86
Copyright (c) 2010, Oracle and/or its affiliates. All rights reserved.
Assembled 11 August 2010
\$ /usr/local/bin/as --version
GNU assembler (GNU Binutils) 2.21.1
\$ /usr/ccs/bin/ld -V
ld: Software Generation Utilities - Solaris Link Editors: 5.10-1.500
\$ /usr/sbin/psrinfo -pv
The physical processor has 1 virtual processor (0)
x86 (GenuineIntel family 6 model 23 step 6 clock 2393 MHz)
Intel(r) Core(tm)2 Duo CPU T8300 @ 2.40GHz
The physical processor has 1 virtual processor (1)
x86 (GenuineIntel family 6 model 23 step 6 clock 2393 MHz)
Intel(r) Core(tm)2 Duo CPU T8300 @ 2.40GHz
Bootstrapped with :
\$ /usr/sfw/bin/gcc -v
Reading specs from /usr/sfw/lib/gcc/i386-pc-solaris2.10/3.4.3/specs
Configured with: /builds/sfw10-gate/usr/src/cmd/gcc/gcc-3.4.3/configure --prefix=/usr/sfw --with-as=/usr/sfw/bin/gas --with-gnu-as --with-ld=/usr/ccs/bin/ld --without-gnu-ld --enable-languages=c,c++ --enable-shared
Thread model: posix
gcc version 3.4.3 (csl-sol210-3_4-branch+sol_rpath)
********
LAST_UPDATED: Fri Aug 12 12:47:50 UTC 2011 (revision 177694)
Native configuration is i386-pc-solaris2.10
=== g++ tests ===
Running target unix/-m32
FAIL: g++.dg/tree-ssa/pr41186.C scan-tree-dump fre1 "Replaced b1.D.[0-9]*.i with 0"
FAIL: g++.dg/tree-ssa/pr41186.C scan-tree-dump fre1 "Replaced b1.D.[0-9]*.f with 1"
UNRESOLVED: decl_plugin.c compilation, -I. -I/SOURCES/gcc-trunk/gcc/testsuite -I/SOURCES/gcc-trunk/gcc/testsuite/../../gcc -I/BUILD/gcc/obj-177694/gcc/testsuite/g++/../../../gcc -I/SOURCES/gcc-trunk/gcc/testsuite/../../include -I/SOURCES/gcc-trunk/gcc/testsuite/../../libcpp/include -I/opt/gnu/include -I/opt/gnu/include -I/opt/gnu/include -I/BUILD/gcc/obj-177694/gcc/testsuite/g++/../../../intl -DIN_GCC -fPIC -shared
FAIL: g++.dg/tree-prof/partition2.C compilation, -Os -fprofile-use
UNRESOLVED: g++.dg/tree-prof/partition2.C execution, -Os -fprofile-use
=== g++ Summary for unix/-m32 ===
# of expected passes 27565
# of unexpected failures 3
# of expected failures 159
# of unresolved testcases 2
# of unsupported tests 190
Running target unix/-m64
FAIL: g++.dg/tree-ssa/pr41186.C scan-tree-dump fre1 "Replaced b1.D.[0-9]*.i with 0"
FAIL: g++.dg/tree-ssa/pr41186.C scan-tree-dump fre1 "Replaced b1.D.[0-9]*.f with 1"
UNRESOLVED: decl_plugin.c compilation, -I. -I/SOURCES/gcc-trunk/gcc/testsuite -I/SOURCES/gcc-trunk/gcc/testsuite/../../gcc -I/BUILD/gcc/obj-177694/gcc/testsuite/g++/../../../gcc -I/SOURCES/gcc-trunk/gcc/testsuite/../../include -I/SOURCES/gcc-trunk/gcc/testsuite/../../libcpp/include -I/opt/gnu/include -I/opt/gnu/include -I/opt/gnu/include -I/BUILD/gcc/obj-177694/gcc/testsuite/g++/../../../intl -DIN_GCC -fPIC -shared
FAIL: g++.dg/tree-prof/partition2.C compilation, -Os -fprofile-use
UNRESOLVED: g++.dg/tree-prof/partition2.C execution, -Os -fprofile-use
=== g++ Summary for unix/-m64 ===
# of expected passes 27794
# of unexpected failures 3
# of expected failures 159
# of unresolved testcases 2
# of unsupported tests 391
=== g++ Summary ===
# of expected passes 55359
# of unexpected failures 6
# of expected failures 318
# of unresolved testcases 4
# of unsupported tests 581
/BUILD/gcc/obj-177694/gcc/testsuite/g++/../../g++ version 4.7.0 20110812 (experimental) [trunk revision 177694] (GCC)
=== gcc tests ===
Running target unix/-m32
FAIL: gcc.dg/builtins-67.c (test for excess errors)
XPASS: gcc.dg/uninit-B.c uninit i warning (test for warnings, line 12)
XPASS: gcc.dg/uninit-pr19430.c (test for warnings, line 32)
XPASS: gcc.dg/uninit-pr19430.c uninitialized (test for warnings, line 41)
FAIL: gcc.dg/torture/tls/run-ld.c -O1 execution test
FAIL: gcc.dg/torture/tls/run-ld.c -O2 execution test
FAIL: gcc.dg/torture/tls/run-ld.c -O3 -fomit-frame-pointer execution test
FAIL: gcc.dg/torture/tls/run-ld.c -O3 -g execution test
FAIL: gcc.dg/torture/tls/run-ld.c -Os execution test
FAIL: gcc.dg/torture/tls/run-ld.c -O1 -fpic execution test
FAIL: gcc.dg/torture/tls/run-ld.c -O2 -fpic execution test
FAIL: gcc.dg/torture/tls/run-ld.c -O3 -fomit-frame-pointer -fpic execution test
FAIL: gcc.dg/torture/tls/run-ld.c -O3 -g -fpic execution test
FAIL: gcc.dg/torture/tls/run-ld.c -Os -fpic execution test
FAIL: gcc.dg/torture/tls/run-ld.c -O1 -fPIC execution test
FAIL: gcc.dg/torture/tls/run-ld.c -O2 -fPIC execution test
FAIL: gcc.dg/torture/tls/run-ld.c -O3 -fomit-frame-pointer -fPIC execution test
FAIL: gcc.dg/torture/tls/run-ld.c -O3 -g -fPIC execution test
FAIL: gcc.dg/torture/tls/run-ld.c -Os -fPIC execution test
FAIL: gcc.dg/torture/tls/run-ld.c -O2 -flto -flto-partition=none execution test
FAIL: gcc.dg/torture/tls/run-ld.c -O2 -flto execution test
FAIL: gcc.dg/torture/tls/thr-init-2.c -O2 -fpic execution test
FAIL: gcc.dg/torture/tls/thr-init-2.c -O3 -fomit-frame-pointer -fpic execution test
FAIL: gcc.dg/torture/tls/thr-init-2.c -O3 -g -fpic execution test
FAIL: gcc.dg/torture/tls/thr-init-2.c -O2 -fPIC execution test
FAIL: gcc.dg/torture/tls/thr-init-2.c -O3 -fomit-frame-pointer -fPIC execution test
FAIL: gcc.dg/torture/tls/thr-init-2.c -O3 -g -fPIC execution test
FAIL: gcc.dg/tree-ssa/vrp47.c scan-tree-dump-times dom1 "x[^ ]* & y" 1
FAIL: gcc.target/i386/conversion.c (test for excess errors)
FAIL: gcc.target/i386/pr25293.c (internal compiler error)
FAIL: gcc.target/i386/pr25293.c (test for excess errors)
=== gcc Summary for unix/-m32 ===
# of expected passes 78842
# of unexpected failures 28
# of unexpected successes 3
# of expected failures 238
# of unsupported tests 849
Running target unix/-m64
FAIL: gcc.dg/builtins-67.c (test for excess errors)
XPASS: gcc.dg/uninit-B.c uninit i warning (test for warnings, line 12)
XPASS: gcc.dg/uninit-pr19430.c (test for warnings, line 32)
XPASS: gcc.dg/uninit-pr19430.c uninitialized (test for warnings, line 41)
FAIL: gcc.dg/tree-prof/bb-reorg.c execution, -fprofile-use -D_PROFILE_USE
FAIL: gcc.dg/tree-ssa/vrp47.c scan-tree-dump-times dom1 "x[^ ]* & y" 1
FAIL: gcc.target/i386/conversion.c (test for excess errors)
=== gcc Summary for unix/-m64 ===
# of expected passes 79040
# of unexpected failures 4
# of unexpected successes 3
# of expected failures 238
# of unsupported tests 1242
=== gcc Summary ===
# of expected passes 157882
# of unexpected failures 32
# of unexpected successes 6
# of expected failures 476
# of unsupported tests 2091
/BUILD/gcc/obj-177694/gcc/xgcc version 4.7.0 20110812 (experimental) [trunk revision 177694] (GCC)
=== libgomp tests ===
Running target unix/-m64
=== libgomp Summary for unix/-m64 ===
# of expected passes 1237
# of unsupported tests 3
Running target unix/-m32
=== libgomp Summary for unix/-m32 ===
# of expected passes 1237
# of unsupported tests 3
=== libgomp Summary ===
# of expected passes 2474
# of unsupported tests 6
=== libstdc++ tests ===
Running target unix/-m32
=== libstdc++ Summary for unix/-m32 ===
# of expected passes 7709
# of expected failures 48
# of unsupported tests 503
Running target unix/-m64
FAIL: 22_locale/num_put/put/char/14220.cc execution test
FAIL: 22_locale/num_put/put/wchar_t/14220.cc execution test
FAIL: 27_io/basic_stringbuf/seekoff/wchar_t/1.cc execution test
=== libstdc++ Summary for unix/-m64 ===
# of expected passes 7708
# of unexpected failures 3
# of expected failures 46
# of unsupported tests 503
=== libstdc++ Summary ===
# of expected passes 15417
# of unexpected failures 3
# of expected failures 94
# of unsupported tests 1006
Compiler version: 4.7.0 20110812 (experimental) [trunk revision 177694] (GCC)
Platform: i386-pc-solaris2.10
configure flags: --prefix=/BUILD/gcc/177694 --target=i386-pc-solaris2.10 --with-gnu-as --with-as=/usr/local/bin/as --with-gmp=/opt/gnu --with-mpfr=/opt/gnu --with-mpc=/opt/gnu --disable-libmudflap --disable-libssp --enable-languages=c,c++ --program-suffix=-trunk
BOOT_CFLAGS=-g -O2
More information about the Gcc-testresults
mailing list