Results for 4.7.0 20110813 (experimental) (GCC) testsuite on x86_64-unknown-linux-gnu
H.J. Lu
hjl@gnu-mic-2.sc.intel.com
Sat Aug 13 14:21:00 GMT 2011
Native configuration is x86_64-unknown-linux-gnu
=== gcc tests ===
Running target unix
FAIL: gcc.c-torture/execute/builtins/strstr-asm.c compilation, -O2 -flto -flto-partition=none
UNRESOLVED: gcc.c-torture/execute/builtins/strstr-asm.c execution, -O2 -flto -flto-partition=none
FAIL: gcc.c-torture/execute/builtins/strstr-asm.c compilation, -O2 -flto
UNRESOLVED: gcc.c-torture/execute/builtins/strstr-asm.c execution, -O2 -flto
XPASS: gcc.dg/inline_3.c (test for excess errors)
XPASS: gcc.dg/inline_4.c (test for excess errors)
XPASS: gcc.dg/uninit-B.c uninit i warning (test for warnings, line 12)
XPASS: gcc.dg/uninit-pr19430.c (test for warnings, line 32)
XPASS: gcc.dg/uninit-pr19430.c uninitialized (test for warnings, line 41)
XPASS: gcc.dg/unroll_2.c (test for excess errors)
XPASS: gcc.dg/unroll_3.c (test for excess errors)
XPASS: gcc.dg/unroll_4.c (test for excess errors)
XPASS: gcc.dg/guality/example.c -O0 execution test
XPASS: gcc.dg/guality/example.c -O1 execution test
XPASS: gcc.dg/guality/example.c -O2 execution test
XPASS: gcc.dg/guality/example.c -Os execution test
XPASS: gcc.dg/guality/guality.c -O0 execution test
XPASS: gcc.dg/guality/inline-params.c -O2 execution test
XPASS: gcc.dg/guality/inline-params.c -O3 -fomit-frame-pointer execution test
XPASS: gcc.dg/guality/inline-params.c -O3 -g execution test
XPASS: gcc.dg/guality/inline-params.c -Os execution test
XPASS: gcc.dg/guality/inline-params.c -O2 -flto -flto-partition=none execution test
XPASS: gcc.dg/guality/inline-params.c -O2 -flto execution test
XPASS: gcc.dg/guality/pr41353-1.c -O0 line 28 j == 28 + 37
XPASS: gcc.dg/guality/pr41353-1.c -O1 line 28 j == 28 + 37
XPASS: gcc.dg/guality/pr41353-1.c -O2 line 28 j == 28 + 37
XPASS: gcc.dg/guality/pr41353-1.c -O3 -fomit-frame-pointer line 28 j == 28 + 37
XPASS: gcc.dg/guality/pr41353-1.c -O3 -g line 28 j == 28 + 37
XPASS: gcc.dg/guality/pr41353-1.c -Os line 28 j == 28 + 37
XPASS: gcc.dg/guality/pr41353-1.c -O2 -flto -flto-partition=none line 28 j == 28 + 37
XPASS: gcc.dg/guality/pr41353-1.c -O2 -flto line 28 j == 28 + 37
XPASS: gcc.dg/guality/pr41447-1.c -O0 execution test
XPASS: gcc.dg/guality/pr41447-1.c -O1 execution test
XPASS: gcc.dg/guality/pr41447-1.c -O2 execution test
XPASS: gcc.dg/guality/pr41447-1.c -O3 -fomit-frame-pointer execution test
XPASS: gcc.dg/guality/pr41447-1.c -O3 -g execution test
XPASS: gcc.dg/guality/pr41447-1.c -Os execution test
XPASS: gcc.dg/guality/pr41447-1.c -O2 -flto -flto-partition=none execution test
XPASS: gcc.dg/guality/pr41447-1.c -O2 -flto execution test
XPASS: gcc.dg/guality/pr41616-1.c -O0 execution test
XPASS: gcc.dg/guality/pr41616-1.c -O1 execution test
XPASS: gcc.dg/guality/pr41616-1.c -O2 execution test
XPASS: gcc.dg/guality/pr41616-1.c -O3 -fomit-frame-pointer execution test
XPASS: gcc.dg/guality/pr41616-1.c -O3 -g execution test
XPASS: gcc.dg/guality/pr41616-1.c -Os execution test
FAIL: gcc.dg/guality/pr45003-1.c -O1 line 10 a == 0x8078
FAIL: gcc.dg/guality/pr45003-1.c -O1 line 19 a == 0xffff8078
FAIL: gcc.dg/guality/pr45003-1.c -O2 line 10 a == 0x8078
FAIL: gcc.dg/guality/pr45003-1.c -O2 line 19 a == 0xffff8078
FAIL: gcc.dg/guality/pr45003-1.c -O3 -fomit-frame-pointer line 10 a == 0x8078
FAIL: gcc.dg/guality/pr45003-1.c -O3 -fomit-frame-pointer line 19 a == 0xffff8078
FAIL: gcc.dg/guality/pr45003-1.c -O3 -g line 10 a == 0x8078
FAIL: gcc.dg/guality/pr45003-1.c -O3 -g line 19 a == 0xffff8078
FAIL: gcc.dg/guality/pr45003-1.c -Os line 10 a == 0x8078
FAIL: gcc.dg/guality/pr45003-1.c -Os line 19 a == 0xffff8078
FAIL: gcc.dg/guality/pr45003-1.c -O2 -flto -flto-partition=none line 10 a == 0x8078
FAIL: gcc.dg/guality/pr45003-1.c -O2 -flto -flto-partition=none line 19 a == 0xffff8078
FAIL: gcc.dg/guality/pr45003-1.c -O2 -flto line 10 a == 0x8078
FAIL: gcc.dg/guality/pr45003-1.c -O2 -flto line 19 a == 0xffff8078
FAIL: gcc.dg/guality/pr45003-2.c -O1 line 10 a == 0x8078
FAIL: gcc.dg/guality/pr45003-2.c -O1 line 19 a == 0xffff8078
FAIL: gcc.dg/guality/pr45003-2.c -O2 line 10 a == 0x8078
FAIL: gcc.dg/guality/pr45003-2.c -O2 line 19 a == 0xffff8078
FAIL: gcc.dg/guality/pr45003-2.c -O3 -fomit-frame-pointer line 10 a == 0x8078
FAIL: gcc.dg/guality/pr45003-2.c -O3 -fomit-frame-pointer line 19 a == 0xffff8078
FAIL: gcc.dg/guality/pr45003-2.c -O3 -g line 10 a == 0x8078
FAIL: gcc.dg/guality/pr45003-2.c -O3 -g line 19 a == 0xffff8078
FAIL: gcc.dg/guality/pr45003-2.c -Os line 10 a == 0x8078
FAIL: gcc.dg/guality/pr45003-2.c -Os line 19 a == 0xffff8078
FAIL: gcc.dg/guality/pr45003-2.c -O2 -flto -flto-partition=none line 10 a == 0x8078
FAIL: gcc.dg/guality/pr45003-2.c -O2 -flto -flto-partition=none line 19 a == 0xffff8078
FAIL: gcc.dg/guality/pr45003-2.c -O2 -flto line 10 a == 0x8078
FAIL: gcc.dg/guality/pr45003-2.c -O2 -flto line 19 a == 0xffff8078
FAIL: gcc.dg/guality/pr45003-3.c -O1 line 10 a == -32648
FAIL: gcc.dg/guality/pr45003-3.c -O1 line 19 a == 0x8078
FAIL: gcc.dg/guality/pr45003-3.c -O2 line 10 a == -32648
FAIL: gcc.dg/guality/pr45003-3.c -O2 line 19 a == 0x8078
FAIL: gcc.dg/guality/pr45003-3.c -O3 -fomit-frame-pointer line 10 a == -32648
FAIL: gcc.dg/guality/pr45003-3.c -O3 -fomit-frame-pointer line 19 a == 0x8078
FAIL: gcc.dg/guality/pr45003-3.c -O3 -g line 10 a == -32648
FAIL: gcc.dg/guality/pr45003-3.c -O3 -g line 19 a == 0x8078
FAIL: gcc.dg/guality/pr45003-3.c -Os line 10 a == -32648
FAIL: gcc.dg/guality/pr45003-3.c -Os line 19 a == 0x8078
FAIL: gcc.dg/guality/pr45003-3.c -O2 -flto -flto-partition=none line 10 a == -32648
FAIL: gcc.dg/guality/pr45003-3.c -O2 -flto -flto-partition=none line 19 a == 0x8078
FAIL: gcc.dg/guality/pr45003-3.c -O2 -flto line 10 a == -32648
FAIL: gcc.dg/guality/pr45003-3.c -O2 -flto line 19 a == 0x8078
FAIL: gcc.dg/guality/sra-1.c -O1 line 43 a.i == 4
FAIL: gcc.dg/guality/sra-1.c -O1 line 43 a.j == 14
FAIL: gcc.dg/guality/vla-1.c -O0 line 17 sizeof (a) == 6
FAIL: gcc.dg/guality/vla-1.c -O0 line 24 sizeof (a) == 17 * sizeof (short)
FAIL: gcc.dg/guality/vla-1.c -O1 line 17 i == 5
FAIL: gcc.dg/guality/vla-1.c -O1 line 17 sizeof (a) == 6
FAIL: gcc.dg/guality/vla-1.c -O1 line 24 sizeof (a) == 17 * sizeof (short)
FAIL: gcc.dg/guality/vla-1.c -O2 line 17 sizeof (a) == 6
FAIL: gcc.dg/guality/vla-1.c -O2 line 24 sizeof (a) == 17 * sizeof (short)
FAIL: gcc.dg/guality/vla-1.c -O3 -fomit-frame-pointer line 17 sizeof (a) == 6
FAIL: gcc.dg/guality/vla-1.c -O3 -fomit-frame-pointer line 24 sizeof (a) == 17 * sizeof (short)
FAIL: gcc.dg/guality/vla-1.c -O3 -g line 17 sizeof (a) == 6
FAIL: gcc.dg/guality/vla-1.c -O3 -g line 24 sizeof (a) == 17 * sizeof (short)
FAIL: gcc.dg/guality/vla-1.c -Os line 17 sizeof (a) == 6
FAIL: gcc.dg/guality/vla-1.c -Os line 24 sizeof (a) == 17 * sizeof (short)
FAIL: gcc.dg/guality/vla-1.c -O2 -flto -flto-partition=none line 17 sizeof (a) == 6
FAIL: gcc.dg/guality/vla-1.c -O2 -flto -flto-partition=none line 24 sizeof (a) == 17 * sizeof (short)
FAIL: gcc.dg/guality/vla-1.c -O2 -flto line 17 sizeof (a) == 6
FAIL: gcc.dg/guality/vla-1.c -O2 -flto line 24 sizeof (a) == 17 * sizeof (short)
FAIL: gcc.dg/guality/vla-2.c -O0 line 16 sizeof (a) == 5 * sizeof (int)
FAIL: gcc.dg/guality/vla-2.c -O0 line 25 sizeof (a) == 6 * sizeof (int)
FAIL: gcc.dg/guality/vla-2.c -O1 line 16 sizeof (a) == 5 * sizeof (int)
FAIL: gcc.dg/guality/vla-2.c -O1 line 25 sizeof (a) == 6 * sizeof (int)
FAIL: gcc.dg/guality/vla-2.c -O2 line 16 sizeof (a) == 5 * sizeof (int)
FAIL: gcc.dg/guality/vla-2.c -O2 line 25 sizeof (a) == 6 * sizeof (int)
FAIL: gcc.dg/guality/vla-2.c -O3 -fomit-frame-pointer line 16 sizeof (a) == 5 * sizeof (int)
FAIL: gcc.dg/guality/vla-2.c -O3 -fomit-frame-pointer line 25 sizeof (a) == 6 * sizeof (int)
FAIL: gcc.dg/guality/vla-2.c -O3 -g line 16 sizeof (a) == 5 * sizeof (int)
FAIL: gcc.dg/guality/vla-2.c -O3 -g line 25 sizeof (a) == 6 * sizeof (int)
FAIL: gcc.dg/guality/vla-2.c -Os line 16 sizeof (a) == 5 * sizeof (int)
FAIL: gcc.dg/guality/vla-2.c -Os line 25 sizeof (a) == 6 * sizeof (int)
FAIL: gcc.dg/guality/vla-2.c -O2 -flto -flto-partition=none line 16 sizeof (a) == 5 * sizeof (int)
FAIL: gcc.dg/guality/vla-2.c -O2 -flto -flto-partition=none line 25 sizeof (a) == 6 * sizeof (int)
FAIL: gcc.dg/guality/vla-2.c -O2 -flto line 16 sizeof (a) == 5 * sizeof (int)
FAIL: gcc.dg/guality/vla-2.c -O2 -flto line 25 sizeof (a) == 6 * sizeof (int)
FAIL: gcc.dg/tree-ssa/vrp47.c scan-tree-dump-times dom1 "x[^ ]* & y" 1
=== gcc Summary for unix ===
# of expected passes 86237
# of unexpected failures 4
# of unexpected successes 8
# of expected failures 301
# of unresolved testcases 2
# of unsupported tests 1394
Running target unix/-m32
FAIL: gcc.c-torture/execute/builtins/strstr-asm.c compilation, -O2 -flto -flto-partition=none
UNRESOLVED: gcc.c-torture/execute/builtins/strstr-asm.c execution, -O2 -flto -flto-partition=none
FAIL: gcc.c-torture/execute/builtins/strstr-asm.c compilation, -O2 -flto
UNRESOLVED: gcc.c-torture/execute/builtins/strstr-asm.c execution, -O2 -flto
XPASS: gcc.dg/inline_3.c (test for excess errors)
XPASS: gcc.dg/inline_4.c (test for excess errors)
XPASS: gcc.dg/uninit-B.c uninit i warning (test for warnings, line 12)
XPASS: gcc.dg/uninit-pr19430.c (test for warnings, line 32)
XPASS: gcc.dg/uninit-pr19430.c uninitialized (test for warnings, line 41)
XPASS: gcc.dg/unroll_2.c (test for excess errors)
XPASS: gcc.dg/unroll_3.c (test for excess errors)
XPASS: gcc.dg/unroll_4.c (test for excess errors)
XPASS: gcc.dg/guality/example.c -O0 execution test
XPASS: gcc.dg/guality/example.c -O1 execution test
XPASS: gcc.dg/guality/example.c -O2 execution test
XPASS: gcc.dg/guality/guality.c -O0 execution test
XPASS: gcc.dg/guality/guality.c -O1 execution test
XPASS: gcc.dg/guality/guality.c -O2 execution test
XPASS: gcc.dg/guality/guality.c -O3 -fomit-frame-pointer execution test
XPASS: gcc.dg/guality/guality.c -O3 -g execution test
XPASS: gcc.dg/guality/guality.c -Os execution test
XPASS: gcc.dg/guality/guality.c -O2 -flto -flto-partition=none execution test
XPASS: gcc.dg/guality/guality.c -O2 -flto execution test
XPASS: gcc.dg/guality/inline-params.c -O2 execution test
XPASS: gcc.dg/guality/inline-params.c -O3 -fomit-frame-pointer execution test
XPASS: gcc.dg/guality/inline-params.c -O3 -g execution test
XPASS: gcc.dg/guality/inline-params.c -Os execution test
XPASS: gcc.dg/guality/inline-params.c -O2 -flto -flto-partition=none execution test
XPASS: gcc.dg/guality/inline-params.c -O2 -flto execution test
FAIL: gcc.dg/guality/pr36728-1.c -O2 -flto -flto-partition=none line 12 arg1 == 1
FAIL: gcc.dg/guality/pr36728-1.c -O2 -flto -flto-partition=none line 14 arg1 == 1
FAIL: gcc.dg/guality/pr36728-1.c -O2 -flto line 12 arg1 == 1
FAIL: gcc.dg/guality/pr36728-1.c -O2 -flto line 14 arg1 == 1
XPASS: gcc.dg/guality/pr41353-1.c -O0 line 28 j == 28 + 37
XPASS: gcc.dg/guality/pr41353-1.c -O1 line 28 j == 28 + 37
XPASS: gcc.dg/guality/pr41353-1.c -O2 line 28 j == 28 + 37
XPASS: gcc.dg/guality/pr41353-1.c -O3 -fomit-frame-pointer line 28 j == 28 + 37
XPASS: gcc.dg/guality/pr41353-1.c -O3 -g line 28 j == 28 + 37
XPASS: gcc.dg/guality/pr41353-1.c -Os line 28 j == 28 + 37
XPASS: gcc.dg/guality/pr41353-1.c -O2 -flto -flto-partition=none line 28 j == 28 + 37
XPASS: gcc.dg/guality/pr41353-1.c -O2 -flto line 28 j == 28 + 37
XPASS: gcc.dg/guality/pr41447-1.c -O0 execution test
XPASS: gcc.dg/guality/pr41447-1.c -O1 execution test
XPASS: gcc.dg/guality/pr41447-1.c -Os execution test
XPASS: gcc.dg/guality/pr41447-1.c -O2 -flto -flto-partition=none execution test
XPASS: gcc.dg/guality/pr41447-1.c -O2 -flto execution test
XPASS: gcc.dg/guality/pr41616-1.c -O0 execution test
XPASS: gcc.dg/guality/pr41616-1.c -O1 execution test
XPASS: gcc.dg/guality/pr41616-1.c -O2 execution test
XPASS: gcc.dg/guality/pr41616-1.c -O3 -fomit-frame-pointer execution test
XPASS: gcc.dg/guality/pr41616-1.c -O3 -g execution test
XPASS: gcc.dg/guality/pr41616-1.c -Os execution test
FAIL: gcc.dg/guality/vla-1.c -O0 line 17 sizeof (a) == 6
FAIL: gcc.dg/guality/vla-1.c -O0 line 24 sizeof (a) == 17 * sizeof (short)
FAIL: gcc.dg/guality/vla-1.c -O1 line 17 sizeof (a) == 6
FAIL: gcc.dg/guality/vla-1.c -O1 line 24 sizeof (a) == 17 * sizeof (short)
FAIL: gcc.dg/guality/vla-1.c -O2 line 17 sizeof (a) == 6
FAIL: gcc.dg/guality/vla-1.c -O2 line 24 sizeof (a) == 17 * sizeof (short)
FAIL: gcc.dg/guality/vla-1.c -O3 -fomit-frame-pointer line 17 sizeof (a) == 6
FAIL: gcc.dg/guality/vla-1.c -O3 -fomit-frame-pointer line 24 sizeof (a) == 17 * sizeof (short)
FAIL: gcc.dg/guality/vla-1.c -O3 -g line 17 sizeof (a) == 6
FAIL: gcc.dg/guality/vla-1.c -O3 -g line 24 sizeof (a) == 17 * sizeof (short)
FAIL: gcc.dg/guality/vla-1.c -Os line 17 sizeof (a) == 6
FAIL: gcc.dg/guality/vla-1.c -Os line 24 sizeof (a) == 17 * sizeof (short)
FAIL: gcc.dg/guality/vla-1.c -O2 -flto -flto-partition=none line 17 i == 5
FAIL: gcc.dg/guality/vla-1.c -O2 -flto -flto-partition=none line 17 sizeof (a) == 6
FAIL: gcc.dg/guality/vla-1.c -O2 -flto -flto-partition=none line 24 sizeof (a) == 17 * sizeof (short)
FAIL: gcc.dg/guality/vla-1.c -O2 -flto line 17 i == 5
FAIL: gcc.dg/guality/vla-1.c -O2 -flto line 17 sizeof (a) == 6
FAIL: gcc.dg/guality/vla-1.c -O2 -flto line 24 sizeof (a) == 17 * sizeof (short)
FAIL: gcc.dg/guality/vla-2.c -O0 line 16 sizeof (a) == 5 * sizeof (int)
FAIL: gcc.dg/guality/vla-2.c -O0 line 25 sizeof (a) == 6 * sizeof (int)
FAIL: gcc.dg/guality/vla-2.c -O1 line 16 sizeof (a) == 5 * sizeof (int)
FAIL: gcc.dg/guality/vla-2.c -O1 line 25 sizeof (a) == 6 * sizeof (int)
FAIL: gcc.dg/guality/vla-2.c -O2 line 16 sizeof (a) == 5 * sizeof (int)
FAIL: gcc.dg/guality/vla-2.c -O2 line 25 sizeof (a) == 6 * sizeof (int)
FAIL: gcc.dg/guality/vla-2.c -O3 -fomit-frame-pointer line 16 sizeof (a) == 5 * sizeof (int)
FAIL: gcc.dg/guality/vla-2.c -O3 -fomit-frame-pointer line 25 sizeof (a) == 6 * sizeof (int)
FAIL: gcc.dg/guality/vla-2.c -O3 -g line 16 sizeof (a) == 5 * sizeof (int)
FAIL: gcc.dg/guality/vla-2.c -O3 -g line 25 sizeof (a) == 6 * sizeof (int)
FAIL: gcc.dg/guality/vla-2.c -Os line 16 sizeof (a) == 5 * sizeof (int)
FAIL: gcc.dg/guality/vla-2.c -Os line 25 sizeof (a) == 6 * sizeof (int)
FAIL: gcc.dg/guality/vla-2.c -O2 -flto -flto-partition=none line 16 sizeof (a) == 5 * sizeof (int)
FAIL: gcc.dg/guality/vla-2.c -O2 -flto -flto-partition=none line 25 sizeof (a) == 6 * sizeof (int)
FAIL: gcc.dg/guality/vla-2.c -O2 -flto line 16 sizeof (a) == 5 * sizeof (int)
FAIL: gcc.dg/guality/vla-2.c -O2 -flto line 25 sizeof (a) == 6 * sizeof (int)
FAIL: gcc.dg/tree-ssa/vrp47.c scan-tree-dump-times dom1 "x[^ ]* & y" 1
=== gcc Summary for unix/-m32 ===
# of expected passes 38648
# of unexpected failures 2
# of unexpected successes 8
# of expected failures 187
# of unresolved testcases 2
# of unsupported tests 393
=== gcc Summary ===
# of expected passes 124885
# of unexpected failures 6
# of unexpected successes 16
# of expected failures 488
# of unresolved testcases 4
# of unsupported tests 1787
/export/build/gnu/gcc/build-x86_64-linux/gcc/xgcc version 4.7.0 20110813 (experimental) (GCC)
=== gfortran tests ===
Running target unix
XPASS: gfortran.dg/graphite/interchange-1.f -O scan-tree-dump-times graphite "will be interchanged" 1
=== gfortran Summary for unix ===
# of expected passes 38046
# of expected failures 38
# of unsupported tests 36
Running target unix/-m32
XPASS: gfortran.dg/graphite/interchange-1.f -O scan-tree-dump-times graphite "will be interchanged" 1
=== gfortran Summary for unix/-m32 ===
# of expected passes 37756
# of expected failures 38
# of unsupported tests 177
=== gfortran Summary ===
# of expected passes 75802
# of expected failures 76
# of unsupported tests 213
/export/build/gnu/gcc/build-x86_64-linux/gcc/testsuite/gfortran/../../gfortran version 4.7.0 20110813 (experimental) (GCC)
=== g++ tests ===
Running target unix
FAIL: g++.dg/tree-ssa/pr41186.C scan-tree-dump fre1 "Replaced b1.D.[0-9]*.i with 0"
FAIL: g++.dg/tree-ssa/pr41186.C scan-tree-dump fre1 "Replaced b1.D.[0-9]*.f with 1"
UNRESOLVED: decl_plugin.c compilation, -I. -I/export/gnu/import/git/gcc/gcc/testsuite -I/export/gnu/import/git/gcc/gcc/testsuite/../../gcc -I/export/build/gnu/gcc/build-x86_64-linux/gcc/testsuite/g++/../../../gcc -I/export/gnu/import/git/gcc/gcc/testsuite/../../include -I/export/gnu/import/git/gcc/gcc/testsuite/../../libcpp/include -I/export/build/gnu/gcc/build-x86_64-linux/gcc/testsuite/g++/../../../intl -DIN_GCC -fPIC -shared
FAIL: g++.dg/tree-prof/partition2.C compilation, -Os -fprofile-use
UNRESOLVED: g++.dg/tree-prof/partition2.C execution, -Os -fprofile-use
=== g++ Summary for unix ===
# of expected passes 21133
# of unexpected failures 2
# of expected failures 149
# of unsupported tests 154
Running target unix/-m32
FAIL: g++.dg/tree-ssa/pr41186.C scan-tree-dump fre1 "Replaced b1.D.[0-9]*.i with 0"
FAIL: g++.dg/tree-ssa/pr41186.C scan-tree-dump fre1 "Replaced b1.D.[0-9]*.f with 1"
UNRESOLVED: decl_plugin.c compilation, -I. -I/export/gnu/import/git/gcc/gcc/testsuite -I/export/gnu/import/git/gcc/gcc/testsuite/../../gcc -I/export/build/gnu/gcc/build-x86_64-linux/gcc/testsuite/g++/../../../gcc -I/export/gnu/import/git/gcc/gcc/testsuite/../../include -I/export/gnu/import/git/gcc/gcc/testsuite/../../libcpp/include -I/export/build/gnu/gcc/build-x86_64-linux/gcc/testsuite/g++/../../../intl -DIN_GCC -fPIC -shared
FAIL: g++.dg/tree-prof/partition2.C compilation, -Os -fprofile-use
UNRESOLVED: g++.dg/tree-prof/partition2.C execution, -Os -fprofile-use
=== g++ Summary for unix/-m32 ===
# of expected passes 20598
# of unexpected failures 2
# of expected failures 149
# of unsupported tests 118
=== g++ Summary ===
# of expected passes 41731
# of unexpected failures 4
# of expected failures 298
# of unsupported tests 272
/export/build/gnu/gcc/build-x86_64-linux/gcc/testsuite/g++/../../g++ version 4.7.0 20110813 (experimental) (GCC)
=== objc tests ===
Running target unix
=== objc Summary for unix ===
# of expected passes 1292
# of expected failures 6
Running target unix/-m32
=== objc Summary for unix/-m32 ===
# of expected passes 1292
# of expected failures 6
=== objc Summary ===
# of expected passes 2584
# of expected failures 12
/export/build/gnu/gcc/build-x86_64-linux/gcc/xgcc version 4.7.0 20110813 (experimental) (GCC)
=== boehm-gc tests ===
Running target unix/-m32
FAIL: boehm-gc.c/thread_leak_test.c -O2 (test for excess errors)
=== boehm-gc Summary for unix/-m32 ===
# of expected passes 4
Running target unix
FAIL: boehm-gc.c/thread_leak_test.c -O2 (test for excess errors)
=== boehm-gc Summary for unix ===
# of expected passes 4
=== boehm-gc Summary ===
# of expected passes 22
# of unexpected failures 2
# of unsupported tests 2
=== libffi tests ===
Running target unix/-m32
=== libffi Summary for unix/-m32 ===
# of expected passes 24
Running target unix
=== libffi Summary for unix ===
# of expected passes 24
=== libffi Summary ===
# of expected passes 3268
# of expected failures 20
# of unsupported tests 30
=== libgomp tests ===
Running target unix/-m32
FAIL: libgomp.graphite/force-parallel-1.c execution test
=== libgomp Summary for unix/-m32 ===
# of expected passes 45
# of unexpected failures 1
Running target unix
FAIL: libgomp.graphite/force-parallel-1.c execution test
=== libgomp Summary for unix ===
# of expected passes 45
# of unexpected failures 1
=== libgomp Summary ===
# of expected passes 5890
# of unexpected failures 2
=== libjava tests ===
Running target unix/-m32
=== libjava Summary for unix/-m32 ===
Running target unix
=== libjava Summary for unix ===
=== libjava Summary ===
# of expected passes 5148
=== libmudflap tests ===
Running target unix/-m32
=== libmudflap Summary for unix/-m32 ===
# of expected passes 264
Running target unix
FAIL: libmudflap.c++/pass55-frag.cxx ( -O) execution test
=== libmudflap Summary for unix ===
# of expected passes 264
=== libmudflap Summary ===
# of expected passes 2853
# of unexpected failures 1
=== libstdc++ tests ===
Running target unix
=== libstdc++ Summary for unix ===
# of expected passes 8637
# of expected failures 46
# of unsupported tests 140
Running target unix/-m32
=== libstdc++ Summary for unix/-m32 ===
# of expected passes 8637
# of expected failures 46
# of unsupported tests 140
=== libstdc++ Summary ===
# of expected passes 17274
# of expected failures 92
# of unsupported tests 280
Compiler version: 4.7.0 20110813 (experimental) (GCC)
Platform: x86_64-unknown-linux-gnu
configure flags: --enable-clocale=gnu --with-system-zlib --with-demangler-in-ld --prefix=/usr/gcc-4.7.0 --with-local-prefix=/usr/local --enable-gnu-indirect-function --with-fpmath=sse
More information about the Gcc-testresults
mailing list