Results for 4.7.0 20110808 (experimental) [trunk revision 177575] (GCC) testsuite on hppa2.0w-hp-hpux11.11

John David Anglin dave@hiauly3.hia.nrc.ca
Wed Aug 10 14:16:00 GMT 2011


Native configuration is hppa2.0w-hp-hpux11.11

		=== g++ tests ===


Running target unix
WARNING: program timed out.
FAIL: g++.dg/eh/simd-1.C execution test
WARNING: program timed out.
FAIL: g++.dg/eh/simd-2.C execution test
WARNING: g++.dg/ext/label13.C compilation failed to produce executable
WARNING: program timed out.
FAIL: g++.dg/opt/eh2.C execution test
WARNING: program timed out.

		=== g++ Summary ===

# of expected passes		23985
# of unexpected failures	3
# of expected failures		162
# of unsupported tests		603
/test/gnu/gcc/objdir/gcc/testsuite/g++/../../g++  version 4.7.0 20110808 (experimental) [trunk revision 177575] (GCC) 

		=== gcc tests ===


Running target unix
FAIL: gcc.c-torture/execute/divconst-2.c compilation,  -O0  (internal compiler error)
UNRESOLVED: gcc.c-torture/execute/divconst-2.c execution,  -O0 
FAIL: gcc.c-torture/execute/divconst-2.c compilation,  -O1  (internal compiler error)
UNRESOLVED: gcc.c-torture/execute/divconst-2.c execution,  -O1 
FAIL: gcc.c-torture/execute/divconst-2.c compilation,  -O2  (internal compiler error)
UNRESOLVED: gcc.c-torture/execute/divconst-2.c execution,  -O2 
FAIL: gcc.c-torture/execute/divconst-2.c compilation,  -O3 -fomit-frame-pointer  (internal compiler error)
UNRESOLVED: gcc.c-torture/execute/divconst-2.c execution,  -O3 -fomit-frame-pointer 
FAIL: gcc.c-torture/execute/divconst-2.c compilation,  -O3 -fomit-frame-pointer -funroll-loops  (internal compiler error)
UNRESOLVED: gcc.c-torture/execute/divconst-2.c execution,  -O3 -fomit-frame-pointer -funroll-loops 
FAIL: gcc.c-torture/execute/divconst-2.c compilation,  -O3 -fomit-frame-pointer -funroll-all-loops -finline-functions  (internal compiler error)
UNRESOLVED: gcc.c-torture/execute/divconst-2.c execution,  -O3 -fomit-frame-pointer -funroll-all-loops -finline-functions 
FAIL: gcc.c-torture/execute/divconst-2.c compilation,  -O3 -g  (internal compiler error)
UNRESOLVED: gcc.c-torture/execute/divconst-2.c execution,  -O3 -g 
FAIL: gcc.c-torture/execute/divconst-2.c compilation,  -Os  (internal compiler error)
UNRESOLVED: gcc.c-torture/execute/divconst-2.c execution,  -Os 
FAIL: gcc.dg/sms-8.c execution test
WARNING: program timed out.
FAIL: gcc.dg/ipa/ipa-sra-2.c scan-tree-dump eipa_sra "About to replace expr cow_.*D.->red with \\*ISRA"
FAIL: gcc.dg/ipa/ipa-sra-2.c scan-tree-dump eipa_sra "About to replace expr cow_.*D.->green with ISRA"
FAIL: gcc.dg/ipa/ipa-sra-2.c scan-tree-dump eipa_sra "About to replace expr calf_.*D.->red with \\*ISRA"
FAIL: gcc.dg/ipa/ipa-sra-2.c scan-tree-dump eipa_sra "About to replace expr calf_.*D.->green with ISRA"
FAIL: gcc.dg/ipa/ipa-sra-6.c scan-tree-dump-times eipa_sra "foo " 1
FAIL: gcc.dg/tree-ssa/vrp47.c scan-tree-dump-times dom1 "x[^ ]* & y" 1

		=== gcc Summary ===

# of expected passes		56740
# of unexpected failures	15
# of expected failures		112
# of unresolved testcases	8
# of unsupported tests		1205
/test/gnu/gcc/objdir/gcc/xgcc  version 4.7.0 20110808 (experimental) [trunk revision 177575] (GCC) 

		=== gfortran tests ===


Running target unix
FAIL: gfortran.dg/integer_exponentiation_3.F90  -O0  execution test
FAIL: gfortran.dg/integer_exponentiation_3.F90  -O1  execution test
FAIL: gfortran.dg/integer_exponentiation_3.F90  -O2  execution test
FAIL: gfortran.dg/integer_exponentiation_3.F90  -O3 -fomit-frame-pointer  execution test
FAIL: gfortran.dg/integer_exponentiation_3.F90  -O3 -fomit-frame-pointer -funroll-loops  execution test
FAIL: gfortran.dg/integer_exponentiation_3.F90  -O3 -fomit-frame-pointer -funroll-all-loops -finline-functions  execution test
FAIL: gfortran.dg/integer_exponentiation_3.F90  -O3 -g  execution test
FAIL: gfortran.dg/integer_exponentiation_3.F90  -Os  execution test
FAIL: gfortran.dg/integer_exponentiation_5.F90  -Os  execution test
FAIL: gfortran.dg/pr45636.f90  -O  scan-tree-dump-times forwprop2 "memset" 0
FAIL: gfortran.dg/guality/pr41558.f90  -O0  line 7 s == 'foo'
FAIL: gfortran.dg/guality/pr41558.f90  -O1  line 7 s == 'foo'
FAIL: gfortran.dg/guality/pr41558.f90  -O2  line 7 s == 'foo'
FAIL: gfortran.dg/guality/pr41558.f90  -O3 -fomit-frame-pointer  line 7 s == 'foo'
FAIL: gfortran.dg/guality/pr41558.f90  -O3 -fomit-frame-pointer -funroll-loops  line 7 s == 'foo'
FAIL: gfortran.dg/guality/pr41558.f90  -O3 -fomit-frame-pointer -funroll-all-loops -finline-functions  line 7 s == 'foo'
FAIL: gfortran.dg/guality/pr41558.f90  -O3 -g  line 7 s == 'foo'
FAIL: gfortran.dg/guality/pr41558.f90  -Os  line 7 s == 'foo'

		=== gfortran Summary ===

# of expected passes		37959
# of unexpected failures	18
# of expected failures		41
# of unsupported tests		376
/test/gnu/gcc/objdir/gcc/testsuite/gfortran/../../gfortran  version 4.7.0 20110808 (experimental) [trunk revision 177575] (GCC) 

		=== obj-c++ tests ===


Running target unix

		=== obj-c++ Summary ===

# of expected passes		1406
# of expected failures		2
# of unsupported tests		69
/test/gnu/gcc/objdir/gcc/testsuite/obj-c++/../../g++  version 4.7.0 20110808 (experimental) [trunk revision 177575] (GCC) 

		=== objc tests ===


Running target unix

		=== objc Summary ===

# of expected passes		2908
# of unsupported tests		65
/test/gnu/gcc/objdir/gcc/xgcc  version 4.7.0 20110808 (experimental) [trunk revision 177575] (GCC) 

		=== boehm-gc tests ===


Running target unix

		=== boehm-gc Summary ===

# of expected passes		12
# of unsupported tests		1
		=== libffi tests ===


Running target unix

		=== libffi Summary ===

# of expected passes		1634
# of expected failures		10
# of unsupported tests		15
		=== libgomp tests ===


Running target unix

		=== libgomp Summary ===

# of expected passes		2880
# of unsupported tests		10
		=== libjava tests ===


Running target unix
WARNING: program timed out.
FAIL: FileHandleGcTest -O3 -findirect-dispatch execution - source compiled test
FAIL: LargeFile execution - source compiled test
FAIL: LargeFile -findirect-dispatch execution - source compiled test
FAIL: LargeFile -O3 execution - source compiled test
FAIL: LargeFile -O3 -findirect-dispatch execution - source compiled test
WARNING: program timed out.
FAIL: PR19870_2 -O3 -findirect-dispatch execution - source compiled test
WARNING: program timed out.
FAIL: PR19921 -O3 -findirect-dispatch execution - source compiled test
WARNING: program timed out.
FAIL: PR29013 -O3 -findirect-dispatch execution - source compiled test
WARNING: program timed out.
FAIL: PR31264 -O3 -findirect-dispatch execution - source compiled test
WARNING: program timed out.
FAIL: PR7482 -O3 -findirect-dispatch execution - source compiled test
WARNING: program timed out.
FAIL: bclink -O3 execution - source compiled test
WARNING: program timed out.
FAIL: bclink -O3 -findirect-dispatch execution - source compiled test
WARNING: program timed out.
FAIL: initexc -O3 -findirect-dispatch execution - source compiled test
FAIL: pr13107_2 -O3 -findirect-dispatch output - source compiled test
WARNING: program timed out.
FAIL: verify -O3 -findirect-dispatch execution - source compiled test

		=== libjava Summary ===

# of expected passes		2545
# of unexpected failures	15
# of untested testcases		14
		=== libstdc++ tests ===


Running target unix
WARNING: program timed out.
WARNING: program timed out.
FAIL: 23_containers/forward_list/requirements/exception/basic.cc execution test
WARNING: program timed out.
FAIL: 23_containers/forward_list/requirements/exception/propagation_consistent.cc execution test
WARNING: program timed out.
FAIL: 23_containers/map/requirements/exception/basic.cc execution test
WARNING: program timed out.
FAIL: 23_containers/map/requirements/exception/propagation_consistent.cc execution test
WARNING: program timed out.
FAIL: 23_containers/multimap/requirements/exception/basic.cc execution test
WARNING: program timed out.
FAIL: 23_containers/multimap/requirements/exception/propagation_consistent.cc execution test
WARNING: program timed out.
FAIL: 23_containers/multiset/requirements/exception/basic.cc execution test
WARNING: program timed out.
FAIL: 23_containers/multiset/requirements/exception/propagation_consistent.cc execution test
WARNING: program timed out.
FAIL: 23_containers/set/requirements/exception/basic.cc execution test
WARNING: program timed out.
FAIL: 23_containers/set/requirements/exception/propagation_consistent.cc execution test
WARNING: program timed out.
FAIL: 27_io/ios_base/storage/11584.cc execution test
WARNING: program timed out.

		=== libstdc++ Summary ===

# of expected passes		7055
# of unexpected failures	11
# of expected failures		46
# of unsupported tests		806

Compiler version: 4.7.0 20110808 (experimental) [trunk revision 177575] (GCC) 
Platform: hppa2.0w-hp-hpux11.11
configure flags:Test Run By dave on Tue Aug  9 08:14:54 2011



More information about the Gcc-testresults mailing list