Results for 4.7.0 20110805 (experimental) [trunk revision 177452] (GCC) testsuite on i386-pc-solaris2.8
ro@smtp-relay.CeBiTec.Uni-Bielefeld.DE
ro@smtp-relay.CeBiTec.Uni-Bielefeld.DE
Mon Aug 8 09:24:00 GMT 2011
LAST_UPDATED: Fri Aug 5 15:53:30 UTC 2011 (revision 177452)
=== acats tests ===
=== acats Summary ===
# of expected passes 2321
# of unexpected failures 0
Native configuration is i386-pc-solaris2.8
=== g++ tests ===
Running target unix
FAIL: g++.dg/tree-prof/partition2.C compilation, -Os -fprofile-use
UNRESOLVED: g++.dg/tree-prof/partition2.C execution, -Os -fprofile-use
=== g++ Summary ===
# of expected passes 27531
# of unexpected failures 1
# of expected failures 159
# of unresolved testcases 1
# of unsupported tests 202
/var/gcc/regression/trunk/8-gcc-gas/build/gcc/testsuite/g++/../../g++ version 4.7.0 20110805 (experimental) [trunk revision 177452] (GCC)
=== gcc tests ===
Running target unix
FAIL: gcc.dg/torture/tls/run-ld.c -O1 execution test
FAIL: gcc.dg/torture/tls/run-ld.c -O2 execution test
FAIL: gcc.dg/torture/tls/run-ld.c -O3 -fomit-frame-pointer execution test
FAIL: gcc.dg/torture/tls/run-ld.c -O3 -g execution test
FAIL: gcc.dg/torture/tls/run-ld.c -Os execution test
FAIL: gcc.dg/torture/tls/run-ld.c -O1 -fpic execution test
FAIL: gcc.dg/torture/tls/run-ld.c -O2 -fpic execution test
FAIL: gcc.dg/torture/tls/run-ld.c -O3 -fomit-frame-pointer -fpic execution test
FAIL: gcc.dg/torture/tls/run-ld.c -O3 -g -fpic execution test
FAIL: gcc.dg/torture/tls/run-ld.c -Os -fpic execution test
FAIL: gcc.dg/torture/tls/run-ld.c -O1 -fPIC execution test
FAIL: gcc.dg/torture/tls/run-ld.c -O2 -fPIC execution test
FAIL: gcc.dg/torture/tls/run-ld.c -O3 -fomit-frame-pointer -fPIC execution test
FAIL: gcc.dg/torture/tls/run-ld.c -O3 -g -fPIC execution test
FAIL: gcc.dg/torture/tls/run-ld.c -Os -fPIC execution test
FAIL: gcc.dg/torture/tls/run-ld.c -O2 -flto -flto-partition=none execution test
FAIL: gcc.dg/torture/tls/run-ld.c -O2 -flto execution test
FAIL: gcc.dg/torture/tls/thr-init-2.c -O2 -fpic execution test
FAIL: gcc.dg/torture/tls/thr-init-2.c -O3 -fomit-frame-pointer -fpic execution test
FAIL: gcc.dg/torture/tls/thr-init-2.c -O3 -g -fpic execution test
FAIL: gcc.dg/torture/tls/thr-init-2.c -O2 -fPIC execution test
FAIL: gcc.dg/torture/tls/thr-init-2.c -O3 -fomit-frame-pointer -fPIC execution test
FAIL: gcc.dg/torture/tls/thr-init-2.c -O3 -g -fPIC execution test
FAIL: gcc.dg/tree-ssa/vrp47.c scan-tree-dump-times dom1 "x[^ ]* & y" 1
=== gcc Summary ===
# of expected passes 77683
# of unexpected failures 24
# of expected failures 248
# of unsupported tests 1073
/var/gcc/regression/trunk/8-gcc-gas/build/gcc/xgcc version 4.7.0 20110805 (experimental) [trunk revision 177452] (GCC)
=== gfortran tests ===
Running target unix
XPASS: gfortran.dg/graphite/interchange-1.f -O scan-tree-dump-times graphite "will be interchanged" 1
=== gfortran Summary ===
# of expected passes 38432
# of unexpected successes 1
# of expected failures 52
# of unsupported tests 365
/var/gcc/regression/trunk/8-gcc-gas/build/gcc/testsuite/gfortran/../../gfortran version 4.7.0 20110805 (experimental) [trunk revision 177452] (GCC)
=== gnat tests ===
Running target unix
=== gnat Summary ===
# of expected passes 909
# of expected failures 11
# of unsupported tests 6
/var/gcc/regression/trunk/8-gcc-gas/build/gcc/gnatmake version 4.7.0 20110805 (experimental) [trunk revision 177452]
=== go tests ===
Running target unix
FAIL: go.test/test/fixedbugs/bug273.go execution, -O2 -g
=== go Summary ===
# of expected passes 2986
# of unexpected failures 1
# of expected failures 23
/var/gcc/regression/trunk/8-gcc-gas/build/gcc/testsuite/go/../../gccgo version 4.7.0 20110805 (experimental) [trunk revision 177452] (GCC)
=== obj-c++ tests ===
Running target unix
=== obj-c++ Summary ===
# of expected passes 1446
# of expected failures 2
# of unsupported tests 86
/var/gcc/regression/trunk/8-gcc-gas/build/gcc/testsuite/obj-c++/../../g++ version 4.7.0 20110805 (experimental) [trunk revision 177452] (GCC)
=== objc tests ===
Running target unix
=== objc Summary ===
# of expected passes 2974
# of expected failures 6
# of unsupported tests 74
/var/gcc/regression/trunk/8-gcc-gas/build/gcc/xgcc version 4.7.0 20110805 (experimental) [trunk revision 177452] (GCC)
=== boehm-gc tests ===
Running target unix
=== boehm-gc Summary ===
# of expected passes 12
# of unsupported tests 1
=== libffi tests ===
Running target unix
=== libffi Summary ===
# of expected passes 1634
# of expected failures 10
# of unsupported tests 15
=== libgo tests ===
Running target unix
FAIL: exec
FAIL: http
FAIL: time
FAIL: crypto/rand
=== libgo Summary ===
# of expected passes 120
# of unexpected failures 4
# of untested testcases 2
=== libgomp tests ===
Running target unix
FAIL: libgomp.graphite/force-parallel-1.c execution test
=== libgomp Summary ===
# of expected passes 2939
# of unexpected failures 1
# of unsupported tests 3
=== libjava tests ===
Running target unix
FAIL: PR16923 run
FAIL: Divide_1 output - source compiled test
FAIL: Divide_1 -findirect-dispatch output - source compiled test
FAIL: Divide_1 -O3 output - source compiled test
FAIL: Divide_1 -O3 -findirect-dispatch output - source compiled test
=== libjava Summary ===
# of expected passes 2569
# of unexpected failures 5
# of untested testcases 1
=== libstdc++ tests ===
Running target unix
=== libstdc++ Summary ===
# of expected passes 7101
# of expected failures 47
# of unsupported tests 796
Compiler version: 4.7.0 20110805 (experimental) [trunk revision 177452] (GCC)
Platform: i386-pc-solaris2.8
configure flags: --prefix=/vol/gcc --target=i386-pc-solaris2.8 --enable-obsolete --enable-objc-gc --with-host-libstdcxx='-L/vol/gcc-4.4/lib -Wl,-Bstatic -lstdc++ -Wl,-Bdynamic -lm' --with-boot-ldflags='-static-libstdc++ -static-libgcc -L/vol/gcc-4.4/lib' --with-as=/vol/gcc/bin/gas-2.21.1 --with-gnu-as --with-gmp-include=/vol/gcc/include --with-gmp-lib=/vol/gcc/lib --with-mpfr-include=/vol/gcc/include --with-mpfr-lib=/vol/gcc/lib --with-mpc-include=/vol/gcc/include --with-mpc-lib=/vol/gcc/lib --enable-languages=all,ada,obj-c++,go --with-ppl-include=/vol/gcc/include --with-ppl-lib=/vol/gcc/lib --with-cloog-include=/vol/gcc/include --with-cloog-lib=/vol/gcc/lib --enable-cloog-backend=ppl
BOOT_CFLAGS=-g -O2
More information about the Gcc-testresults
mailing list