Results for 4.7.0 20110806 (experimental) (GCC) testsuite on s390-ibm-linux-gnu default
Andreas Krebbel
Andreas.Krebbel@de.ibm.com
Sat Aug 6 01:32:00 GMT 2011
LAST_UPDATED: Sat Aug 6 00:30:19 UTC 2011 (revision 177495)
Native configuration is s390-ibm-linux-gnu default
=== g++ tests ===
Running target unix
FAIL: g++.dg/tree-prof/partition2.C compilation, -Os -fprofile-use
UNRESOLVED: g++.dg/tree-prof/partition2.C execution, -Os -fprofile-use
=== g++ Summary ===
# of expected passes 27429
# of unexpected failures 1
# of expected failures 157
# of unresolved testcases 1
# of unsupported tests 418
-default/gcc/testsuite/g++/../../g++ version 4.7.0 20110806 (experimental) (GCC)
=== gcc tests ===
Running target unix
FAIL: gcc.dg/c99-stdint-1.c (test for excess errors)
FAIL: gcc.dg/lower-subreg-1.c scan-rtl-dump subreg1 "Splitting reg"
FAIL: gcc.dg/sibcall-6.c execution test
FAIL: gcc.dg/uninit-13.c unconditional (test for warnings, line 8)
FAIL: gcc.dg/uninit-13.c (test for excess errors)
XPASS: gcc.dg/guality/example.c -O0 execution test
XPASS: gcc.dg/guality/example.c -O1 execution test
XPASS: gcc.dg/guality/example.c -O2 execution test
XPASS: gcc.dg/guality/example.c -Os execution test
XPASS: gcc.dg/guality/example.c -O2 -flto -flto-partition=none execution test
XPASS: gcc.dg/guality/example.c -O2 -flto execution test
XPASS: gcc.dg/guality/guality.c -O0 execution test
XPASS: gcc.dg/guality/guality.c -O1 execution test
XPASS: gcc.dg/guality/guality.c -O2 execution test
XPASS: gcc.dg/guality/guality.c -O3 -fomit-frame-pointer execution test
XPASS: gcc.dg/guality/guality.c -O3 -g execution test
XPASS: gcc.dg/guality/guality.c -Os execution test
XPASS: gcc.dg/guality/guality.c -O2 -flto -flto-partition=none execution test
XPASS: gcc.dg/guality/guality.c -O2 -flto execution test
XPASS: gcc.dg/guality/inline-params.c -O2 execution test
XPASS: gcc.dg/guality/inline-params.c -O3 -fomit-frame-pointer execution test
XPASS: gcc.dg/guality/inline-params.c -O3 -g execution test
XPASS: gcc.dg/guality/inline-params.c -Os execution test
XPASS: gcc.dg/guality/inline-params.c -O2 -flto -flto-partition=none execution test
XPASS: gcc.dg/guality/inline-params.c -O2 -flto execution test
XPASS: gcc.dg/guality/pr41353-1.c -O0 line 28 j == 28 + 37
XPASS: gcc.dg/guality/pr41353-1.c -O1 line 28 j == 28 + 37
XPASS: gcc.dg/guality/pr41353-1.c -O2 line 28 j == 28 + 37
XPASS: gcc.dg/guality/pr41353-1.c -O3 -fomit-frame-pointer line 28 j == 28 + 37
XPASS: gcc.dg/guality/pr41353-1.c -O3 -g line 28 j == 28 + 37
XPASS: gcc.dg/guality/pr41353-1.c -Os line 28 j == 28 + 37
XPASS: gcc.dg/guality/pr41353-1.c -O2 -flto -flto-partition=none line 28 j == 28 + 37
XPASS: gcc.dg/guality/pr41353-1.c -O2 -flto line 28 j == 28 + 37
XPASS: gcc.dg/guality/pr41447-1.c -O0 execution test
XPASS: gcc.dg/guality/pr41447-1.c -O1 execution test
XPASS: gcc.dg/guality/pr41447-1.c -O2 execution test
XPASS: gcc.dg/guality/pr41447-1.c -O3 -fomit-frame-pointer execution test
XPASS: gcc.dg/guality/pr41447-1.c -O3 -g execution test
XPASS: gcc.dg/guality/pr41447-1.c -Os execution test
XPASS: gcc.dg/guality/pr41447-1.c -O2 -flto -flto-partition=none execution test
XPASS: gcc.dg/guality/pr41447-1.c -O2 -flto execution test
XPASS: gcc.dg/guality/pr41616-1.c -O0 execution test
XPASS: gcc.dg/guality/pr41616-1.c -O1 execution test
XPASS: gcc.dg/guality/pr41616-1.c -O2 execution test
XPASS: gcc.dg/guality/pr41616-1.c -O3 -fomit-frame-pointer execution test
XPASS: gcc.dg/guality/pr41616-1.c -O3 -g execution test
XPASS: gcc.dg/guality/pr41616-1.c -Os execution test
XPASS: gcc.dg/guality/pr41616-1.c -O2 -flto -flto-partition=none execution test
XPASS: gcc.dg/guality/pr41616-1.c -O2 -flto execution test
FAIL: gcc.dg/guality/vla-1.c -O2 -flto -flto-partition=none line 24 sizeof (a) == 17 * sizeof (short)
FAIL: gcc.dg/guality/vla-1.c -O2 -flto line 24 sizeof (a) == 17 * sizeof (short)
FAIL: gcc.dg/guality/vla-2.c -O2 -flto -flto-partition=none line 16 sizeof (a) == 5 * sizeof (int)
FAIL: gcc.dg/guality/vla-2.c -O2 -flto -flto-partition=none line 25 sizeof (a) == 6 * sizeof (int)
FAIL: gcc.dg/guality/vla-2.c -O2 -flto line 16 sizeof (a) == 5 * sizeof (int)
FAIL: gcc.dg/guality/vla-2.c -O2 -flto line 25 sizeof (a) == 6 * sizeof (int)
FAIL: gcc.dg/torture/tls/run-gd.c -O0 (internal compiler error)
FAIL: gcc.dg/torture/tls/run-gd.c -O0 (test for excess errors)
WARNING: gcc.dg/torture/tls/run-gd.c -O0 compilation failed to produce executable
FAIL: gcc.dg/torture/tls/run-gd.c -O1 (internal compiler error)
FAIL: gcc.dg/torture/tls/run-gd.c -O1 (test for excess errors)
WARNING: gcc.dg/torture/tls/run-gd.c -O1 compilation failed to produce executable
FAIL: gcc.dg/torture/tls/run-gd.c -O2 (internal compiler error)
FAIL: gcc.dg/torture/tls/run-gd.c -O2 (test for excess errors)
WARNING: gcc.dg/torture/tls/run-gd.c -O2 compilation failed to produce executable
FAIL: gcc.dg/torture/tls/run-gd.c -O3 -fomit-frame-pointer (internal compiler error)
FAIL: gcc.dg/torture/tls/run-gd.c -O3 -fomit-frame-pointer (test for excess errors)
WARNING: gcc.dg/torture/tls/run-gd.c -O3 -fomit-frame-pointer compilation failed to produce executable
FAIL: gcc.dg/torture/tls/run-gd.c -O3 -g (internal compiler error)
FAIL: gcc.dg/torture/tls/run-gd.c -O3 -g (test for excess errors)
WARNING: gcc.dg/torture/tls/run-gd.c -O3 -g compilation failed to produce executable
FAIL: gcc.dg/torture/tls/run-gd.c -Os (internal compiler error)
FAIL: gcc.dg/torture/tls/run-gd.c -Os (test for excess errors)
WARNING: gcc.dg/torture/tls/run-gd.c -Os compilation failed to produce executable
FAIL: gcc.dg/torture/tls/run-gd.c -O2 -flto -flto-partition=none (internal compiler error)
FAIL: gcc.dg/torture/tls/run-gd.c -O2 -flto -flto-partition=none (test for excess errors)
WARNING: gcc.dg/torture/tls/run-gd.c -O2 -flto -flto-partition=none compilation failed to produce executable
FAIL: gcc.dg/torture/tls/run-gd.c -O2 -flto (internal compiler error)
FAIL: gcc.dg/torture/tls/run-gd.c -O2 -flto (test for excess errors)
WARNING: gcc.dg/torture/tls/run-gd.c -O2 -flto compilation failed to produce executable
FAIL: gcc.dg/torture/tls/run-ld.c -O0 (internal compiler error)
FAIL: gcc.dg/torture/tls/run-ld.c -O0 (test for excess errors)
WARNING: gcc.dg/torture/tls/run-ld.c -O0 compilation failed to produce executable
FAIL: gcc.dg/torture/tls/run-ld.c -O1 (internal compiler error)
FAIL: gcc.dg/torture/tls/run-ld.c -O1 (test for excess errors)
WARNING: gcc.dg/torture/tls/run-ld.c -O1 compilation failed to produce executable
FAIL: gcc.dg/torture/tls/run-ld.c -O2 (internal compiler error)
FAIL: gcc.dg/torture/tls/run-ld.c -O2 (test for excess errors)
WARNING: gcc.dg/torture/tls/run-ld.c -O2 compilation failed to produce executable
FAIL: gcc.dg/torture/tls/run-ld.c -O3 -fomit-frame-pointer (internal compiler error)
FAIL: gcc.dg/torture/tls/run-ld.c -O3 -fomit-frame-pointer (test for excess errors)
WARNING: gcc.dg/torture/tls/run-ld.c -O3 -fomit-frame-pointer compilation failed to produce executable
FAIL: gcc.dg/torture/tls/run-ld.c -O3 -g (internal compiler error)
FAIL: gcc.dg/torture/tls/run-ld.c -O3 -g (test for excess errors)
WARNING: gcc.dg/torture/tls/run-ld.c -O3 -g compilation failed to produce executable
FAIL: gcc.dg/torture/tls/run-ld.c -Os (internal compiler error)
FAIL: gcc.dg/torture/tls/run-ld.c -Os (test for excess errors)
WARNING: gcc.dg/torture/tls/run-ld.c -Os compilation failed to produce executable
FAIL: gcc.dg/torture/tls/run-ld.c -O2 -flto -flto-partition=none (internal compiler error)
FAIL: gcc.dg/torture/tls/run-ld.c -O2 -flto -flto-partition=none (test for excess errors)
WARNING: gcc.dg/torture/tls/run-ld.c -O2 -flto -flto-partition=none compilation failed to produce executable
FAIL: gcc.dg/torture/tls/run-ld.c -O2 -flto (internal compiler error)
FAIL: gcc.dg/torture/tls/run-ld.c -O2 -flto (test for excess errors)
WARNING: gcc.dg/torture/tls/run-ld.c -O2 -flto compilation failed to produce executable
XPASS: gcc.dg/tree-ssa/20040204-1.c scan-tree-dump-times optimized "link_error" 0
FAIL: gcc.dg/tree-ssa/ssa-dom-thread-4.c scan-tree-dump-times dom1 "Threaded" 3
FAIL: gcc.target/s390/20090223-1.c (test for excess errors)
=== gcc Summary ===
# of expected passes 71756
# of unexpected failures 45
# of unexpected successes 45
# of expected failures 108
# of unsupported tests 1313
-default/gcc/xgcc version 4.7.0 20110806 (experimental) (GCC)
=== gfortran tests ===
Running target unix
FAIL: gfortran.dg/c_ptr_tests_16.f90 -O (test for excess errors)
UNRESOLVED: gfortran.dg/c_ptr_tests_16.f90 -O scan-tree-dump-times optimized "i_do_not_exist" 0
=== gfortran Summary ===
# of expected passes 38538
# of unexpected failures 1
# of expected failures 41
# of unresolved testcases 1
# of unsupported tests 234
-default/gcc/testsuite/gfortran/../../gfortran version 4.7.0 20110806 (experimental) (GCC)
=== objc tests ===
Running target unix
=== objc Summary ===
# of expected passes 2980
# of unsupported tests 74
-default/gcc/xgcc version 4.7.0 20110806 (experimental) (GCC)
=== libgomp tests ===
Running target unix
=== libgomp Summary ===
# of expected passes 2898
# of unsupported tests 1
=== libmudflap tests ===
Running target unix
FAIL: libmudflap.c++/pass41-frag.cxx (-static) (test for excess errors)
WARNING: libmudflap.c++/pass41-frag.cxx (-static) compilation failed to produce executable
=== libmudflap Summary ===
# of expected passes 1892
# of unexpected failures 1
=== libstdc++ tests ===
Running target unix
=== libstdc++ Summary ===
# of expected passes 8637
# of expected failures 46
# of unsupported tests 140
Version: 4.7.0 20110806 (experimental) (GCC)
Platform: s390-ibm-linux-gnu default
configure flags: --prefix=/build/build-system/build/20110805/gcc-head/install-s390-default --enable-shared --with-system-zlib --enable-threads=posix --enable-__cxa_atexit --enable-checking --enable-languages=c,c++,objc,fortran --with-mode=zarch
More information about the Gcc-testresults
mailing list