Results for 4.4.7 20110803 (prerelease) [gcc-4_4-branch revision 177301] (GCC) gcc testsuite on sh-unknown-elf
Mike Stein
mstein.lists@googlemail.com
Thu Aug 4 22:08:00 GMT 2011
Debian 5 on x86_64
cross tool versions:
GNU assembler (GNU Binutils) 2.18.50.20080419
GNU gdb 6.8.50.20080419-cvs
GNU ld (GNU Binutils) 2.18.50.20080419
GNU Make 3.81
expect version 5.43.0
host gcc version: gcc (GCC) 4.7.0 20110731 (experimental) [trunk revision 176989]
LAST_UPDATED: Wed Aug 3 23:44:32 UTC 2011 (revision 177301)
Target is sh-unknown-elf
Host is x86_64-unknown-linux-gnu
=== gcc tests ===
Running target sh-sim
FAIL: gcc.c-torture/execute/pr42248.c compilation, -O0
UNRESOLVED: gcc.c-torture/execute/pr42248.c execution, -O0
FAIL: gcc.c-torture/execute/pr42248.c compilation, -O1
UNRESOLVED: gcc.c-torture/execute/pr42248.c execution, -O1
FAIL: gcc.c-torture/execute/pr42248.c compilation, -O2
UNRESOLVED: gcc.c-torture/execute/pr42248.c execution, -O2
FAIL: gcc.c-torture/execute/pr42248.c compilation, -O3 -fomit-frame-pointer
UNRESOLVED: gcc.c-torture/execute/pr42248.c execution, -O3 -fomit-frame-pointer
FAIL: gcc.c-torture/execute/pr42248.c compilation, -O3 -g
UNRESOLVED: gcc.c-torture/execute/pr42248.c execution, -O3 -g
FAIL: gcc.c-torture/execute/pr42248.c compilation, -Os
UNRESOLVED: gcc.c-torture/execute/pr42248.c execution, -Os
FAIL: gcc.c-torture/execute/pr42614.c compilation, -O0
UNRESOLVED: gcc.c-torture/execute/pr42614.c execution, -O0
FAIL: gcc.c-torture/execute/pr42614.c compilation, -O1
UNRESOLVED: gcc.c-torture/execute/pr42614.c execution, -O1
FAIL: gcc.c-torture/execute/pr42614.c compilation, -O2
UNRESOLVED: gcc.c-torture/execute/pr42614.c execution, -O2
FAIL: gcc.c-torture/execute/pr42614.c compilation, -O3 -fomit-frame-pointer
UNRESOLVED: gcc.c-torture/execute/pr42614.c execution, -O3 -fomit-frame-pointer
FAIL: gcc.c-torture/execute/pr42614.c compilation, -O3 -fomit-frame-pointer -funroll-loops
UNRESOLVED: gcc.c-torture/execute/pr42614.c execution, -O3 -fomit-frame-pointer -funroll-loops
FAIL: gcc.c-torture/execute/pr42614.c compilation, -O3 -fomit-frame-pointer -funroll-all-loops -finline-functions
UNRESOLVED: gcc.c-torture/execute/pr42614.c execution, -O3 -fomit-frame-pointer -funroll-all-loops -finline-functions
FAIL: gcc.c-torture/execute/pr42614.c compilation, -O3 -g
UNRESOLVED: gcc.c-torture/execute/pr42614.c execution, -O3 -g
FAIL: gcc.c-torture/execute/pr42614.c compilation, -Os
UNRESOLVED: gcc.c-torture/execute/pr42614.c execution, -Os
WARNING: Could not compile gcc.dg/compat/struct-layout-1 generator
FAIL: gcc.dg/unsigned-long-compare.c (internal compiler error)
FAIL: gcc.dg/unsigned-long-compare.c (test for excess errors)
UNRESOLVED: gcc.dg/unsigned-long-compare.c compilation failed to produce executable
FAIL: gcc.dg/tls/opt-12.c (test for excess errors)
UNRESOLVED: gcc.dg/tls/opt-12.c compilation failed to produce executable
FAIL: gcc.dg/torture/pr37868.c -O0 execution test
FAIL: gcc.dg/torture/pr37868.c -O1 execution test
FAIL: gcc.dg/torture/pr37868.c -O2 execution test
FAIL: gcc.dg/torture/pr37868.c -O3 -fomit-frame-pointer execution test
FAIL: gcc.dg/torture/pr37868.c -O3 -g execution test
FAIL: gcc.dg/torture/pr37868.c -Os execution test
FAIL: gcc.dg/tree-ssa/pr42585.c scan-tree-dump-times optimized "struct _fat_ptr _ans" 0
FAIL: gcc.dg/tree-ssa/pr42585.c scan-tree-dump-times optimized "struct _fat_ptr _T2" 0
FAIL: gcc.target/sh/20080410-1.c (test for excess errors)
ERROR: gcc.target/sh/20080410-1.c: error executing dg-final: couldn't open "20080410-1.s": no such file or directory
UNRESOLVED: gcc.target/sh/20080410-1.c: error executing dg-final: couldn't open "20080410-1.s": no such file or directory
=== gcc Summary ===
# of expected passes 50216
# of unexpected failures 26
# of expected failures 109
# of unresolved testcases 17
# of unsupported tests 620
/home/mstein/sim/gcc-4_4-branch/sh-elf/build/gcc/xgcc version 4.4.7 20110803 (prerelease) [gcc-4_4-branch revision 177301] (GCC)
Compiler version: 4.4.7 20110803 (prerelease) [gcc-4_4-branch revision 177301] (GCC) gcc
Platform: sh-unknown-elf
configure flags: --target=sh-elf --prefix=/home/mstein/cross-local/sh-elf --enable-languages=c --disable-nls --disable-build-warnings --with-sysroot=/home/mstein/cross-local/sh-elf --with-build-sysroot=/home/mstein/cross-local/sh-elf --with-ld=/home/mstein/cross-local/sh-elf/usr/bin/ld --with-as=/home/mstein/cross-local/sh-elf/usr/bin/as --disable-libssp --with-mpfr=/opt/cfarm/mpfr-2.3.2
More information about the Gcc-testresults
mailing list