Results for 4.7.0 20110802 (experimental) (GCC) testsuite on x86_64-unknown-linux-gnu

H.J. Lu hjl@gnu-33.sc.intel.com
Tue Aug 2 15:45:00 GMT 2011


Native configuration is x86_64-unknown-linux-gnu

		=== gcc tests ===


Running target unix/-mx32
FAIL: gcc.c-torture/execute/builtins/memcpy-chk.c compilation,  -O0  (internal compiler error)
UNRESOLVED: gcc.c-torture/execute/builtins/memcpy-chk.c execution,  -O0 
FAIL: gcc.c-torture/execute/builtins/memcpy-chk.c compilation,  -O1  (internal compiler error)
UNRESOLVED: gcc.c-torture/execute/builtins/memcpy-chk.c execution,  -O1 
FAIL: gcc.c-torture/execute/builtins/memcpy-chk.c compilation,  -O2  (internal compiler error)
UNRESOLVED: gcc.c-torture/execute/builtins/memcpy-chk.c execution,  -O2 
FAIL: gcc.c-torture/execute/builtins/memcpy-chk.c compilation,  -O3 -fomit-frame-pointer  (internal compiler error)
UNRESOLVED: gcc.c-torture/execute/builtins/memcpy-chk.c execution,  -O3 -fomit-frame-pointer 
FAIL: gcc.c-torture/execute/builtins/memcpy-chk.c compilation,  -O3 -fomit-frame-pointer -funroll-loops  (internal compiler error)
UNRESOLVED: gcc.c-torture/execute/builtins/memcpy-chk.c execution,  -O3 -fomit-frame-pointer -funroll-loops 
FAIL: gcc.c-torture/execute/builtins/memcpy-chk.c compilation,  -O3 -fomit-frame-pointer -funroll-all-loops -finline-functions  (internal compiler error)
UNRESOLVED: gcc.c-torture/execute/builtins/memcpy-chk.c execution,  -O3 -fomit-frame-pointer -funroll-all-loops -finline-functions 
FAIL: gcc.c-torture/execute/builtins/memcpy-chk.c compilation,  -O3 -g  (internal compiler error)
UNRESOLVED: gcc.c-torture/execute/builtins/memcpy-chk.c execution,  -O3 -g 
FAIL: gcc.c-torture/execute/builtins/memcpy-chk.c compilation,  -Os  (internal compiler error)
UNRESOLVED: gcc.c-torture/execute/builtins/memcpy-chk.c execution,  -Os 
FAIL: gcc.c-torture/execute/builtins/memcpy-chk.c compilation,  -O2 -flto -flto-partition=none  (internal compiler error)
UNRESOLVED: gcc.c-torture/execute/builtins/memcpy-chk.c execution,  -O2 -flto -flto-partition=none 
FAIL: gcc.c-torture/execute/builtins/memcpy-chk.c compilation,  -O2 -flto  (internal compiler error)
UNRESOLVED: gcc.c-torture/execute/builtins/memcpy-chk.c execution,  -O2 -flto 
FAIL: gcc.c-torture/execute/builtins/memmove-chk.c compilation,  -O0  (internal compiler error)
UNRESOLVED: gcc.c-torture/execute/builtins/memmove-chk.c execution,  -O0 
FAIL: gcc.c-torture/execute/builtins/memmove-chk.c compilation,  -O1  (internal compiler error)
UNRESOLVED: gcc.c-torture/execute/builtins/memmove-chk.c execution,  -O1 
FAIL: gcc.c-torture/execute/builtins/memmove-chk.c compilation,  -O2  (internal compiler error)
UNRESOLVED: gcc.c-torture/execute/builtins/memmove-chk.c execution,  -O2 
FAIL: gcc.c-torture/execute/builtins/memmove-chk.c compilation,  -O3 -fomit-frame-pointer  (internal compiler error)
UNRESOLVED: gcc.c-torture/execute/builtins/memmove-chk.c execution,  -O3 -fomit-frame-pointer 
FAIL: gcc.c-torture/execute/builtins/memmove-chk.c compilation,  -O3 -fomit-frame-pointer -funroll-loops  (internal compiler error)
UNRESOLVED: gcc.c-torture/execute/builtins/memmove-chk.c execution,  -O3 -fomit-frame-pointer -funroll-loops 
FAIL: gcc.c-torture/execute/builtins/memmove-chk.c compilation,  -O3 -fomit-frame-pointer -funroll-all-loops -finline-functions  (internal compiler error)
UNRESOLVED: gcc.c-torture/execute/builtins/memmove-chk.c execution,  -O3 -fomit-frame-pointer -funroll-all-loops -finline-functions 
FAIL: gcc.c-torture/execute/builtins/memmove-chk.c compilation,  -O3 -g  (internal compiler error)
UNRESOLVED: gcc.c-torture/execute/builtins/memmove-chk.c execution,  -O3 -g 
FAIL: gcc.c-torture/execute/builtins/memmove-chk.c compilation,  -Os  (internal compiler error)
UNRESOLVED: gcc.c-torture/execute/builtins/memmove-chk.c execution,  -Os 
FAIL: gcc.c-torture/execute/builtins/memmove-chk.c compilation,  -O2 -flto -flto-partition=none  (internal compiler error)
UNRESOLVED: gcc.c-torture/execute/builtins/memmove-chk.c execution,  -O2 -flto -flto-partition=none 
FAIL: gcc.c-torture/execute/builtins/memmove-chk.c compilation,  -O2 -flto  (internal compiler error)
UNRESOLVED: gcc.c-torture/execute/builtins/memmove-chk.c execution,  -O2 -flto 
FAIL: gcc.c-torture/execute/builtins/memops-asm.c compilation,  -O0  (internal compiler error)
UNRESOLVED: gcc.c-torture/execute/builtins/memops-asm.c execution,  -O0 
FAIL: gcc.c-torture/execute/builtins/memops-asm.c compilation,  -O1  (internal compiler error)
UNRESOLVED: gcc.c-torture/execute/builtins/memops-asm.c execution,  -O1 
FAIL: gcc.c-torture/execute/builtins/memops-asm.c compilation,  -O2  (internal compiler error)
UNRESOLVED: gcc.c-torture/execute/builtins/memops-asm.c execution,  -O2 
FAIL: gcc.c-torture/execute/builtins/memops-asm.c compilation,  -O3 -fomit-frame-pointer  (internal compiler error)
UNRESOLVED: gcc.c-torture/execute/builtins/memops-asm.c execution,  -O3 -fomit-frame-pointer 
FAIL: gcc.c-torture/execute/builtins/memops-asm.c compilation,  -O3 -g  (internal compiler error)
UNRESOLVED: gcc.c-torture/execute/builtins/memops-asm.c execution,  -O3 -g 
FAIL: gcc.c-torture/execute/builtins/memops-asm.c compilation,  -Os  (internal compiler error)
UNRESOLVED: gcc.c-torture/execute/builtins/memops-asm.c execution,  -Os 
FAIL: gcc.c-torture/execute/builtins/memops-asm.c compilation,  -O2 -flto -flto-partition=none  (internal compiler error)
UNRESOLVED: gcc.c-torture/execute/builtins/memops-asm.c execution,  -O2 -flto -flto-partition=none 
FAIL: gcc.c-torture/execute/builtins/memops-asm.c compilation,  -O2 -flto  (internal compiler error)
UNRESOLVED: gcc.c-torture/execute/builtins/memops-asm.c execution,  -O2 -flto 
FAIL: gcc.c-torture/execute/builtins/mempcpy-2.c execution,  -O2 -flto -flto-partition=none 
FAIL: gcc.c-torture/execute/builtins/mempcpy-2.c execution,  -O2 -flto 
FAIL: gcc.c-torture/execute/builtins/mempcpy-chk.c compilation,  -O0  (internal compiler error)
UNRESOLVED: gcc.c-torture/execute/builtins/mempcpy-chk.c execution,  -O0 
FAIL: gcc.c-torture/execute/builtins/mempcpy-chk.c compilation,  -O1  (internal compiler error)
UNRESOLVED: gcc.c-torture/execute/builtins/mempcpy-chk.c execution,  -O1 
FAIL: gcc.c-torture/execute/builtins/mempcpy-chk.c compilation,  -O2  (internal compiler error)
UNRESOLVED: gcc.c-torture/execute/builtins/mempcpy-chk.c execution,  -O2 
FAIL: gcc.c-torture/execute/builtins/mempcpy-chk.c compilation,  -O3 -fomit-frame-pointer  (internal compiler error)
UNRESOLVED: gcc.c-torture/execute/builtins/mempcpy-chk.c execution,  -O3 -fomit-frame-pointer 
FAIL: gcc.c-torture/execute/builtins/mempcpy-chk.c compilation,  -O3 -fomit-frame-pointer -funroll-loops  (internal compiler error)
UNRESOLVED: gcc.c-torture/execute/builtins/mempcpy-chk.c execution,  -O3 -fomit-frame-pointer -funroll-loops 
FAIL: gcc.c-torture/execute/builtins/mempcpy-chk.c compilation,  -O3 -fomit-frame-pointer -funroll-all-loops -finline-functions  (internal compiler error)
UNRESOLVED: gcc.c-torture/execute/builtins/mempcpy-chk.c execution,  -O3 -fomit-frame-pointer -funroll-all-loops -finline-functions 
FAIL: gcc.c-torture/execute/builtins/mempcpy-chk.c compilation,  -O3 -g  (internal compiler error)
UNRESOLVED: gcc.c-torture/execute/builtins/mempcpy-chk.c execution,  -O3 -g 
FAIL: gcc.c-torture/execute/builtins/mempcpy-chk.c compilation,  -Os  (internal compiler error)
UNRESOLVED: gcc.c-torture/execute/builtins/mempcpy-chk.c execution,  -Os 
FAIL: gcc.c-torture/execute/builtins/mempcpy-chk.c compilation,  -O2 -flto -flto-partition=none  (internal compiler error)
UNRESOLVED: gcc.c-torture/execute/builtins/mempcpy-chk.c execution,  -O2 -flto -flto-partition=none 
FAIL: gcc.c-torture/execute/builtins/mempcpy-chk.c compilation,  -O2 -flto  (internal compiler error)
UNRESOLVED: gcc.c-torture/execute/builtins/mempcpy-chk.c execution,  -O2 -flto 
FAIL: gcc.c-torture/execute/builtins/mempcpy.c compilation,  -O0  (internal compiler error)
UNRESOLVED: gcc.c-torture/execute/builtins/mempcpy.c execution,  -O0 
FAIL: gcc.c-torture/execute/builtins/mempcpy.c compilation,  -O1  (internal compiler error)
UNRESOLVED: gcc.c-torture/execute/builtins/mempcpy.c execution,  -O1 
FAIL: gcc.c-torture/execute/builtins/mempcpy.c compilation,  -O2  (internal compiler error)
UNRESOLVED: gcc.c-torture/execute/builtins/mempcpy.c execution,  -O2 
FAIL: gcc.c-torture/execute/builtins/mempcpy.c compilation,  -O3 -fomit-frame-pointer  (internal compiler error)
UNRESOLVED: gcc.c-torture/execute/builtins/mempcpy.c execution,  -O3 -fomit-frame-pointer 
FAIL: gcc.c-torture/execute/builtins/mempcpy.c compilation,  -O3 -g  (internal compiler error)
UNRESOLVED: gcc.c-torture/execute/builtins/mempcpy.c execution,  -O3 -g 
FAIL: gcc.c-torture/execute/builtins/mempcpy.c compilation,  -Os  (internal compiler error)
UNRESOLVED: gcc.c-torture/execute/builtins/mempcpy.c execution,  -Os 
FAIL: gcc.c-torture/execute/builtins/mempcpy.c compilation,  -O2 -flto -flto-partition=none  (internal compiler error)
UNRESOLVED: gcc.c-torture/execute/builtins/mempcpy.c execution,  -O2 -flto -flto-partition=none 
FAIL: gcc.c-torture/execute/builtins/mempcpy.c compilation,  -O2 -flto  (internal compiler error)
UNRESOLVED: gcc.c-torture/execute/builtins/mempcpy.c execution,  -O2 -flto 
FAIL: gcc.c-torture/execute/builtins/stpcpy-chk.c compilation,  -O0  (internal compiler error)
UNRESOLVED: gcc.c-torture/execute/builtins/stpcpy-chk.c execution,  -O0 
FAIL: gcc.c-torture/execute/builtins/stpcpy-chk.c compilation,  -O1  (internal compiler error)
UNRESOLVED: gcc.c-torture/execute/builtins/stpcpy-chk.c execution,  -O1 
FAIL: gcc.c-torture/execute/builtins/stpcpy-chk.c compilation,  -O2  (internal compiler error)
UNRESOLVED: gcc.c-torture/execute/builtins/stpcpy-chk.c execution,  -O2 
FAIL: gcc.c-torture/execute/builtins/stpcpy-chk.c compilation,  -O3 -fomit-frame-pointer  (internal compiler error)
UNRESOLVED: gcc.c-torture/execute/builtins/stpcpy-chk.c execution,  -O3 -fomit-frame-pointer 
FAIL: gcc.c-torture/execute/builtins/stpcpy-chk.c compilation,  -O3 -fomit-frame-pointer -funroll-loops  (internal compiler error)
UNRESOLVED: gcc.c-torture/execute/builtins/stpcpy-chk.c execution,  -O3 -fomit-frame-pointer -funroll-loops 
FAIL: gcc.c-torture/execute/builtins/stpcpy-chk.c compilation,  -O3 -fomit-frame-pointer -funroll-all-loops -finline-functions  (internal compiler error)
UNRESOLVED: gcc.c-torture/execute/builtins/stpcpy-chk.c execution,  -O3 -fomit-frame-pointer -funroll-all-loops -finline-functions 
FAIL: gcc.c-torture/execute/builtins/stpcpy-chk.c compilation,  -O3 -g  (internal compiler error)
UNRESOLVED: gcc.c-torture/execute/builtins/stpcpy-chk.c execution,  -O3 -g 
FAIL: gcc.c-torture/execute/builtins/stpcpy-chk.c compilation,  -Os  (internal compiler error)
UNRESOLVED: gcc.c-torture/execute/builtins/stpcpy-chk.c execution,  -Os 
FAIL: gcc.c-torture/execute/builtins/stpcpy-chk.c compilation,  -O2 -flto -flto-partition=none  (internal compiler error)
UNRESOLVED: gcc.c-torture/execute/builtins/stpcpy-chk.c execution,  -O2 -flto -flto-partition=none 
FAIL: gcc.c-torture/execute/builtins/stpcpy-chk.c compilation,  -O2 -flto  (internal compiler error)
UNRESOLVED: gcc.c-torture/execute/builtins/stpcpy-chk.c execution,  -O2 -flto 
FAIL: gcc.c-torture/execute/builtins/strcpy-chk.c compilation,  -O0  (internal compiler error)
UNRESOLVED: gcc.c-torture/execute/builtins/strcpy-chk.c execution,  -O0 
FAIL: gcc.c-torture/execute/builtins/strcpy-chk.c compilation,  -O1  (internal compiler error)
UNRESOLVED: gcc.c-torture/execute/builtins/strcpy-chk.c execution,  -O1 
FAIL: gcc.c-torture/execute/builtins/strcpy-chk.c compilation,  -O2  (internal compiler error)
UNRESOLVED: gcc.c-torture/execute/builtins/strcpy-chk.c execution,  -O2 
FAIL: gcc.c-torture/execute/builtins/strcpy-chk.c compilation,  -O3 -fomit-frame-pointer  (internal compiler error)
UNRESOLVED: gcc.c-torture/execute/builtins/strcpy-chk.c execution,  -O3 -fomit-frame-pointer 
FAIL: gcc.c-torture/execute/builtins/strcpy-chk.c compilation,  -O3 -fomit-frame-pointer -funroll-loops  (internal compiler error)
UNRESOLVED: gcc.c-torture/execute/builtins/strcpy-chk.c execution,  -O3 -fomit-frame-pointer -funroll-loops 
FAIL: gcc.c-torture/execute/builtins/strcpy-chk.c compilation,  -O3 -fomit-frame-pointer -funroll-all-loops -finline-functions  (internal compiler error)
UNRESOLVED: gcc.c-torture/execute/builtins/strcpy-chk.c execution,  -O3 -fomit-frame-pointer -funroll-all-loops -finline-functions 
FAIL: gcc.c-torture/execute/builtins/strcpy-chk.c compilation,  -O3 -g  (internal compiler error)
UNRESOLVED: gcc.c-torture/execute/builtins/strcpy-chk.c execution,  -O3 -g 
FAIL: gcc.c-torture/execute/builtins/strcpy-chk.c compilation,  -Os  (internal compiler error)
UNRESOLVED: gcc.c-torture/execute/builtins/strcpy-chk.c execution,  -Os 
FAIL: gcc.c-torture/execute/builtins/strcpy-chk.c compilation,  -O2 -flto -flto-partition=none  (internal compiler error)
UNRESOLVED: gcc.c-torture/execute/builtins/strcpy-chk.c execution,  -O2 -flto -flto-partition=none 
FAIL: gcc.c-torture/execute/builtins/strcpy-chk.c compilation,  -O2 -flto  (internal compiler error)
UNRESOLVED: gcc.c-torture/execute/builtins/strcpy-chk.c execution,  -O2 -flto 
FAIL: gcc.c-torture/execute/builtins/strcpy.c compilation,  -O0  (internal compiler error)
UNRESOLVED: gcc.c-torture/execute/builtins/strcpy.c execution,  -O0 
FAIL: gcc.c-torture/execute/builtins/strcpy.c compilation,  -O1  (internal compiler error)
UNRESOLVED: gcc.c-torture/execute/builtins/strcpy.c execution,  -O1 
FAIL: gcc.c-torture/execute/builtins/strcpy.c compilation,  -O2  (internal compiler error)
UNRESOLVED: gcc.c-torture/execute/builtins/strcpy.c execution,  -O2 
FAIL: gcc.c-torture/execute/builtins/strcpy.c compilation,  -O3 -fomit-frame-pointer  (internal compiler error)
UNRESOLVED: gcc.c-torture/execute/builtins/strcpy.c execution,  -O3 -fomit-frame-pointer 
FAIL: gcc.c-torture/execute/builtins/strcpy.c compilation,  -O3 -g  (internal compiler error)
UNRESOLVED: gcc.c-torture/execute/builtins/strcpy.c execution,  -O3 -g 
FAIL: gcc.c-torture/execute/builtins/strcpy.c compilation,  -Os  (internal compiler error)
UNRESOLVED: gcc.c-torture/execute/builtins/strcpy.c execution,  -Os 
FAIL: gcc.c-torture/execute/builtins/strcpy.c compilation,  -O2 -flto -flto-partition=none  (internal compiler error)
UNRESOLVED: gcc.c-torture/execute/builtins/strcpy.c execution,  -O2 -flto -flto-partition=none 
FAIL: gcc.c-torture/execute/builtins/strcpy.c compilation,  -O2 -flto  (internal compiler error)
UNRESOLVED: gcc.c-torture/execute/builtins/strcpy.c execution,  -O2 -flto 
FAIL: gcc.c-torture/execute/builtins/strlen-3.c compilation,  -Os  (internal compiler error)
UNRESOLVED: gcc.c-torture/execute/builtins/strlen-3.c execution,  -Os 
FAIL: gcc.c-torture/execute/builtins/strncmp-2.c compilation,  -O1  (internal compiler error)
UNRESOLVED: gcc.c-torture/execute/builtins/strncmp-2.c execution,  -O1 
FAIL: gcc.c-torture/execute/builtins/strncmp-2.c compilation,  -O2  (internal compiler error)
UNRESOLVED: gcc.c-torture/execute/builtins/strncmp-2.c execution,  -O2 
FAIL: gcc.c-torture/execute/builtins/strncmp-2.c compilation,  -O3 -fomit-frame-pointer  (internal compiler error)
UNRESOLVED: gcc.c-torture/execute/builtins/strncmp-2.c execution,  -O3 -fomit-frame-pointer 
FAIL: gcc.c-torture/execute/builtins/strncmp-2.c compilation,  -O3 -g  (internal compiler error)
UNRESOLVED: gcc.c-torture/execute/builtins/strncmp-2.c execution,  -O3 -g 
FAIL: gcc.c-torture/execute/builtins/strncmp-2.c compilation,  -O2 -flto -flto-partition=none  (internal compiler error)
UNRESOLVED: gcc.c-torture/execute/builtins/strncmp-2.c execution,  -O2 -flto -flto-partition=none 
FAIL: gcc.c-torture/execute/builtins/strncmp-2.c compilation,  -O2 -flto  (internal compiler error)
UNRESOLVED: gcc.c-torture/execute/builtins/strncmp-2.c execution,  -O2 -flto 
FAIL: gcc.c-torture/execute/builtins/strncpy-chk.c compilation,  -O1  (internal compiler error)
UNRESOLVED: gcc.c-torture/execute/builtins/strncpy-chk.c execution,  -O1 
FAIL: gcc.c-torture/execute/builtins/strncpy-chk.c compilation,  -O2  (internal compiler error)
UNRESOLVED: gcc.c-torture/execute/builtins/strncpy-chk.c execution,  -O2 
FAIL: gcc.c-torture/execute/builtins/strncpy-chk.c compilation,  -O3 -fomit-frame-pointer  (internal compiler error)
UNRESOLVED: gcc.c-torture/execute/builtins/strncpy-chk.c execution,  -O3 -fomit-frame-pointer 
FAIL: gcc.c-torture/execute/builtins/strncpy-chk.c compilation,  -O3 -fomit-frame-pointer -funroll-loops  (internal compiler error)
UNRESOLVED: gcc.c-torture/execute/builtins/strncpy-chk.c execution,  -O3 -fomit-frame-pointer -funroll-loops 
FAIL: gcc.c-torture/execute/builtins/strncpy-chk.c compilation,  -O3 -fomit-frame-pointer -funroll-all-loops -finline-functions  (internal compiler error)
UNRESOLVED: gcc.c-torture/execute/builtins/strncpy-chk.c execution,  -O3 -fomit-frame-pointer -funroll-all-loops -finline-functions 
FAIL: gcc.c-torture/execute/builtins/strncpy-chk.c compilation,  -O3 -g  (internal compiler error)
UNRESOLVED: gcc.c-torture/execute/builtins/strncpy-chk.c execution,  -O3 -g 
FAIL: gcc.c-torture/execute/builtins/strncpy-chk.c compilation,  -O2 -flto -flto-partition=none  (internal compiler error)
UNRESOLVED: gcc.c-torture/execute/builtins/strncpy-chk.c execution,  -O2 -flto -flto-partition=none 
FAIL: gcc.c-torture/execute/builtins/strncpy-chk.c compilation,  -O2 -flto  (internal compiler error)
UNRESOLVED: gcc.c-torture/execute/builtins/strncpy-chk.c execution,  -O2 -flto 
FAIL: gcc.c-torture/execute/builtins/strpcpy.c compilation,  -O0  (internal compiler error)
UNRESOLVED: gcc.c-torture/execute/builtins/strpcpy.c execution,  -O0 
FAIL: gcc.c-torture/execute/builtins/strpcpy.c compilation,  -O1  (internal compiler error)
UNRESOLVED: gcc.c-torture/execute/builtins/strpcpy.c execution,  -O1 
FAIL: gcc.c-torture/execute/builtins/strpcpy.c compilation,  -O2  (internal compiler error)
UNRESOLVED: gcc.c-torture/execute/builtins/strpcpy.c execution,  -O2 
FAIL: gcc.c-torture/execute/builtins/strpcpy.c compilation,  -O3 -fomit-frame-pointer  (internal compiler error)
UNRESOLVED: gcc.c-torture/execute/builtins/strpcpy.c execution,  -O3 -fomit-frame-pointer 
FAIL: gcc.c-torture/execute/builtins/strpcpy.c compilation,  -O3 -g  (internal compiler error)
UNRESOLVED: gcc.c-torture/execute/builtins/strpcpy.c execution,  -O3 -g 
FAIL: gcc.c-torture/execute/builtins/strpcpy.c compilation,  -Os  (internal compiler error)
UNRESOLVED: gcc.c-torture/execute/builtins/strpcpy.c execution,  -Os 
FAIL: gcc.c-torture/execute/builtins/strpcpy.c compilation,  -O2 -flto -flto-partition=none  (internal compiler error)
UNRESOLVED: gcc.c-torture/execute/builtins/strpcpy.c execution,  -O2 -flto -flto-partition=none 
FAIL: gcc.c-torture/execute/builtins/strpcpy.c compilation,  -O2 -flto  (internal compiler error)
UNRESOLVED: gcc.c-torture/execute/builtins/strpcpy.c execution,  -O2 -flto 
FAIL: gcc.c-torture/execute/builtins/strstr-asm.c compilation,  -O1  (internal compiler error)
UNRESOLVED: gcc.c-torture/execute/builtins/strstr-asm.c execution,  -O1 
FAIL: gcc.c-torture/execute/builtins/strstr-asm.c compilation,  -O2  (internal compiler error)
UNRESOLVED: gcc.c-torture/execute/builtins/strstr-asm.c execution,  -O2 
FAIL: gcc.c-torture/execute/builtins/strstr-asm.c compilation,  -O3 -fomit-frame-pointer  (internal compiler error)
UNRESOLVED: gcc.c-torture/execute/builtins/strstr-asm.c execution,  -O3 -fomit-frame-pointer 
FAIL: gcc.c-torture/execute/builtins/strstr-asm.c compilation,  -O3 -g  (internal compiler error)
UNRESOLVED: gcc.c-torture/execute/builtins/strstr-asm.c execution,  -O3 -g 
FAIL: gcc.c-torture/execute/builtins/strstr-asm.c compilation,  -O2 -flto -flto-partition=none  (internal compiler error)
UNRESOLVED: gcc.c-torture/execute/builtins/strstr-asm.c execution,  -O2 -flto -flto-partition=none 
FAIL: gcc.c-torture/execute/builtins/strstr-asm.c compilation,  -O2 -flto  (internal compiler error)
UNRESOLVED: gcc.c-torture/execute/builtins/strstr-asm.c execution,  -O2 -flto 
FAIL: gcc.c-torture/execute/20021011-1.c compilation,  -O3 -fomit-frame-pointer  (internal compiler error)
UNRESOLVED: gcc.c-torture/execute/20021011-1.c execution,  -O3 -fomit-frame-pointer 
FAIL: gcc.c-torture/execute/20021011-1.c compilation,  -O3 -fomit-frame-pointer -funroll-loops  (internal compiler error)
UNRESOLVED: gcc.c-torture/execute/20021011-1.c execution,  -O3 -fomit-frame-pointer -funroll-loops 
FAIL: gcc.c-torture/execute/20021011-1.c compilation,  -O3 -fomit-frame-pointer -funroll-all-loops -finline-functions  (internal compiler error)
UNRESOLVED: gcc.c-torture/execute/20021011-1.c execution,  -O3 -fomit-frame-pointer -funroll-all-loops -finline-functions 
FAIL: gcc.c-torture/execute/20021011-1.c compilation,  -O3 -g  (internal compiler error)
UNRESOLVED: gcc.c-torture/execute/20021011-1.c execution,  -O3 -g 
FAIL: gcc.c-torture/execute/builtin-prefetch-2.c compilation,  -O2 -flto -flto-partition=none  (internal compiler error)
UNRESOLVED: gcc.c-torture/execute/builtin-prefetch-2.c execution,  -O2 -flto -flto-partition=none 
FAIL: gcc.c-torture/execute/builtin-prefetch-2.c compilation,  -O2 -flto  (internal compiler error)
UNRESOLVED: gcc.c-torture/execute/builtin-prefetch-2.c execution,  -O2 -flto 
FAIL: gcc.c-torture/execute/memset-3.c compilation,  -O1  (internal compiler error)
UNRESOLVED: gcc.c-torture/execute/memset-3.c execution,  -O1 
FAIL: gcc.c-torture/execute/memset-3.c compilation,  -O2  (internal compiler error)
UNRESOLVED: gcc.c-torture/execute/memset-3.c execution,  -O2 
FAIL: gcc.c-torture/execute/memset-3.c compilation,  -O3 -fomit-frame-pointer  (internal compiler error)
UNRESOLVED: gcc.c-torture/execute/memset-3.c execution,  -O3 -fomit-frame-pointer 
FAIL: gcc.c-torture/execute/memset-3.c compilation,  -O3 -fomit-frame-pointer -funroll-loops  (internal compiler error)
UNRESOLVED: gcc.c-torture/execute/memset-3.c execution,  -O3 -fomit-frame-pointer -funroll-loops 
FAIL: gcc.c-torture/execute/memset-3.c compilation,  -O3 -fomit-frame-pointer -funroll-all-loops -finline-functions  (internal compiler error)
UNRESOLVED: gcc.c-torture/execute/memset-3.c execution,  -O3 -fomit-frame-pointer -funroll-all-loops -finline-functions 
FAIL: gcc.c-torture/execute/memset-3.c compilation,  -O3 -g  (internal compiler error)
UNRESOLVED: gcc.c-torture/execute/memset-3.c execution,  -O3 -g 
FAIL: gcc.c-torture/execute/memset-3.c compilation,  -Os  (internal compiler error)
UNRESOLVED: gcc.c-torture/execute/memset-3.c execution,  -Os 
FAIL: gcc.c-torture/execute/memset-3.c compilation,  -O2 -flto -flto-partition=none  (internal compiler error)
UNRESOLVED: gcc.c-torture/execute/memset-3.c execution,  -O2 -flto -flto-partition=none 
FAIL: gcc.c-torture/execute/memset-3.c compilation,  -O2 -flto  (internal compiler error)
UNRESOLVED: gcc.c-torture/execute/memset-3.c execution,  -O2 -flto 
FAIL: gcc.c-torture/execute/pr38051.c compilation,  -O1  (internal compiler error)
UNRESOLVED: gcc.c-torture/execute/pr38051.c execution,  -O1 
FAIL: gcc.c-torture/execute/pr38051.c compilation,  -O2  (internal compiler error)
UNRESOLVED: gcc.c-torture/execute/pr38051.c execution,  -O2 
FAIL: gcc.c-torture/execute/pr38051.c compilation,  -O3 -fomit-frame-pointer  (internal compiler error)
UNRESOLVED: gcc.c-torture/execute/pr38051.c execution,  -O3 -fomit-frame-pointer 
FAIL: gcc.c-torture/execute/pr38051.c compilation,  -O3 -fomit-frame-pointer -funroll-loops  (internal compiler error)
UNRESOLVED: gcc.c-torture/execute/pr38051.c execution,  -O3 -fomit-frame-pointer -funroll-loops 
FAIL: gcc.c-torture/execute/pr38051.c compilation,  -O3 -fomit-frame-pointer -funroll-all-loops -finline-functions  (internal compiler error)
UNRESOLVED: gcc.c-torture/execute/pr38051.c execution,  -O3 -fomit-frame-pointer -funroll-all-loops -finline-functions 
FAIL: gcc.c-torture/execute/pr38051.c compilation,  -O3 -g  (internal compiler error)
UNRESOLVED: gcc.c-torture/execute/pr38051.c execution,  -O3 -g 
FAIL: gcc.c-torture/execute/pr38051.c compilation,  -Os  (internal compiler error)
UNRESOLVED: gcc.c-torture/execute/pr38051.c execution,  -Os 
FAIL: gcc.c-torture/execute/pr38051.c compilation,  -O2 -flto -flto-partition=none  (internal compiler error)
UNRESOLVED: gcc.c-torture/execute/pr38051.c execution,  -O2 -flto -flto-partition=none 
FAIL: gcc.c-torture/execute/pr38051.c compilation,  -O2 -flto  (internal compiler error)
UNRESOLVED: gcc.c-torture/execute/pr38051.c execution,  -O2 -flto 
FAIL: gcc.c-torture/execute/string-opt-5.c compilation,  -O0  (internal compiler error)
UNRESOLVED: gcc.c-torture/execute/string-opt-5.c execution,  -O0 
FAIL: gcc.c-torture/execute/string-opt-5.c compilation,  -O1  (internal compiler error)
UNRESOLVED: gcc.c-torture/execute/string-opt-5.c execution,  -O1 
FAIL: gcc.c-torture/execute/string-opt-5.c compilation,  -O2  (internal compiler error)
UNRESOLVED: gcc.c-torture/execute/string-opt-5.c execution,  -O2 
FAIL: gcc.c-torture/execute/string-opt-5.c compilation,  -O3 -fomit-frame-pointer  (internal compiler error)
UNRESOLVED: gcc.c-torture/execute/string-opt-5.c execution,  -O3 -fomit-frame-pointer 
FAIL: gcc.c-torture/execute/string-opt-5.c compilation,  -O3 -g  (internal compiler error)
UNRESOLVED: gcc.c-torture/execute/string-opt-5.c execution,  -O3 -g 
FAIL: gcc.c-torture/execute/string-opt-5.c compilation,  -Os  (internal compiler error)
UNRESOLVED: gcc.c-torture/execute/string-opt-5.c execution,  -Os 
FAIL: gcc.c-torture/execute/string-opt-5.c compilation,  -O2 -flto -flto-partition=none  (internal compiler error)
UNRESOLVED: gcc.c-torture/execute/string-opt-5.c execution,  -O2 -flto -flto-partition=none 
FAIL: gcc.c-torture/execute/string-opt-5.c compilation,  -O2 -flto  (internal compiler error)
UNRESOLVED: gcc.c-torture/execute/string-opt-5.c execution,  -O2 -flto 
FAIL: gcc.c-torture/execute/ieee/copysign1.c compilation,  -O3 -fomit-frame-pointer  (internal compiler error)
UNRESOLVED: gcc.c-torture/execute/ieee/copysign1.c execution,  -O3 -fomit-frame-pointer 
FAIL: gcc.c-torture/execute/ieee/copysign1.c compilation,  -O3 -fomit-frame-pointer -funroll-loops  (internal compiler error)
UNRESOLVED: gcc.c-torture/execute/ieee/copysign1.c execution,  -O3 -fomit-frame-pointer -funroll-loops 
FAIL: gcc.c-torture/execute/ieee/copysign1.c compilation,  -O3 -fomit-frame-pointer -funroll-all-loops -finline-functions  (internal compiler error)
UNRESOLVED: gcc.c-torture/execute/ieee/copysign1.c execution,  -O3 -fomit-frame-pointer -funroll-all-loops -finline-functions 
FAIL: gcc.c-torture/execute/ieee/copysign1.c compilation,  -O3 -g  (internal compiler error)
UNRESOLVED: gcc.c-torture/execute/ieee/copysign1.c execution,  -O3 -g 
FAIL: gcc.c-torture/execute/ieee/copysign2.c compilation,  -O3 -fomit-frame-pointer  (internal compiler error)
UNRESOLVED: gcc.c-torture/execute/ieee/copysign2.c execution,  -O3 -fomit-frame-pointer 
FAIL: gcc.c-torture/execute/ieee/copysign2.c compilation,  -O3 -fomit-frame-pointer -funroll-loops  (internal compiler error)
UNRESOLVED: gcc.c-torture/execute/ieee/copysign2.c execution,  -O3 -fomit-frame-pointer -funroll-loops 
FAIL: gcc.c-torture/execute/ieee/copysign2.c compilation,  -O3 -fomit-frame-pointer -funroll-all-loops -finline-functions  (internal compiler error)
UNRESOLVED: gcc.c-torture/execute/ieee/copysign2.c execution,  -O3 -fomit-frame-pointer -funroll-all-loops -finline-functions 
FAIL: gcc.c-torture/execute/ieee/copysign2.c compilation,  -O3 -g  (internal compiler error)
UNRESOLVED: gcc.c-torture/execute/ieee/copysign2.c execution,  -O3 -g 
FAIL: gcc.dg/cleanup-10.c execution test
FAIL: gcc.dg/cleanup-11.c execution test
FAIL: gcc.dg/cleanup-12.c execution test
FAIL: gcc.dg/cleanup-13.c execution test
FAIL: gcc.dg/cleanup-5.c execution test
FAIL: gcc.dg/cleanup-8.c execution test
FAIL: gcc.dg/cleanup-9.c execution test
FAIL: gcc.dg/ia64-sync-1.c (internal compiler error)
FAIL: gcc.dg/ia64-sync-1.c (test for excess errors)
WARNING: gcc.dg/ia64-sync-1.c compilation failed to produce executable
FAIL: gcc.dg/ia64-sync-2.c (internal compiler error)
FAIL: gcc.dg/ia64-sync-2.c (test for excess errors)
WARNING: gcc.dg/ia64-sync-2.c compilation failed to produce executable
FAIL: gcc.dg/ia64-sync-3.c (internal compiler error)
FAIL: gcc.dg/ia64-sync-3.c (test for excess errors)
WARNING: gcc.dg/ia64-sync-3.c compilation failed to produce executable
XPASS: gcc.dg/inline_3.c (test for excess errors)
XPASS: gcc.dg/inline_4.c (test for excess errors)
FAIL: gcc.dg/memmove-2.c (internal compiler error)
FAIL: gcc.dg/memmove-2.c (test for excess errors)
FAIL: gcc.dg/sync-2.c (internal compiler error)
FAIL: gcc.dg/sync-2.c (test for excess errors)
WARNING: gcc.dg/sync-2.c compilation failed to produce executable
FAIL: gcc.dg/sync-3.c (internal compiler error)
FAIL: gcc.dg/sync-3.c (test for excess errors)
WARNING: gcc.dg/sync-3.c compilation failed to produce executable
XPASS: gcc.dg/unroll_2.c (test for excess errors)
XPASS: gcc.dg/unroll_3.c (test for excess errors)
XPASS: gcc.dg/unroll_4.c (test for excess errors)
XPASS: gcc.dg/guality/example.c  -O0  execution test
XPASS: gcc.dg/guality/guality.c  -O0  execution test
FAIL: gcc.dg/guality/inline-params.c  -O1  execution test
XPASS: gcc.dg/guality/pr41353-1.c  -O0  line 28 j == 28 + 37
XPASS: gcc.dg/guality/pr41353-1.c  -O1  line 28 j == 28 + 37
XPASS: gcc.dg/guality/pr41353-1.c  -O2  line 28 j == 28 + 37
XPASS: gcc.dg/guality/pr41353-1.c  -O3 -fomit-frame-pointer  line 28 j == 28 + 37
XPASS: gcc.dg/guality/pr41353-1.c  -O3 -g  line 28 j == 28 + 37
XPASS: gcc.dg/guality/pr41353-1.c  -Os  line 28 j == 28 + 37
XPASS: gcc.dg/guality/pr41353-1.c  -O2 -flto -flto-partition=none  line 28 j == 28 + 37
XPASS: gcc.dg/guality/pr41353-1.c  -O2 -flto  line 28 j == 28 + 37
XPASS: gcc.dg/guality/pr41447-1.c  -O0  execution test
XPASS: gcc.dg/guality/pr41447-1.c  -O1  execution test
XPASS: gcc.dg/guality/pr41447-1.c  -O2  execution test
XPASS: gcc.dg/guality/pr41447-1.c  -O3 -fomit-frame-pointer  execution test
XPASS: gcc.dg/guality/pr41447-1.c  -O3 -g  execution test
XPASS: gcc.dg/guality/pr41447-1.c  -Os  execution test
XPASS: gcc.dg/guality/pr41447-1.c  -O2 -flto -flto-partition=none  execution test
XPASS: gcc.dg/guality/pr41447-1.c  -O2 -flto  execution test
XPASS: gcc.dg/guality/pr41616-1.c  -O0  execution test
XPASS: gcc.dg/guality/pr41616-1.c  -O1  execution test
XPASS: gcc.dg/guality/pr41616-1.c  -O2  execution test
XPASS: gcc.dg/guality/pr41616-1.c  -O3 -fomit-frame-pointer  execution test
XPASS: gcc.dg/guality/pr41616-1.c  -O3 -g  execution test
XPASS: gcc.dg/guality/pr41616-1.c  -Os  execution test
FAIL: gcc.dg/guality/pr43051-1.c  -O1  line 34 c == &a[0]
FAIL: gcc.dg/guality/pr43051-1.c  -O1  line 36 e == &a[1]
FAIL: gcc.dg/guality/pr43051-1.c  -O1  line 39 c == &a[0]
FAIL: gcc.dg/guality/pr43051-1.c  -O1  line 41 e == &a[1]
FAIL: gcc.dg/guality/pr43051-1.c  -O2  line 34 c == &a[0]
FAIL: gcc.dg/guality/pr43051-1.c  -O2  line 36 e == &a[1]
FAIL: gcc.dg/guality/pr43051-1.c  -O2  line 39 c == &a[0]
FAIL: gcc.dg/guality/pr43051-1.c  -O2  line 41 e == &a[1]
FAIL: gcc.dg/guality/pr43051-1.c  -O3 -fomit-frame-pointer  line 34 c == &a[0]
FAIL: gcc.dg/guality/pr43051-1.c  -O3 -fomit-frame-pointer  line 36 e == &a[1]
FAIL: gcc.dg/guality/pr43051-1.c  -O3 -fomit-frame-pointer  line 39 c == &a[0]
FAIL: gcc.dg/guality/pr43051-1.c  -O3 -fomit-frame-pointer  line 41 e == &a[1]
FAIL: gcc.dg/guality/pr43051-1.c  -O3 -fomit-frame-pointer -funroll-loops  line 36 e == &a[1]
FAIL: gcc.dg/guality/pr43051-1.c  -O3 -fomit-frame-pointer -funroll-loops  line 41 e == &a[1]
FAIL: gcc.dg/guality/pr43051-1.c  -O3 -fomit-frame-pointer -funroll-all-loops -finline-functions  line 36 e == &a[1]
FAIL: gcc.dg/guality/pr43051-1.c  -O3 -fomit-frame-pointer -funroll-all-loops -finline-functions  line 41 e == &a[1]
FAIL: gcc.dg/guality/pr43051-1.c  -O3 -g  line 34 c == &a[0]
FAIL: gcc.dg/guality/pr43051-1.c  -O3 -g  line 36 e == &a[1]
FAIL: gcc.dg/guality/pr43051-1.c  -O3 -g  line 39 c == &a[0]
FAIL: gcc.dg/guality/pr43051-1.c  -O3 -g  line 41 e == &a[1]
FAIL: gcc.dg/guality/pr43051-1.c  -Os  line 36 e == &a[1]
FAIL: gcc.dg/guality/pr43051-1.c  -Os  line 41 e == &a[1]
FAIL: gcc.dg/guality/pr43051-1.c  -O2 -flto -flto-partition=none  line 34 c == &a[0]
FAIL: gcc.dg/guality/pr43051-1.c  -O2 -flto -flto-partition=none  line 36 e == &a[1]
FAIL: gcc.dg/guality/pr43051-1.c  -O2 -flto -flto-partition=none  line 39 c == &a[0]
FAIL: gcc.dg/guality/pr43051-1.c  -O2 -flto -flto-partition=none  line 41 e == &a[1]
FAIL: gcc.dg/guality/pr43051-1.c  -O2 -flto  line 34 c == &a[0]
FAIL: gcc.dg/guality/pr43051-1.c  -O2 -flto  line 36 e == &a[1]
FAIL: gcc.dg/guality/pr43051-1.c  -O2 -flto  line 39 c == &a[0]
FAIL: gcc.dg/guality/pr43051-1.c  -O2 -flto  line 41 e == &a[1]
FAIL: gcc.dg/guality/sra-1.c  -O1  line 43 a.i == 4
FAIL: gcc.dg/guality/sra-1.c  -O1  line 43 a.j == 14
FAIL: gcc.dg/guality/vla-1.c  -O0  line 17 sizeof (a) == 6
FAIL: gcc.dg/guality/vla-1.c  -O0  line 24 sizeof (a) == 17 * sizeof (short)
FAIL: gcc.dg/guality/vla-1.c  -O1  line 17 sizeof (a) == 6
FAIL: gcc.dg/guality/vla-1.c  -O1  line 24 sizeof (a) == 17 * sizeof (short)
FAIL: gcc.dg/guality/vla-1.c  -O2  line 17 sizeof (a) == 6
FAIL: gcc.dg/guality/vla-1.c  -O2  line 24 sizeof (a) == 17 * sizeof (short)
FAIL: gcc.dg/guality/vla-1.c  -O3 -fomit-frame-pointer  line 17 sizeof (a) == 6
FAIL: gcc.dg/guality/vla-1.c  -O3 -fomit-frame-pointer  line 24 sizeof (a) == 17 * sizeof (short)
FAIL: gcc.dg/guality/vla-1.c  -O3 -g  line 17 sizeof (a) == 6
FAIL: gcc.dg/guality/vla-1.c  -O3 -g  line 24 sizeof (a) == 17 * sizeof (short)
FAIL: gcc.dg/guality/vla-1.c  -Os  line 17 sizeof (a) == 6
FAIL: gcc.dg/guality/vla-1.c  -Os  line 24 sizeof (a) == 17 * sizeof (short)
FAIL: gcc.dg/guality/vla-1.c  -O2 -flto -flto-partition=none  line 17 sizeof (a) == 6
FAIL: gcc.dg/guality/vla-1.c  -O2 -flto -flto-partition=none  line 24 sizeof (a) == 17 * sizeof (short)
FAIL: gcc.dg/guality/vla-1.c  -O2 -flto  line 17 sizeof (a) == 6
FAIL: gcc.dg/guality/vla-1.c  -O2 -flto  line 24 sizeof (a) == 17 * sizeof (short)
FAIL: gcc.dg/guality/vla-2.c  -O0  line 16 sizeof (a) == 5 * sizeof (int)
FAIL: gcc.dg/guality/vla-2.c  -O0  line 25 sizeof (a) == 6 * sizeof (int)
FAIL: gcc.dg/guality/vla-2.c  -O1  line 16 sizeof (a) == 5 * sizeof (int)
FAIL: gcc.dg/guality/vla-2.c  -O1  line 25 sizeof (a) == 6 * sizeof (int)
FAIL: gcc.dg/guality/vla-2.c  -O2  line 16 sizeof (a) == 5 * sizeof (int)
FAIL: gcc.dg/guality/vla-2.c  -O2  line 25 sizeof (a) == 6 * sizeof (int)
FAIL: gcc.dg/guality/vla-2.c  -O3 -fomit-frame-pointer  line 16 sizeof (a) == 5 * sizeof (int)
FAIL: gcc.dg/guality/vla-2.c  -O3 -fomit-frame-pointer  line 25 sizeof (a) == 6 * sizeof (int)
FAIL: gcc.dg/guality/vla-2.c  -O3 -g  line 16 sizeof (a) == 5 * sizeof (int)
FAIL: gcc.dg/guality/vla-2.c  -O3 -g  line 25 sizeof (a) == 6 * sizeof (int)
FAIL: gcc.dg/guality/vla-2.c  -Os  line 16 sizeof (a) == 5 * sizeof (int)
FAIL: gcc.dg/guality/vla-2.c  -Os  line 25 sizeof (a) == 6 * sizeof (int)
FAIL: gcc.dg/guality/vla-2.c  -O2 -flto -flto-partition=none  line 16 sizeof (a) == 5 * sizeof (int)
FAIL: gcc.dg/guality/vla-2.c  -O2 -flto -flto-partition=none  line 25 sizeof (a) == 6 * sizeof (int)
FAIL: gcc.dg/guality/vla-2.c  -O2 -flto  line 16 sizeof (a) == 5 * sizeof (int)
FAIL: gcc.dg/guality/vla-2.c  -O2 -flto  line 25 sizeof (a) == 6 * sizeof (int)
FAIL: gcc.dg/tls/opt-13.c (internal compiler error)
FAIL: gcc.dg/tls/opt-13.c (test for excess errors)
FAIL: gcc.dg/tls/opt-15.c (internal compiler error)
FAIL: gcc.dg/tls/opt-15.c (test for excess errors)
FAIL: gcc.dg/torture/pr45636.c  -O1  (internal compiler error)
FAIL: gcc.dg/torture/pr45636.c  -O1  (test for excess errors)
WARNING: gcc.dg/torture/pr45636.c  -O1  compilation failed to produce executable
FAIL: gcc.dg/torture/pr45636.c  -O2  (internal compiler error)
FAIL: gcc.dg/torture/pr45636.c  -O2  (test for excess errors)
WARNING: gcc.dg/torture/pr45636.c  -O2  compilation failed to produce executable
FAIL: gcc.dg/torture/pr45636.c  -O3 -fomit-frame-pointer  (internal compiler error)
FAIL: gcc.dg/torture/pr45636.c  -O3 -fomit-frame-pointer  (test for excess errors)
WARNING: gcc.dg/torture/pr45636.c  -O3 -fomit-frame-pointer  compilation failed to produce executable
FAIL: gcc.dg/torture/pr45636.c  -O3 -fomit-frame-pointer -funroll-loops  (internal compiler error)
FAIL: gcc.dg/torture/pr45636.c  -O3 -fomit-frame-pointer -funroll-loops  (test for excess errors)
WARNING: gcc.dg/torture/pr45636.c  -O3 -fomit-frame-pointer -funroll-loops  compilation failed to produce executable
FAIL: gcc.dg/torture/pr45636.c  -O3 -fomit-frame-pointer -funroll-all-loops -finline-functions  (internal compiler error)
FAIL: gcc.dg/torture/pr45636.c  -O3 -fomit-frame-pointer -funroll-all-loops -finline-functions  (test for excess errors)
WARNING: gcc.dg/torture/pr45636.c  -O3 -fomit-frame-pointer -funroll-all-loops -finline-functions  compilation failed to produce executable
FAIL: gcc.dg/torture/pr45636.c  -O3 -g  (internal compiler error)
FAIL: gcc.dg/torture/pr45636.c  -O3 -g  (test for excess errors)
WARNING: gcc.dg/torture/pr45636.c  -O3 -g  compilation failed to produce executable
FAIL: gcc.dg/torture/pr45636.c  -O2 -flto -flto-partition=none  (internal compiler error)
FAIL: gcc.dg/torture/pr45636.c  -O2 -flto -flto-partition=none  (test for excess errors)
WARNING: gcc.dg/torture/pr45636.c  -O2 -flto -flto-partition=none  compilation failed to produce executable
FAIL: gcc.dg/torture/pr45636.c  -O2 -flto  (internal compiler error)
FAIL: gcc.dg/torture/pr45636.c  -O2 -flto  (test for excess errors)
WARNING: gcc.dg/torture/pr45636.c  -O2 -flto  compilation failed to produce executable
FAIL: gcc.dg/tree-ssa/vrp47.c scan-tree-dump-times dom1 "x[^ ]* & y" 1
FAIL: gcc.dg/tree-ssa/vrp47.c scan-tree-dump-times vrp1 "x[^ ]* \\^ 1" 1
FAIL: gcc.target/i386/andor-2.c scan-assembler-not sete
XPASS: gcc.target/i386/builtin-apply-mmx.c execution test
FAIL: gcc.target/i386/cleanup-1.c execution test
FAIL: gcc.target/i386/cleanup-2.c execution test
FAIL: gcc.target/i386/pr39543-3.c (test for excess errors)
FAIL: gcc.target/i386/pr43766.c scan-assembler-not lea[lq]?[ \\t]
FAIL: gcc.target/i386/pr45670.c scan-assembler-not lea[lq]

		=== gcc Summary ===

# of expected passes		81100
# of unexpected failures	257
# of unexpected successes	30
# of expected failures		271
# of unresolved testcases	143
# of unsupported tests		1155
/export/build/gnu/gcc-x32/build-x86_64-linux/gcc/xgcc  version 4.7.0 20110802 (experimental) (GCC) 

		=== gfortran tests ===


Running target unix/-mx32
FAIL: gfortran.dg/actual_array_substr_2.f90  -O2  (internal compiler error)
FAIL: gfortran.dg/actual_array_substr_2.f90  -O2  (test for excess errors)
WARNING: gfortran.dg/actual_array_substr_2.f90  -O2  compilation failed to produce executable
FAIL: gfortran.dg/actual_array_substr_2.f90  -O3 -fomit-frame-pointer  (internal compiler error)
FAIL: gfortran.dg/actual_array_substr_2.f90  -O3 -fomit-frame-pointer  (test for excess errors)
WARNING: gfortran.dg/actual_array_substr_2.f90  -O3 -fomit-frame-pointer  compilation failed to produce executable
FAIL: gfortran.dg/actual_array_substr_2.f90  -O3 -fomit-frame-pointer -funroll-loops  (internal compiler error)
FAIL: gfortran.dg/actual_array_substr_2.f90  -O3 -fomit-frame-pointer -funroll-loops  (test for excess errors)
WARNING: gfortran.dg/actual_array_substr_2.f90  -O3 -fomit-frame-pointer -funroll-loops  compilation failed to produce executable
FAIL: gfortran.dg/actual_array_substr_2.f90  -O3 -fomit-frame-pointer -funroll-all-loops -finline-functions  (internal compiler error)
FAIL: gfortran.dg/actual_array_substr_2.f90  -O3 -fomit-frame-pointer -funroll-all-loops -finline-functions  (test for excess errors)
WARNING: gfortran.dg/actual_array_substr_2.f90  -O3 -fomit-frame-pointer -funroll-all-loops -finline-functions  compilation failed to produce executable
FAIL: gfortran.dg/actual_array_substr_2.f90  -O3 -g  (internal compiler error)
FAIL: gfortran.dg/actual_array_substr_2.f90  -O3 -g  (test for excess errors)
WARNING: gfortran.dg/actual_array_substr_2.f90  -O3 -g  compilation failed to produce executable
FAIL: gfortran.dg/actual_array_substr_2.f90  -Os  (internal compiler error)
FAIL: gfortran.dg/actual_array_substr_2.f90  -Os  (test for excess errors)
WARNING: gfortran.dg/actual_array_substr_2.f90  -Os  compilation failed to produce executable
FAIL: gfortran.dg/forall_12.f90  -O3 -fomit-frame-pointer  execution test
FAIL: gfortran.dg/forall_12.f90  -O3 -fomit-frame-pointer -funroll-loops  execution test
FAIL: gfortran.dg/forall_12.f90  -O3 -fomit-frame-pointer -funroll-all-loops -finline-functions  execution test
FAIL: gfortran.dg/forall_12.f90  -O3 -g  execution test
FAIL: gfortran.dg/where_operator_assign_2.f90  -O  (internal compiler error)
FAIL: gfortran.dg/where_operator_assign_2.f90  -O  (test for excess errors)
FAIL: gfortran.dg/widechar_intrinsics_5.f90  -O3 -fomit-frame-pointer  (internal compiler error)
FAIL: gfortran.dg/widechar_intrinsics_5.f90  -O3 -fomit-frame-pointer  (test for excess errors)
WARNING: gfortran.dg/widechar_intrinsics_5.f90  -O3 -fomit-frame-pointer  compilation failed to produce executable
FAIL: gfortran.dg/widechar_intrinsics_5.f90  -O3 -fomit-frame-pointer -funroll-loops  (internal compiler error)
FAIL: gfortran.dg/widechar_intrinsics_5.f90  -O3 -fomit-frame-pointer -funroll-loops  (test for excess errors)
WARNING: gfortran.dg/widechar_intrinsics_5.f90  -O3 -fomit-frame-pointer -funroll-loops  compilation failed to produce executable
FAIL: gfortran.dg/widechar_intrinsics_5.f90  -O3 -fomit-frame-pointer -funroll-all-loops -finline-functions  (internal compiler error)
FAIL: gfortran.dg/widechar_intrinsics_5.f90  -O3 -fomit-frame-pointer -funroll-all-loops -finline-functions  (test for excess errors)
WARNING: gfortran.dg/widechar_intrinsics_5.f90  -O3 -fomit-frame-pointer -funroll-all-loops -finline-functions  compilation failed to produce executable
FAIL: gfortran.dg/widechar_intrinsics_5.f90  -O3 -g  (internal compiler error)
FAIL: gfortran.dg/widechar_intrinsics_5.f90  -O3 -g  (test for excess errors)
WARNING: gfortran.dg/widechar_intrinsics_5.f90  -O3 -g  compilation failed to produce executable

		=== gfortran Summary ===

# of expected passes		39533
# of unexpected failures	26
# of expected failures		53
# of unsupported tests		56
/export/build/gnu/gcc-x32/build-x86_64-linux/gcc/testsuite/gfortran/../../gfortran  version 4.7.0 20110802 (experimental) (GCC) 

		=== g++ tests ===


Running target unix/-mx32
FAIL: g++.dg/compat/eh/ctor1 cp_compat_x_tst.o-cp_compat_y_tst.o execute 
FAIL: g++.dg/compat/eh/ctor2 cp_compat_x_tst.o-cp_compat_y_tst.o execute 
FAIL: g++.dg/compat/eh/dtor1 cp_compat_x_tst.o-cp_compat_y_tst.o execute 
FAIL: g++.dg/compat/eh/filter1 cp_compat_x_tst.o-cp_compat_y_tst.o execute 
FAIL: g++.dg/compat/eh/filter2 cp_compat_x_tst.o-cp_compat_y_tst.o execute 
FAIL: g++.dg/compat/eh/new1 cp_compat_x_tst.o-cp_compat_y_tst.o execute 
FAIL: g++.dg/compat/eh/nrv1 cp_compat_x_tst.o-cp_compat_y_tst.o execute 
FAIL: g++.dg/compat/eh/spec3 cp_compat_x_tst.o-cp_compat_y_tst.o execute 
FAIL: g++.dg/compat/eh/template1 cp_compat_x_tst.o-cp_compat_y_tst.o execute 
FAIL: g++.dg/compat/eh/unexpected1 cp_compat_x_tst.o-cp_compat_y_tst.o execute 
FAIL: g++.dg/compat/init/array5 cp_compat_x_tst.o-cp_compat_y_tst.o execute 
FAIL: g++.dg/cpp0x/lambda/lambda-eh2.C execution test
FAIL: g++.dg/cpp0x/noexcept03.C execution test
FAIL: g++.dg/cpp0x/noexcept04.C execution test
FAIL: g++.dg/cpp0x/noexcept06.C execution test
FAIL: g++.dg/cpp0x/noexcept07.C execution test
FAIL: g++.dg/cpp0x/nullptr21.C execution test
FAIL: g++.dg/cpp0x/range-for7.C execution test
FAIL: g++.dg/cpp0x/variadic73.C execution test
FAIL: g++.dg/eh/alias1.C execution test
FAIL: g++.dg/eh/async-unwind1.C execution test
FAIL: g++.dg/eh/async-unwind2.C execution test
FAIL: g++.dg/eh/cond1.C execution test
FAIL: g++.dg/eh/cond4.C execution test
FAIL: g++.dg/eh/cond5.C execution test
FAIL: g++.dg/eh/cond6.C execution test
FAIL: g++.dg/eh/crossjump1.C execution test
FAIL: g++.dg/eh/ctor1.C execution test
FAIL: g++.dg/eh/ctor2.C execution test
FAIL: g++.dg/eh/delayslot1.C execution test
FAIL: g++.dg/eh/dtor1.C execution test
FAIL: g++.dg/eh/elide1.C execution test
FAIL: g++.dg/eh/elide2.C execution test
FAIL: g++.dg/eh/filter1.C execution test
FAIL: g++.dg/eh/filter2.C execution test
FAIL: g++.dg/eh/forced1.C execution test
FAIL: g++.dg/eh/forced2.C execution test
FAIL: g++.dg/eh/forced3.C execution test
FAIL: g++.dg/eh/forced4.C execution test
FAIL: g++.dg/eh/fp-regs.C execution test
FAIL: g++.dg/eh/gcsec1.C execution test
FAIL: g++.dg/eh/ia64-2.C execution test
FAIL: g++.dg/eh/init-temp1.C execution test
FAIL: g++.dg/eh/loop1.C execution test
FAIL: g++.dg/eh/loop2.C execution test
FAIL: g++.dg/eh/new1.C execution test
FAIL: g++.dg/eh/omit-frame-pointer.C execution test
FAIL: g++.dg/eh/omit-frame-pointer2.C execution test
FAIL: g++.dg/eh/pr29166.C execution test
FAIL: g++.dg/eh/registers1.C execution test
FAIL: g++.dg/eh/simd-1.C execution test
FAIL: g++.dg/eh/simd-2.C execution test
FAIL: g++.dg/eh/simd-3.C execution test
FAIL: g++.dg/eh/spbp.C execution test
FAIL: g++.dg/eh/spec10.C execution test
FAIL: g++.dg/eh/spec3.C execution test
FAIL: g++.dg/eh/spec7.C execution test
FAIL: g++.dg/eh/spec9.C execution test
FAIL: g++.dg/eh/synth2.C execution test
FAIL: g++.dg/eh/template1.C execution test
FAIL: g++.dg/eh/uncaught1.C execution test
FAIL: g++.dg/eh/unexpected1.C execution test
FAIL: g++.dg/eh/weak1.C execution test
FAIL: g++.dg/ext/cleanup-10.C execution test
FAIL: g++.dg/ext/cleanup-11.C execution test
FAIL: g++.dg/ext/cleanup-5.C execution test
FAIL: g++.dg/ext/cleanup-8.C execution test
FAIL: g++.dg/ext/cleanup-9.C execution test
FAIL: g++.dg/init/array16.C execution test
FAIL: g++.dg/init/array5.C execution test
FAIL: g++.dg/init/ctor1.C execution test
FAIL: g++.dg/init/placement2.C execution test
FAIL: g++.dg/init/ref9.C execution test
FAIL: g++.dg/opt/eh2.C execution test
FAIL: g++.dg/opt/eh3.C execution test
FAIL: g++.dg/opt/eh4.C execution test
FAIL: g++.dg/opt/pr23478.C execution test
FAIL: g++.dg/other/i386-9.C execution test
FAIL: g++.dg/lto/20081109 cp_lto_20081109_0.o-cp_lto_20081109_1.o execute -O0 -flto -flto-partition=none 
FAIL: g++.dg/lto/20081109 cp_lto_20081109_0.o-cp_lto_20081109_1.o execute -O2 -flto -flto-partition=none 
FAIL: g++.dg/lto/20081109 cp_lto_20081109_0.o-cp_lto_20081109_1.o execute -O0 -flto -flto-partition=1to1 
FAIL: g++.dg/lto/20081109 cp_lto_20081109_0.o-cp_lto_20081109_1.o execute -O2 -flto -flto-partition=1to1 
FAIL: g++.dg/lto/20081109 cp_lto_20081109_0.o-cp_lto_20081109_1.o execute -O0 -flto
FAIL: g++.dg/lto/20081109 cp_lto_20081109_0.o-cp_lto_20081109_1.o execute -O2 -flto
FAIL: g++.dg/torture/pr49115.C  -O0  execution test
FAIL: g++.dg/torture/pr49115.C  -O1  execution test
FAIL: g++.dg/torture/pr49115.C  -O2  execution test
FAIL: g++.dg/torture/pr49115.C  -O3 -fomit-frame-pointer  execution test
FAIL: g++.dg/torture/pr49115.C  -O3 -g  execution test
FAIL: g++.dg/torture/pr49115.C  -Os  execution test
FAIL: g++.dg/torture/pr49115.C  -O2 -flto -flto-partition=none  execution test
FAIL: g++.dg/torture/pr49115.C  -O2 -flto  execution test
FAIL: g++.dg/torture/stackalign/eh-alloca-1.C  -O0  execution test
FAIL: g++.dg/torture/stackalign/eh-alloca-1.C  -O1  execution test
FAIL: g++.dg/torture/stackalign/eh-alloca-1.C  -O2  execution test
FAIL: g++.dg/torture/stackalign/eh-alloca-1.C  -O3 -fomit-frame-pointer  execution test
FAIL: g++.dg/torture/stackalign/eh-alloca-1.C  -O3 -g  execution test
FAIL: g++.dg/torture/stackalign/eh-alloca-1.C  -Os  execution test
FAIL: g++.dg/torture/stackalign/eh-alloca-1.C  -O2 -flto -flto-partition=none  execution test
FAIL: g++.dg/torture/stackalign/eh-alloca-1.C  -O2 -flto  execution test
FAIL: g++.dg/torture/stackalign/eh-global-1.C  -O0  execution test
FAIL: g++.dg/torture/stackalign/eh-global-1.C  -O1  execution test
FAIL: g++.dg/torture/stackalign/eh-global-1.C  -O2  execution test
FAIL: g++.dg/torture/stackalign/eh-global-1.C  -O3 -fomit-frame-pointer  execution test
FAIL: g++.dg/torture/stackalign/eh-global-1.C  -O3 -g  execution test
FAIL: g++.dg/torture/stackalign/eh-global-1.C  -Os  execution test
FAIL: g++.dg/torture/stackalign/eh-global-1.C  -O2 -flto -flto-partition=none  execution test
FAIL: g++.dg/torture/stackalign/eh-global-1.C  -O2 -flto  execution test
FAIL: g++.dg/torture/stackalign/eh-inline-1.C  -O0  execution test
FAIL: g++.dg/torture/stackalign/eh-inline-1.C  -O1  execution test
FAIL: g++.dg/torture/stackalign/eh-inline-1.C  -O2  execution test
FAIL: g++.dg/torture/stackalign/eh-inline-1.C  -O3 -fomit-frame-pointer  execution test
FAIL: g++.dg/torture/stackalign/eh-inline-1.C  -O3 -g  execution test
FAIL: g++.dg/torture/stackalign/eh-inline-1.C  -Os  execution test
FAIL: g++.dg/torture/stackalign/eh-inline-1.C  -O2 -flto -flto-partition=none  execution test
FAIL: g++.dg/torture/stackalign/eh-inline-1.C  -O2 -flto  execution test
FAIL: g++.dg/torture/stackalign/eh-inline-2.C  -O0  execution test
FAIL: g++.dg/torture/stackalign/eh-inline-2.C  -O1  execution test
FAIL: g++.dg/torture/stackalign/eh-inline-2.C  -O2  execution test
FAIL: g++.dg/torture/stackalign/eh-inline-2.C  -O3 -fomit-frame-pointer  execution test
FAIL: g++.dg/torture/stackalign/eh-inline-2.C  -O3 -g  execution test
FAIL: g++.dg/torture/stackalign/eh-inline-2.C  -Os  execution test
FAIL: g++.dg/torture/stackalign/eh-inline-2.C  -O2 -flto -flto-partition=none  execution test
FAIL: g++.dg/torture/stackalign/eh-inline-2.C  -O2 -flto  execution test
FAIL: g++.dg/torture/stackalign/eh-vararg-1.C  -O0  execution test
FAIL: g++.dg/torture/stackalign/eh-vararg-1.C  -O1  execution test
FAIL: g++.dg/torture/stackalign/eh-vararg-1.C  -O2  execution test
FAIL: g++.dg/torture/stackalign/eh-vararg-1.C  -O3 -fomit-frame-pointer  execution test
FAIL: g++.dg/torture/stackalign/eh-vararg-1.C  -O3 -g  execution test
FAIL: g++.dg/torture/stackalign/eh-vararg-1.C  -Os  execution test
FAIL: g++.dg/torture/stackalign/eh-vararg-1.C  -O2 -flto -flto-partition=none  execution test
FAIL: g++.dg/torture/stackalign/eh-vararg-1.C  -O2 -flto  execution test
FAIL: g++.dg/torture/stackalign/eh-vararg-2.C  -O0  execution test
FAIL: g++.dg/torture/stackalign/eh-vararg-2.C  -O1  execution test
FAIL: g++.dg/torture/stackalign/eh-vararg-2.C  -O2  execution test
FAIL: g++.dg/torture/stackalign/eh-vararg-2.C  -O3 -fomit-frame-pointer  execution test
FAIL: g++.dg/torture/stackalign/eh-vararg-2.C  -O3 -g  execution test
FAIL: g++.dg/torture/stackalign/eh-vararg-2.C  -Os  execution test
FAIL: g++.dg/torture/stackalign/eh-vararg-2.C  -O2 -flto -flto-partition=none  execution test
FAIL: g++.dg/torture/stackalign/eh-vararg-2.C  -O2 -flto  execution test
FAIL: g++.dg/torture/stackalign/throw-1.C  -O0  execution test
FAIL: g++.dg/torture/stackalign/throw-1.C  -O1  execution test
FAIL: g++.dg/torture/stackalign/throw-1.C  -O2  execution test
FAIL: g++.dg/torture/stackalign/throw-1.C  -O3 -fomit-frame-pointer  execution test
FAIL: g++.dg/torture/stackalign/throw-1.C  -O3 -fomit-frame-pointer -funroll-loops  execution test
FAIL: g++.dg/torture/stackalign/throw-1.C  -O3 -fomit-frame-pointer -funroll-all-loops -finline-functions  execution test
FAIL: g++.dg/torture/stackalign/throw-1.C  -O3 -g  execution test
FAIL: g++.dg/torture/stackalign/throw-1.C  -Os  execution test
FAIL: g++.dg/torture/stackalign/throw-1.C  -O2 -flto -flto-partition=none  execution test
FAIL: g++.dg/torture/stackalign/throw-1.C  -O2 -flto  execution test
FAIL: g++.dg/torture/stackalign/throw-2.C  -O0  execution test
FAIL: g++.dg/torture/stackalign/throw-2.C  -O1  execution test
FAIL: g++.dg/torture/stackalign/throw-2.C  -O2  execution test
FAIL: g++.dg/torture/stackalign/throw-2.C  -O3 -fomit-frame-pointer  execution test
FAIL: g++.dg/torture/stackalign/throw-2.C  -O3 -fomit-frame-pointer -funroll-loops  execution test
FAIL: g++.dg/torture/stackalign/throw-2.C  -O3 -fomit-frame-pointer -funroll-all-loops -finline-functions  execution test
FAIL: g++.dg/torture/stackalign/throw-2.C  -O3 -g  execution test
FAIL: g++.dg/torture/stackalign/throw-2.C  -Os  execution test
FAIL: g++.dg/torture/stackalign/throw-2.C  -O2 -flto -flto-partition=none  execution test
FAIL: g++.dg/torture/stackalign/throw-2.C  -O2 -flto  execution test
FAIL: g++.dg/torture/stackalign/throw-3.C  -O0  execution test
FAIL: g++.dg/torture/stackalign/throw-3.C  -O1  execution test
FAIL: g++.dg/torture/stackalign/throw-3.C  -O2  execution test
FAIL: g++.dg/torture/stackalign/throw-3.C  -O3 -fomit-frame-pointer  execution test
FAIL: g++.dg/torture/stackalign/throw-3.C  -O3 -fomit-frame-pointer -funroll-loops  execution test
FAIL: g++.dg/torture/stackalign/throw-3.C  -O3 -fomit-frame-pointer -funroll-all-loops -finline-functions  execution test
FAIL: g++.dg/torture/stackalign/throw-3.C  -O3 -g  execution test
FAIL: g++.dg/torture/stackalign/throw-3.C  -Os  execution test
FAIL: g++.dg/torture/stackalign/throw-3.C  -O2 -flto -flto-partition=none  execution test
FAIL: g++.dg/torture/stackalign/throw-3.C  -O2 -flto  execution test
FAIL: g++.dg/torture/stackalign/eh-alloca-1.C  -O0  execution test
FAIL: g++.dg/torture/stackalign/eh-alloca-1.C  -O1  execution test
FAIL: g++.dg/torture/stackalign/eh-alloca-1.C  -O2  execution test
FAIL: g++.dg/torture/stackalign/eh-alloca-1.C  -O3 -fomit-frame-pointer  execution test
FAIL: g++.dg/torture/stackalign/eh-alloca-1.C  -O3 -g  execution test
FAIL: g++.dg/torture/stackalign/eh-alloca-1.C  -Os  execution test
FAIL: g++.dg/torture/stackalign/eh-alloca-1.C  -O2 -flto -flto-partition=none  execution test
FAIL: g++.dg/torture/stackalign/eh-alloca-1.C  -O2 -flto  execution test
FAIL: g++.dg/torture/stackalign/eh-global-1.C  -O0  execution test
FAIL: g++.dg/torture/stackalign/eh-global-1.C  -O1  execution test
FAIL: g++.dg/torture/stackalign/eh-global-1.C  -O2  execution test
FAIL: g++.dg/torture/stackalign/eh-global-1.C  -O3 -fomit-frame-pointer  execution test
FAIL: g++.dg/torture/stackalign/eh-global-1.C  -O3 -g  execution test
FAIL: g++.dg/torture/stackalign/eh-global-1.C  -Os  execution test
FAIL: g++.dg/torture/stackalign/eh-global-1.C  -O2 -flto -flto-partition=none  execution test
FAIL: g++.dg/torture/stackalign/eh-global-1.C  -O2 -flto  execution test
FAIL: g++.dg/torture/stackalign/eh-inline-1.C  -O0  execution test
FAIL: g++.dg/torture/stackalign/eh-inline-1.C  -O1  execution test
FAIL: g++.dg/torture/stackalign/eh-inline-1.C  -O2  execution test
FAIL: g++.dg/torture/stackalign/eh-inline-1.C  -O3 -fomit-frame-pointer  execution test
FAIL: g++.dg/torture/stackalign/eh-inline-1.C  -O3 -g  execution test
FAIL: g++.dg/torture/stackalign/eh-inline-1.C  -Os  execution test
FAIL: g++.dg/torture/stackalign/eh-inline-1.C  -O2 -flto -flto-partition=none  execution test
FAIL: g++.dg/torture/stackalign/eh-inline-1.C  -O2 -flto  execution test
FAIL: g++.dg/torture/stackalign/eh-inline-2.C  -O0  execution test
FAIL: g++.dg/torture/stackalign/eh-inline-2.C  -O1  execution test
FAIL: g++.dg/torture/stackalign/eh-inline-2.C  -O2  execution test
FAIL: g++.dg/torture/stackalign/eh-inline-2.C  -O3 -fomit-frame-pointer  execution test
FAIL: g++.dg/torture/stackalign/eh-inline-2.C  -O3 -g  execution test
FAIL: g++.dg/torture/stackalign/eh-inline-2.C  -Os  execution test
FAIL: g++.dg/torture/stackalign/eh-inline-2.C  -O2 -flto -flto-partition=none  execution test
FAIL: g++.dg/torture/stackalign/eh-inline-2.C  -O2 -flto  execution test
FAIL: g++.dg/torture/stackalign/eh-vararg-1.C  -O0  execution test
FAIL: g++.dg/torture/stackalign/eh-vararg-1.C  -O1  execution test
FAIL: g++.dg/torture/stackalign/eh-vararg-1.C  -O2  execution test
FAIL: g++.dg/torture/stackalign/eh-vararg-1.C  -O3 -fomit-frame-pointer  execution test
FAIL: g++.dg/torture/stackalign/eh-vararg-1.C  -O3 -g  execution test
FAIL: g++.dg/torture/stackalign/eh-vararg-1.C  -Os  execution test
FAIL: g++.dg/torture/stackalign/eh-vararg-1.C  -O2 -flto -flto-partition=none  execution test
FAIL: g++.dg/torture/stackalign/eh-vararg-1.C  -O2 -flto  execution test
FAIL: g++.dg/torture/stackalign/eh-vararg-2.C  -O0  execution test
FAIL: g++.dg/torture/stackalign/eh-vararg-2.C  -O1  execution test
FAIL: g++.dg/torture/stackalign/eh-vararg-2.C  -O2  execution test
FAIL: g++.dg/torture/stackalign/eh-vararg-2.C  -O3 -fomit-frame-pointer  execution test
FAIL: g++.dg/torture/stackalign/eh-vararg-2.C  -O3 -g  execution test
FAIL: g++.dg/torture/stackalign/eh-vararg-2.C  -Os  execution test
FAIL: g++.dg/torture/stackalign/eh-vararg-2.C  -O2 -flto -flto-partition=none  execution test
FAIL: g++.dg/torture/stackalign/eh-vararg-2.C  -O2 -flto  execution test
FAIL: g++.dg/torture/stackalign/throw-1.C  -O0  execution test
FAIL: g++.dg/torture/stackalign/throw-1.C  -O1  execution test
FAIL: g++.dg/torture/stackalign/throw-1.C  -O2  execution test
FAIL: g++.dg/torture/stackalign/throw-1.C  -O3 -fomit-frame-pointer  execution test
FAIL: g++.dg/torture/stackalign/throw-1.C  -O3 -fomit-frame-pointer -funroll-loops  execution test
FAIL: g++.dg/torture/stackalign/throw-1.C  -O3 -fomit-frame-pointer -funroll-all-loops -finline-functions  execution test
FAIL: g++.dg/torture/stackalign/throw-1.C  -O3 -g  execution test
FAIL: g++.dg/torture/stackalign/throw-1.C  -Os  execution test
FAIL: g++.dg/torture/stackalign/throw-1.C  -O2 -flto -flto-partition=none  execution test
FAIL: g++.dg/torture/stackalign/throw-1.C  -O2 -flto  execution test
FAIL: g++.dg/torture/stackalign/throw-2.C  -O0  execution test
FAIL: g++.dg/torture/stackalign/throw-2.C  -O1  execution test
FAIL: g++.dg/torture/stackalign/throw-2.C  -O2  execution test
FAIL: g++.dg/torture/stackalign/throw-2.C  -O3 -fomit-frame-pointer  execution test
FAIL: g++.dg/torture/stackalign/throw-2.C  -O3 -fomit-frame-pointer -funroll-loops  execution test
FAIL: g++.dg/torture/stackalign/throw-2.C  -O3 -fomit-frame-pointer -funroll-all-loops -finline-functions  execution test
FAIL: g++.dg/torture/stackalign/throw-2.C  -O3 -g  execution test
FAIL: g++.dg/torture/stackalign/throw-2.C  -Os  execution test
FAIL: g++.dg/torture/stackalign/throw-2.C  -O2 -flto -flto-partition=none  execution test
FAIL: g++.dg/torture/stackalign/throw-2.C  -O2 -flto  execution test
FAIL: g++.dg/torture/stackalign/throw-3.C  -O0  execution test
FAIL: g++.dg/torture/stackalign/throw-3.C  -O1  execution test
FAIL: g++.dg/torture/stackalign/throw-3.C  -O2  execution test
FAIL: g++.dg/torture/stackalign/throw-3.C  -O3 -fomit-frame-pointer  execution test
FAIL: g++.dg/torture/stackalign/throw-3.C  -O3 -fomit-frame-pointer -funroll-loops  execution test
FAIL: g++.dg/torture/stackalign/throw-3.C  -O3 -fomit-frame-pointer -funroll-all-loops -finline-functions  execution test
FAIL: g++.dg/torture/stackalign/throw-3.C  -O3 -g  execution test
FAIL: g++.dg/torture/stackalign/throw-3.C  -Os  execution test
FAIL: g++.dg/torture/stackalign/throw-3.C  -O2 -flto -flto-partition=none  execution test
FAIL: g++.dg/torture/stackalign/throw-3.C  -O2 -flto  execution test
FAIL: g++.dg/tree-prof/indir-call-prof-2.C execution,    -g  -fprofile-generate
UNRESOLVED: g++.dg/tree-prof/indir-call-prof-2.C compilation,  -g  -fprofile-use
UNRESOLVED: g++.dg/tree-prof/indir-call-prof-2.C execution,    -g  -fprofile-use
FAIL: g++.dg/tree-prof/indir-call-prof-2.C execution,    -O0  -fprofile-generate
UNRESOLVED: g++.dg/tree-prof/indir-call-prof-2.C compilation,  -O0  -fprofile-use
UNRESOLVED: g++.dg/tree-prof/indir-call-prof-2.C execution,    -O0  -fprofile-use
FAIL: g++.dg/tree-prof/indir-call-prof-2.C execution,    -O1  -fprofile-generate
UNRESOLVED: g++.dg/tree-prof/indir-call-prof-2.C compilation,  -O1  -fprofile-use
UNRESOLVED: g++.dg/tree-prof/indir-call-prof-2.C execution,    -O1  -fprofile-use
FAIL: g++.dg/tree-prof/indir-call-prof-2.C execution,    -O2  -fprofile-generate
UNRESOLVED: g++.dg/tree-prof/indir-call-prof-2.C compilation,  -O2  -fprofile-use
UNRESOLVED: g++.dg/tree-prof/indir-call-prof-2.C execution,    -O2  -fprofile-use
FAIL: g++.dg/tree-prof/indir-call-prof-2.C execution,    -O3  -fprofile-generate
UNRESOLVED: g++.dg/tree-prof/indir-call-prof-2.C compilation,  -O3  -fprofile-use
UNRESOLVED: g++.dg/tree-prof/indir-call-prof-2.C execution,    -O3  -fprofile-use
FAIL: g++.dg/tree-prof/indir-call-prof-2.C execution,    -O3 -g  -fprofile-generate
UNRESOLVED: g++.dg/tree-prof/indir-call-prof-2.C compilation,  -O3 -g  -fprofile-use
UNRESOLVED: g++.dg/tree-prof/indir-call-prof-2.C execution,    -O3 -g  -fprofile-use
FAIL: g++.dg/tree-prof/indir-call-prof-2.C execution,    -Os  -fprofile-generate
UNRESOLVED: g++.dg/tree-prof/indir-call-prof-2.C compilation,  -Os  -fprofile-use
UNRESOLVED: g++.dg/tree-prof/indir-call-prof-2.C execution,    -Os  -fprofile-use
FAIL: g++.dg/tree-prof/partition1.C execution,    -g  -fprofile-generate
UNRESOLVED: g++.dg/tree-prof/partition1.C compilation,  -g  -fprofile-use
UNRESOLVED: g++.dg/tree-prof/partition1.C execution,    -g  -fprofile-use
FAIL: g++.dg/tree-prof/partition1.C execution,    -O0  -fprofile-generate
UNRESOLVED: g++.dg/tree-prof/partition1.C compilation,  -O0  -fprofile-use
UNRESOLVED: g++.dg/tree-prof/partition1.C execution,    -O0  -fprofile-use
FAIL: g++.dg/tree-prof/partition1.C execution,    -O1  -fprofile-generate
UNRESOLVED: g++.dg/tree-prof/partition1.C compilation,  -O1  -fprofile-use
UNRESOLVED: g++.dg/tree-prof/partition1.C execution,    -O1  -fprofile-use
FAIL: g++.dg/tree-prof/partition1.C execution,    -O2  -fprofile-generate
UNRESOLVED: g++.dg/tree-prof/partition1.C compilation,  -O2  -fprofile-use
UNRESOLVED: g++.dg/tree-prof/partition1.C execution,    -O2  -fprofile-use
FAIL: g++.dg/tree-prof/partition1.C execution,    -O3  -fprofile-generate
UNRESOLVED: g++.dg/tree-prof/partition1.C compilation,  -O3  -fprofile-use
UNRESOLVED: g++.dg/tree-prof/partition1.C execution,    -O3  -fprofile-use
FAIL: g++.dg/tree-prof/partition1.C execution,    -O3 -g  -fprofile-generate
UNRESOLVED: g++.dg/tree-prof/partition1.C compilation,  -O3 -g  -fprofile-use
UNRESOLVED: g++.dg/tree-prof/partition1.C execution,    -O3 -g  -fprofile-use
FAIL: g++.dg/tree-prof/partition1.C execution,    -Os  -fprofile-generate
UNRESOLVED: g++.dg/tree-prof/partition1.C compilation,  -Os  -fprofile-use
UNRESOLVED: g++.dg/tree-prof/partition1.C execution,    -Os  -fprofile-use
FAIL: g++.dg/tree-prof/partition2.C execution,    -g  -fprofile-generate
UNRESOLVED: g++.dg/tree-prof/partition2.C compilation,  -g  -fprofile-use
UNRESOLVED: g++.dg/tree-prof/partition2.C execution,    -g  -fprofile-use
FAIL: g++.dg/tree-prof/partition2.C execution,    -O0  -fprofile-generate
UNRESOLVED: g++.dg/tree-prof/partition2.C compilation,  -O0  -fprofile-use
UNRESOLVED: g++.dg/tree-prof/partition2.C execution,    -O0  -fprofile-use
FAIL: g++.dg/tree-prof/partition2.C execution,    -O1  -fprofile-generate
UNRESOLVED: g++.dg/tree-prof/partition2.C compilation,  -O1  -fprofile-use
UNRESOLVED: g++.dg/tree-prof/partition2.C execution,    -O1  -fprofile-use
FAIL: g++.dg/tree-prof/partition2.C execution,    -O2  -fprofile-generate
UNRESOLVED: g++.dg/tree-prof/partition2.C compilation,  -O2  -fprofile-use
UNRESOLVED: g++.dg/tree-prof/partition2.C execution,    -O2  -fprofile-use
FAIL: g++.dg/tree-prof/partition2.C execution,    -O3  -fprofile-generate
UNRESOLVED: g++.dg/tree-prof/partition2.C compilation,  -O3  -fprofile-use
UNRESOLVED: g++.dg/tree-prof/partition2.C execution,    -O3  -fprofile-use
FAIL: g++.dg/tree-prof/partition2.C execution,    -O3 -g  -fprofile-generate
UNRESOLVED: g++.dg/tree-prof/partition2.C compilation,  -O3 -g  -fprofile-use
UNRESOLVED: g++.dg/tree-prof/partition2.C execution,    -O3 -g  -fprofile-use
FAIL: g++.dg/tree-prof/partition2.C execution,    -Os  -fprofile-generate
UNRESOLVED: g++.dg/tree-prof/partition2.C compilation,  -Os  -fprofile-use
UNRESOLVED: g++.dg/tree-prof/partition2.C execution,    -Os  -fprofile-use
FAIL: g++.old-deja/g++.abi/cxa_vec.C execution test
FAIL: g++.old-deja/g++.brendan/eh1.C execution test
FAIL: g++.old-deja/g++.eh/badalloc1.C execution test
FAIL: g++.old-deja/g++.eh/catch11.C execution test
FAIL: g++.old-deja/g++.eh/catch12.C execution test
FAIL: g++.old-deja/g++.eh/catch3.C execution test
FAIL: g++.old-deja/g++.eh/catch3p.C execution test
FAIL: g++.old-deja/g++.eh/catch4.C execution test
FAIL: g++.old-deja/g++.eh/catch4p.C execution test
FAIL: g++.old-deja/g++.eh/catch5.C execution test
FAIL: g++.old-deja/g++.eh/catch5p.C execution test
FAIL: g++.old-deja/g++.eh/catch6.C execution test
FAIL: g++.old-deja/g++.eh/catch6p.C execution test
FAIL: g++.old-deja/g++.eh/catch7.C execution test
FAIL: g++.old-deja/g++.eh/catch7p.C execution test
FAIL: g++.old-deja/g++.eh/catch8.C execution test
FAIL: g++.old-deja/g++.eh/catch8p.C execution test
FAIL: g++.old-deja/g++.eh/catch9.C execution test
FAIL: g++.old-deja/g++.eh/catch9p.C execution test
FAIL: g++.old-deja/g++.eh/catchptr1.C execution test
FAIL: g++.old-deja/g++.eh/cleanup1.C execution test
FAIL: g++.old-deja/g++.eh/cleanup2.C execution test
FAIL: g++.old-deja/g++.eh/flow1.C execution test
FAIL: g++.old-deja/g++.eh/fntry1.C execution test
FAIL: g++.old-deja/g++.eh/ia64-1.C execution test
FAIL: g++.old-deja/g++.eh/inline2.C execution test
FAIL: g++.old-deja/g++.eh/new1.C execution test
FAIL: g++.old-deja/g++.eh/new2.C execution test
FAIL: g++.old-deja/g++.eh/pdel1.C execution test
FAIL: g++.old-deja/g++.eh/pdel2.C execution test
FAIL: g++.old-deja/g++.eh/ptr1.C execution test
FAIL: g++.old-deja/g++.eh/ptrmem1.C execution test
FAIL: g++.old-deja/g++.eh/rethrow1.C execution test
FAIL: g++.old-deja/g++.eh/rethrow2.C execution test
FAIL: g++.old-deja/g++.eh/rethrow3.C execution test
FAIL: g++.old-deja/g++.eh/rethrow4.C execution test
FAIL: g++.old-deja/g++.eh/rethrow5.C execution test
FAIL: g++.old-deja/g++.eh/rethrow6.C execution test
FAIL: g++.old-deja/g++.eh/spec1.C execution test
FAIL: g++.old-deja/g++.eh/spec2.C execution test
FAIL: g++.old-deja/g++.eh/spec3.C execution test
FAIL: g++.old-deja/g++.eh/spec4.C execution test
FAIL: g++.old-deja/g++.eh/terminate1.C execution test
FAIL: g++.old-deja/g++.eh/terminate2.C execution test
FAIL: g++.old-deja/g++.eh/tmpl1.C execution test
FAIL: g++.old-deja/g++.eh/unwind1.C execution test
FAIL: g++.old-deja/g++.eh/vbase1.C execution test
FAIL: g++.old-deja/g++.eh/vbase2.C execution test
FAIL: g++.old-deja/g++.eh/vbase4.C execution test
FAIL: g++.old-deja/g++.martin/new1.C execution test
FAIL: g++.old-deja/g++.mike/dyncast1.C execution test
FAIL: g++.old-deja/g++.mike/dyncast2.C execution test
FAIL: g++.old-deja/g++.mike/eh10.C execution test
FAIL: g++.old-deja/g++.mike/eh12.C execution test
FAIL: g++.old-deja/g++.mike/eh14.C execution test
FAIL: g++.old-deja/g++.mike/eh16.C execution test
FAIL: g++.old-deja/g++.mike/eh17.C execution test
FAIL: g++.old-deja/g++.mike/eh18.C execution test
FAIL: g++.old-deja/g++.mike/eh2.C execution test
FAIL: g++.old-deja/g++.mike/eh21.C execution test
FAIL: g++.old-deja/g++.mike/eh23.C execution test
FAIL: g++.old-deja/g++.mike/eh24.C execution test
FAIL: g++.old-deja/g++.mike/eh25.C execution test
FAIL: g++.old-deja/g++.mike/eh26.C execution test
FAIL: g++.old-deja/g++.mike/eh27.C execution test
FAIL: g++.old-deja/g++.mike/eh28.C execution test
FAIL: g++.old-deja/g++.mike/eh29.C execution test
FAIL: g++.old-deja/g++.mike/eh3.C execution test
FAIL: g++.old-deja/g++.mike/eh31.C execution test
FAIL: g++.old-deja/g++.mike/eh33.C execution test
FAIL: g++.old-deja/g++.mike/eh34.C execution test
FAIL: g++.old-deja/g++.mike/eh35.C execution test
FAIL: g++.old-deja/g++.mike/eh36.C execution test
FAIL: g++.old-deja/g++.mike/eh37.C execution test
FAIL: g++.old-deja/g++.mike/eh38.C execution test
FAIL: g++.old-deja/g++.mike/eh39.C execution test
FAIL: g++.old-deja/g++.mike/eh40.C execution test
FAIL: g++.old-deja/g++.mike/eh41.C execution test
FAIL: g++.old-deja/g++.mike/eh42.C execution test
FAIL: g++.old-deja/g++.mike/eh44.C execution test
FAIL: g++.old-deja/g++.mike/eh47.C execution test
FAIL: g++.old-deja/g++.mike/eh48.C execution test
FAIL: g++.old-deja/g++.mike/eh49.C execution test
FAIL: g++.old-deja/g++.mike/eh5.C execution test
FAIL: g++.old-deja/g++.mike/eh50.C execution test
FAIL: g++.old-deja/g++.mike/eh51.C execution test
FAIL: g++.old-deja/g++.mike/eh55.C execution test
FAIL: g++.old-deja/g++.mike/eh6.C execution test
FAIL: g++.old-deja/g++.mike/eh8.C execution test
FAIL: g++.old-deja/g++.mike/p7912.C execution test
FAIL: g++.old-deja/g++.mike/p9706.C execution test
FAIL: g++.old-deja/g++.oliva/delete3.C execution test
FAIL: g++.old-deja/g++.oliva/new1.C execution test
FAIL: g++.old-deja/g++.other/array1.C execution test
FAIL: g++.old-deja/g++.other/eh3.C execution test
FAIL: g++.old-deja/g++.other/init7.C execution test
FAIL: g++.old-deja/g++.other/new7.C execution test
FAIL: g++.old-deja/g++.other/singleton.C execution test
FAIL: g++.old-deja/g++.other/vbase2.C execution test
FAIL: g++.old-deja/g++.pt/fntry1.C execution test
FAIL: g++.old-deja/g++.robertl/eb31.C execution test
FAIL: g++.old-deja/g++.robertl/eb50.C execution test
FAIL: g++.old-deja/g++.robertl/eb66.C execution test
FAIL: g++.old-deja/g++.robertl/eb88.C execution test
FAIL: g++.old-deja/g++.robertl/eh990323-1.C execution test
FAIL: g++.old-deja/g++.robertl/eh990323-2.C execution test
FAIL: g++.old-deja/g++.robertl/eh990323-3.C execution test
FAIL: g++.old-deja/g++.robertl/eh990323-4.C execution test
FAIL: g++.old-deja/g++.robertl/eh990323-5.C execution test
FAIL: g++.old-deja/g++.robertl/ice990323-2.C execution test

		=== g++ Summary ===

# of expected passes		27796
# of unexpected failures	379
# of expected failures		157
# of unresolved testcases	42
# of unsupported tests		333
/export/build/gnu/gcc-x32/build-x86_64-linux/gcc/testsuite/g++/../../g++  version 4.7.0 20110802 (experimental) (GCC) 

		=== objc tests ===


Running target unix/-mx32
FAIL: objc.dg/exceptions-2.m -fgnu-runtime execution test

		=== objc Summary ===

# of expected passes		2857
# of unexpected failures	1
# of expected failures		6
# of unsupported tests		74
/export/build/gnu/gcc-x32/build-x86_64-linux/gcc/xgcc  version 4.7.0 20110802 (experimental) (GCC) 

		=== libgomp tests ===


Running target unix/-mx32
FAIL: libgomp.c/atomic-1.c (internal compiler error)
FAIL: libgomp.c/atomic-1.c (test for excess errors)
WARNING: libgomp.c/atomic-1.c compilation failed to produce executable
FAIL: libgomp.c/loop-12.c (internal compiler error)
FAIL: libgomp.c/loop-12.c (test for excess errors)
WARNING: libgomp.c/loop-12.c compilation failed to produce executable
FAIL: libgomp.c/loop-6.c (internal compiler error)
FAIL: libgomp.c/loop-6.c (test for excess errors)
WARNING: libgomp.c/loop-6.c compilation failed to produce executable
FAIL: libgomp.c++/loop-12.C  -O2  (internal compiler error)
FAIL: libgomp.c++/loop-12.C  -O2  (test for excess errors)
WARNING: libgomp.c++/loop-12.C  -O2  compilation failed to produce executable
FAIL: libgomp.c++/loop-12.C  -O3 -fomit-frame-pointer  (internal compiler error)
FAIL: libgomp.c++/loop-12.C  -O3 -fomit-frame-pointer  (test for excess errors)
WARNING: libgomp.c++/loop-12.C  -O3 -fomit-frame-pointer  compilation failed to produce executable
FAIL: libgomp.c++/loop-12.C  -O3 -fomit-frame-pointer -funroll-loops  (internal compiler error)
FAIL: libgomp.c++/loop-12.C  -O3 -fomit-frame-pointer -funroll-loops  (test for excess errors)
WARNING: libgomp.c++/loop-12.C  -O3 -fomit-frame-pointer -funroll-loops  compilation failed to produce executable
FAIL: libgomp.c++/loop-12.C  -O3 -fomit-frame-pointer -funroll-all-loops -finline-functions  (internal compiler error)
FAIL: libgomp.c++/loop-12.C  -O3 -fomit-frame-pointer -funroll-all-loops -finline-functions  (test for excess errors)
WARNING: libgomp.c++/loop-12.C  -O3 -fomit-frame-pointer -funroll-all-loops -finline-functions  compilation failed to produce executable
FAIL: libgomp.c++/loop-12.C  -O3 -g  (internal compiler error)
FAIL: libgomp.c++/loop-12.C  -O3 -g  (test for excess errors)
WARNING: libgomp.c++/loop-12.C  -O3 -g  compilation failed to produce executable
FAIL: libgomp.c++/loop-12.C  -Os  (internal compiler error)
FAIL: libgomp.c++/loop-12.C  -Os  (test for excess errors)
WARNING: libgomp.c++/loop-12.C  -Os  compilation failed to produce executable
FAIL: libgomp.c++/loop-9.C  -O2  (internal compiler error)
FAIL: libgomp.c++/loop-9.C  -O2  (test for excess errors)
WARNING: libgomp.c++/loop-9.C  -O2  compilation failed to produce executable
FAIL: libgomp.c++/loop-9.C  -O3 -fomit-frame-pointer  (internal compiler error)
FAIL: libgomp.c++/loop-9.C  -O3 -fomit-frame-pointer  (test for excess errors)
WARNING: libgomp.c++/loop-9.C  -O3 -fomit-frame-pointer  compilation failed to produce executable
FAIL: libgomp.c++/loop-9.C  -O3 -fomit-frame-pointer -funroll-loops  (internal compiler error)
FAIL: libgomp.c++/loop-9.C  -O3 -fomit-frame-pointer -funroll-loops  (test for excess errors)
WARNING: libgomp.c++/loop-9.C  -O3 -fomit-frame-pointer -funroll-loops  compilation failed to produce executable
FAIL: libgomp.c++/loop-9.C  -O3 -fomit-frame-pointer -funroll-all-loops -finline-functions  (internal compiler error)
FAIL: libgomp.c++/loop-9.C  -O3 -fomit-frame-pointer -funroll-all-loops -finline-functions  (test for excess errors)
WARNING: libgomp.c++/loop-9.C  -O3 -fomit-frame-pointer -funroll-all-loops -finline-functions  compilation failed to produce executable
FAIL: libgomp.c++/loop-9.C  -O3 -g  (internal compiler error)
FAIL: libgomp.c++/loop-9.C  -O3 -g  (test for excess errors)
WARNING: libgomp.c++/loop-9.C  -O3 -g  compilation failed to produce executable
FAIL: libgomp.c++/loop-9.C  -Os  (internal compiler error)
FAIL: libgomp.c++/loop-9.C  -Os  (test for excess errors)
WARNING: libgomp.c++/loop-9.C  -Os  compilation failed to produce executable
FAIL: libgomp.c++/pr27337.C  -O1  (internal compiler error)
FAIL: libgomp.c++/pr27337.C  -O1  (test for excess errors)
WARNING: libgomp.c++/pr27337.C  -O1  compilation failed to produce executable
FAIL: libgomp.c++/pr27337.C  -O2  (internal compiler error)
FAIL: libgomp.c++/pr27337.C  -O2  (test for excess errors)
WARNING: libgomp.c++/pr27337.C  -O2  compilation failed to produce executable
FAIL: libgomp.c++/pr27337.C  -O3 -fomit-frame-pointer  (internal compiler error)
FAIL: libgomp.c++/pr27337.C  -O3 -fomit-frame-pointer  (test for excess errors)
WARNING: libgomp.c++/pr27337.C  -O3 -fomit-frame-pointer  compilation failed to produce executable
FAIL: libgomp.c++/pr27337.C  -O3 -fomit-frame-pointer -funroll-loops  (internal compiler error)
FAIL: libgomp.c++/pr27337.C  -O3 -fomit-frame-pointer -funroll-loops  (test for excess errors)
WARNING: libgomp.c++/pr27337.C  -O3 -fomit-frame-pointer -funroll-loops  compilation failed to produce executable
FAIL: libgomp.c++/pr27337.C  -O3 -fomit-frame-pointer -funroll-all-loops -finline-functions  (internal compiler error)
FAIL: libgomp.c++/pr27337.C  -O3 -fomit-frame-pointer -funroll-all-loops -finline-functions  (test for excess errors)
WARNING: libgomp.c++/pr27337.C  -O3 -fomit-frame-pointer -funroll-all-loops -finline-functions  compilation failed to produce executable
FAIL: libgomp.c++/pr27337.C  -O3 -g  (internal compiler error)
FAIL: libgomp.c++/pr27337.C  -O3 -g  (test for excess errors)
WARNING: libgomp.c++/pr27337.C  -O3 -g  compilation failed to produce executable
FAIL: libgomp.c++/pr27337.C  -Os  (internal compiler error)
FAIL: libgomp.c++/pr27337.C  -Os  (test for excess errors)
WARNING: libgomp.c++/pr27337.C  -Os  compilation failed to produce executable
FAIL: libgomp.fortran/omp_orphan.f  -O  (internal compiler error)
FAIL: libgomp.fortran/omp_orphan.f  -O  (test for excess errors)
WARNING: libgomp.fortran/omp_orphan.f  -O  compilation failed to produce executable
FAIL: libgomp.graphite/force-parallel-1.c execution test

		=== libgomp Summary ===

# of expected passes		2599
# of unexpected failures	47
		=== libmudflap tests ===


Running target unix/-mx32
FAIL: libmudflap.c/fail1-frag.c output pattern test
FAIL: libmudflap.c/fail10-frag.c output pattern test
FAIL: libmudflap.c/fail11-frag.c output pattern test
FAIL: libmudflap.c/fail12-frag.c output pattern test
FAIL: libmudflap.c/fail13-frag.c output pattern test
FAIL: libmudflap.c/fail14-frag.c output pattern test
FAIL: libmudflap.c/fail15-frag.c output pattern test
FAIL: libmudflap.c/fail16-frag.c output pattern test
FAIL: libmudflap.c/fail17-frag.c output pattern test
FAIL: libmudflap.c/fail18-frag.c output pattern test
FAIL: libmudflap.c/fail19-frag.c output pattern test
FAIL: libmudflap.c/fail2-frag.c output pattern test
FAIL: libmudflap.c/fail20-frag.c output pattern test
FAIL: libmudflap.c/fail21-frag.c output pattern test
FAIL: libmudflap.c/fail22-frag.c output pattern test
FAIL: libmudflap.c/fail23-frag.c output pattern test
FAIL: libmudflap.c/fail25-frag.c output pattern test
FAIL: libmudflap.c/fail26-frag.c output pattern test
FAIL: libmudflap.c/fail27-frag.c output pattern test
FAIL: libmudflap.c/fail28-frag.c output pattern test
FAIL: libmudflap.c/fail29-frag.c output pattern test
FAIL: libmudflap.c/fail3-frag.c output pattern test
FAIL: libmudflap.c/fail30-frag.c output pattern test
FAIL: libmudflap.c/fail31-frag.c output pattern test
FAIL: libmudflap.c/fail32-frag.c output pattern test
FAIL: libmudflap.c/fail33-frag.c output pattern test
FAIL: libmudflap.c/fail34-frag.c output pattern test
FAIL: libmudflap.c/fail35-frag.c output pattern test
FAIL: libmudflap.c/fail36-frag.c output pattern test
FAIL: libmudflap.c/fail37-frag.c output pattern test
FAIL: libmudflap.c/fail38-frag.c output pattern test
FAIL: libmudflap.c/fail39-frag.c output pattern test
FAIL: libmudflap.c/fail4-frag.c output pattern test
FAIL: libmudflap.c/fail40-frag.c output pattern test
FAIL: libmudflap.c/fail5-frag.c output pattern test
FAIL: libmudflap.c/fail6-frag.c output pattern test
FAIL: libmudflap.c/fail7-frag.c output pattern test
FAIL: libmudflap.c/fail8-frag.c output pattern test
FAIL: libmudflap.c/fail9-frag.c output pattern test
FAIL: libmudflap.c/heap-scalestress.c execution test
FAIL: libmudflap.c/heap-scalestress.c output pattern test
FAIL: libmudflap.c/hook-allocstuff.c execution test
FAIL: libmudflap.c/hook-allocstuff.c output pattern test
FAIL: libmudflap.c/hook2-allocstuff.c execution test
FAIL: libmudflap.c/pass-stratcliff.c execution test
FAIL: libmudflap.c/pass11-frag.c execution test
FAIL: libmudflap.c/pass11-frag.c execution test
FAIL: libmudflap.c/pass12-frag.c execution test
FAIL: libmudflap.c/pass12-frag.c execution test
FAIL: libmudflap.c/pass16-frag.c execution test
FAIL: libmudflap.c/pass16-frag.c execution test
FAIL: libmudflap.c/pass19-frag.c execution test
FAIL: libmudflap.c/pass19-frag.c execution test
FAIL: libmudflap.c/pass20-frag.c execution test
FAIL: libmudflap.c/pass20-frag.c execution test
FAIL: libmudflap.c/pass21-frag.c execution test
FAIL: libmudflap.c/pass21-frag.c execution test
FAIL: libmudflap.c/pass22-frag.c execution test
FAIL: libmudflap.c/pass22-frag.c execution test
FAIL: libmudflap.c/pass23-frag.c execution test
FAIL: libmudflap.c/pass23-frag.c execution test
FAIL: libmudflap.c/pass24-frag.c execution test
FAIL: libmudflap.c/pass24-frag.c execution test
FAIL: libmudflap.c/pass25-frag.c execution test
FAIL: libmudflap.c/pass25-frag.c execution test
FAIL: libmudflap.c/pass29-frag.c execution test
FAIL: libmudflap.c/pass29-frag.c execution test
FAIL: libmudflap.c/pass36-frag.c execution test
FAIL: libmudflap.c/pass36-frag.c output pattern test
FAIL: libmudflap.c/pass36-frag.c execution test
FAIL: libmudflap.c/pass36-frag.c output pattern test
FAIL: libmudflap.c/pass45-frag.c execution test
FAIL: libmudflap.c/pass45-frag.c output pattern test
FAIL: libmudflap.c/pass45-frag.c execution test
FAIL: libmudflap.c/pass45-frag.c output pattern test
FAIL: libmudflap.c/pass46-frag.c execution test
FAIL: libmudflap.c/pass46-frag.c execution test
FAIL: libmudflap.c/pass50-frag.c execution test
FAIL: libmudflap.c/pass50-frag.c execution test
FAIL: libmudflap.c/pass51-frag.c execution test
FAIL: libmudflap.c/pass51-frag.c execution test
FAIL: libmudflap.c/pass52-frag.c execution test
FAIL: libmudflap.c/pass52-frag.c execution test
FAIL: libmudflap.c/pass56-frag.c execution test
FAIL: libmudflap.c/pass56-frag.c execution test
FAIL: libmudflap.c/pass6-frag.c execution test
FAIL: libmudflap.c/pass6-frag.c execution test
FAIL: libmudflap.c/pass7-frag.c execution test
FAIL: libmudflap.c/pass7-frag.c execution test
FAIL: libmudflap.c/pass8-frag.c execution test
FAIL: libmudflap.c/pass8-frag.c execution test
FAIL: libmudflap.c/pass9-frag.c execution test
FAIL: libmudflap.c/pass9-frag.c execution test
FAIL: libmudflap.c/fail1-frag.c (-O2) output pattern test
FAIL: libmudflap.c/fail10-frag.c (-O2) output pattern test
FAIL: libmudflap.c/fail11-frag.c (-O2) output pattern test
FAIL: libmudflap.c/fail12-frag.c (-O2) output pattern test
FAIL: libmudflap.c/fail13-frag.c (-O2) output pattern test
FAIL: libmudflap.c/fail14-frag.c (-O2) output pattern test
FAIL: libmudflap.c/fail15-frag.c (-O2) output pattern test
FAIL: libmudflap.c/fail16-frag.c (-O2) output pattern test
FAIL: libmudflap.c/fail17-frag.c (-O2) output pattern test
FAIL: libmudflap.c/fail18-frag.c (-O2) output pattern test
FAIL: libmudflap.c/fail19-frag.c (-O2) output pattern test
FAIL: libmudflap.c/fail2-frag.c (-O2) output pattern test
FAIL: libmudflap.c/fail20-frag.c (-O2) output pattern test
FAIL: libmudflap.c/fail21-frag.c (-O2) output pattern test
FAIL: libmudflap.c/fail22-frag.c (-O2) output pattern test
FAIL: libmudflap.c/fail23-frag.c (-O2) output pattern test
FAIL: libmudflap.c/fail25-frag.c (-O2) output pattern test
FAIL: libmudflap.c/fail26-frag.c (-O2) output pattern test
FAIL: libmudflap.c/fail27-frag.c (-O2) output pattern test
FAIL: libmudflap.c/fail28-frag.c (-O2) output pattern test
FAIL: libmudflap.c/fail29-frag.c (-O2) output pattern test
FAIL: libmudflap.c/fail3-frag.c (-O2) output pattern test
FAIL: libmudflap.c/fail30-frag.c (-O2) output pattern test
FAIL: libmudflap.c/fail31-frag.c (-O2) output pattern test
FAIL: libmudflap.c/fail32-frag.c (-O2) output pattern test
FAIL: libmudflap.c/fail33-frag.c (-O2) output pattern test
FAIL: libmudflap.c/fail34-frag.c (-O2) output pattern test
FAIL: libmudflap.c/fail35-frag.c (-O2) output pattern test
FAIL: libmudflap.c/fail36-frag.c (-O2) output pattern test
FAIL: libmudflap.c/fail37-frag.c (-O2) output pattern test
FAIL: libmudflap.c/fail38-frag.c (-O2) output pattern test
FAIL: libmudflap.c/fail39-frag.c (-O2) output pattern test
FAIL: libmudflap.c/fail4-frag.c (-O2) output pattern test
FAIL: libmudflap.c/fail40-frag.c (-O2) output pattern test
FAIL: libmudflap.c/fail5-frag.c (-O2) output pattern test
FAIL: libmudflap.c/fail6-frag.c (-O2) output pattern test
FAIL: libmudflap.c/fail7-frag.c (-O2) output pattern test
FAIL: libmudflap.c/fail8-frag.c (-O2) output pattern test
FAIL: libmudflap.c/fail9-frag.c (-O2) output pattern test
FAIL: libmudflap.c/heap-scalestress.c (-O2) execution test
FAIL: libmudflap.c/heap-scalestress.c (-O2) output pattern test
FAIL: libmudflap.c/hook-allocstuff.c (-O2) execution test
FAIL: libmudflap.c/hook-allocstuff.c (-O2) output pattern test
FAIL: libmudflap.c/hook2-allocstuff.c (-O2) execution test
FAIL: libmudflap.c/pass-stratcliff.c (-O2) execution test
FAIL: libmudflap.c/pass11-frag.c (-O2) execution test
FAIL: libmudflap.c/pass11-frag.c (-O2) execution test
FAIL: libmudflap.c/pass12-frag.c (-O2) execution test
FAIL: libmudflap.c/pass12-frag.c (-O2) execution test
FAIL: libmudflap.c/pass16-frag.c (-O2) execution test
FAIL: libmudflap.c/pass16-frag.c (-O2) execution test
FAIL: libmudflap.c/pass19-frag.c (-O2) execution test
FAIL: libmudflap.c/pass19-frag.c (-O2) execution test
FAIL: libmudflap.c/pass20-frag.c (-O2) execution test
FAIL: libmudflap.c/pass20-frag.c (-O2) execution test
FAIL: libmudflap.c/pass21-frag.c (-O2) execution test
FAIL: libmudflap.c/pass21-frag.c (-O2) execution test
FAIL: libmudflap.c/pass22-frag.c (-O2) execution test
FAIL: libmudflap.c/pass22-frag.c (-O2) execution test
FAIL: libmudflap.c/pass23-frag.c (-O2) execution test
FAIL: libmudflap.c/pass23-frag.c (-O2) execution test
FAIL: libmudflap.c/pass24-frag.c (-O2) execution test
FAIL: libmudflap.c/pass24-frag.c (-O2) execution test
FAIL: libmudflap.c/pass25-frag.c (-O2) execution test
FAIL: libmudflap.c/pass25-frag.c (-O2) execution test
FAIL: libmudflap.c/pass29-frag.c (-O2) execution test
FAIL: libmudflap.c/pass29-frag.c (-O2) execution test
FAIL: libmudflap.c/pass36-frag.c (-O2) execution test
FAIL: libmudflap.c/pass36-frag.c (-O2) output pattern test
FAIL: libmudflap.c/pass36-frag.c (-O2) execution test
FAIL: libmudflap.c/pass36-frag.c (-O2) output pattern test
FAIL: libmudflap.c/pass45-frag.c (-O2) execution test
FAIL: libmudflap.c/pass45-frag.c (-O2) output pattern test
FAIL: libmudflap.c/pass45-frag.c (-O2) execution test
FAIL: libmudflap.c/pass45-frag.c (-O2) output pattern test
FAIL: libmudflap.c/pass46-frag.c (-O2) execution test
FAIL: libmudflap.c/pass46-frag.c (-O2) execution test
FAIL: libmudflap.c/pass50-frag.c (-O2) execution test
FAIL: libmudflap.c/pass50-frag.c (-O2) execution test
FAIL: libmudflap.c/pass51-frag.c (-O2) execution test
FAIL: libmudflap.c/pass51-frag.c (-O2) execution test
FAIL: libmudflap.c/pass52-frag.c (-O2) execution test
FAIL: libmudflap.c/pass52-frag.c (-O2) execution test
FAIL: libmudflap.c/pass56-frag.c (-O2) execution test
FAIL: libmudflap.c/pass56-frag.c (-O2) execution test
FAIL: libmudflap.c/pass6-frag.c (-O2) execution test
FAIL: libmudflap.c/pass6-frag.c (-O2) execution test
FAIL: libmudflap.c/pass7-frag.c (-O2) execution test
FAIL: libmudflap.c/pass7-frag.c (-O2) execution test
FAIL: libmudflap.c/pass8-frag.c (-O2) execution test
FAIL: libmudflap.c/pass8-frag.c (-O2) execution test
FAIL: libmudflap.c/pass9-frag.c (-O2) execution test
FAIL: libmudflap.c/pass9-frag.c (-O2) execution test
FAIL: libmudflap.c/fail1-frag.c (-O3) output pattern test
FAIL: libmudflap.c/fail10-frag.c (-O3) output pattern test
FAIL: libmudflap.c/fail11-frag.c (-O3) output pattern test
FAIL: libmudflap.c/fail12-frag.c (-O3) output pattern test
FAIL: libmudflap.c/fail13-frag.c (-O3) output pattern test
FAIL: libmudflap.c/fail14-frag.c (-O3) output pattern test
FAIL: libmudflap.c/fail15-frag.c (-O3) output pattern test
FAIL: libmudflap.c/fail16-frag.c (-O3) output pattern test
FAIL: libmudflap.c/fail17-frag.c (-O3) output pattern test
FAIL: libmudflap.c/fail18-frag.c (-O3) output pattern test
FAIL: libmudflap.c/fail19-frag.c (-O3) output pattern test
FAIL: libmudflap.c/fail2-frag.c (-O3) output pattern test
FAIL: libmudflap.c/fail20-frag.c (-O3) output pattern test
FAIL: libmudflap.c/fail21-frag.c (-O3) output pattern test
FAIL: libmudflap.c/fail22-frag.c (-O3) output pattern test
FAIL: libmudflap.c/fail23-frag.c (-O3) output pattern test
FAIL: libmudflap.c/fail25-frag.c (-O3) output pattern test
FAIL: libmudflap.c/fail26-frag.c (-O3) output pattern test
FAIL: libmudflap.c/fail27-frag.c (-O3) output pattern test
FAIL: libmudflap.c/fail28-frag.c (-O3) output pattern test
FAIL: libmudflap.c/fail29-frag.c (-O3) output pattern test
FAIL: libmudflap.c/fail3-frag.c (-O3) output pattern test
FAIL: libmudflap.c/fail30-frag.c (-O3) output pattern test
FAIL: libmudflap.c/fail31-frag.c (-O3) output pattern test
FAIL: libmudflap.c/fail32-frag.c (-O3) output pattern test
FAIL: libmudflap.c/fail33-frag.c (-O3) output pattern test
FAIL: libmudflap.c/fail34-frag.c (-O3) output pattern test
FAIL: libmudflap.c/fail35-frag.c (-O3) output pattern test
FAIL: libmudflap.c/fail36-frag.c (-O3) output pattern test
FAIL: libmudflap.c/fail37-frag.c (-O3) output pattern test
FAIL: libmudflap.c/fail38-frag.c (-O3) output pattern test
FAIL: libmudflap.c/fail39-frag.c (-O3) output pattern test
FAIL: libmudflap.c/fail4-frag.c (-O3) output pattern test
FAIL: libmudflap.c/fail40-frag.c (-O3) output pattern test
FAIL: libmudflap.c/fail5-frag.c (-O3) output pattern test
FAIL: libmudflap.c/fail6-frag.c (-O3) output pattern test
FAIL: libmudflap.c/fail7-frag.c (-O3) output pattern test
FAIL: libmudflap.c/fail8-frag.c (-O3) output pattern test
FAIL: libmudflap.c/fail9-frag.c (-O3) output pattern test
FAIL: libmudflap.c/heap-scalestress.c (-O3) execution test
FAIL: libmudflap.c/heap-scalestress.c (-O3) output pattern test
FAIL: libmudflap.c/hook-allocstuff.c (-O3) execution test
FAIL: libmudflap.c/hook-allocstuff.c (-O3) output pattern test
FAIL: libmudflap.c/hook2-allocstuff.c (-O3) execution test
FAIL: libmudflap.c/pass-stratcliff.c (-O3) execution test
FAIL: libmudflap.c/pass11-frag.c (-O3) execution test
FAIL: libmudflap.c/pass11-frag.c (-O3) execution test
FAIL: libmudflap.c/pass12-frag.c (-O3) execution test
FAIL: libmudflap.c/pass12-frag.c (-O3) execution test
FAIL: libmudflap.c/pass16-frag.c (-O3) execution test
FAIL: libmudflap.c/pass16-frag.c (-O3) execution test
FAIL: libmudflap.c/pass19-frag.c (-O3) execution test
FAIL: libmudflap.c/pass19-frag.c (-O3) execution test
FAIL: libmudflap.c/pass20-frag.c (-O3) execution test
FAIL: libmudflap.c/pass20-frag.c (-O3) execution test
FAIL: libmudflap.c/pass21-frag.c (-O3) execution test
FAIL: libmudflap.c/pass21-frag.c (-O3) execution test
FAIL: libmudflap.c/pass22-frag.c (-O3) execution test
FAIL: libmudflap.c/pass22-frag.c (-O3) execution test
FAIL: libmudflap.c/pass23-frag.c (-O3) execution test
FAIL: libmudflap.c/pass23-frag.c (-O3) execution test
FAIL: libmudflap.c/pass24-frag.c (-O3) execution test
FAIL: libmudflap.c/pass24-frag.c (-O3) execution test
FAIL: libmudflap.c/pass25-frag.c (-O3) execution test
FAIL: libmudflap.c/pass25-frag.c (-O3) execution test
FAIL: libmudflap.c/pass29-frag.c (-O3) execution test
FAIL: libmudflap.c/pass29-frag.c (-O3) execution test
FAIL: libmudflap.c/pass36-frag.c (-O3) execution test
FAIL: libmudflap.c/pass36-frag.c (-O3) output pattern test
FAIL: libmudflap.c/pass36-frag.c (-O3) execution test
FAIL: libmudflap.c/pass36-frag.c (-O3) output pattern test
FAIL: libmudflap.c/pass45-frag.c (-O3) execution test
FAIL: libmudflap.c/pass45-frag.c (-O3) output pattern test
FAIL: libmudflap.c/pass45-frag.c (-O3) execution test
FAIL: libmudflap.c/pass45-frag.c (-O3) output pattern test
FAIL: libmudflap.c/pass46-frag.c (-O3) execution test
FAIL: libmudflap.c/pass46-frag.c (-O3) execution test
FAIL: libmudflap.c/pass50-frag.c (-O3) execution test
FAIL: libmudflap.c/pass50-frag.c (-O3) execution test
FAIL: libmudflap.c/pass51-frag.c (-O3) execution test
FAIL: libmudflap.c/pass51-frag.c (-O3) execution test
FAIL: libmudflap.c/pass52-frag.c (-O3) execution test
FAIL: libmudflap.c/pass52-frag.c (-O3) execution test
FAIL: libmudflap.c/pass56-frag.c (-O3) execution test
FAIL: libmudflap.c/pass56-frag.c (-O3) execution test
FAIL: libmudflap.c/pass6-frag.c (-O3) execution test
FAIL: libmudflap.c/pass6-frag.c (-O3) execution test
FAIL: libmudflap.c/pass7-frag.c (-O3) execution test
FAIL: libmudflap.c/pass7-frag.c (-O3) execution test
FAIL: libmudflap.c/pass8-frag.c (-O3) execution test
FAIL: libmudflap.c/pass8-frag.c (-O3) execution test
FAIL: libmudflap.c/pass9-frag.c (-O3) execution test
FAIL: libmudflap.c/pass9-frag.c (-O3) execution test
FAIL: libmudflap.c++/fail24-frag.cxx output pattern test
FAIL: libmudflap.c++/pass28-frag.cxx execution test
FAIL: libmudflap.c++/pass41-frag.cxx execution test
FAIL: libmudflap.c++/pass55-frag.cxx execution test
FAIL: libmudflap.c++/fail24-frag.cxx ( -O) output pattern test
FAIL: libmudflap.c++/pass28-frag.cxx ( -O) execution test
FAIL: libmudflap.c++/pass41-frag.cxx ( -O) execution test
FAIL: libmudflap.c++/pass55-frag.cxx ( -O) execution test
FAIL: libmudflap.c++/fail24-frag.cxx (-O2) output pattern test
FAIL: libmudflap.c++/pass28-frag.cxx (-O2) execution test
FAIL: libmudflap.c++/pass41-frag.cxx (-O2) execution test
FAIL: libmudflap.c++/pass55-frag.cxx (-O2) execution test
FAIL: libmudflap.c++/fail24-frag.cxx (-O3) output pattern test
FAIL: libmudflap.c++/pass28-frag.cxx (-O3) execution test
FAIL: libmudflap.c++/pass41-frag.cxx (-O3) execution test
FAIL: libmudflap.c++/pass55-frag.cxx (-O3) execution test

		=== libmudflap Summary ===

# of expected passes		1132
# of unexpected failures	295
		=== libstdc++ tests ===


Running target unix/-mx32
FAIL: 18_support/bad_alloc/cons_virtual_derivation.cc execution test
FAIL: 18_support/bad_cast/cons_virtual_derivation.cc execution test
FAIL: 18_support/bad_exception/cons_virtual_derivation.cc execution test
FAIL: 18_support/bad_typeid/cons_virtual_derivation.cc execution test
FAIL: 18_support/exception/38732.cc execution test
FAIL: 18_support/exception_ptr/current_exception.cc execution test
FAIL: 18_support/exception_ptr/lifespan.cc execution test
FAIL: 18_support/exception_ptr/make_exception_ptr.cc execution test
FAIL: 18_support/exception_ptr/move.cc execution test
FAIL: 18_support/exception_ptr/rethrow_exception.cc execution test
FAIL: 18_support/nested_exception/cons.cc execution test
FAIL: 18_support/nested_exception/nested_ptr.cc execution test
FAIL: 18_support/nested_exception/rethrow_if_nested.cc execution test
FAIL: 18_support/nested_exception/rethrow_nested.cc execution test
FAIL: 18_support/nested_exception/throw_with_nested.cc execution test
FAIL: 18_support/uncaught_exception/14026.cc execution test
FAIL: 19_diagnostics/logic_error/cons_virtual_derivation.cc execution test
FAIL: 19_diagnostics/logic_error/what-2.cc execution test
FAIL: 19_diagnostics/runtime_error/cons_virtual_derivation.cc execution test
FAIL: 19_diagnostics/runtime_error/what-2.cc execution test
FAIL: 19_diagnostics/stdexcept.cc execution test
FAIL: 19_diagnostics/system_error/cons_virtual_derivation.cc execution test
FAIL: 19_diagnostics/system_error/what-2.cc execution test
FAIL: 20_util/allocator/8230.cc execution test
FAIL: 20_util/bad_function_call/cons_virtual_derivation.cc execution test
FAIL: 20_util/function/1.cc execution test
FAIL: 21_strings/basic_string/append/char/1.cc execution test
FAIL: 21_strings/basic_string/append/wchar_t/1.cc execution test
FAIL: 21_strings/basic_string/cons/char/1.cc execution test
FAIL: 21_strings/basic_string/cons/char/3.cc execution test
FAIL: 21_strings/basic_string/cons/wchar_t/1.cc execution test
FAIL: 21_strings/basic_string/cons/wchar_t/3.cc execution test
FAIL: 21_strings/basic_string/element_access/char/1.cc execution test
FAIL: 21_strings/basic_string/element_access/wchar_t/1.cc execution test
FAIL: 21_strings/basic_string/insert/char/1.cc execution test
FAIL: 21_strings/basic_string/insert/wchar_t/1.cc execution test
FAIL: 21_strings/basic_string/inserters_extractors/pod/10081-in.cc execution test
FAIL: 21_strings/basic_string/numeric_conversions/char/stod.cc execution test
FAIL: 21_strings/basic_string/numeric_conversions/char/stof.cc execution test
FAIL: 21_strings/basic_string/numeric_conversions/char/stoi.cc execution test
FAIL: 21_strings/basic_string/numeric_conversions/char/stol.cc execution test
FAIL: 21_strings/basic_string/numeric_conversions/char/stold.cc execution test
FAIL: 21_strings/basic_string/numeric_conversions/char/stoll.cc execution test
FAIL: 21_strings/basic_string/numeric_conversions/char/stoul.cc execution test
FAIL: 21_strings/basic_string/numeric_conversions/char/stoull.cc execution test
FAIL: 21_strings/basic_string/numeric_conversions/wchar_t/stod.cc execution test
FAIL: 21_strings/basic_string/numeric_conversions/wchar_t/stof.cc execution test
FAIL: 21_strings/basic_string/numeric_conversions/wchar_t/stoi.cc execution test
FAIL: 21_strings/basic_string/numeric_conversions/wchar_t/stol.cc execution test
FAIL: 21_strings/basic_string/numeric_conversions/wchar_t/stold.cc execution test
FAIL: 21_strings/basic_string/numeric_conversions/wchar_t/stoll.cc execution test
FAIL: 21_strings/basic_string/numeric_conversions/wchar_t/stoul.cc execution test
FAIL: 21_strings/basic_string/numeric_conversions/wchar_t/stoull.cc execution test
FAIL: 21_strings/basic_string/requirements/exception/propagation_consistent.cc execution test
FAIL: 21_strings/basic_string/substr/char/1.cc execution test
FAIL: 21_strings/basic_string/substr/wchar_t/1.cc execution test
FAIL: 22_locale/facet/25421.cc execution test
FAIL: 22_locale/global_templates/1.cc execution test
FAIL: 22_locale/locale/cons/12352.cc execution test
FAIL: 22_locale/locale/cons/12438.cc execution test
FAIL: 22_locale/locale/cons/2.cc execution test
FAIL: 22_locale/locale/cons/unicode.cc execution test
FAIL: 22_locale/numpunct/members/pod/2.cc execution test
FAIL: 23_containers/bitset/cons/1.cc execution test
FAIL: 23_containers/bitset/cons/6282.cc execution test
FAIL: 23_containers/bitset/test/1.cc execution test
FAIL: 23_containers/bitset/to_ulong/1.cc execution test
FAIL: 23_containers/deque/capacity/29134-2.cc execution test
FAIL: 23_containers/deque/cons/2.cc execution test
FAIL: 23_containers/deque/requirements/exception/basic.cc execution test
FAIL: 23_containers/forward_list/requirements/exception/basic.cc execution test
FAIL: 23_containers/forward_list/requirements/exception/propagation_consistent.cc execution test
FAIL: 23_containers/list/modifiers/3.cc execution test
FAIL: 23_containers/list/modifiers/insert/25288.cc execution test
FAIL: 23_containers/list/operations/5.cc execution test
FAIL: 23_containers/list/requirements/exception/basic.cc execution test
FAIL: 23_containers/list/requirements/exception/propagation_consistent.cc execution test
FAIL: 23_containers/map/element_access/1.cc execution test
FAIL: 23_containers/map/requirements/exception/basic.cc execution test
FAIL: 23_containers/map/requirements/exception/propagation_consistent.cc execution test
FAIL: 23_containers/multimap/requirements/exception/basic.cc execution test
FAIL: 23_containers/multimap/requirements/exception/propagation_consistent.cc execution test
FAIL: 23_containers/multiset/requirements/exception/basic.cc execution test
FAIL: 23_containers/multiset/requirements/exception/propagation_consistent.cc execution test
FAIL: 23_containers/set/requirements/exception/basic.cc execution test
FAIL: 23_containers/set/requirements/exception/propagation_consistent.cc execution test
FAIL: 23_containers/unordered_map/dr761.cc execution test
FAIL: 23_containers/unordered_map/requirements/exception/basic.cc execution test
FAIL: 23_containers/unordered_map/requirements/exception/propagation_consistent.cc execution test
FAIL: 23_containers/unordered_multimap/requirements/exception/basic.cc execution test
FAIL: 23_containers/unordered_multimap/requirements/exception/propagation_consistent.cc execution test
FAIL: 23_containers/unordered_multiset/requirements/exception/basic.cc execution test
FAIL: 23_containers/unordered_multiset/requirements/exception/propagation_consistent.cc execution test
FAIL: 23_containers/unordered_set/requirements/exception/basic.cc execution test
FAIL: 23_containers/unordered_set/requirements/exception/propagation_consistent.cc execution test
FAIL: 23_containers/vector/bool/modifiers/insert/31370.cc execution test
FAIL: 23_containers/vector/capacity/2.cc execution test
FAIL: 23_containers/vector/capacity/29134-2.cc execution test
FAIL: 23_containers/vector/capacity/8230.cc execution test
FAIL: 23_containers/vector/capacity/resize/1.cc execution test
FAIL: 23_containers/vector/cons/4.cc execution test
FAIL: 23_containers/vector/element_access/1.cc execution test
FAIL: 23_containers/vector/ext_pointer/modifiers/element.cc execution test
FAIL: 23_containers/vector/ext_pointer/modifiers/insert.cc execution test
FAIL: 23_containers/vector/modifiers/insert/1.cc execution test
FAIL: 23_containers/vector/requirements/exception/basic.cc execution test
FAIL: 23_containers/vector/requirements/exception/propagation_consistent.cc execution test
FAIL: 25_algorithms/stable_partition/mem_check.cc execution test
FAIL: 25_algorithms/stable_sort/mem_check.cc execution test
FAIL: 27_io/basic_filebuf/cons/wchar_t/10132-1.cc execution test
FAIL: 27_io/basic_filebuf/imbue/char/14975-1.cc execution test
FAIL: 27_io/basic_filebuf/imbue/wchar_t/14975-2.cc execution test
FAIL: 27_io/basic_filebuf/overflow/char/13858.cc execution test
FAIL: 27_io/basic_filebuf/overflow/char/9182-2.cc execution test
FAIL: 27_io/basic_filebuf/overflow/wchar_t/13858.cc execution test
FAIL: 27_io/basic_filebuf/seekoff/wchar_t/3.cc execution test
FAIL: 27_io/basic_filebuf/seekpos/wchar_t/1.cc execution test
FAIL: 27_io/basic_filebuf/sync/char/9182-1.cc execution test
FAIL: 27_io/basic_filebuf/underflow/wchar_t/11544-1.cc execution test
FAIL: 27_io/basic_filebuf/underflow/wchar_t/11544-2.cc execution test
FAIL: 27_io/basic_filebuf/underflow/wchar_t/11603.cc execution test
FAIL: 27_io/basic_ios/copyfmt/char/1.cc execution test
FAIL: 27_io/basic_ios/exceptions/char/1.cc execution test
FAIL: 27_io/basic_ios/exceptions/char/2.cc execution test
FAIL: 27_io/basic_ios/imbue/14072.cc execution test
FAIL: 27_io/basic_istream/exceptions/char/9561.cc execution test
FAIL: 27_io/basic_istream/exceptions/wchar_t/9561.cc execution test
FAIL: 27_io/basic_istream/extractors_arithmetic/char/exceptions_badbit_throw.cc execution test
FAIL: 27_io/basic_istream/extractors_arithmetic/char/exceptions_failbit.cc execution test
FAIL: 27_io/basic_istream/extractors_arithmetic/char/exceptions_failbit_throw.cc execution test
FAIL: 27_io/basic_istream/extractors_arithmetic/pod/3983-1.cc execution test
FAIL: 27_io/basic_istream/extractors_arithmetic/wchar_t/exceptions_badbit_throw.cc execution test
FAIL: 27_io/basic_istream/extractors_arithmetic/wchar_t/exceptions_failbit.cc execution test
FAIL: 27_io/basic_istream/extractors_arithmetic/wchar_t/exceptions_failbit_throw.cc execution test
FAIL: 27_io/basic_istream/extractors_character/pod/3983-2.cc execution test
FAIL: 27_io/basic_istream/extractors_other/char/error_failbit.cc execution test
FAIL: 27_io/basic_istream/extractors_other/char/exceptions_badbit_throw.cc execution test
FAIL: 27_io/basic_istream/extractors_other/char/exceptions_failbit_throw.cc execution test
FAIL: 27_io/basic_istream/extractors_other/char/exceptions_null.cc execution test
FAIL: 27_io/basic_istream/extractors_other/pod/3983-3.cc execution test
FAIL: 27_io/basic_istream/extractors_other/wchar_t/error_failbit.cc execution test
FAIL: 27_io/basic_istream/extractors_other/wchar_t/exceptions_badbit_throw.cc execution test
FAIL: 27_io/basic_istream/extractors_other/wchar_t/exceptions_failbit_throw.cc execution test
FAIL: 27_io/basic_istream/extractors_other/wchar_t/exceptions_null.cc execution test
FAIL: 27_io/basic_istream/seekg/char/exceptions_badbit_throw.cc execution test
FAIL: 27_io/basic_istream/seekg/wchar_t/exceptions_badbit_throw.cc execution test
FAIL: 27_io/basic_istream/sentry/char/12297.cc execution test
FAIL: 27_io/basic_istream/sentry/pod/1.cc execution test
FAIL: 27_io/basic_istream/sentry/wchar_t/12297.cc execution test
FAIL: 27_io/basic_istream/tellg/char/exceptions_badbit_throw.cc execution test
FAIL: 27_io/basic_istream/tellg/wchar_t/exceptions_badbit_throw.cc execution test
FAIL: 27_io/basic_ostream/exceptions/char/9561.cc execution test
FAIL: 27_io/basic_ostream/exceptions/wchar_t/9561.cc execution test
FAIL: 27_io/basic_ostream/flush/char/exceptions_badbit_throw.cc execution test
FAIL: 27_io/basic_ostream/flush/wchar_t/exceptions_badbit_throw.cc execution test
FAIL: 27_io/basic_ostream/inserters_arithmetic/char/9555-oa.cc execution test
FAIL: 27_io/basic_ostream/inserters_arithmetic/char/exceptions_badbit_throw.cc execution test
FAIL: 27_io/basic_ostream/inserters_arithmetic/char/exceptions_failbit_throw.cc execution test
FAIL: 27_io/basic_ostream/inserters_arithmetic/pod/23875.cc execution test
FAIL: 27_io/basic_ostream/inserters_arithmetic/wchar_t/9555-oa.cc execution test
FAIL: 27_io/basic_ostream/inserters_arithmetic/wchar_t/exceptions_badbit_throw.cc execution test
FAIL: 27_io/basic_ostream/inserters_arithmetic/wchar_t/exceptions_failbit_throw.cc execution test
FAIL: 27_io/basic_ostream/inserters_character/char/9555-oc.cc execution test
FAIL: 27_io/basic_ostream/inserters_character/wchar_t/9555-oc.cc execution test
FAIL: 27_io/basic_ostream/inserters_other/char/5.cc execution test
FAIL: 27_io/basic_ostream/inserters_other/char/error_failbit.cc execution test
FAIL: 27_io/basic_ostream/inserters_other/char/exceptions_badbit_throw.cc execution test
FAIL: 27_io/basic_ostream/inserters_other/char/exceptions_failbit_throw.cc execution test
FAIL: 27_io/basic_ostream/inserters_other/char/exceptions_null.cc execution test
FAIL: 27_io/basic_ostream/inserters_other/wchar_t/5.cc execution test
FAIL: 27_io/basic_ostream/inserters_other/wchar_t/error_failbit.cc execution test
FAIL: 27_io/basic_ostream/inserters_other/wchar_t/exceptions_badbit_throw.cc execution test
FAIL: 27_io/basic_ostream/inserters_other/wchar_t/exceptions_failbit_throw.cc execution test
FAIL: 27_io/basic_ostream/inserters_other/wchar_t/exceptions_null.cc execution test
FAIL: 27_io/basic_ostream/put/char/1.cc execution test
FAIL: 27_io/basic_ostream/put/wchar_t/1.cc execution test
FAIL: 27_io/basic_ostream/seekp/char/exceptions_badbit_throw.cc execution test
FAIL: 27_io/basic_ostream/seekp/wchar_t/exceptions_badbit_throw.cc execution test
FAIL: 27_io/basic_ostream/tellp/char/exceptions_badbit_throw.cc execution test
FAIL: 27_io/basic_ostream/tellp/wchar_t/exceptions_badbit_throw.cc execution test
FAIL: 27_io/basic_ostream/write/char/1.cc execution test
FAIL: 27_io/basic_ostream/write/wchar_t/1.cc execution test
FAIL: 27_io/ios_base/failure/cons_virtual_derivation.cc execution test
FAIL: 27_io/ios_base/failure/what-2.cc execution test
FAIL: 27_io/ios_base/storage/11584.cc execution test
FAIL: 27_io/ios_base/storage/2.cc execution test
FAIL: 27_io/objects/char/6.cc execution test
FAIL: 27_io/objects/wchar_t/6.cc execution test
FAIL: 28_regex/basic_regex/ctors/basic/string_range_01_02_03.cc execution test
FAIL: 28_regex/basic_regex/ctors/extended/string_range_01_02_03.cc execution test
FAIL: 30_threads/future/cons/move_assign.cc execution test
FAIL: 30_threads/shared_future/cons/assign.cc execution test
FAIL: 30_threads/shared_future/cons/move_assign.cc execution test
FAIL: ext/array_allocator/check_allocate_max_size.cc execution test
FAIL: ext/bitmap_allocator/check_allocate_max_size.cc execution test
FAIL: ext/concurrence_lock_error/cons_virtual_derivation.cc execution test
FAIL: ext/concurrence_unlock_error/cons_virtual_derivation.cc execution test
FAIL: ext/debug_allocator/check_deallocate_null.cc execution test
FAIL: ext/enc_filebuf/char/13189.cc execution test
FAIL: ext/enc_filebuf/wchar_t/13189.cc execution test
FAIL: ext/forced_error/cons_virtual_derivation.cc execution test
FAIL: ext/malloc_allocator/check_allocate_max_size.cc execution test
FAIL: ext/mt_allocator/check_allocate_max_size.cc execution test
FAIL: ext/new_allocator/check_allocate_max_size.cc execution test
FAIL: ext/pb_ds/example/hash_illegal_resize.cc execution test
FAIL: ext/pb_ds/example/tree_join.cc execution test
FAIL: ext/pb_ds/regression/hash_map_rand.cc execution test
FAIL: ext/pb_ds/regression/hash_set_rand.cc execution test
FAIL: ext/pb_ds/regression/list_update_map_rand.cc execution test
FAIL: ext/pb_ds/regression/list_update_set_rand.cc execution test
FAIL: ext/pb_ds/regression/priority_queue_rand.cc execution test
FAIL: ext/pb_ds/regression/tree_map_rand.cc execution test
FAIL: ext/pb_ds/regression/tree_set_rand.cc execution test
FAIL: ext/pb_ds/regression/trie_map_rand.cc execution test
FAIL: ext/pb_ds/regression/trie_set_rand.cc execution test
FAIL: ext/pool_allocator/allocate_chunk.cc execution test
FAIL: ext/pool_allocator/check_allocate_max_size.cc execution test
FAIL: ext/stdio_sync_filebuf/char/1.cc (test for excess errors)
WARNING: ext/stdio_sync_filebuf/char/1.cc compilation failed to produce executable
FAIL: ext/throw_allocator/check_allocate_max_size.cc execution test
FAIL: ext/throw_allocator/check_deallocate_null.cc execution test
FAIL: ext/vstring/assign/move_assign.cc (test for excess errors)
WARNING: ext/vstring/assign/move_assign.cc compilation failed to produce executable
FAIL: ext/vstring/cons/moveable.cc (test for excess errors)
WARNING: ext/vstring/cons/moveable.cc compilation failed to produce executable
FAIL: ext/vstring/requirements/exception/basic.cc (test for excess errors)
WARNING: ext/vstring/requirements/exception/basic.cc compilation failed to produce executable
FAIL: ext/vstring/requirements/exception/propagation_consistent.cc (test for excess errors)
WARNING: ext/vstring/requirements/exception/propagation_consistent.cc compilation failed to produce executable
FAIL: ext/vstring/requirements/explicit_instantiation/2.cc (test for excess errors)
FAIL: ext/vstring/requirements/explicit_instantiation/char/1.cc (test for excess errors)
FAIL: ext/vstring/requirements/explicit_instantiation/char16_t/1.cc (test for excess errors)
FAIL: ext/vstring/requirements/explicit_instantiation/char32_t/1.cc (test for excess errors)
FAIL: ext/vstring/requirements/explicit_instantiation/wchar_t/1.cc (test for excess errors)
FAIL: tr1/2_general_utilities/enable_shared_from_this/not_shared.cc execution test
FAIL: tr1/2_general_utilities/enable_shared_from_this/not_shared2.cc execution test
FAIL: tr1/2_general_utilities/enable_shared_from_this/not_shared3.cc execution test
FAIL: tr1/3_function_objects/function/1.cc execution test
FAIL: tr1/6_containers/array/element_access/at_out_of_range.cc execution test

		=== libstdc++ Summary ===

# of expected passes		8397
# of unexpected failures	234
# of expected failures		46
# of unsupported tests		140

Compiler version: 4.7.0 20110802 (experimental) (GCC) 
Platform: x86_64-unknown-linux-gnu
configure flags: --enable-clocale=gnu --with-system-zlib --with-demangler-in-ld --enable-languages=c,c++,fortran,objc --prefix=/usr/gcc-4.7.0-x32 --with-local-prefix=/usr/local --enable-gnu-indirect-function --enable-linker-build-id --enable-gnu-unique-object --with-multilib-list=m32,m64,mx32 --enable-cloog-backend=isl --with-ppl-include=/opt/gnu/include --with-ppl-lib=/opt/gnu/lib64 --with-cloog-include=/opt/gnu/include --with-cloog-lib=/opt/gnu/lib64 --with-fpmath=sse



More information about the Gcc-testresults mailing list