Results for 4.7.0 20110802 (experimental) [trunk revision 177081] (GCC) testsuite on x86_64-apple-darwin10.8.0
Sean McGovern
sean@seanmcgovern.ca
Tue Aug 2 07:01:00 GMT 2011
\$ uname -a
Darwin homura 10.8.0 Darwin Kernel Version 10.8.0: Tue Jun 7 16:33:36 PDT 2011; root:xnu-1504.15.3~1/RELEASE_I386 i386
********
LAST_UPDATED: Tue Aug 2 02:20:49 UTC 2011 (revision 177081)
Native configuration is x86_64-apple-darwin10.8.0
=== g++ tests ===
Running target unix/-m32
UNRESOLVED: g++.dg/ext/label13.C compilation failed to produce executable
FAIL: g++.dg/opt/life1.C scan-assembler GLOBAL_OFFSET_TABLE
FAIL: c-c++-common/cxxbitfields-3.c scan-assembler movl.*, var
=== g++ Summary for unix/-m32 ===
# of expected passes 26030
# of unexpected failures 2
# of expected failures 156
# of unresolved testcases 1
# of unsupported tests 213
Running target unix/-m64
UNRESOLVED: g++.dg/ext/label13.C compilation failed to produce executable
FAIL: c-c++-common/cxxbitfields-3.c scan-assembler movl.*, var
FAIL: g++.dg/tree-prof/partition2.C execution, -Os -fprofile-use
=== g++ Summary for unix/-m64 ===
# of expected passes 26337
# of unexpected failures 2
# of expected failures 156
# of unresolved testcases 1
# of unsupported tests 372
=== g++ Summary ===
# of expected passes 52367
# of unexpected failures 4
# of expected failures 312
# of unresolved testcases 2
# of unsupported tests 585
/BUILD/gcc/obj-177081/gcc/testsuite/g++/../../g++ version 4.7.0 20110802 (experimental) [trunk revision 177081] (GCC)
=== gcc tests ===
Running target unix/-m32
FAIL: c-c++-common/cxxbitfields-3.c scan-assembler movl.*, var
FAIL: gcc.dg/tree-ssa/vrp47.c scan-tree-dump-times dom1 "x[^ ]* & y" 1
FAIL: gcc.dg/tree-ssa/vrp47.c scan-tree-dump-times vrp1 "x[^ ]* \\^ 1" 1
FAIL: gcc.target/i386/andor-2.c scan-assembler-not sete
=== gcc Summary for unix/-m32 ===
# of expected passes 64733
# of unexpected failures 4
# of expected failures 189
# of unsupported tests 1378
Running target unix/-m64
FAIL: gcc.dg/sibcall-6.c execution test
FAIL: c-c++-common/cxxbitfields-3.c scan-assembler movl.*, var
FAIL: gcc.dg/matrix/transpose-3.c execution, -fprofile-use -fipa-matrix-reorg -fdump-ipa-matrix-reorg -O3 -fwhole-program -fno-tree-fre
FAIL: gcc.dg/tree-ssa/vrp47.c scan-tree-dump-times dom1 "x[^ ]* & y" 1
FAIL: gcc.dg/tree-ssa/vrp47.c scan-tree-dump-times vrp1 "x[^ ]* \\^ 1" 1
FAIL: gcc.target/i386/andor-2.c scan-assembler-not sete
FAIL: gcc.target/i386/pr49866.c (test for excess errors)
=== gcc Summary for unix/-m64 ===
# of expected passes 65031
# of unexpected failures 7
# of expected failures 190
# of unsupported tests 1674
=== gcc Summary ===
# of expected passes 129764
# of unexpected failures 11
# of expected failures 379
# of unsupported tests 3052
/BUILD/gcc/obj-177081/gcc/xgcc version 4.7.0 20110802 (experimental) [trunk revision 177081] (GCC)
=== libgomp tests ===
Running target unix/-m64
=== libgomp Summary for unix/-m64 ===
# of expected passes 1111
# of unsupported tests 3
Running target unix/-m32
=== libgomp Summary for unix/-m32 ===
# of expected passes 1111
# of unsupported tests 3
=== libgomp Summary ===
# of expected passes 2222
# of unsupported tests 6
=== libstdc++ tests ===
Running target unix/-m32
=== libstdc++ Summary for unix/-m32 ===
# of expected passes 7232
# of expected failures 46
# of unsupported tests 722
Running target unix/-m64
=== libstdc++ Summary for unix/-m64 ===
# of expected passes 7230
# of expected failures 46
# of unsupported tests 723
=== libstdc++ Summary ===
# of expected passes 14462
# of expected failures 92
# of unsupported tests 1445
=== libstdc++ Summary ===
Compiler version: 4.7.0 20110802 (experimental) [trunk revision 177081] (GCC)
Platform: x86_64-apple-darwin10.8.0
configure flags: --prefix=/BUILD/gcc/177081 --target=x86_64-apple-darwin10.8.0 --host=x86_64-apple-darwin10.8.0 --build=x86_64-apple-darwin10.8.0 --with-tune=core2 --with-gmp=/opt/gnu --with-mpfr=/opt/gnu --with-mpc=/opt/gnu --with-ppl=/opt/gnu --with-cloog=/opt/gnu --enable-cloog-backend=isl --disable-libmudflap --disable-libssp --enable-stage1-languages=c --enable-languages=c,c++ --program-suffix=-trunk
BOOT_CFLAGS=-g -O2
More information about the Gcc-testresults
mailing list