Results for 4.7.0 20110729 (experimental) [trunk revision 176947] (GCC) testsuite on i386-pc-solaris2.11

Rainer Orth ro@CeBiTec.Uni-Bielefeld.DE
Mon Aug 1 08:28:00 GMT 2011


LAST_UPDATED: Fri Jul 29 18:49:51 UTC 2011 (revision 176947)

		=== acats tests ===

		=== acats Summary ===
# of expected passes		2321
# of unexpected failures	0
Native configuration is i386-pc-solaris2.11

		=== g++ tests ===


Running target unix
FAIL: g++.dg/tree-prof/partition2.C compilation,  -Os  -fprofile-use
UNRESOLVED: g++.dg/tree-prof/partition2.C execution,    -Os  -fprofile-use

		=== g++ Summary for unix ===

# of expected passes		27524
# of unexpected failures	1
# of expected failures		158
# of unresolved testcases	1
# of unsupported tests		181

Running target unix/-m64
FAIL: g++.dg/tree-prof/partition2.C compilation,  -Os  -fprofile-use
UNRESOLVED: g++.dg/tree-prof/partition2.C execution,    -Os  -fprofile-use

		=== g++ Summary for unix/-m64 ===

# of expected passes		27753
# of unexpected failures	1
# of expected failures		158
# of unresolved testcases	1
# of unsupported tests		382

		=== g++ Summary ===

# of expected passes		55277
# of unexpected failures	2
# of expected failures		316
# of unresolved testcases	2
# of unsupported tests		563
/var/gcc/regression/trunk/11-gcc-gas-gld/build/gcc/testsuite/g++/../../g++  version 4.7.0 20110729 (experimental) [trunk revision 176947] (GCC) 

		=== gcc tests ===


Running target unix
FAIL: gcc.dg/lto/20081201-2 c_lto_20081201-2_0.o-c_lto_20081201-2_1.o execute -O3 -flto -flto-partition=1to1
FAIL: gcc.dg/lto/20110201-1 c_lto_20110201-1_0.o-c_lto_20110201-1_0.o link,  -O0 -flto 
UNRESOLVED: gcc.dg/lto/20110201-1 c_lto_20110201-1_0.o-c_lto_20110201-1_0.o execute  -O0 -flto 
FAIL: gcc.dg/lto/ipareference2 c_lto_ipareference2_0.o-c_lto_ipareference2_1.o execute  -O1 -flto -flto-partition=1to1 -fwhole-program
FAIL: gcc.dg/tree-ssa/vrp47.c scan-tree-dump-times dom1 "x[^ ]* & y" 1
FAIL: gcc.dg/tree-ssa/vrp47.c scan-tree-dump-times vrp1 "x[^ ]* \\^ 1" 1
FAIL: gcc.target/i386/andor-2.c scan-assembler-not sete

		=== gcc Summary for unix ===

# of expected passes		78919
# of unexpected failures	6
# of expected failures		248
# of unresolved testcases	1
# of unsupported tests		837

Running target unix/-m64
FAIL: gcc.dg/lto/20081201-2 c_lto_20081201-2_0.o-c_lto_20081201-2_1.o execute -O3 -flto -flto-partition=1to1
FAIL: gcc.dg/lto/20110201-1 c_lto_20110201-1_0.o-c_lto_20110201-1_0.o link,  -O0 -flto 
UNRESOLVED: gcc.dg/lto/20110201-1 c_lto_20110201-1_0.o-c_lto_20110201-1_0.o execute  -O0 -flto 
FAIL: gcc.dg/lto/ipareference2 c_lto_ipareference2_0.o-c_lto_ipareference2_1.o execute  -O1 -flto -flto-partition=1to1 -fwhole-program
FAIL: gcc.dg/tree-prof/bb-reorg.c execution,    -fprofile-use -D_PROFILE_USE
FAIL: gcc.dg/tree-ssa/vrp47.c scan-tree-dump-times dom1 "x[^ ]* & y" 1
FAIL: gcc.dg/tree-ssa/vrp47.c scan-tree-dump-times vrp1 "x[^ ]* \\^ 1" 1
FAIL: gcc.misc-tests/linkage.c link
FAIL: gcc.target/i386/andor-2.c scan-assembler-not sete

		=== gcc Summary for unix/-m64 ===

# of expected passes		79077
# of unexpected failures	8
# of expected failures		248
# of unresolved testcases	1
# of unsupported tests		1242

		=== gcc Summary ===

# of expected passes		157996
# of unexpected failures	14
# of expected failures		496
# of unresolved testcases	2
# of unsupported tests		2079
/var/gcc/regression/trunk/11-gcc-gas-gld/build/gcc/xgcc  version 4.7.0 20110729 (experimental) [trunk revision 176947] (GCC) 

		=== gfortran tests ===


Running target unix

		=== gfortran Summary for unix ===

# of expected passes		39210
# of expected failures		53
# of unsupported tests		228

Running target unix/-m64

		=== gfortran Summary for unix/-m64 ===

# of expected passes		39505
# of expected failures		53
# of unsupported tests		90

		=== gfortran Summary ===

# of expected passes		78715
# of expected failures		106
# of unsupported tests		318
/var/gcc/regression/trunk/11-gcc-gas-gld/build/gcc/testsuite/gfortran/../../gfortran  version 4.7.0 20110729 (experimental) [trunk revision 176947] (GCC) 

		=== gnat tests ===


Running target unix

		=== gnat Summary for unix ===

# of expected passes		911
# of expected failures		11
# of unsupported tests		5

Running target unix/-m64

		=== gnat Summary for unix/-m64 ===

# of expected passes		911
# of expected failures		11
# of unsupported tests		5

		=== gnat Summary ===

# of expected passes		1822
# of expected failures		22
# of unsupported tests		10
/var/gcc/regression/trunk/11-gcc-gas-gld/build/gcc/gnatmake version 4.7.0 20110729 (experimental) [trunk revision 176947]

		=== go tests ===


Running target unix
FAIL: go.test/test/fixedbugs/bug273.go execution,  -O2 -g 

		=== go Summary for unix ===

# of expected passes		2986
# of unexpected failures	1
# of expected failures		23

Running target unix/-m64

		=== go Summary for unix/-m64 ===

# of expected passes		2987
# of expected failures		23

		=== go Summary ===

# of expected passes		5973
# of unexpected failures	1
# of expected failures		46
/var/gcc/regression/trunk/11-gcc-gas-gld/build/gcc/testsuite/go/../../gccgo  version 4.7.0 20110729 (experimental) [trunk revision 176947] (GCC) 

		=== obj-c++ tests ===


Running target unix

		=== obj-c++ Summary for unix ===

# of expected passes		1446
# of expected failures		2
# of unsupported tests		86

Running target unix/-m64

		=== obj-c++ Summary for unix/-m64 ===

# of expected passes		1438
# of expected failures		10
# of unsupported tests		86

		=== obj-c++ Summary ===

# of expected passes		2884
# of expected failures		12
# of unsupported tests		172
/var/gcc/regression/trunk/11-gcc-gas-gld/build/gcc/testsuite/obj-c++/../../g++  version 4.7.0 20110729 (experimental) [trunk revision 176947] (GCC) 

		=== objc tests ===


Running target unix

		=== objc Summary for unix ===

# of expected passes		2974
# of expected failures		6
# of unsupported tests		74

Running target unix/-m64

		=== objc Summary for unix/-m64 ===

# of expected passes		2974
# of expected failures		6
# of unsupported tests		74

		=== objc Summary ===

# of expected passes		5948
# of expected failures		12
# of unsupported tests		148
/var/gcc/regression/trunk/11-gcc-gas-gld/build/gcc/xgcc  version 4.7.0 20110729 (experimental) [trunk revision 176947] (GCC) 

		=== boehm-gc tests ===


Running target unix
FAIL: boehm-gc.c/gctest.c -O2 execution test

		=== boehm-gc Summary for unix ===

# of expected passes		11
# of unexpected failures	1
# of unsupported tests		1

Running target unix/-m64

		=== boehm-gc Summary for unix/-m64 ===

# of expected passes		12
# of unsupported tests		1

		=== boehm-gc Summary ===

# of expected passes		23
# of unexpected failures	1
# of unsupported tests		2
		=== libffi tests ===


Running target unix

		=== libffi Summary for unix ===

# of expected passes		1634
# of expected failures		10
# of unsupported tests		15

Running target unix/-m64

		=== libffi Summary for unix/-m64 ===

# of expected passes		1634
# of expected failures		10
# of unsupported tests		15

		=== libffi Summary ===

# of expected passes		3268
# of expected failures		20
# of unsupported tests		30
		=== libgo tests ===


Running target unix

		=== libgo Summary for unix ===

# of expected passes		124
# of untested testcases		2

Running target unix/-m64

		=== libgo Summary for unix/-m64 ===

# of expected passes		124
# of untested testcases		2

		=== libgo Summary ===

# of expected passes		248
# of untested testcases		4
/var/gcc/regression/trunk/11-gcc-gas-gld/build/./gcc/gccgo version 4.7.0 20110729 (experimental) [trunk revision 176947] (GCC)

		=== libgomp tests ===


Running target unix

		=== libgomp Summary for unix ===

# of expected passes		2640
# of unsupported tests		3

Running target unix/-m64

		=== libgomp Summary for unix/-m64 ===

# of expected passes		2640
# of unsupported tests		3

		=== libgomp Summary ===

# of expected passes		5280
# of unsupported tests		6
		=== libjava tests ===


Running target unix

		=== libjava Summary for unix ===

# of expected passes		2574

Running target unix/-m64

		=== libjava Summary for unix/-m64 ===

# of expected passes		2574

		=== libjava Summary ===

# of expected passes		5148
		=== libmudflap tests ===


Running target unix

		=== libmudflap Summary for unix ===

# of expected passes		1433

Running target unix/-m64
FAIL: libmudflap.c++/pass55-frag.cxx ( -O) execution test

		=== libmudflap Summary for unix/-m64 ===

# of expected passes		1432
# of unexpected failures	1

		=== libmudflap Summary ===

# of expected passes		2865
# of unexpected failures	1
		=== libstdc++ tests ===


Running target unix

		=== libstdc++ Summary for unix ===

# of expected passes		7726
# of expected failures		46
# of unsupported tests		495

Running target unix/-m64

		=== libstdc++ Summary for unix/-m64 ===

# of expected passes		7726
# of expected failures		46
# of unsupported tests		495

		=== libstdc++ Summary ===

# of expected passes		15452
# of expected failures		92
# of unsupported tests		990

Compiler version: 4.7.0 20110729 (experimental) [trunk revision 176947] (GCC) 
Platform: i386-pc-solaris2.11
configure flags: --prefix=/vol/gcc --target=i386-pc-solaris2.11 --enable-objc-gc --enable-libmudflap --with-host-libstdcxx='-L/vol/gcc-4.4/lib -Wl,-Bstatic -lstdc++ -Wl,-Bdynamic -lm' --with-boot-ldflags='-static-libstdc++ -static-libgcc -L/vol/gcc-4.4/lib' --with-as=/vol/gcc/bin/gas-2.21.1 --with-gnu-as --with-ld=/vol/gcc/bin/gld-2.21.1 --with-gnu-ld --with-gmp-include=/vol/gcc/include --with-gmp-lib=/vol/gcc/lib --with-mpfr-include=/vol/gcc/include --with-mpfr-lib=/vol/gcc/lib --with-mpc-include=/vol/gcc/include --with-mpc-lib=/vol/gcc/lib --enable-languages=all,ada,obj-c++,go --with-ppl-include=/vol/gcc/include --with-ppl-lib=/vol/gcc/lib --with-cloog-include=/vol/gcc/include --with-cloog-lib=/vol/gcc/lib --enable-cloog-backend=ppl
BOOT_CFLAGS=-g -O2



More information about the Gcc-testresults mailing list