Results for 4.6.1 20110415 (prerelease) [gcc-4_6-branch revision 172508] (GCC) testsuite on sparc-sun-solaris2.10
Rainer Orth
ro@CeBiTec.Uni-Bielefeld.DE
Mon Apr 18 10:06:00 GMT 2011
LAST_UPDATED: Fri Apr 15 18:42:13 UTC 2011 (revision 172508)
=== acats tests ===
=== acats Summary ===
# of expected passes 2321
# of unexpected failures 0
Native configuration is sparc-sun-solaris2.10
=== g++ tests ===
Running target unix
=== g++ Summary for unix ===
# of expected passes 26223
# of expected failures 162
# of unsupported tests 428
Running target unix/-m64
=== g++ Summary for unix/-m64 ===
# of expected passes 26835
# of expected failures 162
# of unsupported tests 425
=== g++ Summary ===
# of expected passes 53058
# of expected failures 324
# of unsupported tests 853
/var/gcc/regression/gcc-4.6-branch/10-gcc-gas/build/gcc/testsuite/g++/../../g++ version 4.6.1 20110415 (prerelease) [gcc-4_6-branch revision 172508] (GCC)
=== gcc tests ===
Running target unix
FAIL: gcc.dg/lto/20110201-1 c_lto_20110201-1_0.o-c_lto_20110201-1_0.o link, -O0 -flto
UNRESOLVED: gcc.dg/lto/20110201-1 c_lto_20110201-1_0.o-c_lto_20110201-1_0.o execute -O0 -flto
FAIL: gcc.dg/vect/pr48377.c execution test
=== gcc Summary for unix ===
# of expected passes 69523
# of unexpected failures 2
# of expected failures 237
# of unresolved testcases 1
# of unsupported tests 1156
Running target unix/-m64
FAIL: gcc.dg/vect/pr48377.c execution test
=== gcc Summary for unix/-m64 ===
# of expected passes 70105
# of unexpected failures 1
# of expected failures 228
# of unsupported tests 1166
=== gcc Summary ===
# of expected passes 139628
# of unexpected failures 3
# of expected failures 465
# of unresolved testcases 1
# of unsupported tests 2322
/var/gcc/regression/gcc-4.6-branch/10-gcc-gas/build/gcc/xgcc version 4.6.1 20110415 (prerelease) [gcc-4_6-branch revision 172508] (GCC)
=== gfortran tests ===
Running target unix
=== gfortran Summary for unix ===
# of expected passes 38140
# of expected failures 43
# of unsupported tests 265
Running target unix/-m64
=== gfortran Summary for unix/-m64 ===
# of expected passes 38467
# of expected failures 43
# of unsupported tests 104
=== gfortran Summary ===
# of expected passes 76607
# of expected failures 86
# of unsupported tests 369
/var/gcc/regression/gcc-4.6-branch/10-gcc-gas/build/gcc/testsuite/gfortran/../../gfortran version 4.6.1 20110415 (prerelease) [gcc-4_6-branch revision 172508] (GCC)
=== gnat tests ===
Running target unix
=== gnat Summary for unix ===
# of expected passes 865
# of expected failures 10
# of unsupported tests 4
Running target unix/-m64
=== gnat Summary for unix/-m64 ===
# of expected passes 865
# of expected failures 10
# of unsupported tests 4
=== gnat Summary ===
# of expected passes 1730
# of expected failures 20
# of unsupported tests 8
/var/gcc/regression/gcc-4.6-branch/10-gcc-gas/build/gcc/gnatmake version 4.6.1 20110415 (prerelease) [gcc-4_6-branch revision 172508]
=== objc tests ===
Running target unix
=== objc Summary for unix ===
# of expected passes 2914
# of expected failures 10
# of unsupported tests 74
Running target unix/-m64
=== objc Summary for unix/-m64 ===
# of expected passes 2914
# of expected failures 10
# of unsupported tests 74
=== objc Summary ===
# of expected passes 5828
# of expected failures 20
# of unsupported tests 148
/var/gcc/regression/gcc-4.6-branch/10-gcc-gas/build/gcc/xgcc version 4.6.1 20110415 (prerelease) [gcc-4_6-branch revision 172508] (GCC)
=== libffi tests ===
Running target unix
=== libffi Summary for unix ===
# of expected passes 1634
# of expected failures 10
# of unsupported tests 15
Running target unix/-m64
=== libffi Summary for unix/-m64 ===
# of expected passes 1634
# of expected failures 10
# of unsupported tests 15
=== libffi Summary ===
# of expected passes 3268
# of expected failures 20
# of unsupported tests 30
=== libgomp tests ===
Running target unix
=== libgomp Summary for unix ===
# of expected passes 2524
# of unsupported tests 10
Running target unix/-m64
=== libgomp Summary for unix/-m64 ===
# of expected passes 2524
# of unsupported tests 10
=== libgomp Summary ===
# of expected passes 5048
# of unsupported tests 20
=== libjava tests ===
Running target unix
=== libjava Summary for unix ===
# of expected passes 2574
Running target unix/-m64
=== libjava Summary for unix/-m64 ===
# of expected passes 2574
=== libjava Summary ===
# of expected passes 5148
=== libstdc++ tests ===
Running target unix
=== libstdc++ Summary for unix ===
# of expected passes 7367
# of expected failures 82
# of unsupported tests 460
Running target unix/-m64
=== libstdc++ Summary for unix/-m64 ===
# of expected passes 7367
# of expected failures 82
# of unsupported tests 460
=== libstdc++ Summary ===
# of expected passes 14734
# of expected failures 164
# of unsupported tests 920
Compiler version: 4.6.1 20110415 (prerelease) [gcc-4_6-branch revision 172508] (GCC)
Platform: sparc-sun-solaris2.10
configure flags: --prefix=/vol/gcc --target=sparc-sun-solaris2.10 --with-as=/vol/gcc/bin/gas-2.21 --with-gnu-as --with-gmp=/vol/gcc --with-mpfr=/vol/gcc --with-mpc=/vol/gcc --enable-languages=all,ada --without-ppl --without-cloog
BOOT_CFLAGS=-g -O2
More information about the Gcc-testresults
mailing list