Results for 4.6.1 20110415 (prerelease) [gcc-4_6-branch revision 172508] (GCC) testsuite on i386-pc-solaris2.10
Rainer Orth
ro@CeBiTec.Uni-Bielefeld.DE
Mon Apr 18 10:03:00 GMT 2011
LAST_UPDATED: Fri Apr 15 18:42:13 UTC 2011 (revision 172508)
=== acats tests ===
=== acats Summary ===
# of expected passes 2321
# of unexpected failures 0
Native configuration is i386-pc-solaris2.10
=== g++ tests ===
Running target unix
FAIL: g++.dg/lto/20091219 cp_lto_20091219_0.o-cp_lto_20091219_0.o link, -O3 -flto
UNRESOLVED: g++.dg/lto/20091219 cp_lto_20091219_0.o-cp_lto_20091219_0.o execute -O3 -flto
=== g++ Summary for unix ===
# of expected passes 26678
# of unexpected failures 1
# of expected failures 162
# of unresolved testcases 1
# of unsupported tests 191
Running target unix/-m64
FAIL: g++.dg/lto/20091219 cp_lto_20091219_0.o-cp_lto_20091219_0.o link, -O3 -flto
UNRESOLVED: g++.dg/lto/20091219 cp_lto_20091219_0.o-cp_lto_20091219_0.o execute -O3 -flto
=== g++ Summary for unix/-m64 ===
# of expected passes 26910
# of unexpected failures 1
# of expected failures 162
# of unresolved testcases 1
# of unsupported tests 390
=== g++ Summary ===
# of expected passes 53588
# of unexpected failures 2
# of expected failures 324
# of unresolved testcases 2
# of unsupported tests 581
/var/gcc/regression/gcc-4.6-branch/10-gcc/build/gcc/testsuite/g++/../../g++ version 4.6.1 20110415 (prerelease) [gcc-4_6-branch revision 172508] (GCC)
=== gcc tests ===
Running target unix
FAIL: gcc.dg/lto/20110201-1 c_lto_20110201-1_0.o-c_lto_20110201-1_0.o link, -O0 -flto
UNRESOLVED: gcc.dg/lto/20110201-1 c_lto_20110201-1_0.o-c_lto_20110201-1_0.o execute -O0 -flto
=== gcc Summary for unix ===
# of expected passes 74595
# of unexpected failures 1
# of expected failures 213
# of unresolved testcases 1
# of unsupported tests 1269
Running target unix/-m64
UNRESOLVED: gcc.c-torture/execute/960321-1.c execution, -O1
UNRESOLVED: gcc.c-torture/execute/960321-1.c execution, -O2
UNRESOLVED: gcc.c-torture/execute/960321-1.c execution, -O3 -fomit-frame-pointer
UNRESOLVED: gcc.c-torture/execute/960321-1.c execution, -O3 -g
UNRESOLVED: gcc.c-torture/execute/960321-1.c execution, -Os
UNRESOLVED: gcc.c-torture/execute/960321-1.c execution, -O2 -flto -flto-partition=none
UNRESOLVED: gcc.c-torture/execute/960321-1.c execution, -O2 -flto
=== gcc Summary for unix/-m64 ===
# of expected passes 74579
# of expected failures 219
# of unresolved testcases 7
# of unsupported tests 1695
=== gcc Summary ===
# of expected passes 149174
# of unexpected failures 1
# of expected failures 432
# of unresolved testcases 8
# of unsupported tests 2964
/var/gcc/regression/gcc-4.6-branch/10-gcc/build/gcc/xgcc version 4.6.1 20110415 (prerelease) [gcc-4_6-branch revision 172508] (GCC)
=== gfortran tests ===
Running target unix
=== gfortran Summary for unix ===
# of expected passes 38215
# of expected failures 41
# of unsupported tests 228
Running target unix/-m64
=== gfortran Summary for unix/-m64 ===
# of expected passes 38512
# of expected failures 41
# of unsupported tests 88
=== gfortran Summary ===
# of expected passes 76727
# of expected failures 82
# of unsupported tests 316
/var/gcc/regression/gcc-4.6-branch/10-gcc/build/gcc/testsuite/gfortran/../../gfortran version 4.6.1 20110415 (prerelease) [gcc-4_6-branch revision 172508] (GCC)
=== gnat tests ===
Running target unix
=== gnat Summary for unix ===
# of expected passes 866
# of expected failures 10
# of unsupported tests 3
Running target unix/-m64
=== gnat Summary for unix/-m64 ===
# of expected passes 866
# of expected failures 10
# of unsupported tests 3
=== gnat Summary ===
# of expected passes 1732
# of expected failures 20
# of unsupported tests 6
/var/gcc/regression/gcc-4.6-branch/10-gcc/build/gcc/gnatmake version 4.6.1 20110415 (prerelease) [gcc-4_6-branch revision 172508]
=== objc tests ===
Running target unix
=== objc Summary for unix ===
# of expected passes 2918
# of expected failures 6
# of unsupported tests 74
Running target unix/-m64
=== objc Summary for unix/-m64 ===
# of expected passes 2908
# of expected failures 16
# of unsupported tests 74
=== objc Summary ===
# of expected passes 5826
# of expected failures 22
# of unsupported tests 148
/var/gcc/regression/gcc-4.6-branch/10-gcc/build/gcc/xgcc version 4.6.1 20110415 (prerelease) [gcc-4_6-branch revision 172508] (GCC)
=== libffi tests ===
Running target unix
=== libffi Summary for unix ===
# of expected passes 1634
# of expected failures 10
# of unsupported tests 15
Running target unix/-m64
=== libffi Summary for unix/-m64 ===
# of expected passes 1634
# of expected failures 10
# of unsupported tests 15
=== libffi Summary ===
# of expected passes 3268
# of expected failures 20
# of unsupported tests 30
=== libgomp tests ===
Running target unix
=== libgomp Summary for unix ===
# of expected passes 2538
# of unsupported tests 3
Running target unix/-m64
FAIL: libgomp.c/atomic-2.c (test for excess errors)
WARNING: libgomp.c/atomic-2.c compilation failed to produce executable
FAIL: libgomp.c/atomic-5.c (test for excess errors)
WARNING: libgomp.c/atomic-5.c compilation failed to produce executable
=== libgomp Summary for unix/-m64 ===
# of expected passes 2534
# of unexpected failures 2
# of unsupported tests 3
=== libgomp Summary ===
# of expected passes 5072
# of unexpected failures 2
# of unsupported tests 6
=== libjava tests ===
Running target unix
=== libjava Summary for unix ===
# of expected passes 2574
Running target unix/-m64
=== libjava Summary for unix/-m64 ===
# of expected passes 2574
=== libjava Summary ===
# of expected passes 5148
=== libstdc++ tests ===
Running target unix
=== libstdc++ Summary for unix ===
# of expected passes 7365
# of expected failures 84
# of unsupported tests 460
Running target unix/-m64
FAIL: 22_locale/num_put/put/char/14220.cc execution test
FAIL: 22_locale/num_put/put/wchar_t/14220.cc execution test
=== libstdc++ Summary for unix/-m64 ===
# of expected passes 7365
# of unexpected failures 2
# of expected failures 82
# of unsupported tests 460
=== libstdc++ Summary ===
# of expected passes 14730
# of unexpected failures 2
# of expected failures 166
# of unsupported tests 920
Compiler version: 4.6.1 20110415 (prerelease) [gcc-4_6-branch revision 172508] (GCC)
Platform: i386-pc-solaris2.10
configure flags: --prefix=/vol/gcc --target=i386-pc-solaris2.10 --with-gmp=/vol/gcc --with-mpfr=/vol/gcc --with-mpc=/vol/gcc --enable-languages=all,ada --without-ppl --without-cloog
BOOT_CFLAGS=-g -O2
More information about the Gcc-testresults
mailing list