Results for 4.7.0 20110409 (experimental) [trunk revision 172225] (Debian 20110409-1) testsuite on ia64-unknown-linux-gnu
Matthias Klose
doko@debian.org
Mon Apr 11 17:54:00 GMT 2011
LAST_UPDATED: Sat Apr 9 14:31:14 UTC 2011 (revision 172225)
Target: ia64-linux-gnu
gcc version 4.7.0 20110409 (experimental) [trunk revision 172225] (Debian 20110409-1)
=== acats tests ===
FAIL: cb1010a
FAIL: cb1010c
FAIL: cb1010d
=== acats Summary ===
# of expected passes 2318
# of unexpected failures 3
Native configuration is ia64-unknown-linux-gnu
=== g++ tests ===
Running target unix
FAIL: g++.dg/inherit/covariant7.C scan-tree-dump class "48 .*c6::_ZTcv0_n32_v0_n24_NV2c62f2Ev"
FAIL: g++.dg/inherit/covariant7.C scan-tree-dump class "56 .*c6::f2"
FAIL: g++.dg/inherit/covariant7.C scan-tree-dump class "168 .*c6::_ZTv0_n32_NV2c62f2Ev"
UNRESOLVED: attribute_plugin.c compilation, -I. -I/build/buildd-gcc-snapshot_20110409-1-ia64-f0iMdR/gcc-snapshot-20110409/src/gcc/testsuite -I/build/buildd-gcc-snapshot_20110409-1-ia64-f0iMdR/gcc-snapshot-20110409/src/gcc/testsuite/../../gcc -I/build/buildd-gcc-snapshot_20110409-1-ia64-f0iMdR/gcc-snapshot-20110409/build/gcc/testsuite/g++/../../../gcc -I/build/buildd-gcc-snapshot_20110409-1-ia64-f0iMdR/gcc-snapshot-20110409/src/gcc/testsuite/../../include -I/build/buildd-gcc-snapshot_20110409-1-ia64-f0iMdR/gcc-snapshot-20110409/src/gcc/testsuite/../../libcpp/include -I/build/buildd-gcc-snapshot_20110409-1-ia64-f0iMdR/gcc-snapshot-20110409/build/gcc/testsuite/g++/../../../intl -DIN_GCC -fPIC -shared
UNRESOLVED: pragma_plugin.c compilation, -I. -I/build/buildd-gcc-snapshot_20110409-1-ia64-f0iMdR/gcc-snapshot-20110409/src/gcc/testsuite -I/build/buildd-gcc-snapshot_20110409-1-ia64-f0iMdR/gcc-snapshot-20110409/src/gcc/testsuite/../../gcc -I/build/buildd-gcc-snapshot_20110409-1-ia64-f0iMdR/gcc-snapshot-20110409/build/gcc/testsuite/g++/../../../gcc -I/build/buildd-gcc-snapshot_20110409-1-ia64-f0iMdR/gcc-snapshot-20110409/src/gcc/testsuite/../../include -I/build/buildd-gcc-snapshot_20110409-1-ia64-f0iMdR/gcc-snapshot-20110409/src/gcc/testsuite/../../libcpp/include -I/build/buildd-gcc-snapshot_20110409-1-ia64-f0iMdR/gcc-snapshot-20110409/build/gcc/testsuite/g++/../../../intl -DIN_GCC -fPIC -shared
UNRESOLVED: selfassign.c compilation, -I. -I/build/buildd-gcc-snapshot_20110409-1-ia64-f0iMdR/gcc-snapshot-20110409/src/gcc/testsuite -I/build/buildd-gcc-snapshot_20110409-1-ia64-f0iMdR/gcc-snapshot-20110409/src/gcc/testsuite/../../gcc -I/build/buildd-gcc-snapshot_20110409-1-ia64-f0iMdR/gcc-snapshot-20110409/build/gcc/testsuite/g++/../../../gcc -I/build/buildd-gcc-snapshot_20110409-1-ia64-f0iMdR/gcc-snapshot-20110409/src/gcc/testsuite/../../include -I/build/buildd-gcc-snapshot_20110409-1-ia64-f0iMdR/gcc-snapshot-20110409/src/gcc/testsuite/../../libcpp/include -I/build/buildd-gcc-snapshot_20110409-1-ia64-f0iMdR/gcc-snapshot-20110409/build/gcc/testsuite/g++/../../../intl -O -DIN_GCC -fPIC -shared
UNRESOLVED: dumb_plugin.c compilation, -I. -I/build/buildd-gcc-snapshot_20110409-1-ia64-f0iMdR/gcc-snapshot-20110409/src/gcc/testsuite -I/build/buildd-gcc-snapshot_20110409-1-ia64-f0iMdR/gcc-snapshot-20110409/src/gcc/testsuite/../../gcc -I/build/buildd-gcc-snapshot_20110409-1-ia64-f0iMdR/gcc-snapshot-20110409/build/gcc/testsuite/g++/../../../gcc -I/build/buildd-gcc-snapshot_20110409-1-ia64-f0iMdR/gcc-snapshot-20110409/src/gcc/testsuite/../../include -I/build/buildd-gcc-snapshot_20110409-1-ia64-f0iMdR/gcc-snapshot-20110409/src/gcc/testsuite/../../libcpp/include -I/build/buildd-gcc-snapshot_20110409-1-ia64-f0iMdR/gcc-snapshot-20110409/build/gcc/testsuite/g++/../../../intl -DIN_GCC -fPIC -shared
UNRESOLVED: header_plugin.c compilation, -I. -I/build/buildd-gcc-snapshot_20110409-1-ia64-f0iMdR/gcc-snapshot-20110409/src/gcc/testsuite -I/build/buildd-gcc-snapshot_20110409-1-ia64-f0iMdR/gcc-snapshot-20110409/src/gcc/testsuite/../../gcc -I/build/buildd-gcc-snapshot_20110409-1-ia64-f0iMdR/gcc-snapshot-20110409/build/gcc/testsuite/g++/../../../gcc -I/build/buildd-gcc-snapshot_20110409-1-ia64-f0iMdR/gcc-snapshot-20110409/src/gcc/testsuite/../../include -I/build/buildd-gcc-snapshot_20110409-1-ia64-f0iMdR/gcc-snapshot-20110409/src/gcc/testsuite/../../libcpp/include -I/build/buildd-gcc-snapshot_20110409-1-ia64-f0iMdR/gcc-snapshot-20110409/build/gcc/testsuite/g++/../../../intl -DIN_GCC -fPIC -shared
=== g++ Summary ===
# of expected passes 25850
# of unexpected failures 3
# of expected failures 164
# of unresolved testcases 5
# of unsupported tests 395
/build/buildd-gcc-snapshot_20110409-1-ia64-f0iMdR/gcc-snapshot-20110409/build/gcc/testsuite/g++/../../g++ version 4.7.0 20110409 (experimental) [trunk revision 172225] (Debian 20110409-1)
=== gcc tests ===
Running target unix
FAIL: gcc.dg/cproj-fails-with-broken-glibc.c execution test
FAIL: gcc.dg/pr42389.c (internal compiler error)
FAIL: gcc.dg/pr42389.c (test for excess errors)
FAIL: gcc.dg/pr45055.c (internal compiler error)
FAIL: gcc.dg/pr45055.c (test for excess errors)
FAIL: gcc.dg/pr48235.c (test for excess errors)
FAIL: gcc.dg/lto/20110201-1 c_lto_20110201-1_0.o-c_lto_20110201-1_0.o link, -O0 -flto
UNRESOLVED: gcc.dg/lto/20110201-1 c_lto_20110201-1_0.o-c_lto_20110201-1_0.o execute -O0 -flto
UNRESOLVED: selfassign.c compilation, -I. -I/build/buildd-gcc-snapshot_20110409-1-ia64-f0iMdR/gcc-snapshot-20110409/src/gcc/testsuite -I/build/buildd-gcc-snapshot_20110409-1-ia64-f0iMdR/gcc-snapshot-20110409/src/gcc/testsuite/../../gcc -I/build/buildd-gcc-snapshot_20110409-1-ia64-f0iMdR/gcc-snapshot-20110409/build/gcc/testsuite/gcc/../../../gcc -I/build/buildd-gcc-snapshot_20110409-1-ia64-f0iMdR/gcc-snapshot-20110409/src/gcc/testsuite/../../include -I/build/buildd-gcc-snapshot_20110409-1-ia64-f0iMdR/gcc-snapshot-20110409/src/gcc/testsuite/../../libcpp/include -I/build/buildd-gcc-snapshot_20110409-1-ia64-f0iMdR/gcc-snapshot-20110409/build/gcc/testsuite/gcc/../../../intl -O -DIN_GCC -fPIC -shared
UNRESOLVED: ggcplug.c compilation, -I. -I/build/buildd-gcc-snapshot_20110409-1-ia64-f0iMdR/gcc-snapshot-20110409/src/gcc/testsuite -I/build/buildd-gcc-snapshot_20110409-1-ia64-f0iMdR/gcc-snapshot-20110409/src/gcc/testsuite/../../gcc -I/build/buildd-gcc-snapshot_20110409-1-ia64-f0iMdR/gcc-snapshot-20110409/build/gcc/testsuite/gcc/../../../gcc -I/build/buildd-gcc-snapshot_20110409-1-ia64-f0iMdR/gcc-snapshot-20110409/src/gcc/testsuite/../../include -I/build/buildd-gcc-snapshot_20110409-1-ia64-f0iMdR/gcc-snapshot-20110409/src/gcc/testsuite/../../libcpp/include -I/build/buildd-gcc-snapshot_20110409-1-ia64-f0iMdR/gcc-snapshot-20110409/build/gcc/testsuite/gcc/../../../intl -O -DIN_GCC -fPIC -shared
UNRESOLVED: one_time_plugin.c compilation, -I. -I/build/buildd-gcc-snapshot_20110409-1-ia64-f0iMdR/gcc-snapshot-20110409/src/gcc/testsuite -I/build/buildd-gcc-snapshot_20110409-1-ia64-f0iMdR/gcc-snapshot-20110409/src/gcc/testsuite/../../gcc -I/build/buildd-gcc-snapshot_20110409-1-ia64-f0iMdR/gcc-snapshot-20110409/build/gcc/testsuite/gcc/../../../gcc -I/build/buildd-gcc-snapshot_20110409-1-ia64-f0iMdR/gcc-snapshot-20110409/src/gcc/testsuite/../../include -I/build/buildd-gcc-snapshot_20110409-1-ia64-f0iMdR/gcc-snapshot-20110409/src/gcc/testsuite/../../libcpp/include -I/build/buildd-gcc-snapshot_20110409-1-ia64-f0iMdR/gcc-snapshot-20110409/build/gcc/testsuite/gcc/../../../intl -DIN_GCC -fPIC -shared
UNRESOLVED: start_unit_plugin.c compilation, -I. -I/build/buildd-gcc-snapshot_20110409-1-ia64-f0iMdR/gcc-snapshot-20110409/src/gcc/testsuite -I/build/buildd-gcc-snapshot_20110409-1-ia64-f0iMdR/gcc-snapshot-20110409/src/gcc/testsuite/../../gcc -I/build/buildd-gcc-snapshot_20110409-1-ia64-f0iMdR/gcc-snapshot-20110409/build/gcc/testsuite/gcc/../../../gcc -I/build/buildd-gcc-snapshot_20110409-1-ia64-f0iMdR/gcc-snapshot-20110409/src/gcc/testsuite/../../include -I/build/buildd-gcc-snapshot_20110409-1-ia64-f0iMdR/gcc-snapshot-20110409/src/gcc/testsuite/../../libcpp/include -I/build/buildd-gcc-snapshot_20110409-1-ia64-f0iMdR/gcc-snapshot-20110409/build/gcc/testsuite/gcc/../../../intl -DIN_GCC -fPIC -shared
UNRESOLVED: finish_unit_plugin.c compilation, -I. -I/build/buildd-gcc-snapshot_20110409-1-ia64-f0iMdR/gcc-snapshot-20110409/src/gcc/testsuite -I/build/buildd-gcc-snapshot_20110409-1-ia64-f0iMdR/gcc-snapshot-20110409/src/gcc/testsuite/../../gcc -I/build/buildd-gcc-snapshot_20110409-1-ia64-f0iMdR/gcc-snapshot-20110409/build/gcc/testsuite/gcc/../../../gcc -I/build/buildd-gcc-snapshot_20110409-1-ia64-f0iMdR/gcc-snapshot-20110409/src/gcc/testsuite/../../include -I/build/buildd-gcc-snapshot_20110409-1-ia64-f0iMdR/gcc-snapshot-20110409/src/gcc/testsuite/../../libcpp/include -I/build/buildd-gcc-snapshot_20110409-1-ia64-f0iMdR/gcc-snapshot-20110409/build/gcc/testsuite/gcc/../../../intl -DIN_GCC -fPIC -shared
XPASS: gcc.dg/tree-ssa/20040204-1.c scan-tree-dump-times optimized "link_error" 0
XPASS: gcc.dg/tree-ssa/loop-1.c scan-assembler-times foo 5
XPASS: gcc.dg/vect/pr33953.c scan-tree-dump-times vect "vectorized 1 loops" 1
XPASS: gcc.dg/vect/pr33953.c scan-tree-dump-times vect "vectorizing stmts using SLP" 1
FAIL: gcc.dg/vect/pr38529.c scan-tree-dump-times vect "OUTER LOOP VECTORIZED" 1
XPASS: gcc.dg/vect/vect-35.c scan-tree-dump-times vect "vectorized 2 loops" 1
XPASS: gcc.dg/vect/vect-outer-5.c scan-tree-dump-times vect "zero step in outer loop." 1
XPASS: gcc.dg/vect/slp-3.c scan-tree-dump-times vect "vectorized 3 loops" 1
XPASS: gcc.dg/vect/slp-3.c scan-tree-dump-times vect "vectorizing stmts using SLP" 3
XPASS: gcc.dg/vect/no-vfa-pr29145.c scan-tree-dump-times vect "vectorized 0 loops" 2
XPASS: gcc.dg/vect/no-vfa-pr29145.c scan-tree-dump-times vect "vectorized 1 loops" 1
XPASS: gcc.dg/vect/no-scevccp-outer-21.c scan-tree-dump-times vect "OUTER LOOP VECTORIZED." 1
XPASS: gcc.dg/vect/if-cvt-stores-vect-ifcvt-18.c scan-tree-dump-times vect "vectorized 1 loops" 1
=== gcc Summary ===
# of expected passes 69827
# of unexpected failures 8
# of unexpected successes 12
# of expected failures 221
# of unresolved testcases 6
# of unsupported tests 918
/build/buildd-gcc-snapshot_20110409-1-ia64-f0iMdR/gcc-snapshot-20110409/build/gcc/xgcc version 4.7.0 20110409 (experimental) [trunk revision 172225] (Debian 20110409-1)
=== gfortran tests ===
Running target unix
=== gfortran Summary ===
# of expected passes 38673
# of expected failures 61
# of unsupported tests 71
/build/buildd-gcc-snapshot_20110409-1-ia64-f0iMdR/gcc-snapshot-20110409/build/gcc/testsuite/gfortran/../../gfortran version 4.7.0 20110409 (experimental) [trunk revision 172225] (Debian 20110409-1)
=== gnat tests ===
Running target unix
FAIL: gnat.dg/stack_check1.adb execution test
FAIL: gnat.dg/stack_check2.adb execution test
=== gnat Summary ===
# of expected passes 885
# of unexpected failures 2
# of expected failures 11
# of unsupported tests 3
/build/buildd-gcc-snapshot_20110409-1-ia64-f0iMdR/gcc-snapshot-20110409/build/gcc/gnatmake version 4.7.0 20110409 (experimental) [trunk revision 172225]
=== obj-c++ tests ===
Running target unix
=== obj-c++ Summary ===
# of expected passes 1378
# of expected failures 10
# of unsupported tests 86
/build/buildd-gcc-snapshot_20110409-1-ia64-f0iMdR/gcc-snapshot-20110409/build/gcc/testsuite/obj-c++/../../g++ version 4.7.0 20110409 (experimental) [trunk revision 172225] (Debian 20110409-1)
=== objc tests ===
Running target unix
=== objc Summary ===
# of expected passes 2912
# of expected failures 10
# of unsupported tests 75
/build/buildd-gcc-snapshot_20110409-1-ia64-f0iMdR/gcc-snapshot-20110409/build/gcc/xgcc version 4.7.0 20110409 (experimental) [trunk revision 172225] (Debian 20110409-1)
=== boehm-gc tests ===
Running target unix
FAIL: boehm-gc.c/thread_leak_test.c -O2 (test for excess errors)
=== boehm-gc Summary ===
# of expected passes 11
# of unexpected failures 1
# of unsupported tests 1
=== libgomp tests ===
Running target unix
=== libgomp Summary ===
# of expected passes 2588
=== libmudflap tests ===
Running target unix
=== libmudflap Summary ===
# of expected passes 1894
=== libstdc++ tests ===
Running target unix
FAIL: 22_locale/time_get/get_date/wchar_t/4.cc execution test
=== libstdc++ Summary ===
# of expected passes 8060
# of unexpected failures 1
# of expected failures 81
# of unsupported tests 127
Compiler version: 4.7.0 20110409 (experimental) [trunk revision 172225] (Debian 20110409-1)
Platform: ia64-unknown-linux-gnu
configure flags: -v --with-pkgversion='Debian 20110409-1' --with-bugurl=file:///usr/share/doc/gcc-snapshot/README.Bugs --enable-languages=c,ada,c++,fortran,objc,obj-c++ --prefix=/usr/lib/gcc-snapshot --enable-shared --enable-multiarch --with-multiarch-defaults=ia64-linux-gnu --enable-linker-build-id --with-system-zlib --disable-nls --enable-clocale=gnu --enable-libstdcxx-debug --enable-libstdcxx-time=yes --disable-libssp --enable-plugin --enable-objc-gc --with-system-libunwind --disable-werror --enable-checking=yes --build=ia64-linux-gnu --host=ia64-linux-gnu --target=ia64-linux-gnu
BOOT_CFLAGS=
Build Dependencies:
Desired=Unknown/Install/Remove/Purge/Hold
| Status=Not/Inst/Conf-files/Unpacked/halF-conf/Half-inst/trig-aWait/Trig-pend
|/ Err?=(none)/Reinst-required (Status,Err: uppercase=bad)
||/ Name Version Description
+++-===============================-========================-========================================================================
ii binutils 2.21.0.20110327-2 The GNU assembler, linker and binary utilities
ii g++-4.4 4.4.5-15 The GNU C++ compiler
ii libc6.1 2.11.2-13 Embedded GNU C Library: Shared libraries
ii libcloog-ppl-dev 0.15.9-3 the Chunky Loop Generator (development files)
ii libmpc-dev 0.9-2 multiple precision complex floating-point library development package
ii libmpfr-dev 3.0.0-9 multiple precision floating-point computation developers tools
libjava-disable-static:
Disable building the static libjava.
libjava-fixed-symlinks:
Remove unneed '..' elements from symlinks in JAVA_HOME
libstdc++-arm-wno-abi:
Temporary work around:
On arm-linux-gnueabi run the libstdc++v3 testsuite with -Wno-abi
ada-mips:
Improve support for mips.
libffi-ro-eh_frame_sect:
PR libffi/47248, force a read only eh frame section.
arm-unbreak-eabi-armv4t:
Fix armv4t build on ARM
gcc-multiarch:
Add multiarch support to GCC.
Convert the multilib option to a target triplet,
add multiarch include directories and libraries path:
/usr/local/include/<arch>-linux-gnu
/usr/include/<arch>-linux-gnu
/usr/lib/<arch>-linux-gnu
to the system paths.
mips-triarch:
Build a tri-arch compiler on mips-linux-gnu.
http://gcc.gnu.org/ml/gcc-patches/2009-03/msg01047.html
libjava-nobiarch-check:
For biarch builds, disable the testsuite for the non-default architecture
for runtime libraries, which are not built by default (libjava).
config-ml:
disable some biarch libraries for biarch builds
s390-biarch:
Build a bi-arch compiler on s390-linux-gnu.
http://gcc.gnu.org/ml/gcc-patches/2009-03/msg01044.html
gcc-powerpc-nof:
Don't build nof multlib on powerpc.
gcc-powerpc-undef:
Undefine LINK_EH_SPEC before redefining it
http://gcc.gnu.org/ml/gcc-patches/2011-02/msg01082.html
gcc-no-add-needed:
On linux targets pass --no-add-needed to the linker.
mips-fix-loongson2f-nop:
On mips, pass -mfix-loongson2f-nop to as, if -mno-fix-loongson2f-nop
is not passed.
gcc-system-root:
Avoid include paths starting with a double slash
libgomp-kfreebsd-testsuite:
Disable lock-2.c test on kfreebsd-*
Counting all warnings,
there are 0 warnings in stage3 of this bootstrap.
Number of warnings per file:
Number of warning types:
More information about the Gcc-testresults
mailing list