Results for 4.7.0 20110408 (experimental) [trunk revision 172183] (GCC) testsuite on i386-pc-solaris2.10
Rainer Orth
ro@CeBiTec.Uni-Bielefeld.DE
Mon Apr 11 10:17:00 GMT 2011
LAST_UPDATED: Fri Apr 8 14:08:46 UTC 2011 (revision 172183)
=== acats tests ===
=== acats Summary ===
# of expected passes 2321
# of unexpected failures 0
Native configuration is i386-pc-solaris2.10
=== g++ tests ===
Running target unix
FAIL: g++.dg/lto/20091219 cp_lto_20091219_0.o-cp_lto_20091219_0.o link, -O3 -flto
UNRESOLVED: g++.dg/lto/20091219 cp_lto_20091219_0.o-cp_lto_20091219_0.o execute -O3 -flto
=== g++ Summary for unix ===
# of expected passes 26720
# of unexpected failures 1
# of expected failures 165
# of unresolved testcases 1
# of unsupported tests 193
Running target unix/-m64
FAIL: g++.dg/lto/20091219 cp_lto_20091219_0.o-cp_lto_20091219_0.o link, -O3 -flto
UNRESOLVED: g++.dg/lto/20091219 cp_lto_20091219_0.o-cp_lto_20091219_0.o execute -O3 -flto
=== g++ Summary for unix/-m64 ===
# of expected passes 26952
# of unexpected failures 1
# of expected failures 165
# of unresolved testcases 1
# of unsupported tests 392
=== g++ Summary ===
# of expected passes 53672
# of unexpected failures 2
# of expected failures 330
# of unresolved testcases 2
# of unsupported tests 585
/var/gcc/regression/trunk/10-gcc/build/gcc/testsuite/g++/../../g++ version 4.7.0 20110408 (experimental) [trunk revision 172183] (GCC)
=== gcc tests ===
Running target unix
FAIL: gcc.dg/vect/pr38529.c scan-tree-dump-times vect "OUTER LOOP VECTORIZED" 1
=== gcc Summary for unix ===
# of expected passes 74899
# of unexpected failures 1
# of expected failures 187
# of unsupported tests 1294
Running target unix/-m64
UNRESOLVED: gcc.c-torture/execute/960321-1.c execution, -O1
UNRESOLVED: gcc.c-torture/execute/960321-1.c execution, -O2
UNRESOLVED: gcc.c-torture/execute/960321-1.c execution, -O3 -fomit-frame-pointer
UNRESOLVED: gcc.c-torture/execute/960321-1.c execution, -O3 -g
UNRESOLVED: gcc.c-torture/execute/960321-1.c execution, -Os
UNRESOLVED: gcc.c-torture/execute/960321-1.c execution, -O2 -flto -flto-partition=none
UNRESOLVED: gcc.c-torture/execute/960321-1.c execution, -O2 -flto
FAIL: gcc.dg/vect/pr38529.c scan-tree-dump-times vect "OUTER LOOP VECTORIZED" 1
=== gcc Summary for unix/-m64 ===
# of expected passes 74950
# of unexpected failures 1
# of expected failures 194
# of unresolved testcases 7
# of unsupported tests 1711
=== gcc Summary ===
# of expected passes 149849
# of unexpected failures 2
# of expected failures 381
# of unresolved testcases 7
# of unsupported tests 3005
/var/gcc/regression/trunk/10-gcc/build/gcc/xgcc version 4.7.0 20110408 (experimental) [trunk revision 172183] (GCC)
=== gfortran tests ===
Running target unix
FAIL: gfortran.dg/cray_pointers_8.f90 -O2 execution test
FAIL: gfortran.dg/cray_pointers_8.f90 -O3 -fomit-frame-pointer execution test
FAIL: gfortran.dg/cray_pointers_8.f90 -O3 -fomit-frame-pointer -funroll-loops execution test
FAIL: gfortran.dg/cray_pointers_8.f90 -O3 -fomit-frame-pointer -funroll-all-loops -finline-functions execution test
FAIL: gfortran.dg/cray_pointers_8.f90 -O3 -g execution test
FAIL: gfortran.dg/cray_pointers_8.f90 -Os execution test
=== gfortran Summary for unix ===
# of expected passes 38439
# of unexpected failures 6
# of expected failures 53
# of unsupported tests 228
Running target unix/-m64
=== gfortran Summary for unix/-m64 ===
# of expected passes 38740
# of expected failures 53
# of unsupported tests 90
=== gfortran Summary ===
# of expected passes 77179
# of unexpected failures 6
# of expected failures 106
# of unsupported tests 318
/var/gcc/regression/trunk/10-gcc/build/gcc/testsuite/gfortran/../../gfortran version 4.7.0 20110408 (experimental) [trunk revision 172183] (GCC)
=== gnat tests ===
Running target unix
=== gnat Summary for unix ===
# of expected passes 882
# of expected failures 11
# of unsupported tests 4
Running target unix/-m64
=== gnat Summary for unix/-m64 ===
# of expected passes 882
# of expected failures 11
# of unsupported tests 4
=== gnat Summary ===
# of expected passes 1764
# of expected failures 22
# of unsupported tests 8
/var/gcc/regression/trunk/10-gcc/build/gcc/gnatmake version 4.7.0 20110408 (experimental) [trunk revision 172183]
=== go tests ===
Running target unix
=== go Summary for unix ===
# of expected passes 2987
# of expected failures 23
Running target unix/-m64
=== go Summary for unix/-m64 ===
# of expected passes 2987
# of expected failures 23
=== go Summary ===
# of expected passes 5974
# of expected failures 46
/var/gcc/regression/trunk/10-gcc/build/gcc/testsuite/go/../../gccgo version 4.7.0 20110408 (experimental) [trunk revision 172183] (GCC)
=== objc tests ===
Running target unix
=== objc Summary for unix ===
# of expected passes 2918
# of expected failures 6
# of unsupported tests 74
Running target unix/-m64
=== objc Summary for unix/-m64 ===
# of expected passes 2908
# of expected failures 16
# of unsupported tests 74
=== objc Summary ===
# of expected passes 5826
# of expected failures 22
# of unsupported tests 148
/var/gcc/regression/trunk/10-gcc/build/gcc/xgcc version 4.7.0 20110408 (experimental) [trunk revision 172183] (GCC)
=== boehm-gc tests ===
Running target unix
=== boehm-gc Summary for unix ===
# of expected passes 12
# of unsupported tests 1
Running target unix/-m64
=== boehm-gc Summary for unix/-m64 ===
# of expected passes 12
# of unsupported tests 1
=== boehm-gc Summary ===
# of expected passes 24
# of unsupported tests 2
=== libffi tests ===
Running target unix
=== libffi Summary for unix ===
# of expected passes 1634
# of expected failures 10
# of unsupported tests 15
Running target unix/-m64
=== libffi Summary for unix/-m64 ===
# of expected passes 1634
# of expected failures 10
# of unsupported tests 15
=== libffi Summary ===
# of expected passes 3268
# of expected failures 20
# of unsupported tests 30
=== libgo tests ===
Running target unix
FAIL: fmt
FAIL: http
FAIL: os
FAIL: compress/flate
FAIL: crypto/rand
FAIL: http/cgi
# of expected passes 111
# of unexpected failures 6
# of untested testcases 2
/var/gcc/regression/trunk/10-gcc/build/./gcc/gccgo version 4.7.0 20110408 (experimental) [trunk revision 172183] (GCC)
=== libgomp tests ===
Running target unix
=== libgomp Summary for unix ===
# of expected passes 2584
# of unsupported tests 2
Running target unix/-m64
FAIL: libgomp.c/atomic-2.c (test for excess errors)
WARNING: libgomp.c/atomic-2.c compilation failed to produce executable
FAIL: libgomp.c/atomic-5.c (test for excess errors)
WARNING: libgomp.c/atomic-5.c compilation failed to produce executable
=== libgomp Summary for unix/-m64 ===
# of expected passes 2580
# of unexpected failures 2
# of unsupported tests 2
=== libgomp Summary ===
# of expected passes 5164
# of unexpected failures 2
# of unsupported tests 4
=== libjava tests ===
Running target unix
=== libjava Summary for unix ===
# of expected passes 2574
Running target unix/-m64
=== libjava Summary for unix/-m64 ===
# of expected passes 2574
=== libjava Summary ===
# of expected passes 5148
=== libstdc++ tests ===
Running target unix
=== libstdc++ Summary for unix ===
# of expected passes 7382
# of expected failures 84
# of unsupported tests 461
Running target unix/-m64
FAIL: 22_locale/num_put/put/char/14220.cc execution test
FAIL: 22_locale/num_put/put/wchar_t/14220.cc execution test
=== libstdc++ Summary for unix/-m64 ===
# of expected passes 7382
# of unexpected failures 2
# of expected failures 82
# of unsupported tests 461
=== libstdc++ Summary ===
# of expected passes 14764
# of unexpected failures 2
# of expected failures 166
# of unsupported tests 922
Compiler version: 4.7.0 20110408 (experimental) [trunk revision 172183] (GCC)
Platform: i386-pc-solaris2.10
configure flags: --prefix=/vol/gcc --target=i386-pc-solaris2.10 --with-host-libstdcxx='-Wl,-Bstatic -lstdc++ -Wl,-Bdynamic -lm' --with-boot-ldflags='-static-libstdc++ -static-libgcc -L/vol/gcc-4.4/lib' --with-gmp=/vol/gcc --with-mpfr=/vol/gcc --with-mpc=/vol/gcc --enable-languages=all,ada,go --with-ppl=/vol/gcc --with-cloog=/vol/gcc --enable-cloog-backend=ppl
BOOT_CFLAGS=-g -O2
More information about the Gcc-testresults
mailing list