Results for 4.7.0 20110407 (experimental) [trunk revision 172099] (GCC) testsuite on hppa64-hp-hpux11.11
John David Anglin
dave@hiauly3.hia.nrc.ca
Fri Apr 8 18:55:00 GMT 2011
Native configuration is hppa64-hp-hpux11.11
=== g++ tests ===
Running target unix
WARNING: program timed out.
=== g++ Summary ===
# of expected passes 24765
# of expected failures 166
# of unsupported tests 591
/test/gnu/gcc/objdir/gcc/testsuite/g++/../../g++ version 4.7.0 20110407 (experimental) [trunk revision 172099] (GCC)
=== gcc tests ===
Running target unix
WARNING: program timed out.
FAIL: gcc.dg/lto/20090116 c_lto_20090116_0.o-c_lto_20090116_0.o link, -O1 -flto -flto-partition=1to1 -fPIC (internal compiler error)
UNRESOLVED: gcc.dg/lto/20090116 c_lto_20090116_0.o-c_lto_20090116_0.o execute -O1 -flto -flto-partition=1to1 -fPIC
=== gcc Summary ===
# of expected passes 66489
# of unexpected failures 1
# of expected failures 114
# of unresolved testcases 1
# of unsupported tests 1251
/test/gnu/gcc/objdir/gcc/xgcc version 4.7.0 20110407 (experimental) [trunk revision 172099] (GCC)
=== gfortran tests ===
Running target unix
=== gfortran Summary ===
# of expected passes 37385
# of expected failures 41
# of unsupported tests 362
/test/gnu/gcc/objdir/gcc/testsuite/gfortran/../../gfortran version 4.7.0 20110407 (experimental) [trunk revision 172099] (GCC)
=== obj-c++ tests ===
Running target unix
=== obj-c++ Summary ===
# of expected passes 1378
# of expected failures 10
# of unsupported tests 86
/test/gnu/gcc/objdir/gcc/testsuite/obj-c++/../../g++ version 4.7.0 20110407 (experimental) [trunk revision 172099] (GCC)
=== objc tests ===
Running target unix
=== objc Summary ===
# of expected passes 2912
# of expected failures 10
# of unsupported tests 75
/test/gnu/gcc/objdir/gcc/xgcc version 4.7.0 20110407 (experimental) [trunk revision 172099] (GCC)
=== libgomp tests ===
Running target unix
=== libgomp Summary ===
# of expected passes 2524
# of unsupported tests 9
=== libstdc++ tests ===
Running target unix
=== libstdc++ Summary ===
# of expected passes 6852
# of expected failures 81
# of unsupported tests 741
Compiler version: 4.7.0 20110407 (experimental) [trunk revision 172099] (GCC)
Platform: hppa64-hp-hpux11.11
configure flags:Test Run By dave on Fri Apr 8 02:08:00 2011
More information about the Gcc-testresults
mailing list