Results for 4.6.1 20110329 (prerelease) (GCC) go testsuite on sparc-unknown-rtems4.11
Joel Sherrill
joel@rtems.org
Mon Apr 4 16:32:00 GMT 2011
Target is sparc-unknown-rtems4.11
Host is x86_64-unknown-linux-gnu
=== go tests ===
Running target rtems-sparc-sis
FAIL: go.test/test/chan/doubleselect.go execution, -O2 -g
FAIL: go.test/test/chan/powser1.go execution, -O2 -g
FAIL: go.test/test/chan/powser2.go execution, -O2 -g
FAIL: go.test/test/cmplxdivide.go
FAIL: go.test/test/fixedbugs/bug257.go execution, -O2 -g
FAIL: go.test/test/floatcmp.go execution, -O2 -g
WARNING: program timed out.
FAIL: go.test/test/ken/divconst.go execution, -O2 -g
WARNING: program timed out.
FAIL: go.test/test/ken/modconst.go execution, -O2 -g
FAIL: go.test/test/mallocrand.go execution, -O2 -g
FAIL: go.test/test/mallocrep.go execution, -O2 -g
FAIL: go.test/test/mallocrep1.go execution, -O2 -g
FAIL: arrayindex1.go -O2 -g (test for excess errors)
WARNING: arrayindex1.go -O2 -g compilation failed to produce executable
FAIL: arraytoslice.go -O2 -g (test for excess errors)
WARNING: arraytoslice.go -O2 -g compilation failed to produce executable
FAIL: arraytoslice1.go -O2 -g (test for excess errors)
WARNING: arraytoslice1.go -O2 -g compilation failed to produce executable
FAIL: arraytoslice2.go -O2 -g (test for excess errors)
WARNING: arraytoslice2.go -O2 -g compilation failed to produce executable
FAIL: slicearray.go -O2 -g (test for excess errors)
WARNING: slicearray.go -O2 -g compilation failed to produce executable
FAIL: structfield.go -O2 -g (test for excess errors)
WARNING: structfield.go -O2 -g compilation failed to produce executable
FAIL: structfield1.go -O2 -g (test for excess errors)
WARNING: structfield1.go -O2 -g compilation failed to produce executable
FAIL: structfield2.go -O2 -g (test for excess errors)
WARNING: structfield2.go -O2 -g compilation failed to produce executable
FAIL: structfieldaddr.go -O2 -g (test for excess errors)
WARNING: structfieldaddr.go -O2 -g compilation failed to produce executable
FAIL: go.test/test/recover2.go execution, -O2 -g
FAIL: go.test/test/recover3.go execution, -O2 -g
=== go Summary ===
# of expected passes 1683
# of unexpected failures 22
# of expected failures 15
# of untested testcases 5
/home2/joel/build/b-sparc-go/gcc/testsuite/go/../../gccgo version 4.6.1 20110329 (prerelease) (GCC)
Compiler version: 4.6.1 20110329 (prerelease) (GCC) go
Platform: sparc-unknown-rtems4.11
configure flags:@TOPLEVEL_CONFIGURE_ARGUMENTS@
More information about the Gcc-testresults
mailing list