Results for 4.7.0 20110329 (experimental) [trunk revision 171700] (GCC) testsuite on hppa64-hp-hpux11.00
John David Anglin
dave@hiauly2.hia.nrc.ca
Sun Apr 3 16:09:00 GMT 2011
Native configuration is hppa64-hp-hpux11.00
=== g++ tests ===
Running target unix
FAIL: g++.dg/warn/Wparentheses-14.C (internal compiler error)
FAIL: g++.dg/warn/Wparentheses-14.C (test for excess errors)
FAIL: g++.dg/warn/Wparentheses-16.C (internal compiler error)
FAIL: g++.dg/warn/Wparentheses-16.C (test for excess errors)
FAIL: g++.dg/warn/Wparentheses-2.C (internal compiler error)
FAIL: g++.dg/warn/Wparentheses-2.C (test for excess errors)
FAIL: g++.dg/warn/Wparentheses-25.C (internal compiler error)
FAIL: g++.dg/warn/Wparentheses-25.C (test for excess errors)
FAIL: g++.dg/warn/Wparentheses-7.C (internal compiler error)
FAIL: g++.dg/warn/Wparentheses-7.C (test for excess errors)
FAIL: g++.dg/gomp/atomic-11.C (internal compiler error)
FAIL: g++.dg/gomp/atomic-11.C (test for excess errors)
WARNING: program timed out.
FAIL: g++.dg/torture/pr40924.C -O0 (internal compiler error)
FAIL: g++.dg/torture/pr40924.C -O0 (test for excess errors)
WARNING: g++.dg/torture/pr40924.C -O0 compilation failed to produce executable
FAIL: g++.old-deja/g++.martin/bitset1.C (internal compiler error)
FAIL: g++.old-deja/g++.martin/bitset1.C (test for excess errors)
WARNING: g++.old-deja/g++.martin/bitset1.C compilation failed to produce executable
=== g++ Summary ===
# of expected passes 24746
# of unexpected failures 16
# of expected failures 166
# of unsupported tests 590
/home/gnu/gcc/objdir/gcc/testsuite/g++/../../g++ version 4.7.0 20110329 (experimental) [trunk revision 171700] (GCC)
=== gcc tests ===
Running target unix
FAIL: gcc.c-torture/compile/20010518-1.c -O0 (internal compiler error)
FAIL: gcc.c-torture/compile/20010518-1.c -O0 (test for excess errors)
FAIL: gcc.c-torture/compile/20011109-1.c -O0 (internal compiler error)
FAIL: gcc.c-torture/compile/20011109-1.c -O0 (test for excess errors)
FAIL: gcc.c-torture/compile/20031002-1.c -O0 (internal compiler error)
FAIL: gcc.c-torture/compile/20031002-1.c -O0 (test for excess errors)
FAIL: gcc.c-torture/compile/20031031-2.c -O0 (internal compiler error)
FAIL: gcc.c-torture/compile/20031031-2.c -O0 (test for excess errors)
FAIL: gcc.c-torture/compile/20051207-1.c -O0 (internal compiler error)
FAIL: gcc.c-torture/compile/20051207-1.c -O0 (test for excess errors)
FAIL: gcc.c-torture/compile/20060215-1.c -O0 (internal compiler error)
FAIL: gcc.c-torture/compile/20060215-1.c -O0 (test for excess errors)
FAIL: gcc.c-torture/compile/20071114-1.c -O0 (internal compiler error)
FAIL: gcc.c-torture/compile/20071114-1.c -O0 (test for excess errors)
FAIL: gcc.c-torture/compile/20090721-1.c -O0 (internal compiler error)
FAIL: gcc.c-torture/compile/20090721-1.c -O0 (test for excess errors)
FAIL: gcc.c-torture/compile/920413-1.c -O0 (internal compiler error)
FAIL: gcc.c-torture/compile/920413-1.c -O0 (test for excess errors)
FAIL: gcc.c-torture/compile/920428-2.c -O0 (internal compiler error)
FAIL: gcc.c-torture/compile/920428-2.c -O0 (test for excess errors)
FAIL: gcc.c-torture/compile/920909-1.c -O0 (internal compiler error)
FAIL: gcc.c-torture/compile/920909-1.c -O0 (test for excess errors)
FAIL: gcc.c-torture/compile/920928-2.c -O0 (internal compiler error)
FAIL: gcc.c-torture/compile/920928-2.c -O0 (test for excess errors)
FAIL: gcc.c-torture/compile/921202-2.c -O0 (internal compiler error)
FAIL: gcc.c-torture/compile/921202-2.c -O0 (test for excess errors)
FAIL: gcc.c-torture/compile/930109-2.c -O0 (internal compiler error)
FAIL: gcc.c-torture/compile/930109-2.c -O0 (test for excess errors)
FAIL: gcc.c-torture/compile/930523-1.c -O0 (internal compiler error)
FAIL: gcc.c-torture/compile/930523-1.c -O0 (test for excess errors)
FAIL: gcc.c-torture/compile/941014-2.c -O0 (internal compiler error)
FAIL: gcc.c-torture/compile/941014-2.c -O0 (test for excess errors)
FAIL: gcc.c-torture/compile/950612-1.c -O0 (internal compiler error)
FAIL: gcc.c-torture/compile/950612-1.c -O0 (test for excess errors)
FAIL: gcc.c-torture/compile/950729-1.c -O0 (internal compiler error)
FAIL: gcc.c-torture/compile/950729-1.c -O0 (test for excess errors)
FAIL: gcc.c-torture/compile/981006-1.c -O0 (internal compiler error)
FAIL: gcc.c-torture/compile/981006-1.c -O0 (test for excess errors)
FAIL: gcc.c-torture/compile/991213-2.c -O0 (internal compiler error)
FAIL: gcc.c-torture/compile/991213-2.c -O0 (test for excess errors)
FAIL: gcc.c-torture/compile/991229-1.c -O0 (internal compiler error)
FAIL: gcc.c-torture/compile/991229-1.c -O0 (test for excess errors)
WARNING: program timed out.
FAIL: gcc.c-torture/compile/limits-fndefn.c -O2 (test for excess errors)
WARNING: program timed out.
FAIL: gcc.c-torture/compile/limits-fndefn.c -O3 -fomit-frame-pointer (test for excess errors)
WARNING: program timed out.
FAIL: gcc.c-torture/compile/limits-fndefn.c -O3 -g (test for excess errors)
WARNING: program timed out.
FAIL: gcc.c-torture/compile/limits-fndefn.c -Os (test for excess errors)
WARNING: program timed out.
FAIL: gcc.c-torture/compile/limits-fndefn.c -O2 -flto -flto-partition=none (test for excess errors)
WARNING: program timed out.
FAIL: gcc.c-torture/compile/limits-fndefn.c -O2 -flto (test for excess errors)
WARNING: program timed out.
FAIL: gcc.c-torture/compile/limits-structnest.c -O2 (test for excess errors)
WARNING: program timed out.
FAIL: gcc.c-torture/compile/limits-structnest.c -O3 -fomit-frame-pointer (test for excess errors)
WARNING: program timed out.
FAIL: gcc.c-torture/compile/limits-structnest.c -O3 -g (test for excess errors)
WARNING: program timed out.
FAIL: gcc.c-torture/compile/limits-structnest.c -Os (test for excess errors)
WARNING: program timed out.
FAIL: gcc.c-torture/compile/limits-structnest.c -O2 -flto -flto-partition=none (test for excess errors)
WARNING: program timed out.
FAIL: gcc.c-torture/compile/limits-structnest.c -O2 -flto (test for excess errors)
FAIL: gcc.c-torture/compile/pr14730.c -O0 (internal compiler error)
FAIL: gcc.c-torture/compile/pr14730.c -O0 (test for excess errors)
FAIL: gcc.c-torture/compile/pr21532.c -O0 (internal compiler error)
FAIL: gcc.c-torture/compile/pr21532.c -O0 (test for excess errors)
FAIL: gcc.c-torture/compile/pr28489.c -O0 (internal compiler error)
FAIL: gcc.c-torture/compile/pr28489.c -O0 (test for excess errors)
FAIL: gcc.c-torture/compile/pr32482.c -O0 (internal compiler error)
FAIL: gcc.c-torture/compile/pr32482.c -O0 (test for excess errors)
FAIL: gcc.c-torture/compile/pr34030.c -O0 (internal compiler error)
FAIL: gcc.c-torture/compile/pr34030.c -O0 (test for excess errors)
FAIL: gcc.c-torture/compile/pr34458.c -O0 (internal compiler error)
FAIL: gcc.c-torture/compile/pr34458.c -O0 (test for excess errors)
FAIL: gcc.c-torture/compile/pr35492.c -O0 (internal compiler error)
FAIL: gcc.c-torture/compile/pr35492.c -O0 (test for excess errors)
FAIL: gcc.c-torture/compile/pr37341.c -O0 (internal compiler error)
FAIL: gcc.c-torture/compile/pr37341.c -O0 (test for excess errors)
FAIL: gcc.c-torture/compile/pr38359.c -O0 (internal compiler error)
FAIL: gcc.c-torture/compile/pr38359.c -O0 (test for excess errors)
FAIL: gcc.c-torture/compile/pr38554.c -O0 (internal compiler error)
FAIL: gcc.c-torture/compile/pr38554.c -O0 (test for excess errors)
FAIL: gcc.c-torture/compile/pr39041.c -O0 (internal compiler error)
FAIL: gcc.c-torture/compile/pr39041.c -O0 (test for excess errors)
FAIL: gcc.c-torture/compile/pr44063.c -O0 (internal compiler error)
FAIL: gcc.c-torture/compile/pr44063.c -O0 (test for excess errors)
FAIL: gcc.c-torture/compile/pr44784.c -O0 (internal compiler error)
FAIL: gcc.c-torture/compile/pr44784.c -O0 (test for excess errors)
FAIL: gcc.c-torture/execute/20001124-1.c compilation, -O0 (internal compiler error)
UNRESOLVED: gcc.c-torture/execute/20001124-1.c execution, -O0
FAIL: gcc.c-torture/execute/20020219-1.c compilation, -O0 (internal compiler error)
UNRESOLVED: gcc.c-torture/execute/20020219-1.c execution, -O0
FAIL: gcc.c-torture/execute/20020225-2.c compilation, -O0 (internal compiler error)
UNRESOLVED: gcc.c-torture/execute/20020225-2.c execution, -O0
FAIL: gcc.c-torture/execute/20020226-1.c compilation, -O0 (internal compiler error)
UNRESOLVED: gcc.c-torture/execute/20020226-1.c execution, -O0
FAIL: gcc.c-torture/execute/20020508-1.c compilation, -O0 (internal compiler error)
UNRESOLVED: gcc.c-torture/execute/20020508-1.c execution, -O0
FAIL: gcc.c-torture/execute/20020508-2.c compilation, -O0 (internal compiler error)
UNRESOLVED: gcc.c-torture/execute/20020508-2.c execution, -O0
FAIL: gcc.c-torture/execute/20020508-3.c compilation, -O0 (internal compiler error)
UNRESOLVED: gcc.c-torture/execute/20020508-3.c execution, -O0
FAIL: gcc.c-torture/execute/20040311-1.c compilation, -O0 (internal compiler error)
UNRESOLVED: gcc.c-torture/execute/20040311-1.c execution, -O0
FAIL: gcc.c-torture/execute/20040703-1.c compilation, -O0 (internal compiler error)
UNRESOLVED: gcc.c-torture/execute/20040703-1.c execution, -O0
FAIL: gcc.c-torture/execute/920501-2.c compilation, -O0 (internal compiler error)
UNRESOLVED: gcc.c-torture/execute/920501-2.c execution, -O0
FAIL: gcc.c-torture/execute/920501-6.c compilation, -O0 (internal compiler error)
UNRESOLVED: gcc.c-torture/execute/920501-6.c execution, -O0
FAIL: gcc.c-torture/execute/930111-1.c compilation, -O0 (internal compiler error)
UNRESOLVED: gcc.c-torture/execute/930111-1.c execution, -O0
FAIL: gcc.c-torture/execute/950426-2.c compilation, -O0 (internal compiler error)
UNRESOLVED: gcc.c-torture/execute/950426-2.c execution, -O0
FAIL: gcc.c-torture/execute/960219-1.c compilation, -O0 (internal compiler error)
UNRESOLVED: gcc.c-torture/execute/960219-1.c execution, -O0
FAIL: gcc.c-torture/execute/960317-1.c compilation, -O0 (internal compiler error)
UNRESOLVED: gcc.c-torture/execute/960317-1.c execution, -O0
FAIL: gcc.c-torture/execute/arith-rand-ll.c compilation, -O0 (internal compiler error)
UNRESOLVED: gcc.c-torture/execute/arith-rand-ll.c execution, -O0
FAIL: gcc.c-torture/execute/arith-rand.c compilation, -O0 (internal compiler error)
UNRESOLVED: gcc.c-torture/execute/arith-rand.c execution, -O0
FAIL: gcc.c-torture/execute/ashldi-1.c compilation, -O0 (internal compiler error)
UNRESOLVED: gcc.c-torture/execute/ashldi-1.c execution, -O0
FAIL: gcc.c-torture/execute/ashrdi-1.c compilation, -O0 (internal compiler error)
UNRESOLVED: gcc.c-torture/execute/ashrdi-1.c execution, -O0
FAIL: gcc.c-torture/execute/builtin-prefetch-6.c compilation, -O0 (internal compiler error)
UNRESOLVED: gcc.c-torture/execute/builtin-prefetch-6.c execution, -O0
FAIL: gcc.c-torture/execute/loop-6.c compilation, -O0 (internal compiler error)
UNRESOLVED: gcc.c-torture/execute/loop-6.c execution, -O0
FAIL: gcc.c-torture/execute/loop-7.c compilation, -O0 (internal compiler error)
UNRESOLVED: gcc.c-torture/execute/loop-7.c execution, -O0
FAIL: gcc.c-torture/execute/mode-dependent-address.c compilation, -O0 (internal compiler error)
UNRESOLVED: gcc.c-torture/execute/mode-dependent-address.c execution, -O0
FAIL: gcc.c-torture/execute/pr27285.c compilation, -O0 (internal compiler error)
UNRESOLVED: gcc.c-torture/execute/pr27285.c execution, -O0
FAIL: gcc.c-torture/execute/pr31169.c compilation, -O0 (internal compiler error)
UNRESOLVED: gcc.c-torture/execute/pr31169.c execution, -O0
FAIL: gcc.c-torture/execute/pr34070-2.c compilation, -O0 (internal compiler error)
UNRESOLVED: gcc.c-torture/execute/pr34070-2.c execution, -O0
FAIL: gcc.c-torture/execute/pr38051.c compilation, -O0 (internal compiler error)
UNRESOLVED: gcc.c-torture/execute/pr38051.c execution, -O0
FAIL: gcc.c-torture/execute/pr40386.c compilation, -O0 (internal compiler error)
UNRESOLVED: gcc.c-torture/execute/pr40386.c execution, -O0
FAIL: gcc.c-torture/execute/pr42833.c compilation, -O0 (internal compiler error)
UNRESOLVED: gcc.c-torture/execute/pr42833.c execution, -O0
FAIL: gcc.c-torture/execute/pr46019.c compilation, -O0 (internal compiler error)
UNRESOLVED: gcc.c-torture/execute/pr46019.c execution, -O0
FAIL: gcc.c-torture/execute/shiftdi.c compilation, -O0 (internal compiler error)
UNRESOLVED: gcc.c-torture/execute/shiftdi.c execution, -O0
FAIL: gcc.c-torture/execute/switch-1.c compilation, -O0 (internal compiler error)
UNRESOLVED: gcc.c-torture/execute/switch-1.c execution, -O0
FAIL: gcc.c-torture/execute/vector-shift.c compilation, -O0 (internal compiler error)
UNRESOLVED: gcc.c-torture/execute/vector-shift.c execution, -O0
FAIL: gcc.c-torture/execute/vector-shift1.c compilation, -O0 (internal compiler error)
UNRESOLVED: gcc.c-torture/execute/vector-shift1.c execution, -O0
FAIL: gcc.c-torture/execute/vector-shift2.c compilation, -O0 (internal compiler error)
UNRESOLVED: gcc.c-torture/execute/vector-shift2.c execution, -O0
FAIL: gcc.c-torture/unsorted/bc.c, -O0 (internal compiler error)
FAIL: gcc.c-torture/unsorted/bf.c, -O0 (internal compiler error)
FAIL: gcc.c-torture/unsorted/bfx.c, -O0 (internal compiler error)
FAIL: gcc.c-torture/unsorted/bt386.c, -O0 (internal compiler error)
FAIL: gcc.c-torture/unsorted/bx.c, -O0 (internal compiler error)
FAIL: gcc.c-torture/unsorted/ex.c, -O0 (internal compiler error)
FAIL: gcc.c-torture/unsorted/set88.c, -O0 (internal compiler error)
FAIL: gcc.c-torture/unsorted/sh.c, -O0 (internal compiler error)
FAIL: gcc.c-torture/unsorted/shft.c, -O0 (internal compiler error)
FAIL: gcc.c-torture/unsorted/udivmod4.c, -O0 (internal compiler error)
FAIL: gcc.c-torture/unsorted/xzz.c, -O0 (internal compiler error)
FAIL: gcc.dg/debug/pr41264-1.c -gdwarf-2 -g1 (internal compiler error)
FAIL: gcc.dg/debug/pr41264-1.c -gdwarf-2 -g1 (test for excess errors)
FAIL: gcc.dg/debug/pr41264-1.c -gdwarf-2 (internal compiler error)
FAIL: gcc.dg/debug/pr41264-1.c -gdwarf-2 (test for excess errors)
FAIL: gcc.dg/debug/pr41264-1.c -gdwarf-2 -g3 (internal compiler error)
FAIL: gcc.dg/debug/pr41264-1.c -gdwarf-2 -g3 (test for excess errors)
FAIL: gcc.dg/Wparentheses-10.c (internal compiler error)
FAIL: gcc.dg/Wparentheses-10.c (test for excess errors)
FAIL: gcc.dg/Wparentheses-11.c (internal compiler error)
FAIL: gcc.dg/Wparentheses-11.c (test for excess errors)
FAIL: gcc.dg/Wparentheses-4.c (internal compiler error)
FAIL: gcc.dg/Wparentheses-4.c (test for excess errors)
WARNING: program timed out.
FAIL: gcc.dg/c99-intconst-1.c (test for excess errors)
FAIL: gcc.dg/complete-port.c (internal compiler error)
FAIL: gcc.dg/complete-port.c (test for excess errors)
FAIL: gcc.dg/pr28402.c (internal compiler error)
FAIL: gcc.dg/pr28402.c (test for excess errors)
ERROR: gcc.dg/pr28402.c: error executing dg-final: couldn't open "pr28402.s": no such file or directory
UNRESOLVED: gcc.dg/pr28402.c: error executing dg-final: couldn't open "pr28402.s": no such file or directory
FAIL: gcc.dg/pr33695.c (internal compiler error)
FAIL: gcc.dg/pr33695.c (test for excess errors)
WARNING: program timed out.
FAIL: gcc.dg/pr48141.c (test for excess errors)
FAIL: gcc.dg/switch-9.c (internal compiler error)
FAIL: gcc.dg/switch-9.c (test for excess errors)
FAIL: gcc.dg/gomp/atomic-12.c (internal compiler error)
FAIL: gcc.dg/gomp/atomic-12.c (test for excess errors)
WARNING: program timed out.
FAIL: gcc.dg/lto/20090116 c_lto_20090116_0.o-c_lto_20090116_0.o link, -O1 -flto -flto-partition=1to1 -fPIC (internal compiler error)
UNRESOLVED: gcc.dg/lto/20090116 c_lto_20090116_0.o-c_lto_20090116_0.o execute -O1 -flto -flto-partition=1to1 -fPIC
FAIL: gcc.dg/torture/pr24257.c -O0 (internal compiler error)
FAIL: gcc.dg/torture/pr24257.c -O0 (test for excess errors)
FAIL: gcc.dg/torture/pr47975.c -O0 (internal compiler error)
FAIL: gcc.dg/torture/pr47975.c -O0 (test for excess errors)
FAIL: gcc.dg/torture/vector-shift2.c -O0 (internal compiler error)
FAIL: gcc.dg/torture/vector-shift2.c -O0 (test for excess errors)
WARNING: gcc.dg/torture/vector-shift2.c -O0 compilation failed to produce executable
=== gcc Summary ===
# of expected passes 66308
# of unexpected failures 157
# of expected failures 114
# of unresolved testcases 37
# of unsupported tests 1250
/home/gnu/gcc/objdir/gcc/xgcc version 4.7.0 20110329 (experimental) [trunk revision 171700] (GCC)
=== gfortran tests ===
Running target unix
FAIL: gfortran.dg/dshift_1.F90 -O0 (internal compiler error)
FAIL: gfortran.dg/dshift_1.F90 -O0 (test for excess errors)
WARNING: gfortran.dg/dshift_1.F90 -O0 compilation failed to produce executable
FAIL: gfortran.dg/ishft_4.f90 -O0 (internal compiler error)
FAIL: gfortran.dg/ishft_4.f90 -O0 (test for excess errors)
WARNING: gfortran.dg/ishft_4.f90 -O0 compilation failed to produce executable
FAIL: gfortran.dg/lrshift_1.f90 -O0 (internal compiler error)
FAIL: gfortran.dg/lrshift_1.f90 -O0 (test for excess errors)
WARNING: gfortran.dg/lrshift_1.f90 -O0 compilation failed to produce executable
FAIL: gfortran.dg/masklr_1.F90 -O0 (internal compiler error)
FAIL: gfortran.dg/masklr_1.F90 -O0 (test for excess errors)
WARNING: gfortran.dg/masklr_1.F90 -O0 compilation failed to produce executable
FAIL: gfortran.dg/matmul_6.f90 -O0 (internal compiler error)
FAIL: gfortran.dg/matmul_6.f90 -O0 (test for excess errors)
WARNING: gfortran.dg/matmul_6.f90 -O0 compilation failed to produce executable
FAIL: gfortran.dg/shiftalr_1.F90 -O0 (internal compiler error)
FAIL: gfortran.dg/shiftalr_1.F90 -O0 (test for excess errors)
WARNING: gfortran.dg/shiftalr_1.F90 -O0 compilation failed to produce executable
FAIL: gfortran.dg/g77/f90-intrinsic-bit.f -O0 (internal compiler error)
FAIL: gfortran.dg/g77/f90-intrinsic-bit.f -O0 (test for excess errors)
WARNING: gfortran.dg/g77/f90-intrinsic-bit.f -O0 compilation failed to produce executable
FAIL: gfortran.fortran-torture/execute/intrinsic_bitops.f90, -O0 (internal compiler error)
=== gfortran Summary ===
# of expected passes 37329
# of unexpected failures 15
# of expected failures 41
# of unsupported tests 357
/home/gnu/gcc/objdir/gcc/testsuite/gfortran/../../gfortran version 4.7.0 20110329 (experimental) [trunk revision 171700] (GCC)
=== obj-c++ tests ===
Running target unix
=== obj-c++ Summary ===
# of expected passes 1378
# of expected failures 10
# of unsupported tests 86
/home/gnu/gcc/objdir/gcc/testsuite/obj-c++/../../g++ version 4.7.0 20110329 (experimental) [trunk revision 171700] (GCC)
=== objc tests ===
Running target unix
=== objc Summary ===
# of expected passes 2912
# of expected failures 10
# of unsupported tests 75
/home/gnu/gcc/objdir/gcc/xgcc version 4.7.0 20110329 (experimental) [trunk revision 171700] (GCC)
=== libgomp tests ===
Running target unix
FAIL: libgomp.c++/ctor-10.C -O0 (internal compiler error)
FAIL: libgomp.c++/ctor-10.C -O0 (test for excess errors)
WARNING: libgomp.c++/ctor-10.C -O0 compilation failed to produce executable
FAIL: libgomp.c++/ctor-8.C -O0 (internal compiler error)
FAIL: libgomp.c++/ctor-8.C -O0 (test for excess errors)
WARNING: libgomp.c++/ctor-8.C -O0 compilation failed to produce executable
FAIL: libgomp.c++/ctor-9.C -O0 (internal compiler error)
FAIL: libgomp.c++/ctor-9.C -O0 (test for excess errors)
WARNING: libgomp.c++/ctor-9.C -O0 compilation failed to produce executable
=== libgomp Summary ===
# of expected passes 2518
# of unexpected failures 6
# of unsupported tests 9
=== libstdc++ tests ===
Running target unix
WARNING: program timed out.
FAIL: ext/pb_ds/regression/hash_data_map_rand.cc (test for excess errors)
WARNING: ext/pb_ds/regression/hash_data_map_rand.cc compilation failed to produce executable
WARNING: program timed out.
FAIL: ext/pb_ds/regression/tree_data_map_rand.cc (test for excess errors)
WARNING: ext/pb_ds/regression/tree_data_map_rand.cc compilation failed to produce executable
WARNING: program timed out.
FAIL: ext/pb_ds/regression/tree_no_data_map_rand.cc (test for excess errors)
WARNING: ext/pb_ds/regression/tree_no_data_map_rand.cc compilation failed to produce executable
=== libstdc++ Summary ===
# of expected passes 5897
# of unexpected failures 3
# of expected failures 80
# of unsupported tests 583
Compiler version: 4.7.0 20110329 (experimental) [trunk revision 171700] (GCC)
Platform: hppa64-hp-hpux11.00
configure flags:Test Run By dave on Fri Apr 1 12:14:48 2011
More information about the Gcc-testresults
mailing list