Results for 4.6.0 (Blastwave.org Inc. Fri Apr 1 21:31:31 GMT 2011) testsuite on i386-pc-solaris2.8
Dennis Clarke
dclarke@blastwave.org
Sun Apr 3 07:45:00 GMT 2011
[titan] $ uname -a
SunOS titan 5.8 Generic_127722-03 i86pc i386 i86pc
[titan] $ psrinfo -v
Status of virtual processor 0 as of: 04/03/11 05:32:48
on-line since 01/04/11 12:34:13.
The i386 processor operates at 400 MHz,
and has an i387 compatible floating point processor.
Status of virtual processor 1 as of: 04/03/11 05:32:48
on-line since 01/04/11 12:34:17.
The i386 processor operates at 400 MHz,
and has an i387 compatible floating point processor.
[titan] $ which gas
/opt/bw/bin/gas
[titan] $
[titan] $ gas --version
GNU assembler (Blastwave.org Inc. Fri Apr 1 04:11:54 GMT 2011) 2.21
Copyright 2010 Free Software Foundation, Inc.
This program is free software; you may redistribute it under the terms of
the GNU General Public License version 3 or later.
This program has absolutely no warranty.
This assembler was configured for a target of `i386-pc-solaris2.8'.
[titan] $ which ld
/usr/ccs/bin/ld
[titan] $ which runtest
/opt/bw/bin/runtest
[titan] $ runtest --version
/opt/bw/bin/runtest: !: not found
WARNING: Couldn't find the global config file.
Expect version is 5.45
Tcl version is 8.5
Framework version is 1.5
[titan] $ which gcc
/opt/bw/bin/gcc
[titan] $
[titan] $ /opt/bw/bin/gcc --version
gcc (Blastwave.org Inc. Mon Mar 28 13:18:17 GMT 2011) 4.6.0
Copyright (C) 2011 Free Software Foundation, Inc.
This is free software; see the source for copying conditions. There is NO
warranty; not even for MERCHANTABILITY or FITNESS FOR A PARTICULAR PURPOSE.
[titan] $ ../gcc-4.6.0/contrib/test_summary
cat <<'EOF' |
LAST_UPDATED: Obtained from SVN: tags/gcc_4_6_0_release revision 171513
=== acats tests ===
=== acats Summary ===
# of expected passes 2321
# of unexpected failures 0
Native configuration is i386-pc-solaris2.8
=== g++ tests ===
Running target unix
FAIL: g++.dg/ext/visibility/fvisibility-inlines-hidden-2.C scan-not-hidden
FAIL: g++.dg/ext/visibility/fvisibility-inlines-hidden-3.C scan-not-hidden
FAIL: g++.dg/ext/visibility/fvisibility-inlines-hidden-3.C scan-not-hidden
FAIL: g++.dg/ext/visibility/fvisibility-override1.C scan-not-hidden
FAIL: g++.dg/ext/visibility/fvisibility-override2.C scan-not-hidden
FAIL: g++.dg/ext/visibility/guard1.C scan-not-hidden
FAIL: g++.dg/ext/visibility/ms-compat-1.C scan-not-hidden
FAIL: g++.dg/ext/visibility/ms-compat-1.C scan-not-hidden
FAIL: g++.dg/ext/visibility/ms-compat-1.C scan-not-hidden
FAIL: g++.dg/ext/visibility/namespace1.C scan-not-hidden
FAIL: g++.dg/ext/visibility/new1.C scan-not-hidden
FAIL: g++.dg/ext/visibility/template1.C scan-not-hidden
FAIL: g++.dg/ext/visibility/template1.C scan-not-hidden
FAIL: g++.dg/ext/visibility/template2.C scan-not-hidden
FAIL: g++.dg/ext/visibility/template2.C scan-not-hidden
FAIL: g++.dg/ext/visibility/template3.C scan-not-hidden
FAIL: g++.dg/ext/visibility/template3.C scan-not-hidden
FAIL: g++.dg/ext/visibility/template4.C scan-not-hidden
FAIL: g++.dg/ext/visibility/template4.C scan-not-hidden
FAIL: g++.dg/ext/visibility/template4.C scan-not-hidden
FAIL: g++.dg/ext/visibility/template4.C scan-not-hidden
FAIL: g++.dg/ext/visibility/template6.C scan-not-hidden
FAIL: g++.dg/ext/visibility/typeinfo1.C scan-not-hidden
FAIL: g++.dg/ext/visibility/typeinfo1.C scan-not-hidden
FAIL: g++.dg/ext/visibility/typeinfo2.C scan-not-hidden
FAIL: g++.dg/ext/visibility/typeinfo3.C scan-not-hidden
FAIL: g++.dg/ext/visibility/typeinfo3.C scan-not-hidden
FAIL: g++.dg/ext/visibility/warn3.C scan-not-hidden
FAIL: g++.old-deja/g++.mike/visibility-1.C scan-not-hidden
=== g++ Summary ===
# of expected passes 26521
# of unexpected failures 29
# of expected failures 163
# of unsupported tests 201
/opt/bw/src/GCC/gcc-4.6.0_SunOS5.8_i386.003/gcc/testsuite/g++/../../g++
version 4.6.0 (Blastwave.org Inc. Fri Apr 1 21:31:31 GMT 2011)
=== gcc tests ===
Running target unix
FAIL: gcc.c-torture/compile/limits-exprparen.c -O0 (internal compiler
error)
FAIL: gcc.c-torture/compile/limits-exprparen.c -O0 (test for excess errors)
FAIL: gcc.c-torture/compile/limits-exprparen.c -O1 (internal compiler
error)
FAIL: gcc.c-torture/compile/limits-exprparen.c -O1 (test for excess errors)
FAIL: gcc.c-torture/compile/limits-exprparen.c -O2 (internal compiler
error)
FAIL: gcc.c-torture/compile/limits-exprparen.c -O2 (test for excess errors)
FAIL: gcc.c-torture/compile/limits-exprparen.c -O3 -fomit-frame-pointer
(internal compiler error)
FAIL: gcc.c-torture/compile/limits-exprparen.c -O3 -fomit-frame-pointer
(test for excess errors)
FAIL: gcc.c-torture/compile/limits-exprparen.c -O3 -g (internal compiler
error)
FAIL: gcc.c-torture/compile/limits-exprparen.c -O3 -g (test for excess
errors)
FAIL: gcc.c-torture/compile/limits-exprparen.c -Os (internal compiler
error)
FAIL: gcc.c-torture/compile/limits-exprparen.c -Os (test for excess errors)
FAIL: gcc.c-torture/compile/limits-exprparen.c -O2 -flto
-flto-partition=none (internal compiler error)
FAIL: gcc.c-torture/compile/limits-exprparen.c -O2 -flto
-flto-partition=none (test for excess errors)
FAIL: gcc.c-torture/compile/limits-exprparen.c -O2 -flto (internal
compiler error)
FAIL: gcc.c-torture/compile/limits-exprparen.c -O2 -flto (test for
excess errors)
WARNING: program timed out.
FAIL: gcc.c-torture/compile/pr37669-2.c -Os (test for excess errors)
FAIL: gcc.dg/visibility-d.c scan-not-hidden
FAIL: gcc.dg/visibility-d.c scan-not-hidden
FAIL: gcc.dg/visibility-d.c scan-not-hidden
FAIL: gcc.dg/visibility-d.c scan-not-hidden
FAIL: gcc.dg/visibility-d.c scan-not-hidden
FAIL: gcc.dg/visibility-d.c scan-not-hidden
FAIL: gcc.dg/visibility-d.c scan-not-hidden
FAIL: gcc.dg/visibility-d.c scan-not-hidden
FAIL: gcc.dg/visibility-d.c scan-not-hidden
FAIL: gcc.dg/visibility-d.c scan-not-hidden
FAIL: gcc.dg/visibility-d.c scan-not-hidden
FAIL: gcc.dg/visibility-d.c scan-not-hidden
FAIL: gcc.dg/visibility-d.c scan-not-hidden
FAIL: gcc.dg/visibility-d.c scan-not-hidden
FAIL: gcc.dg/visibility-d.c scan-not-hidden
FAIL: gcc.dg/visibility-d.c scan-not-hidden
FAIL: gcc.dg/visibility-d.c scan-not-hidden
FAIL: gcc.dg/visibility-d.c scan-not-hidden
FAIL: gcc.dg/visibility-d.c scan-not-hidden
FAIL: gcc.dg/visibility-d.c scan-not-hidden
FAIL: gcc.dg/visibility-d.c scan-not-hidden
FAIL: gcc.dg/visibility-d.c scan-not-hidden
FAIL: gcc.dg/visibility-d.c scan-not-hidden
FAIL: gcc.dg/visibility-d.c scan-not-hidden
FAIL: gcc.dg/visibility-d.c scan-not-hidden
FAIL: gcc.dg/visibility-d.c scan-not-hidden
FAIL: gcc.dg/visibility-d.c scan-not-hidden
FAIL: gcc.dg/visibility-d.c scan-not-hidden
FAIL: gcc.dg/visibility-d.c scan-not-hidden
FAIL: gcc.dg/visibility-d.c scan-not-hidden
FAIL: gcc.dg/lto/20110201-1 c_lto_20110201-1_0.o-c_lto_20110201-1_0.o
link, -O0 -flto
UNRESOLVED: gcc.dg/lto/20110201-1
c_lto_20110201-1_0.o-c_lto_20110201-1_0.o execute -O0 -flto
=== gcc Summary ===
# of expected passes 74470
# of unexpected failures 48
# of expected failures 212
# of unresolved testcases 1
# of unsupported tests 1029
/opt/bw/src/GCC/gcc-4.6.0_SunOS5.8_i386.003/gcc/xgcc version 4.6.0
(Blastwave.org Inc. Fri Apr 1 21:31:31 GMT 2011)
=== gfortran tests ===
Running target unix
=== gfortran Summary ===
# of expected passes 37403
# of expected failures 41
# of unsupported tests 373
/opt/bw/src/GCC/gcc-4.6.0_SunOS5.8_i386.003/gcc/testsuite/gfortran/../../gfortran
version 4.6.0 (Blastwave.org Inc. Fri Apr 1 21:31:31 GMT 2011)
=== gnat tests ===
Running target unix
=== gnat Summary ===
# of expected passes 864
# of expected failures 10
# of unsupported tests 4
/opt/bw/src/GCC/gcc-4.6.0_SunOS5.8_i386.003/gcc/gnatmake version 4.6.0
=== objc tests ===
Running target unix
=== objc Summary ===
# of expected passes 2870
# of expected failures 6
# of unsupported tests 98
/opt/bw/src/GCC/gcc-4.6.0_SunOS5.8_i386.003/gcc/xgcc version 4.6.0
(Blastwave.org Inc. Fri Apr 1 21:31:31 GMT 2011)
=== libgomp tests ===
Running target unix
=== libgomp Summary ===
# of expected passes 2538
# of unsupported tests 2
=== libstdc++ tests ===
Running target unix
=== libstdc++ Summary ===
# of expected passes 6841
# of expected failures 83
# of unsupported tests 740
Compiler version: 4.6.0 (Blastwave.org Inc. Fri Apr 1 21:31:31 GMT 2011)
Platform: i386-pc-solaris2.8
configure flags: --host=i386-pc-solaris2.8 --build=i386-pc-solaris2.8
--with-gnu-as --with-as=/opt/bw/bin/gas --without-gnu-ld
--with-ld=/usr/ccs/bin/ld --with-cpu=i386 --enable-stage1-languages=c
--enable-nls --enable-threads=posix --prefix=/opt/bw --enable-shared
--libdir=/opt/bw/lib/i386 --enable-multilib
--with-mpc-include=/opt/bw/include --with-mpc-lib=/opt/bw/lib/i386
--with-mpfr-include=/opt/bw/include --with-mpfr-lib=/opt/bw/lib/i386
--with-gmp-include=/opt/bw/include --with-gmp-lib=/opt/bw/lib/i386
--with-pkgversion='Blastwave.org Inc. Fri Apr 1 21:31:31 GMT 2011'
--with-bugurl=http://www.blastwave.org/support
--enable-languages=c,c++,objc,fortran,ada --enable-bootstrap
EOF
--
Dennis Clarke
dclarke@opensolaris.ca <- Email related to the open source Solaris
dclarke@blastwave.org <- Email related to open source for Solaris
More information about the Gcc-testresults
mailing list