Results for 4.6.0 20100929 (experimental) (GCC) testsuite on i686-pc-linux-gnu
GCC regression tester
regress@geoffk.org
Wed Sep 29 18:52:00 GMT 2010
This build run by an automatic regression tester.
See <http://glutton.geoffk.org/HEAD/> for more information.
Date: 2010-09-29T17:30:18Z
Revision: 164727
URL: svn://gcc.gnu.org/svn/gcc/trunk
Status: regress-12
Prev-Endtime: 2010-09-29T16:43:59Z
Native configuration is i686-pc-linux-gnu
=== g++ tests ===
Running target unix
FAIL: g++.dg/guality/redeclaration1.C -O0 line 16 i == 24
FAIL: g++.dg/guality/redeclaration1.C -O1 line 16 i == 24
FAIL: g++.dg/guality/redeclaration1.C -O2 line 16 i == 24
FAIL: g++.dg/guality/redeclaration1.C -O3 -fomit-frame-pointer line 16 i == 24
FAIL: g++.dg/guality/redeclaration1.C -O3 -g line 16 i == 24
FAIL: g++.dg/guality/redeclaration1.C -Os line 16 i == 24
FAIL: g++.dg/guality/redeclaration1.C -O2 -flto line 16 i == 24
FAIL: g++.dg/guality/redeclaration1.C -O2 -fwhopr line 16 i == 24
=== g++ Summary ===
# of expected passes 24968
# of unexpected failures 8
# of expected failures 149
# of unsupported tests 132
/home/regress/tbox/native/build/gcc/testsuite/g++/../../g++ version 4.6.0 20100929 (experimental) (GCC)
=== gcc tests ===
Running target unix
FAIL: gcc.c-torture/compile/limits-exprparen.c -O0 (internal compiler error)
FAIL: gcc.c-torture/compile/limits-exprparen.c -O0 (test for excess errors)
FAIL: gcc.c-torture/compile/limits-exprparen.c -O1 (internal compiler error)
FAIL: gcc.c-torture/compile/limits-exprparen.c -O1 (test for excess errors)
FAIL: gcc.c-torture/compile/limits-exprparen.c -O2 (internal compiler error)
FAIL: gcc.c-torture/compile/limits-exprparen.c -O2 (test for excess errors)
FAIL: gcc.c-torture/compile/limits-exprparen.c -O3 -fomit-frame-pointer (internal compiler error)
FAIL: gcc.c-torture/compile/limits-exprparen.c -O3 -fomit-frame-pointer (test for excess errors)
FAIL: gcc.c-torture/compile/limits-exprparen.c -O3 -g (internal compiler error)
FAIL: gcc.c-torture/compile/limits-exprparen.c -O3 -g (test for excess errors)
FAIL: gcc.c-torture/compile/limits-exprparen.c -Os (internal compiler error)
FAIL: gcc.c-torture/compile/limits-exprparen.c -Os (test for excess errors)
FAIL: gcc.c-torture/compile/limits-exprparen.c -O2 -flto (internal compiler error)
FAIL: gcc.c-torture/compile/limits-exprparen.c -O2 -flto (test for excess errors)
FAIL: gcc.c-torture/compile/limits-exprparen.c -O2 -fwhopr (internal compiler error)
FAIL: gcc.c-torture/compile/limits-exprparen.c -O2 -fwhopr (test for excess errors)
FAIL: gcc.dg/debug/pr41893-1.c -gdwarf-2 -g1 (test for excess errors)
FAIL: gcc.dg/debug/pr41893-1.c -gdwarf-2 -g1 -O (test for excess errors)
FAIL: gcc.dg/debug/pr41893-1.c -gdwarf-2 -g1 -O3 (test for excess errors)
FAIL: gcc.dg/debug/pr41893-1.c -gdwarf-2 (test for excess errors)
FAIL: gcc.dg/debug/pr41893-1.c -gdwarf-2 -O (test for excess errors)
FAIL: gcc.dg/debug/pr41893-1.c -gdwarf-2 -O3 (test for excess errors)
FAIL: gcc.dg/debug/pr41893-1.c -gdwarf-2 -g3 (test for excess errors)
FAIL: gcc.dg/debug/pr41893-1.c -gdwarf-2 -g3 -O (test for excess errors)
FAIL: gcc.dg/debug/pr41893-1.c -gdwarf-2 -g3 -O3 (test for excess errors)
FAIL: gcc.dg/debug/pr41893-1.c -gstabs1 (test for excess errors)
FAIL: gcc.dg/debug/pr41893-1.c -gstabs1 -O (test for excess errors)
FAIL: gcc.dg/debug/pr41893-1.c -gstabs1 -O3 (test for excess errors)
FAIL: gcc.dg/debug/pr41893-1.c -gstabs (test for excess errors)
FAIL: gcc.dg/debug/pr41893-1.c -gstabs -O (test for excess errors)
FAIL: gcc.dg/debug/pr41893-1.c -gstabs -O3 (test for excess errors)
FAIL: gcc.dg/debug/pr41893-1.c -gstabs3 (test for excess errors)
FAIL: gcc.dg/debug/pr41893-1.c -gstabs3 -O (test for excess errors)
FAIL: gcc.dg/debug/pr41893-1.c -gstabs3 -O3 (test for excess errors)
FAIL: gcc.dg/debug/pr41893-1.c -gstabs+1 (test for excess errors)
FAIL: gcc.dg/debug/pr41893-1.c -gstabs+1 -O (test for excess errors)
FAIL: gcc.dg/debug/pr41893-1.c -gstabs+1 -O3 (test for excess errors)
FAIL: gcc.dg/debug/pr41893-1.c -gstabs+ (test for excess errors)
FAIL: gcc.dg/debug/pr41893-1.c -gstabs+ -O (test for excess errors)
FAIL: gcc.dg/debug/pr41893-1.c -gstabs+ -O3 (test for excess errors)
FAIL: gcc.dg/debug/pr41893-1.c -gstabs+3 (test for excess errors)
FAIL: gcc.dg/debug/pr41893-1.c -gstabs+3 -O (test for excess errors)
FAIL: gcc.dg/debug/pr41893-1.c -gstabs+3 -O3 (test for excess errors)
FAIL: gcc.dg/cproj-fails-with-broken-glibc.c execution test
FAIL: gcc.dg/pr27898.c (test for excess errors)
FAIL: gcc.dg/pr28706.c (test for excess errors)
FAIL: gcc.dg/pr28712.c (test for excess errors)
FAIL: gcc.dg/pr30762-1.c (test for excess errors)
FAIL: gcc.dg/pr31529-1.c (test for excess errors)
FAIL: gcc.dg/pr34457-1.c (test for excess errors)
FAIL: gcc.dg/pr34668-1.c (test for excess errors)
FAIL: gcc.dg/pr34989-1.c (test for excess errors)
FAIL: gcc.dg/pr43557-1.c (test for excess errors)
XPASS: gcc.dg/guality/example.c -O0 execution test
XPASS: gcc.dg/guality/example.c -O1 execution test
XPASS: gcc.dg/guality/guality.c -O0 execution test
XPASS: gcc.dg/guality/guality.c -O1 execution test
XPASS: gcc.dg/guality/guality.c -O2 execution test
XPASS: gcc.dg/guality/guality.c -O3 -fomit-frame-pointer execution test
XPASS: gcc.dg/guality/guality.c -O3 -g execution test
XPASS: gcc.dg/guality/guality.c -Os execution test
XPASS: gcc.dg/guality/guality.c -O2 -flto execution test
XPASS: gcc.dg/guality/guality.c -O2 -fwhopr execution test
FAIL: gcc.dg/guality/inline-params.c -O0 execution test
FAIL: gcc.dg/guality/inline-params.c -O1 execution test
XPASS: gcc.dg/guality/pr41353-1.c -O0 line 28 j == 28 + 37
XPASS: gcc.dg/guality/pr41447-1.c -O0 execution test
XPASS: gcc.dg/guality/pr41447-1.c -O1 execution test
XPASS: gcc.dg/guality/pr41447-1.c -Os execution test
XPASS: gcc.dg/guality/pr41616-1.c -O0 execution test
FAIL: gcc.dg/guality/vla-1.c -O0 line 17 sizeof (a) == 6
FAIL: gcc.dg/guality/vla-1.c -O0 line 24 sizeof (a) == 17 * sizeof (short)
FAIL: gcc.dg/guality/vla-1.c -O1 line 24 sizeof (a) == 17 * sizeof (short)
FAIL: gcc.dg/guality/vla-1.c -O2 line 24 sizeof (a) == 17 * sizeof (short)
FAIL: gcc.dg/guality/vla-1.c -O3 -fomit-frame-pointer line 24 sizeof (a) == 17 * sizeof (short)
FAIL: gcc.dg/guality/vla-1.c -O3 -g line 24 sizeof (a) == 17 * sizeof (short)
FAIL: gcc.dg/guality/vla-1.c -Os line 24 sizeof (a) == 17 * sizeof (short)
FAIL: gcc.dg/guality/vla-1.c -O2 -flto line 24 sizeof (a) == 17 * sizeof (short)
FAIL: gcc.dg/guality/vla-1.c -O2 -fwhopr line 24 sizeof (a) == 17 * sizeof (short)
XPASS: gcc.dg/tree-ssa/20031106-3.c scan-tree-dump-times optimized "link_error" 0
XPASS: gcc.dg/tree-ssa/20040204-1.c scan-tree-dump-times optimized "link_error" 0
XPASS: gcc.dg/tree-ssa/fre-vce-1.c scan-tree-dump-times fre "sv.i" 2
FAIL: gcc.dg/vect/pr43430-2.c scan-tree-dump-times vect "vectorized 1 loops" 1
FAIL: gcc.target/i386/pr38240.c (internal compiler error)
FAIL: gcc.target/i386/pr38240.c (test for excess errors)
=== gcc Summary ===
# of expected passes 74180
# of unexpected failures 67
# of unexpected successes 18
# of expected failures 228
# of unsupported tests 1375
/home/regress/tbox/native/build/gcc/xgcc version 4.6.0 20100929 (experimental) (GCC)
=== gfortran tests ===
Running target unix
=== gfortran Summary ===
# of expected passes 36622
# of expected failures 41
# of unsupported tests 180
/home/regress/tbox/native/build/gcc/testsuite/gfortran/../../gfortran version 4.6.0 20100929 (experimental) (GCC)
=== objc tests ===
Running target unix
XPASS: objc.dg-struct-layout-encoding-1/t026_main.m execution test
=== objc Summary ===
# of expected passes 2095
# of unexpected successes 1
# of expected failures 6
# of unsupported tests 24
/home/regress/tbox/native/build/gcc/xgcc version 4.6.0 20100929 (experimental) (GCC)
=== libffi tests ===
Running target unix
=== libffi Summary ===
# of expected passes 1624
# of expected failures 10
# of unsupported tests 15
=== libgomp tests ===
Running target unix
=== libgomp Summary ===
# of expected passes 2494
=== libjava tests ===
Running target unix
=== libjava Summary ===
# of expected passes 2574
=== libmudflap tests ===
Running target unix
FAIL: libmudflap.c/pass49-frag.c execution test
FAIL: libmudflap.c/pass49-frag.c output pattern test
FAIL: libmudflap.c/pass49-frag.c execution test
FAIL: libmudflap.c/pass49-frag.c output pattern test
FAIL: libmudflap.c/pass49-frag.c (-static) execution test
FAIL: libmudflap.c/pass49-frag.c (-static) output pattern test
FAIL: libmudflap.c/pass49-frag.c (-static) execution test
FAIL: libmudflap.c/pass49-frag.c (-static) output pattern test
FAIL: libmudflap.c/pass49-frag.c (-O2) execution test
FAIL: libmudflap.c/pass49-frag.c (-O2) output pattern test
FAIL: libmudflap.c/pass49-frag.c (-O2) execution test
FAIL: libmudflap.c/pass49-frag.c (-O2) output pattern test
FAIL: libmudflap.c/pass49-frag.c (-O3) execution test
FAIL: libmudflap.c/pass49-frag.c (-O3) output pattern test
FAIL: libmudflap.c/pass49-frag.c (-O3) execution test
FAIL: libmudflap.c/pass49-frag.c (-O3) output pattern test
FAIL: libmudflap.c++/pass41-frag.cxx execution test
FAIL: libmudflap.c++/pass41-frag.cxx (-static) execution test
FAIL: libmudflap.c++/pass41-frag.cxx (-O2) execution test
FAIL: libmudflap.c++/pass41-frag.cxx (-O3) execution test
FAIL: libmudflap.cth/pass39-frag.c (-O3) (rerun 3) execution test
FAIL: libmudflap.cth/pass39-frag.c (-O3) (rerun 3) output pattern test
=== libmudflap Summary ===
# of expected passes 1872
# of unexpected failures 22
=== libstdc++ tests ===
Running target unix
=== libstdc++ Summary ===
# of expected passes 7948
# of expected failures 85
# of unsupported tests 102
Compiler version: 4.6.0 20100929 (experimental) (GCC)
Platform: i686-pc-linux-gnu
configure flags: --prefix=/home/regress/tbox/objs --target=i686-pc-linux-gnu
More information about the Gcc-testresults
mailing list