Results for 4.6.0 20100928 (experimental) (GCC) testsuite on powerpc64-unknown-linux-gnu
Andreas Schwab
schwab@linux-m68k.org
Wed Sep 29 13:05:00 GMT 2010
=== acats tests ===
=== acats Summary ===
# of expected passes 2321
# of unexpected failures 0
Native configuration is powerpc64-unknown-linux-gnu
=== g++ tests ===
Running target unix/-m32
WARNING: program timed out.
FAIL: g++.dg/bprob/g++-bprob-2.C execution, -Os -fprofile-use
FAIL: g++.dg/template/char1.C (test for warnings, line 4)
FAIL: g++.dg/guality/redeclaration1.C -O2 -flto line 16 i == 24
FAIL: g++.dg/guality/redeclaration1.C -O2 -fwhopr line 16 i == 24
FAIL: g++.dg/lto/20081109 cp_lto_20081109_0.o-cp_lto_20081109_1.o execute -O2 -fwhopr
=== g++ Summary for unix/-m32 ===
# of expected passes 24288
# of unexpected failures 5
# of expected failures 149
# of unsupported tests 177
Running target unix/-m64
FAIL: g++.dg/ext/attr-ifunc-1.C execution test
FAIL: g++.dg/ext/attr-ifunc-2.C execution test
FAIL: g++.dg/template/char1.C (test for warnings, line 4)
WARNING: program timed out.
FAIL: g++.dg/lto/20081109 cp_lto_20081109_0.o-cp_lto_20081109_1.o execute -O2 -fwhopr
=== g++ Summary for unix/-m64 ===
# of expected passes 24851
# of unexpected failures 4
# of expected failures 149
# of unsupported tests 168
=== g++ Summary ===
# of expected passes 49139
# of unexpected failures 9
# of expected failures 298
# of unsupported tests 345
/daten/gcc/gcc-20100929/Build/gcc/testsuite/g++/../../g++ version 4.6.0 20100928 (experimental) (GCC)
=== gcc tests ===
Running target unix/-m32
FAIL: gcc.c-torture/execute/va-arg-13.c compilation, -O0 (internal compiler error)
UNRESOLVED: gcc.c-torture/execute/va-arg-13.c execution, -O0
FAIL: gcc.c-torture/execute/va-arg-14.c compilation, -O0 (internal compiler error)
UNRESOLVED: gcc.c-torture/execute/va-arg-14.c execution, -O0
FAIL: gcc.c-torture/execute/va-arg-14.c compilation, -O1 (internal compiler error)
UNRESOLVED: gcc.c-torture/execute/va-arg-14.c execution, -O1
FAIL: gcc.c-torture/execute/va-arg-14.c compilation, -O2 (internal compiler error)
UNRESOLVED: gcc.c-torture/execute/va-arg-14.c execution, -O2
FAIL: gcc.c-torture/execute/va-arg-14.c compilation, -O3 -fomit-frame-pointer (internal compiler error)
UNRESOLVED: gcc.c-torture/execute/va-arg-14.c execution, -O3 -fomit-frame-pointer
FAIL: gcc.c-torture/execute/va-arg-14.c compilation, -O3 -g (internal compiler error)
UNRESOLVED: gcc.c-torture/execute/va-arg-14.c execution, -O3 -g
FAIL: gcc.c-torture/execute/va-arg-14.c compilation, -Os (internal compiler error)
UNRESOLVED: gcc.c-torture/execute/va-arg-14.c execution, -Os
FAIL: gcc.c-torture/execute/va-arg-14.c compilation, -O2 -flto (internal compiler error)
UNRESOLVED: gcc.c-torture/execute/va-arg-14.c execution, -O2 -flto
FAIL: gcc.c-torture/execute/va-arg-14.c compilation, -O2 -fwhopr (internal compiler error)
UNRESOLVED: gcc.c-torture/execute/va-arg-14.c execution, -O2 -fwhopr
FAIL: gcc.c-torture/execute/va-arg-21.c compilation, -O0 (internal compiler error)
UNRESOLVED: gcc.c-torture/execute/va-arg-21.c execution, -O0
FAIL: gcc.c-torture/execute/va-arg-21.c compilation, -O1 (internal compiler error)
UNRESOLVED: gcc.c-torture/execute/va-arg-21.c execution, -O1
FAIL: gcc.c-torture/execute/va-arg-21.c compilation, -O2 (internal compiler error)
UNRESOLVED: gcc.c-torture/execute/va-arg-21.c execution, -O2
FAIL: gcc.c-torture/execute/va-arg-21.c compilation, -O3 -fomit-frame-pointer (internal compiler error)
UNRESOLVED: gcc.c-torture/execute/va-arg-21.c execution, -O3 -fomit-frame-pointer
FAIL: gcc.c-torture/execute/va-arg-21.c compilation, -O3 -fomit-frame-pointer -funroll-loops (internal compiler error)
UNRESOLVED: gcc.c-torture/execute/va-arg-21.c execution, -O3 -fomit-frame-pointer -funroll-loops
FAIL: gcc.c-torture/execute/va-arg-21.c compilation, -O3 -fomit-frame-pointer -funroll-all-loops -finline-functions (internal compiler error)
UNRESOLVED: gcc.c-torture/execute/va-arg-21.c execution, -O3 -fomit-frame-pointer -funroll-all-loops -finline-functions
FAIL: gcc.c-torture/execute/va-arg-21.c compilation, -O3 -g (internal compiler error)
UNRESOLVED: gcc.c-torture/execute/va-arg-21.c execution, -O3 -g
FAIL: gcc.c-torture/execute/va-arg-21.c compilation, -Os (internal compiler error)
UNRESOLVED: gcc.c-torture/execute/va-arg-21.c execution, -Os
FAIL: gcc.c-torture/execute/va-arg-21.c compilation, -O2 -flto (internal compiler error)
UNRESOLVED: gcc.c-torture/execute/va-arg-21.c execution, -O2 -flto
FAIL: gcc.c-torture/execute/va-arg-21.c compilation, -O2 -fwhopr (internal compiler error)
UNRESOLVED: gcc.c-torture/execute/va-arg-21.c execution, -O2 -fwhopr
FAIL: gcc.dg/and-1.c scan-assembler-not nand
FAIL: gcc.dg/cproj-fails-with-broken-glibc.c execution test
FAIL: gcc.dg/sms-2.c scan-rtl-dump-times sms "SMS succeeded" 1
FAIL: gcc.dg/sms-4.c scan-rtl-dump-times sms "SMS succeeded" 1
FAIL: gcc.dg/sms-5.c scan-rtl-dump-times sms "SMS succeeded" 1
FAIL: gcc.dg/sms-6.c scan-rtl-dump-times sms "SMS succeeded" 3
FAIL: gcc.dg/sms-7.c scan-rtl-dump-times sms "SMS succeeded" 3
FAIL: gcc.dg/sms-8.c scan-rtl-dump-times sms "SMS succeeded" 1
XPASS: gcc.dg/guality/example.c -O0 execution test
XPASS: gcc.dg/guality/example.c -O1 execution test
XPASS: gcc.dg/guality/example.c -O2 execution test
XPASS: gcc.dg/guality/example.c -Os execution test
XPASS: gcc.dg/guality/example.c -O2 -flto execution test
XPASS: gcc.dg/guality/example.c -O2 -fwhopr execution test
XPASS: gcc.dg/guality/guality.c -O0 execution test
XPASS: gcc.dg/guality/guality.c -O1 execution test
XPASS: gcc.dg/guality/guality.c -O2 execution test
XPASS: gcc.dg/guality/guality.c -O3 -fomit-frame-pointer execution test
XPASS: gcc.dg/guality/guality.c -O3 -g execution test
XPASS: gcc.dg/guality/guality.c -Os execution test
XPASS: gcc.dg/guality/guality.c -O2 -flto execution test
XPASS: gcc.dg/guality/guality.c -O2 -fwhopr execution test
XPASS: gcc.dg/guality/inline-params.c -O2 execution test
XPASS: gcc.dg/guality/inline-params.c -O3 -fomit-frame-pointer execution test
XPASS: gcc.dg/guality/inline-params.c -O3 -g execution test
XPASS: gcc.dg/guality/inline-params.c -Os execution test
FAIL: gcc.dg/guality/nrv-1.c -O2 line 20 a2.i[0] == 42
FAIL: gcc.dg/guality/nrv-1.c -O3 -fomit-frame-pointer line 20 a2.i[0] == 42
FAIL: gcc.dg/guality/nrv-1.c -O3 -g line 20 a2.i[0] == 42
FAIL: gcc.dg/guality/nrv-1.c -Os line 20 a2.i[0] == 42
FAIL: gcc.dg/guality/nrv-1.c -O2 -flto line 20 a2.i[0] == 42
FAIL: gcc.dg/guality/nrv-1.c -O2 -fwhopr line 20 a2.i[0] == 42
FAIL: gcc.dg/guality/pr36728-1.c -O1 line 12 arg7 == 30
FAIL: gcc.dg/guality/pr36728-1.c -O1 line 14 arg7 == 30
FAIL: gcc.dg/guality/pr36728-1.c -O2 line 12 arg7 == 30
FAIL: gcc.dg/guality/pr36728-1.c -O2 line 14 arg7 == 30
FAIL: gcc.dg/guality/pr36728-1.c -O3 -fomit-frame-pointer line 12 arg7 == 30
FAIL: gcc.dg/guality/pr36728-1.c -O3 -fomit-frame-pointer line 14 arg7 == 30
FAIL: gcc.dg/guality/pr36728-1.c -O3 -g line 12 arg7 == 30
FAIL: gcc.dg/guality/pr36728-1.c -O3 -g line 14 arg7 == 30
FAIL: gcc.dg/guality/pr36728-1.c -Os line 12 arg7 == 30
FAIL: gcc.dg/guality/pr36728-1.c -Os line 14 arg7 == 30
FAIL: gcc.dg/guality/pr36728-1.c -O2 -flto line 12 arg7 == 30
FAIL: gcc.dg/guality/pr36728-1.c -O2 -flto line 14 arg7 == 30
FAIL: gcc.dg/guality/pr36728-1.c -O2 -fwhopr line 12 arg7 == 30
FAIL: gcc.dg/guality/pr36728-1.c -O2 -fwhopr line 14 arg7 == 30
XPASS: gcc.dg/guality/pr41353-1.c -O0 line 28 j == 28 + 37
XPASS: gcc.dg/guality/pr41353-1.c -O1 line 28 j == 28 + 37
XPASS: gcc.dg/guality/pr41353-1.c -O2 line 28 j == 28 + 37
XPASS: gcc.dg/guality/pr41353-1.c -O3 -fomit-frame-pointer line 28 j == 28 + 37
XPASS: gcc.dg/guality/pr41353-1.c -O3 -g line 28 j == 28 + 37
XPASS: gcc.dg/guality/pr41353-1.c -Os line 28 j == 28 + 37
XPASS: gcc.dg/guality/pr41353-1.c -O2 -flto line 28 j == 28 + 37
XPASS: gcc.dg/guality/pr41353-1.c -O2 -fwhopr line 28 j == 28 + 37
XPASS: gcc.dg/guality/pr41447-1.c -O0 execution test
XPASS: gcc.dg/guality/pr41447-1.c -O1 execution test
XPASS: gcc.dg/guality/pr41447-1.c -O2 execution test
XPASS: gcc.dg/guality/pr41447-1.c -O3 -fomit-frame-pointer execution test
XPASS: gcc.dg/guality/pr41447-1.c -O3 -g execution test
XPASS: gcc.dg/guality/pr41447-1.c -Os execution test
XPASS: gcc.dg/guality/pr41616-1.c -O0 execution test
XPASS: gcc.dg/guality/pr41616-1.c -O1 execution test
XPASS: gcc.dg/guality/pr41616-1.c -O2 execution test
XPASS: gcc.dg/guality/pr41616-1.c -O3 -fomit-frame-pointer execution test
XPASS: gcc.dg/guality/pr41616-1.c -O3 -g execution test
XPASS: gcc.dg/guality/pr41616-1.c -Os execution test
XPASS: gcc.dg/guality/pr41616-1.c -O2 -flto execution test
XPASS: gcc.dg/guality/pr41616-1.c -O2 -fwhopr execution test
FAIL: gcc.dg/guality/pr43077-1.c -O1 line 42 c == 3
FAIL: gcc.dg/guality/pr43077-1.c -O2 line 42 c == 3
FAIL: gcc.dg/guality/pr43077-1.c -O3 -fomit-frame-pointer line 42 c == 3
FAIL: gcc.dg/guality/pr43077-1.c -O3 -g line 42 c == 3
FAIL: gcc.dg/guality/pr43077-1.c -Os line 42 c == 3
FAIL: gcc.dg/guality/pr43077-1.c -O2 -flto line 42 c == 3
FAIL: gcc.dg/guality/pr43077-1.c -O2 -fwhopr line 42 c == 3
FAIL: gcc.dg/guality/sra-1.c -Os line 42 a.j == 14
FAIL: gcc.dg/guality/vla-1.c -O0 line 17 sizeof (a) == 6
FAIL: gcc.dg/guality/vla-1.c -O0 line 24 sizeof (a) == 17 * sizeof (short)
FAIL: gcc.dg/guality/vla-1.c -O1 line 17 sizeof (a) == 6
FAIL: gcc.dg/guality/vla-1.c -O1 line 24 sizeof (a) == 17 * sizeof (short)
FAIL: gcc.dg/guality/vla-1.c -O2 line 17 sizeof (a) == 6
FAIL: gcc.dg/guality/vla-1.c -O2 line 24 sizeof (a) == 17 * sizeof (short)
FAIL: gcc.dg/guality/vla-1.c -O3 -fomit-frame-pointer line 17 sizeof (a) == 6
FAIL: gcc.dg/guality/vla-1.c -O3 -fomit-frame-pointer line 24 sizeof (a) == 17 * sizeof (short)
FAIL: gcc.dg/guality/vla-1.c -O3 -g line 17 sizeof (a) == 6
FAIL: gcc.dg/guality/vla-1.c -O3 -g line 24 sizeof (a) == 17 * sizeof (short)
FAIL: gcc.dg/guality/vla-1.c -Os line 17 sizeof (a) == 6
FAIL: gcc.dg/guality/vla-1.c -Os line 24 sizeof (a) == 17 * sizeof (short)
FAIL: gcc.dg/guality/vla-1.c -O2 -flto line 17 sizeof (a) == 6
FAIL: gcc.dg/guality/vla-1.c -O2 -flto line 24 sizeof (a) == 17 * sizeof (short)
FAIL: gcc.dg/guality/vla-1.c -O2 -fwhopr line 17 sizeof (a) == 6
FAIL: gcc.dg/guality/vla-1.c -O2 -fwhopr line 24 sizeof (a) == 17 * sizeof (short)
FAIL: gcc.dg/guality/vla-2.c -O0 line 16 sizeof (a) == 5 * sizeof (int)
FAIL: gcc.dg/guality/vla-2.c -O0 line 25 sizeof (a) == 6 * sizeof (int)
FAIL: gcc.dg/guality/vla-2.c -O1 line 16 sizeof (a) == 5 * sizeof (int)
FAIL: gcc.dg/guality/vla-2.c -O1 line 25 sizeof (a) == 6 * sizeof (int)
FAIL: gcc.dg/guality/vla-2.c -O2 line 16 sizeof (a) == 5 * sizeof (int)
FAIL: gcc.dg/guality/vla-2.c -O2 line 25 sizeof (a) == 6 * sizeof (int)
FAIL: gcc.dg/guality/vla-2.c -O3 -fomit-frame-pointer line 16 sizeof (a) == 5 * sizeof (int)
FAIL: gcc.dg/guality/vla-2.c -O3 -fomit-frame-pointer line 25 sizeof (a) == 6 * sizeof (int)
FAIL: gcc.dg/guality/vla-2.c -O3 -g line 16 sizeof (a) == 5 * sizeof (int)
FAIL: gcc.dg/guality/vla-2.c -O3 -g line 25 sizeof (a) == 6 * sizeof (int)
FAIL: gcc.dg/guality/vla-2.c -Os line 16 sizeof (a) == 5 * sizeof (int)
FAIL: gcc.dg/guality/vla-2.c -Os line 25 sizeof (a) == 6 * sizeof (int)
FAIL: gcc.dg/guality/vla-2.c -O2 -flto line 16 sizeof (a) == 5 * sizeof (int)
FAIL: gcc.dg/guality/vla-2.c -O2 -flto line 25 sizeof (a) == 6 * sizeof (int)
FAIL: gcc.dg/guality/vla-2.c -O2 -fwhopr line 16 sizeof (a) == 5 * sizeof (int)
FAIL: gcc.dg/guality/vla-2.c -O2 -fwhopr line 25 sizeof (a) == 6 * sizeof (int)
XPASS: gcc.dg/tree-ssa/20031106-3.c scan-tree-dump-times optimized "link_error" 0
FAIL: gcc.dg/tree-ssa/foldconst-2.c scan-tree-dump-not optimized "fundamentals.0"
XPASS: gcc.dg/tree-ssa/fre-vce-1.c scan-tree-dump-times fre "sv.i" 2
FAIL: gcc.dg/tree-ssa/vrp47.c scan-tree-dump-times vrp1 "[xy][^ ]* !=" 0
FAIL: gcc.dg/tree-ssa/vrp47.c scan-tree-dump-times dom1 "x[^ ]* & y" 1
XPASS: gcc.dg/vect/costmodel/ppc/costmodel-vect-outer-fir.c scan-tree-dump-times vect "OUTER LOOP VECTORIZED" 2
FAIL: gcc.dg/vect/costmodel/ppc/costmodel-vect-outer-fir.c scan-tree-dump-times vect "OUTER LOOP VECTORIZED" 1
FAIL: gcc.dg/vect/pr43430-2.c scan-tree-dump-times vect "vectorized 1 loops" 1
FAIL: gcc.dg/vect/pr43432.c scan-tree-dump-times vect "vectorized 1 loops" 1
FAIL: gcc.dg/vect/vect-114.c scan-tree-dump-times vect "vectorized 1 loops" 1
FAIL: gcc.dg/vect/vect-15.c scan-tree-dump-times vect "vectorized 1 loops" 1
FAIL: gcc.dg/vmx/1b-01.c -O2 -flto (test for excess errors)
WARNING: gcc.dg/vmx/1b-01.c -O2 -flto compilation failed to produce executable
FAIL: gcc.dg/vmx/1b-01.c -O2 -fwhopr (test for excess errors)
WARNING: gcc.dg/vmx/1b-01.c -O2 -fwhopr compilation failed to produce executable
FAIL: gcc.dg/vmx/1b-03.c -O2 -flto (test for excess errors)
WARNING: gcc.dg/vmx/1b-03.c -O2 -flto compilation failed to produce executable
FAIL: gcc.dg/vmx/1b-03.c -O2 -fwhopr (test for excess errors)
WARNING: gcc.dg/vmx/1b-03.c -O2 -fwhopr compilation failed to produce executable
FAIL: gcc.dg/vmx/1b-04.c -O2 -flto (test for excess errors)
WARNING: gcc.dg/vmx/1b-04.c -O2 -flto compilation failed to produce executable
FAIL: gcc.dg/vmx/1b-04.c -O2 -fwhopr (test for excess errors)
WARNING: gcc.dg/vmx/1b-04.c -O2 -fwhopr compilation failed to produce executable
FAIL: gcc.dg/vmx/1c-01.c -O2 -flto (test for excess errors)
WARNING: gcc.dg/vmx/1c-01.c -O2 -flto compilation failed to produce executable
FAIL: gcc.dg/vmx/1c-01.c -O2 -fwhopr (test for excess errors)
WARNING: gcc.dg/vmx/1c-01.c -O2 -fwhopr compilation failed to produce executable
FAIL: gcc.dg/vmx/1c-02.c -O2 -flto (test for excess errors)
WARNING: gcc.dg/vmx/1c-02.c -O2 -flto compilation failed to produce executable
FAIL: gcc.dg/vmx/1c-02.c -O2 -fwhopr (test for excess errors)
WARNING: gcc.dg/vmx/1c-02.c -O2 -fwhopr compilation failed to produce executable
FAIL: gcc.dg/vmx/3a-01.c -O2 -flto (test for excess errors)
WARNING: gcc.dg/vmx/3a-01.c -O2 -flto compilation failed to produce executable
FAIL: gcc.dg/vmx/3a-01.c -O2 -fwhopr (test for excess errors)
WARNING: gcc.dg/vmx/3a-01.c -O2 -fwhopr compilation failed to produce executable
FAIL: gcc.dg/vmx/3a-01a.c -O2 -flto (test for excess errors)
WARNING: gcc.dg/vmx/3a-01a.c -O2 -flto compilation failed to produce executable
FAIL: gcc.dg/vmx/3a-01a.c -O2 -fwhopr (test for excess errors)
WARNING: gcc.dg/vmx/3a-01a.c -O2 -fwhopr compilation failed to produce executable
FAIL: gcc.dg/vmx/3a-01m.c -O2 -flto (test for excess errors)
WARNING: gcc.dg/vmx/3a-01m.c -O2 -flto compilation failed to produce executable
FAIL: gcc.dg/vmx/3a-01m.c -O2 -fwhopr (test for excess errors)
WARNING: gcc.dg/vmx/3a-01m.c -O2 -fwhopr compilation failed to produce executable
FAIL: gcc.dg/vmx/3a-03.c -O2 -flto (test for excess errors)
WARNING: gcc.dg/vmx/3a-03.c -O2 -flto compilation failed to produce executable
FAIL: gcc.dg/vmx/3a-03.c -O2 -fwhopr (test for excess errors)
WARNING: gcc.dg/vmx/3a-03.c -O2 -fwhopr compilation failed to produce executable
FAIL: gcc.dg/vmx/3a-03m.c -O2 -flto (test for excess errors)
WARNING: gcc.dg/vmx/3a-03m.c -O2 -flto compilation failed to produce executable
FAIL: gcc.dg/vmx/3a-03m.c -O2 -fwhopr (test for excess errors)
WARNING: gcc.dg/vmx/3a-03m.c -O2 -fwhopr compilation failed to produce executable
FAIL: gcc.dg/vmx/3a-04.c -O2 -flto (test for excess errors)
WARNING: gcc.dg/vmx/3a-04.c -O2 -flto compilation failed to produce executable
FAIL: gcc.dg/vmx/3a-04.c -O2 -fwhopr (test for excess errors)
WARNING: gcc.dg/vmx/3a-04.c -O2 -fwhopr compilation failed to produce executable
FAIL: gcc.dg/vmx/3a-04m.c -O2 -flto (test for excess errors)
WARNING: gcc.dg/vmx/3a-04m.c -O2 -flto compilation failed to produce executable
FAIL: gcc.dg/vmx/3a-04m.c -O2 -fwhopr (test for excess errors)
WARNING: gcc.dg/vmx/3a-04m.c -O2 -fwhopr compilation failed to produce executable
FAIL: gcc.dg/vmx/3a-05.c -O2 -flto (test for excess errors)
WARNING: gcc.dg/vmx/3a-05.c -O2 -flto compilation failed to produce executable
FAIL: gcc.dg/vmx/3a-05.c -O2 -fwhopr (test for excess errors)
WARNING: gcc.dg/vmx/3a-05.c -O2 -fwhopr compilation failed to produce executable
FAIL: gcc.dg/vmx/3a-06.c -O2 -flto (test for excess errors)
WARNING: gcc.dg/vmx/3a-06.c -O2 -flto compilation failed to produce executable
FAIL: gcc.dg/vmx/3a-06.c -O2 -fwhopr (test for excess errors)
WARNING: gcc.dg/vmx/3a-06.c -O2 -fwhopr compilation failed to produce executable
FAIL: gcc.dg/vmx/3a-06m.c -O2 -flto (test for excess errors)
WARNING: gcc.dg/vmx/3a-06m.c -O2 -flto compilation failed to produce executable
FAIL: gcc.dg/vmx/3a-06m.c -O2 -fwhopr (test for excess errors)
WARNING: gcc.dg/vmx/3a-06m.c -O2 -fwhopr compilation failed to produce executable
FAIL: gcc.dg/vmx/3a-07.c -O2 -flto (test for excess errors)
WARNING: gcc.dg/vmx/3a-07.c -O2 -flto compilation failed to produce executable
FAIL: gcc.dg/vmx/3a-07.c -O2 -fwhopr (test for excess errors)
WARNING: gcc.dg/vmx/3a-07.c -O2 -fwhopr compilation failed to produce executable
FAIL: gcc.dg/vmx/3b-01.c -O2 -flto (test for excess errors)
WARNING: gcc.dg/vmx/3b-01.c -O2 -flto compilation failed to produce executable
FAIL: gcc.dg/vmx/3b-01.c -O2 -fwhopr (test for excess errors)
WARNING: gcc.dg/vmx/3b-01.c -O2 -fwhopr compilation failed to produce executable
FAIL: gcc.dg/vmx/3b-02.c -O2 -flto (test for excess errors)
WARNING: gcc.dg/vmx/3b-02.c -O2 -flto compilation failed to produce executable
FAIL: gcc.dg/vmx/3b-02.c -O2 -fwhopr (test for excess errors)
WARNING: gcc.dg/vmx/3b-02.c -O2 -fwhopr compilation failed to produce executable
FAIL: gcc.dg/vmx/3b-10.c -O2 -flto (test for excess errors)
WARNING: gcc.dg/vmx/3b-10.c -O2 -flto compilation failed to produce executable
FAIL: gcc.dg/vmx/3b-10.c -O2 -fwhopr (test for excess errors)
WARNING: gcc.dg/vmx/3b-10.c -O2 -fwhopr compilation failed to produce executable
FAIL: gcc.dg/vmx/3b-13.c -O2 -flto (test for excess errors)
WARNING: gcc.dg/vmx/3b-13.c -O2 -flto compilation failed to produce executable
FAIL: gcc.dg/vmx/3b-13.c -O2 -fwhopr (test for excess errors)
WARNING: gcc.dg/vmx/3b-13.c -O2 -fwhopr compilation failed to produce executable
FAIL: gcc.dg/vmx/3b-14.c -O2 -flto (test for excess errors)
WARNING: gcc.dg/vmx/3b-14.c -O2 -flto compilation failed to produce executable
FAIL: gcc.dg/vmx/3b-14.c -O2 -fwhopr (test for excess errors)
WARNING: gcc.dg/vmx/3b-14.c -O2 -fwhopr compilation failed to produce executable
FAIL: gcc.dg/vmx/3b-15.c -O2 -flto (test for excess errors)
WARNING: gcc.dg/vmx/3b-15.c -O2 -flto compilation failed to produce executable
FAIL: gcc.dg/vmx/3b-15.c -O2 -fwhopr (test for excess errors)
WARNING: gcc.dg/vmx/3b-15.c -O2 -fwhopr compilation failed to produce executable
FAIL: gcc.dg/vmx/3c-01.c -O2 -flto (test for excess errors)
WARNING: gcc.dg/vmx/3c-01.c -O2 -flto compilation failed to produce executable
FAIL: gcc.dg/vmx/3c-01.c -O2 -fwhopr (test for excess errors)
WARNING: gcc.dg/vmx/3c-01.c -O2 -fwhopr compilation failed to produce executable
FAIL: gcc.dg/vmx/3c-02.c -O2 -flto (test for excess errors)
WARNING: gcc.dg/vmx/3c-02.c -O2 -flto compilation failed to produce executable
FAIL: gcc.dg/vmx/3c-02.c -O2 -fwhopr (test for excess errors)
WARNING: gcc.dg/vmx/3c-02.c -O2 -fwhopr compilation failed to produce executable
FAIL: gcc.dg/vmx/3c-03.c -O2 -flto (test for excess errors)
WARNING: gcc.dg/vmx/3c-03.c -O2 -flto compilation failed to produce executable
FAIL: gcc.dg/vmx/3c-03.c -O2 -fwhopr (test for excess errors)
WARNING: gcc.dg/vmx/3c-03.c -O2 -fwhopr compilation failed to produce executable
FAIL: gcc.dg/vmx/8-02.c -O2 -flto (test for excess errors)
WARNING: gcc.dg/vmx/8-02.c -O2 -flto compilation failed to produce executable
FAIL: gcc.dg/vmx/8-02.c -O2 -fwhopr (test for excess errors)
WARNING: gcc.dg/vmx/8-02.c -O2 -fwhopr compilation failed to produce executable
FAIL: gcc.dg/vmx/8-02a.c -O2 -flto (test for excess errors)
WARNING: gcc.dg/vmx/8-02a.c -O2 -flto compilation failed to produce executable
FAIL: gcc.dg/vmx/8-02a.c -O2 -fwhopr (test for excess errors)
WARNING: gcc.dg/vmx/8-02a.c -O2 -fwhopr compilation failed to produce executable
FAIL: gcc.dg/vmx/brode-1.c -O2 -flto (test for excess errors)
WARNING: gcc.dg/vmx/brode-1.c -O2 -flto compilation failed to produce executable
FAIL: gcc.dg/vmx/brode-1.c -O2 -fwhopr (test for excess errors)
WARNING: gcc.dg/vmx/brode-1.c -O2 -fwhopr compilation failed to produce executable
FAIL: gcc.dg/vmx/bug-1.c -O2 -flto (test for excess errors)
WARNING: gcc.dg/vmx/bug-1.c -O2 -flto compilation failed to produce executable
FAIL: gcc.dg/vmx/bug-1.c -O2 -fwhopr (test for excess errors)
WARNING: gcc.dg/vmx/bug-1.c -O2 -fwhopr compilation failed to produce executable
FAIL: gcc.dg/vmx/bug-2.c -O2 -flto (test for excess errors)
WARNING: gcc.dg/vmx/bug-2.c -O2 -flto compilation failed to produce executable
FAIL: gcc.dg/vmx/bug-2.c -O2 -fwhopr (test for excess errors)
WARNING: gcc.dg/vmx/bug-2.c -O2 -fwhopr compilation failed to produce executable
FAIL: gcc.dg/vmx/bug-3.c -O2 -flto (test for excess errors)
WARNING: gcc.dg/vmx/bug-3.c -O2 -flto compilation failed to produce executable
FAIL: gcc.dg/vmx/bug-3.c -O2 -fwhopr (test for excess errors)
WARNING: gcc.dg/vmx/bug-3.c -O2 -fwhopr compilation failed to produce executable
FAIL: gcc.dg/vmx/cw-bug-1.c -O2 -flto (test for excess errors)
WARNING: gcc.dg/vmx/cw-bug-1.c -O2 -flto compilation failed to produce executable
FAIL: gcc.dg/vmx/cw-bug-1.c -O2 -fwhopr (test for excess errors)
WARNING: gcc.dg/vmx/cw-bug-1.c -O2 -fwhopr compilation failed to produce executable
FAIL: gcc.dg/vmx/debug-1.c -O2 -flto (test for excess errors)
WARNING: gcc.dg/vmx/debug-1.c -O2 -flto compilation failed to produce executable
FAIL: gcc.dg/vmx/debug-1.c -O2 -fwhopr (test for excess errors)
WARNING: gcc.dg/vmx/debug-1.c -O2 -fwhopr compilation failed to produce executable
FAIL: gcc.dg/vmx/debug-2.c -O2 -flto (test for excess errors)
WARNING: gcc.dg/vmx/debug-2.c -O2 -flto compilation failed to produce executable
FAIL: gcc.dg/vmx/debug-2.c -O2 -fwhopr (test for excess errors)
WARNING: gcc.dg/vmx/debug-2.c -O2 -fwhopr compilation failed to produce executable
FAIL: gcc.dg/vmx/debug-3.c -O2 -flto (test for excess errors)
WARNING: gcc.dg/vmx/debug-3.c -O2 -flto compilation failed to produce executable
FAIL: gcc.dg/vmx/debug-3.c -O2 -fwhopr (test for excess errors)
WARNING: gcc.dg/vmx/debug-3.c -O2 -fwhopr compilation failed to produce executable
FAIL: gcc.dg/vmx/debug-4.c -O2 -flto (test for excess errors)
WARNING: gcc.dg/vmx/debug-4.c -O2 -flto compilation failed to produce executable
FAIL: gcc.dg/vmx/debug-4.c -O2 -fwhopr (test for excess errors)
WARNING: gcc.dg/vmx/debug-4.c -O2 -fwhopr compilation failed to produce executable
FAIL: gcc.dg/vmx/dos-bug-1-gdb.c -O2 -flto (test for excess errors)
WARNING: gcc.dg/vmx/dos-bug-1-gdb.c -O2 -flto compilation failed to produce executable
FAIL: gcc.dg/vmx/dos-bug-1-gdb.c -O2 -fwhopr (test for excess errors)
WARNING: gcc.dg/vmx/dos-bug-1-gdb.c -O2 -fwhopr compilation failed to produce executable
FAIL: gcc.dg/vmx/dos-bug-2-gdb.c -O2 -flto (test for excess errors)
WARNING: gcc.dg/vmx/dos-bug-2-gdb.c -O2 -flto compilation failed to produce executable
FAIL: gcc.dg/vmx/dos-bug-2-gdb.c -O2 -fwhopr (test for excess errors)
WARNING: gcc.dg/vmx/dos-bug-2-gdb.c -O2 -fwhopr compilation failed to produce executable
FAIL: gcc.dg/vmx/eg-5.c -O2 -flto (test for excess errors)
WARNING: gcc.dg/vmx/eg-5.c -O2 -flto compilation failed to produce executable
FAIL: gcc.dg/vmx/eg-5.c -O2 -fwhopr (test for excess errors)
WARNING: gcc.dg/vmx/eg-5.c -O2 -fwhopr compilation failed to produce executable
FAIL: gcc.dg/vmx/gcc-bug-e.c -O2 -flto (test for excess errors)
WARNING: gcc.dg/vmx/gcc-bug-e.c -O2 -flto compilation failed to produce executable
FAIL: gcc.dg/vmx/gcc-bug-e.c -O2 -fwhopr (test for excess errors)
WARNING: gcc.dg/vmx/gcc-bug-e.c -O2 -fwhopr compilation failed to produce executable
FAIL: gcc.dg/vmx/gcc-bug-i.c -O2 -flto (test for excess errors)
WARNING: gcc.dg/vmx/gcc-bug-i.c -O2 -flto compilation failed to produce executable
FAIL: gcc.dg/vmx/gcc-bug-i.c -O2 -fwhopr (test for excess errors)
WARNING: gcc.dg/vmx/gcc-bug-i.c -O2 -fwhopr compilation failed to produce executable
FAIL: gcc.dg/vmx/ira1.c -O2 -flto (test for excess errors)
WARNING: gcc.dg/vmx/ira1.c -O2 -flto compilation failed to produce executable
FAIL: gcc.dg/vmx/ira1.c -O2 -fwhopr (test for excess errors)
WARNING: gcc.dg/vmx/ira1.c -O2 -fwhopr compilation failed to produce executable
FAIL: gcc.dg/vmx/ira2a.c -O2 -flto (test for excess errors)
WARNING: gcc.dg/vmx/ira2a.c -O2 -flto compilation failed to produce executable
FAIL: gcc.dg/vmx/ira2a.c -O2 -fwhopr (test for excess errors)
WARNING: gcc.dg/vmx/ira2a.c -O2 -fwhopr compilation failed to produce executable
FAIL: gcc.dg/vmx/ira2b.c -O2 -flto (test for excess errors)
WARNING: gcc.dg/vmx/ira2b.c -O2 -flto compilation failed to produce executable
FAIL: gcc.dg/vmx/ira2b.c -O2 -fwhopr (test for excess errors)
WARNING: gcc.dg/vmx/ira2b.c -O2 -fwhopr compilation failed to produce executable
FAIL: gcc.dg/vmx/pr27006.c -O2 -flto (test for excess errors)
WARNING: gcc.dg/vmx/pr27006.c -O2 -flto compilation failed to produce executable
FAIL: gcc.dg/vmx/pr27006.c -O2 -fwhopr (test for excess errors)
WARNING: gcc.dg/vmx/pr27006.c -O2 -fwhopr compilation failed to produce executable
FAIL: gcc.dg/vmx/pr27842.c -O2 -flto (test for excess errors)
WARNING: gcc.dg/vmx/pr27842.c -O2 -flto compilation failed to produce executable
FAIL: gcc.dg/vmx/pr27842.c -O2 -fwhopr (test for excess errors)
WARNING: gcc.dg/vmx/pr27842.c -O2 -fwhopr compilation failed to produce executable
FAIL: gcc.dg/vmx/sn7153.c -O2 -flto (test for excess errors)
WARNING: gcc.dg/vmx/sn7153.c -O2 -flto compilation failed to produce executable
FAIL: gcc.dg/vmx/sn7153.c -O2 -fwhopr (test for excess errors)
WARNING: gcc.dg/vmx/sn7153.c -O2 -fwhopr compilation failed to produce executable
FAIL: gcc.dg/vmx/spill.c -O2 -flto (test for excess errors)
WARNING: gcc.dg/vmx/spill.c -O2 -flto compilation failed to produce executable
FAIL: gcc.dg/vmx/spill.c -O2 -fwhopr (test for excess errors)
WARNING: gcc.dg/vmx/spill.c -O2 -fwhopr compilation failed to produce executable
FAIL: gcc.dg/vmx/spill2.c -O2 -flto (test for excess errors)
WARNING: gcc.dg/vmx/spill2.c -O2 -flto compilation failed to produce executable
FAIL: gcc.dg/vmx/spill2.c -O2 -fwhopr (test for excess errors)
WARNING: gcc.dg/vmx/spill2.c -O2 -fwhopr compilation failed to produce executable
FAIL: gcc.dg/vmx/spill3.c -O2 -flto (test for excess errors)
WARNING: gcc.dg/vmx/spill3.c -O2 -flto compilation failed to produce executable
FAIL: gcc.dg/vmx/spill3.c -O2 -fwhopr (test for excess errors)
WARNING: gcc.dg/vmx/spill3.c -O2 -fwhopr compilation failed to produce executable
FAIL: gcc.dg/vmx/varargs-1.c -O2 -flto (test for excess errors)
WARNING: gcc.dg/vmx/varargs-1.c -O2 -flto compilation failed to produce executable
FAIL: gcc.dg/vmx/varargs-1.c -O2 -fwhopr (test for excess errors)
WARNING: gcc.dg/vmx/varargs-1.c -O2 -fwhopr compilation failed to produce executable
FAIL: gcc.dg/vmx/varargs-2.c -O2 -flto (test for excess errors)
WARNING: gcc.dg/vmx/varargs-2.c -O2 -flto compilation failed to produce executable
FAIL: gcc.dg/vmx/varargs-2.c -O2 -fwhopr (test for excess errors)
WARNING: gcc.dg/vmx/varargs-2.c -O2 -fwhopr compilation failed to produce executable
FAIL: gcc.dg/vmx/varargs-3.c -O2 -flto (test for excess errors)
WARNING: gcc.dg/vmx/varargs-3.c -O2 -flto compilation failed to produce executable
FAIL: gcc.dg/vmx/varargs-3.c -O2 -fwhopr (test for excess errors)
WARNING: gcc.dg/vmx/varargs-3.c -O2 -fwhopr compilation failed to produce executable
FAIL: gcc.dg/vmx/varargs-4.c -O2 -flto (test for excess errors)
WARNING: gcc.dg/vmx/varargs-4.c -O2 -flto compilation failed to produce executable
FAIL: gcc.dg/vmx/varargs-4.c -O2 -fwhopr (test for excess errors)
WARNING: gcc.dg/vmx/varargs-4.c -O2 -fwhopr compilation failed to produce executable
FAIL: gcc.dg/vmx/varargs-5.c -O2 -flto (test for excess errors)
WARNING: gcc.dg/vmx/varargs-5.c -O2 -flto compilation failed to produce executable
FAIL: gcc.dg/vmx/varargs-5.c -O2 -fwhopr (test for excess errors)
WARNING: gcc.dg/vmx/varargs-5.c -O2 -fwhopr compilation failed to produce executable
FAIL: gcc.dg/vmx/varargs-6.c -O2 -flto (test for excess errors)
WARNING: gcc.dg/vmx/varargs-6.c -O2 -flto compilation failed to produce executable
FAIL: gcc.dg/vmx/varargs-6.c -O2 -fwhopr (test for excess errors)
WARNING: gcc.dg/vmx/varargs-6.c -O2 -fwhopr compilation failed to produce executable
FAIL: gcc.dg/vmx/varargs-7.c -O2 -flto (test for excess errors)
WARNING: gcc.dg/vmx/varargs-7.c -O2 -flto compilation failed to produce executable
FAIL: gcc.dg/vmx/varargs-7.c -O2 -fwhopr (test for excess errors)
WARNING: gcc.dg/vmx/varargs-7.c -O2 -fwhopr compilation failed to produce executable
FAIL: gcc.dg/vmx/x-01.c -O2 -flto (test for excess errors)
WARNING: gcc.dg/vmx/x-01.c -O2 -flto compilation failed to produce executable
FAIL: gcc.dg/vmx/x-01.c -O2 -fwhopr (test for excess errors)
WARNING: gcc.dg/vmx/x-01.c -O2 -fwhopr compilation failed to produce executable
FAIL: gcc.dg/vmx/x-02.c -O2 -flto (test for excess errors)
WARNING: gcc.dg/vmx/x-02.c -O2 -flto compilation failed to produce executable
FAIL: gcc.dg/vmx/x-02.c -O2 -fwhopr (test for excess errors)
WARNING: gcc.dg/vmx/x-02.c -O2 -fwhopr compilation failed to produce executable
FAIL: gcc.dg/vmx/x-03.c -O2 -flto (test for excess errors)
WARNING: gcc.dg/vmx/x-03.c -O2 -flto compilation failed to produce executable
FAIL: gcc.dg/vmx/x-03.c -O2 -fwhopr (test for excess errors)
WARNING: gcc.dg/vmx/x-03.c -O2 -fwhopr compilation failed to produce executable
FAIL: gcc.dg/vmx/x-04.c -O2 -flto (test for excess errors)
WARNING: gcc.dg/vmx/x-04.c -O2 -flto compilation failed to produce executable
FAIL: gcc.dg/vmx/x-04.c -O2 -fwhopr (test for excess errors)
WARNING: gcc.dg/vmx/x-04.c -O2 -fwhopr compilation failed to produce executable
FAIL: gcc.dg/vmx/x-05.c -O2 -flto (test for excess errors)
WARNING: gcc.dg/vmx/x-05.c -O2 -flto compilation failed to produce executable
FAIL: gcc.dg/vmx/x-05.c -O2 -fwhopr (test for excess errors)
WARNING: gcc.dg/vmx/x-05.c -O2 -fwhopr compilation failed to produce executable
FAIL: gcc.dg/vmx/yousufi-1.c -O2 -flto (test for excess errors)
WARNING: gcc.dg/vmx/yousufi-1.c -O2 -flto compilation failed to produce executable
FAIL: gcc.dg/vmx/yousufi-1.c -O2 -fwhopr (test for excess errors)
WARNING: gcc.dg/vmx/yousufi-1.c -O2 -fwhopr compilation failed to produce executable
FAIL: gcc.dg/vmx/zero-1.c -O2 -flto (test for excess errors)
WARNING: gcc.dg/vmx/zero-1.c -O2 -flto compilation failed to produce executable
FAIL: gcc.dg/vmx/zero-1.c -O2 -fwhopr (test for excess errors)
WARNING: gcc.dg/vmx/zero-1.c -O2 -fwhopr compilation failed to produce executable
FAIL: gcc.dg/vmx/zero.c -O2 -flto (test for excess errors)
WARNING: gcc.dg/vmx/zero.c -O2 -flto compilation failed to produce executable
FAIL: gcc.dg/vmx/zero.c -O2 -fwhopr (test for excess errors)
WARNING: gcc.dg/vmx/zero.c -O2 -fwhopr compilation failed to produce executable
FAIL: gcc.target/powerpc/405-dlmzb-strlen-1.c scan-assembler dlmzb\\\\.
FAIL: gcc.target/powerpc/440-dlmzb-strlen-1.c scan-assembler dlmzb\\\\.
FAIL: gcc.target/powerpc/ppc-vector-memcpy.c scan-assembler lvx
=== gcc Summary for unix/-m32 ===
# of expected passes 71076
# of unexpected failures 228
# of unexpected successes 43
# of expected failures 201
# of unresolved testcases 19
# of unsupported tests 847
Running target unix/-m64
FAIL: gcc.dg/and-1.c scan-assembler-not nand
FAIL: gcc.dg/attr-ifunc-1.c execution test
FAIL: gcc.dg/attr-ifunc-3.c execution test
FAIL: gcc.dg/attr-ifunc-4.c execution test
FAIL: gcc.dg/attr-ifunc-5.c execution test
FAIL: gcc.dg/cproj-fails-with-broken-glibc.c execution test
FAIL: gcc.dg/sms-2.c scan-rtl-dump-times sms "SMS succeeded" 1
FAIL: gcc.dg/sms-4.c scan-rtl-dump-times sms "SMS succeeded" 1
FAIL: gcc.dg/sms-5.c scan-rtl-dump-times sms "SMS succeeded" 1
FAIL: gcc.dg/sms-6.c scan-rtl-dump-times sms "SMS succeeded" 3
FAIL: gcc.dg/sms-7.c scan-rtl-dump-times sms "SMS succeeded" 3
FAIL: gcc.dg/sms-8.c scan-rtl-dump-times sms "SMS succeeded" 1
FAIL: gcc.dg/stack-usage-1.c scan-file foo\\t(256|264)\\tstatic
WARNING: program timed out.
FAIL: gcc.dg/lto/20090116 c_lto_20090116_0.o-c_lto_20090116_0.o link, -O1 -fwhopr -fPIC (internal compiler error)
UNRESOLVED: gcc.dg/lto/20090116 c_lto_20090116_0.o-c_lto_20090116_0.o execute -O1 -fwhopr -fPIC
XPASS: gcc.dg/tree-ssa/20031106-3.c scan-tree-dump-times optimized "link_error" 0
FAIL: gcc.dg/tree-ssa/foldconst-2.c scan-tree-dump-not optimized "fundamentals.0"
XPASS: gcc.dg/tree-ssa/fre-vce-1.c scan-tree-dump-times fre "sv.i" 2
FAIL: gcc.dg/tree-ssa/vrp47.c scan-tree-dump-times vrp1 "[xy][^ ]* !=" 0
FAIL: gcc.dg/tree-ssa/vrp47.c scan-tree-dump-times dom1 "x[^ ]* & y" 1
XPASS: gcc.dg/vect/costmodel/ppc/costmodel-vect-outer-fir.c scan-tree-dump-times vect "OUTER LOOP VECTORIZED" 2
FAIL: gcc.dg/vect/costmodel/ppc/costmodel-vect-outer-fir.c scan-tree-dump-times vect "OUTER LOOP VECTORIZED" 1
FAIL: gcc.dg/vect/pr43430-2.c scan-tree-dump-times vect "vectorized 1 loops" 1
FAIL: gcc.dg/vect/pr43432.c scan-tree-dump-times vect "vectorized 1 loops" 1
FAIL: gcc.dg/vect/vect-114.c scan-tree-dump-times vect "vectorized 1 loops" 1
FAIL: gcc.dg/vect/vect-15.c scan-tree-dump-times vect "vectorized 1 loops" 1
FAIL: gcc.dg/vmx/1b-01.c -O2 -flto (test for excess errors)
WARNING: gcc.dg/vmx/1b-01.c -O2 -flto compilation failed to produce executable
FAIL: gcc.dg/vmx/1b-01.c -O2 -fwhopr (test for excess errors)
WARNING: gcc.dg/vmx/1b-01.c -O2 -fwhopr compilation failed to produce executable
FAIL: gcc.dg/vmx/1b-03.c -O2 -flto (test for excess errors)
WARNING: gcc.dg/vmx/1b-03.c -O2 -flto compilation failed to produce executable
FAIL: gcc.dg/vmx/1b-03.c -O2 -fwhopr (test for excess errors)
WARNING: gcc.dg/vmx/1b-03.c -O2 -fwhopr compilation failed to produce executable
FAIL: gcc.dg/vmx/1b-04.c -O2 -flto (test for excess errors)
WARNING: gcc.dg/vmx/1b-04.c -O2 -flto compilation failed to produce executable
FAIL: gcc.dg/vmx/1b-04.c -O2 -fwhopr (test for excess errors)
WARNING: gcc.dg/vmx/1b-04.c -O2 -fwhopr compilation failed to produce executable
FAIL: gcc.dg/vmx/1c-01.c -O2 -flto (test for excess errors)
WARNING: gcc.dg/vmx/1c-01.c -O2 -flto compilation failed to produce executable
FAIL: gcc.dg/vmx/1c-01.c -O2 -fwhopr (test for excess errors)
WARNING: gcc.dg/vmx/1c-01.c -O2 -fwhopr compilation failed to produce executable
FAIL: gcc.dg/vmx/1c-02.c -O2 -flto (test for excess errors)
WARNING: gcc.dg/vmx/1c-02.c -O2 -flto compilation failed to produce executable
FAIL: gcc.dg/vmx/1c-02.c -O2 -fwhopr (test for excess errors)
WARNING: gcc.dg/vmx/1c-02.c -O2 -fwhopr compilation failed to produce executable
FAIL: gcc.dg/vmx/3a-01.c -O2 -flto (test for excess errors)
WARNING: gcc.dg/vmx/3a-01.c -O2 -flto compilation failed to produce executable
FAIL: gcc.dg/vmx/3a-01.c -O2 -fwhopr (test for excess errors)
WARNING: gcc.dg/vmx/3a-01.c -O2 -fwhopr compilation failed to produce executable
FAIL: gcc.dg/vmx/3a-01a.c -O2 -flto (test for excess errors)
WARNING: gcc.dg/vmx/3a-01a.c -O2 -flto compilation failed to produce executable
FAIL: gcc.dg/vmx/3a-01a.c -O2 -fwhopr (test for excess errors)
WARNING: gcc.dg/vmx/3a-01a.c -O2 -fwhopr compilation failed to produce executable
FAIL: gcc.dg/vmx/3a-01m.c -O2 -flto (test for excess errors)
WARNING: gcc.dg/vmx/3a-01m.c -O2 -flto compilation failed to produce executable
FAIL: gcc.dg/vmx/3a-01m.c -O2 -fwhopr (test for excess errors)
WARNING: gcc.dg/vmx/3a-01m.c -O2 -fwhopr compilation failed to produce executable
FAIL: gcc.dg/vmx/3a-03.c -O2 -flto (test for excess errors)
WARNING: gcc.dg/vmx/3a-03.c -O2 -flto compilation failed to produce executable
FAIL: gcc.dg/vmx/3a-03.c -O2 -fwhopr (test for excess errors)
WARNING: gcc.dg/vmx/3a-03.c -O2 -fwhopr compilation failed to produce executable
FAIL: gcc.dg/vmx/3a-03m.c -O2 -flto (test for excess errors)
WARNING: gcc.dg/vmx/3a-03m.c -O2 -flto compilation failed to produce executable
FAIL: gcc.dg/vmx/3a-03m.c -O2 -fwhopr (test for excess errors)
WARNING: gcc.dg/vmx/3a-03m.c -O2 -fwhopr compilation failed to produce executable
FAIL: gcc.dg/vmx/3a-04.c -O2 -flto (test for excess errors)
WARNING: gcc.dg/vmx/3a-04.c -O2 -flto compilation failed to produce executable
FAIL: gcc.dg/vmx/3a-04.c -O2 -fwhopr (test for excess errors)
WARNING: gcc.dg/vmx/3a-04.c -O2 -fwhopr compilation failed to produce executable
FAIL: gcc.dg/vmx/3a-04m.c -O2 -flto (test for excess errors)
WARNING: gcc.dg/vmx/3a-04m.c -O2 -flto compilation failed to produce executable
FAIL: gcc.dg/vmx/3a-04m.c -O2 -fwhopr (test for excess errors)
WARNING: gcc.dg/vmx/3a-04m.c -O2 -fwhopr compilation failed to produce executable
FAIL: gcc.dg/vmx/3a-05.c -O2 -flto (test for excess errors)
WARNING: gcc.dg/vmx/3a-05.c -O2 -flto compilation failed to produce executable
FAIL: gcc.dg/vmx/3a-05.c -O2 -fwhopr (test for excess errors)
WARNING: gcc.dg/vmx/3a-05.c -O2 -fwhopr compilation failed to produce executable
FAIL: gcc.dg/vmx/3a-06.c -O2 -flto (test for excess errors)
WARNING: gcc.dg/vmx/3a-06.c -O2 -flto compilation failed to produce executable
FAIL: gcc.dg/vmx/3a-06.c -O2 -fwhopr (test for excess errors)
WARNING: gcc.dg/vmx/3a-06.c -O2 -fwhopr compilation failed to produce executable
FAIL: gcc.dg/vmx/3a-06m.c -O2 -flto (test for excess errors)
WARNING: gcc.dg/vmx/3a-06m.c -O2 -flto compilation failed to produce executable
FAIL: gcc.dg/vmx/3a-06m.c -O2 -fwhopr (test for excess errors)
WARNING: gcc.dg/vmx/3a-06m.c -O2 -fwhopr compilation failed to produce executable
FAIL: gcc.dg/vmx/3a-07.c -O2 -flto (test for excess errors)
WARNING: gcc.dg/vmx/3a-07.c -O2 -flto compilation failed to produce executable
FAIL: gcc.dg/vmx/3a-07.c -O2 -fwhopr (test for excess errors)
WARNING: gcc.dg/vmx/3a-07.c -O2 -fwhopr compilation failed to produce executable
FAIL: gcc.dg/vmx/3b-01.c -O2 -flto (test for excess errors)
WARNING: gcc.dg/vmx/3b-01.c -O2 -flto compilation failed to produce executable
FAIL: gcc.dg/vmx/3b-01.c -O2 -fwhopr (test for excess errors)
WARNING: gcc.dg/vmx/3b-01.c -O2 -fwhopr compilation failed to produce executable
FAIL: gcc.dg/vmx/3b-02.c -O2 -flto (test for excess errors)
WARNING: gcc.dg/vmx/3b-02.c -O2 -flto compilation failed to produce executable
FAIL: gcc.dg/vmx/3b-02.c -O2 -fwhopr (test for excess errors)
WARNING: gcc.dg/vmx/3b-02.c -O2 -fwhopr compilation failed to produce executable
FAIL: gcc.dg/vmx/3b-10.c -O2 -flto (test for excess errors)
WARNING: gcc.dg/vmx/3b-10.c -O2 -flto compilation failed to produce executable
FAIL: gcc.dg/vmx/3b-10.c -O2 -fwhopr (test for excess errors)
WARNING: gcc.dg/vmx/3b-10.c -O2 -fwhopr compilation failed to produce executable
FAIL: gcc.dg/vmx/3b-13.c -O2 -flto (test for excess errors)
WARNING: gcc.dg/vmx/3b-13.c -O2 -flto compilation failed to produce executable
FAIL: gcc.dg/vmx/3b-13.c -O2 -fwhopr (test for excess errors)
WARNING: gcc.dg/vmx/3b-13.c -O2 -fwhopr compilation failed to produce executable
FAIL: gcc.dg/vmx/3b-14.c -O2 -flto (test for excess errors)
WARNING: gcc.dg/vmx/3b-14.c -O2 -flto compilation failed to produce executable
FAIL: gcc.dg/vmx/3b-14.c -O2 -fwhopr (test for excess errors)
WARNING: gcc.dg/vmx/3b-14.c -O2 -fwhopr compilation failed to produce executable
FAIL: gcc.dg/vmx/3b-15.c -O2 -flto (test for excess errors)
WARNING: gcc.dg/vmx/3b-15.c -O2 -flto compilation failed to produce executable
FAIL: gcc.dg/vmx/3b-15.c -O2 -fwhopr (test for excess errors)
WARNING: gcc.dg/vmx/3b-15.c -O2 -fwhopr compilation failed to produce executable
FAIL: gcc.dg/vmx/3c-01.c -O2 -flto (test for excess errors)
WARNING: gcc.dg/vmx/3c-01.c -O2 -flto compilation failed to produce executable
FAIL: gcc.dg/vmx/3c-01.c -O2 -fwhopr (test for excess errors)
WARNING: gcc.dg/vmx/3c-01.c -O2 -fwhopr compilation failed to produce executable
FAIL: gcc.dg/vmx/3c-02.c -O2 -flto (test for excess errors)
WARNING: gcc.dg/vmx/3c-02.c -O2 -flto compilation failed to produce executable
FAIL: gcc.dg/vmx/3c-02.c -O2 -fwhopr (test for excess errors)
WARNING: gcc.dg/vmx/3c-02.c -O2 -fwhopr compilation failed to produce executable
FAIL: gcc.dg/vmx/3c-03.c -O2 -flto (test for excess errors)
WARNING: gcc.dg/vmx/3c-03.c -O2 -flto compilation failed to produce executable
FAIL: gcc.dg/vmx/3c-03.c -O2 -fwhopr (test for excess errors)
WARNING: gcc.dg/vmx/3c-03.c -O2 -fwhopr compilation failed to produce executable
FAIL: gcc.dg/vmx/8-02.c -O2 -flto (test for excess errors)
WARNING: gcc.dg/vmx/8-02.c -O2 -flto compilation failed to produce executable
FAIL: gcc.dg/vmx/8-02.c -O2 -fwhopr (test for excess errors)
WARNING: gcc.dg/vmx/8-02.c -O2 -fwhopr compilation failed to produce executable
FAIL: gcc.dg/vmx/8-02a.c -O2 -flto (test for excess errors)
WARNING: gcc.dg/vmx/8-02a.c -O2 -flto compilation failed to produce executable
FAIL: gcc.dg/vmx/8-02a.c -O2 -fwhopr (test for excess errors)
WARNING: gcc.dg/vmx/8-02a.c -O2 -fwhopr compilation failed to produce executable
FAIL: gcc.dg/vmx/brode-1.c -O2 -flto (test for excess errors)
WARNING: gcc.dg/vmx/brode-1.c -O2 -flto compilation failed to produce executable
FAIL: gcc.dg/vmx/brode-1.c -O2 -fwhopr (test for excess errors)
WARNING: gcc.dg/vmx/brode-1.c -O2 -fwhopr compilation failed to produce executable
FAIL: gcc.dg/vmx/bug-1.c -O2 -flto (test for excess errors)
WARNING: gcc.dg/vmx/bug-1.c -O2 -flto compilation failed to produce executable
FAIL: gcc.dg/vmx/bug-1.c -O2 -fwhopr (test for excess errors)
WARNING: gcc.dg/vmx/bug-1.c -O2 -fwhopr compilation failed to produce executable
FAIL: gcc.dg/vmx/bug-2.c -O2 -flto (test for excess errors)
WARNING: gcc.dg/vmx/bug-2.c -O2 -flto compilation failed to produce executable
FAIL: gcc.dg/vmx/bug-2.c -O2 -fwhopr (test for excess errors)
WARNING: gcc.dg/vmx/bug-2.c -O2 -fwhopr compilation failed to produce executable
FAIL: gcc.dg/vmx/bug-3.c -O2 -flto (test for excess errors)
WARNING: gcc.dg/vmx/bug-3.c -O2 -flto compilation failed to produce executable
FAIL: gcc.dg/vmx/bug-3.c -O2 -fwhopr (test for excess errors)
WARNING: gcc.dg/vmx/bug-3.c -O2 -fwhopr compilation failed to produce executable
FAIL: gcc.dg/vmx/cw-bug-1.c -O2 -flto (test for excess errors)
WARNING: gcc.dg/vmx/cw-bug-1.c -O2 -flto compilation failed to produce executable
FAIL: gcc.dg/vmx/cw-bug-1.c -O2 -fwhopr (test for excess errors)
WARNING: gcc.dg/vmx/cw-bug-1.c -O2 -fwhopr compilation failed to produce executable
FAIL: gcc.dg/vmx/debug-1.c -O2 -flto (test for excess errors)
WARNING: gcc.dg/vmx/debug-1.c -O2 -flto compilation failed to produce executable
FAIL: gcc.dg/vmx/debug-1.c -O2 -fwhopr (test for excess errors)
WARNING: gcc.dg/vmx/debug-1.c -O2 -fwhopr compilation failed to produce executable
FAIL: gcc.dg/vmx/debug-2.c -O2 -flto (test for excess errors)
WARNING: gcc.dg/vmx/debug-2.c -O2 -flto compilation failed to produce executable
FAIL: gcc.dg/vmx/debug-2.c -O2 -fwhopr (test for excess errors)
WARNING: gcc.dg/vmx/debug-2.c -O2 -fwhopr compilation failed to produce executable
FAIL: gcc.dg/vmx/debug-3.c -O2 -flto (test for excess errors)
WARNING: gcc.dg/vmx/debug-3.c -O2 -flto compilation failed to produce executable
FAIL: gcc.dg/vmx/debug-3.c -O2 -fwhopr (test for excess errors)
WARNING: gcc.dg/vmx/debug-3.c -O2 -fwhopr compilation failed to produce executable
FAIL: gcc.dg/vmx/debug-4.c -O2 -flto (test for excess errors)
WARNING: gcc.dg/vmx/debug-4.c -O2 -flto compilation failed to produce executable
FAIL: gcc.dg/vmx/debug-4.c -O2 -fwhopr (test for excess errors)
WARNING: gcc.dg/vmx/debug-4.c -O2 -fwhopr compilation failed to produce executable
FAIL: gcc.dg/vmx/dos-bug-1-gdb.c -O2 -flto (test for excess errors)
WARNING: gcc.dg/vmx/dos-bug-1-gdb.c -O2 -flto compilation failed to produce executable
FAIL: gcc.dg/vmx/dos-bug-1-gdb.c -O2 -fwhopr (test for excess errors)
WARNING: gcc.dg/vmx/dos-bug-1-gdb.c -O2 -fwhopr compilation failed to produce executable
FAIL: gcc.dg/vmx/dos-bug-2-gdb.c -O2 -flto (test for excess errors)
WARNING: gcc.dg/vmx/dos-bug-2-gdb.c -O2 -flto compilation failed to produce executable
FAIL: gcc.dg/vmx/dos-bug-2-gdb.c -O2 -fwhopr (test for excess errors)
WARNING: gcc.dg/vmx/dos-bug-2-gdb.c -O2 -fwhopr compilation failed to produce executable
FAIL: gcc.dg/vmx/eg-5.c -O2 -flto (test for excess errors)
WARNING: gcc.dg/vmx/eg-5.c -O2 -flto compilation failed to produce executable
FAIL: gcc.dg/vmx/eg-5.c -O2 -fwhopr (test for excess errors)
WARNING: gcc.dg/vmx/eg-5.c -O2 -fwhopr compilation failed to produce executable
FAIL: gcc.dg/vmx/gcc-bug-e.c -O2 -flto (test for excess errors)
WARNING: gcc.dg/vmx/gcc-bug-e.c -O2 -flto compilation failed to produce executable
FAIL: gcc.dg/vmx/gcc-bug-e.c -O2 -fwhopr (test for excess errors)
WARNING: gcc.dg/vmx/gcc-bug-e.c -O2 -fwhopr compilation failed to produce executable
FAIL: gcc.dg/vmx/gcc-bug-i.c -O2 -flto (test for excess errors)
WARNING: gcc.dg/vmx/gcc-bug-i.c -O2 -flto compilation failed to produce executable
FAIL: gcc.dg/vmx/gcc-bug-i.c -O2 -fwhopr (test for excess errors)
WARNING: gcc.dg/vmx/gcc-bug-i.c -O2 -fwhopr compilation failed to produce executable
FAIL: gcc.dg/vmx/ira1.c -O2 -flto (test for excess errors)
WARNING: gcc.dg/vmx/ira1.c -O2 -flto compilation failed to produce executable
FAIL: gcc.dg/vmx/ira1.c -O2 -fwhopr (test for excess errors)
WARNING: gcc.dg/vmx/ira1.c -O2 -fwhopr compilation failed to produce executable
FAIL: gcc.dg/vmx/ira2a.c -O2 -flto (test for excess errors)
WARNING: gcc.dg/vmx/ira2a.c -O2 -flto compilation failed to produce executable
FAIL: gcc.dg/vmx/ira2a.c -O2 -fwhopr (test for excess errors)
WARNING: gcc.dg/vmx/ira2a.c -O2 -fwhopr compilation failed to produce executable
FAIL: gcc.dg/vmx/ira2b.c -O2 -flto (test for excess errors)
WARNING: gcc.dg/vmx/ira2b.c -O2 -flto compilation failed to produce executable
FAIL: gcc.dg/vmx/ira2b.c -O2 -fwhopr (test for excess errors)
WARNING: gcc.dg/vmx/ira2b.c -O2 -fwhopr compilation failed to produce executable
FAIL: gcc.dg/vmx/pr27006.c -O2 -flto (test for excess errors)
WARNING: gcc.dg/vmx/pr27006.c -O2 -flto compilation failed to produce executable
FAIL: gcc.dg/vmx/pr27006.c -O2 -fwhopr (test for excess errors)
WARNING: gcc.dg/vmx/pr27006.c -O2 -fwhopr compilation failed to produce executable
FAIL: gcc.dg/vmx/pr27842.c -O2 -flto (test for excess errors)
WARNING: gcc.dg/vmx/pr27842.c -O2 -flto compilation failed to produce executable
FAIL: gcc.dg/vmx/pr27842.c -O2 -fwhopr (test for excess errors)
WARNING: gcc.dg/vmx/pr27842.c -O2 -fwhopr compilation failed to produce executable
FAIL: gcc.dg/vmx/sn7153.c -O2 -flto (test for excess errors)
WARNING: gcc.dg/vmx/sn7153.c -O2 -flto compilation failed to produce executable
FAIL: gcc.dg/vmx/sn7153.c -O2 -fwhopr (test for excess errors)
WARNING: gcc.dg/vmx/sn7153.c -O2 -fwhopr compilation failed to produce executable
FAIL: gcc.dg/vmx/spill.c -O2 -flto (test for excess errors)
WARNING: gcc.dg/vmx/spill.c -O2 -flto compilation failed to produce executable
FAIL: gcc.dg/vmx/spill.c -O2 -fwhopr (test for excess errors)
WARNING: gcc.dg/vmx/spill.c -O2 -fwhopr compilation failed to produce executable
FAIL: gcc.dg/vmx/spill2.c -O2 -flto (test for excess errors)
WARNING: gcc.dg/vmx/spill2.c -O2 -flto compilation failed to produce executable
FAIL: gcc.dg/vmx/spill2.c -O2 -fwhopr (test for excess errors)
WARNING: gcc.dg/vmx/spill2.c -O2 -fwhopr compilation failed to produce executable
FAIL: gcc.dg/vmx/spill3.c -O2 -flto (test for excess errors)
WARNING: gcc.dg/vmx/spill3.c -O2 -flto compilation failed to produce executable
FAIL: gcc.dg/vmx/spill3.c -O2 -fwhopr (test for excess errors)
WARNING: gcc.dg/vmx/spill3.c -O2 -fwhopr compilation failed to produce executable
FAIL: gcc.dg/vmx/varargs-1.c -O2 -flto (test for excess errors)
WARNING: gcc.dg/vmx/varargs-1.c -O2 -flto compilation failed to produce executable
FAIL: gcc.dg/vmx/varargs-1.c -O2 -fwhopr (test for excess errors)
WARNING: gcc.dg/vmx/varargs-1.c -O2 -fwhopr compilation failed to produce executable
FAIL: gcc.dg/vmx/varargs-2.c -O2 -flto (test for excess errors)
WARNING: gcc.dg/vmx/varargs-2.c -O2 -flto compilation failed to produce executable
FAIL: gcc.dg/vmx/varargs-2.c -O2 -fwhopr (test for excess errors)
WARNING: gcc.dg/vmx/varargs-2.c -O2 -fwhopr compilation failed to produce executable
FAIL: gcc.dg/vmx/varargs-3.c -O2 -flto (test for excess errors)
WARNING: gcc.dg/vmx/varargs-3.c -O2 -flto compilation failed to produce executable
FAIL: gcc.dg/vmx/varargs-3.c -O2 -fwhopr (test for excess errors)
WARNING: gcc.dg/vmx/varargs-3.c -O2 -fwhopr compilation failed to produce executable
FAIL: gcc.dg/vmx/varargs-4.c -O2 -flto (test for excess errors)
WARNING: gcc.dg/vmx/varargs-4.c -O2 -flto compilation failed to produce executable
FAIL: gcc.dg/vmx/varargs-4.c -O2 -fwhopr (test for excess errors)
WARNING: gcc.dg/vmx/varargs-4.c -O2 -fwhopr compilation failed to produce executable
FAIL: gcc.dg/vmx/varargs-5.c -O2 -flto (test for excess errors)
WARNING: gcc.dg/vmx/varargs-5.c -O2 -flto compilation failed to produce executable
FAIL: gcc.dg/vmx/varargs-5.c -O2 -fwhopr (test for excess errors)
WARNING: gcc.dg/vmx/varargs-5.c -O2 -fwhopr compilation failed to produce executable
FAIL: gcc.dg/vmx/varargs-6.c -O2 -flto (test for excess errors)
WARNING: gcc.dg/vmx/varargs-6.c -O2 -flto compilation failed to produce executable
FAIL: gcc.dg/vmx/varargs-6.c -O2 -fwhopr (test for excess errors)
WARNING: gcc.dg/vmx/varargs-6.c -O2 -fwhopr compilation failed to produce executable
FAIL: gcc.dg/vmx/varargs-7.c -O2 -flto (test for excess errors)
WARNING: gcc.dg/vmx/varargs-7.c -O2 -flto compilation failed to produce executable
FAIL: gcc.dg/vmx/varargs-7.c -O2 -fwhopr (test for excess errors)
WARNING: gcc.dg/vmx/varargs-7.c -O2 -fwhopr compilation failed to produce executable
FAIL: gcc.dg/vmx/x-01.c -O2 -flto (test for excess errors)
WARNING: gcc.dg/vmx/x-01.c -O2 -flto compilation failed to produce executable
FAIL: gcc.dg/vmx/x-01.c -O2 -fwhopr (test for excess errors)
WARNING: gcc.dg/vmx/x-01.c -O2 -fwhopr compilation failed to produce executable
FAIL: gcc.dg/vmx/x-02.c -O2 -flto (test for excess errors)
WARNING: gcc.dg/vmx/x-02.c -O2 -flto compilation failed to produce executable
FAIL: gcc.dg/vmx/x-02.c -O2 -fwhopr (test for excess errors)
WARNING: gcc.dg/vmx/x-02.c -O2 -fwhopr compilation failed to produce executable
FAIL: gcc.dg/vmx/x-03.c -O2 -flto (test for excess errors)
WARNING: gcc.dg/vmx/x-03.c -O2 -flto compilation failed to produce executable
FAIL: gcc.dg/vmx/x-03.c -O2 -fwhopr (test for excess errors)
WARNING: gcc.dg/vmx/x-03.c -O2 -fwhopr compilation failed to produce executable
FAIL: gcc.dg/vmx/x-04.c -O2 -flto (test for excess errors)
WARNING: gcc.dg/vmx/x-04.c -O2 -flto compilation failed to produce executable
FAIL: gcc.dg/vmx/x-04.c -O2 -fwhopr (test for excess errors)
WARNING: gcc.dg/vmx/x-04.c -O2 -fwhopr compilation failed to produce executable
FAIL: gcc.dg/vmx/x-05.c -O2 -flto (test for excess errors)
WARNING: gcc.dg/vmx/x-05.c -O2 -flto compilation failed to produce executable
FAIL: gcc.dg/vmx/x-05.c -O2 -fwhopr (test for excess errors)
WARNING: gcc.dg/vmx/x-05.c -O2 -fwhopr compilation failed to produce executable
FAIL: gcc.dg/vmx/yousufi-1.c -O2 -flto (test for excess errors)
WARNING: gcc.dg/vmx/yousufi-1.c -O2 -flto compilation failed to produce executable
FAIL: gcc.dg/vmx/yousufi-1.c -O2 -fwhopr (test for excess errors)
WARNING: gcc.dg/vmx/yousufi-1.c -O2 -fwhopr compilation failed to produce executable
FAIL: gcc.dg/vmx/zero-1.c -O2 -flto (test for excess errors)
WARNING: gcc.dg/vmx/zero-1.c -O2 -flto compilation failed to produce executable
FAIL: gcc.dg/vmx/zero-1.c -O2 -fwhopr (test for excess errors)
WARNING: gcc.dg/vmx/zero-1.c -O2 -fwhopr compilation failed to produce executable
FAIL: gcc.dg/vmx/zero.c -O2 -flto (test for excess errors)
WARNING: gcc.dg/vmx/zero.c -O2 -flto compilation failed to produce executable
FAIL: gcc.dg/vmx/zero.c -O2 -fwhopr (test for excess errors)
WARNING: gcc.dg/vmx/zero.c -O2 -fwhopr compilation failed to produce executable
FAIL: gcc.target/powerpc/ppc-vector-memcpy.c scan-assembler lvx
FAIL: gcc.target/powerpc/ppc64-abi-dfp-1.c execution test
=== gcc Summary for unix/-m64 ===
# of expected passes 70678
# of unexpected failures 154
# of unexpected successes 3
# of expected failures 204
# of unresolved testcases 1
# of unsupported tests 852
=== gcc Summary ===
# of expected passes 141754
# of unexpected failures 382
# of unexpected successes 46
# of expected failures 405
# of unresolved testcases 20
# of unsupported tests 1699
/daten/gcc/gcc-20100929/Build/gcc/xgcc version 4.6.0 20100928 (experimental) (GCC)
=== gfortran tests ===
Running target unix/-m32
XPASS: gfortran.dg/nint_2.f90 -O0 execution test
=== gfortran Summary for unix/-m32 ===
# of expected passes 36604
# of unexpected successes 1
# of expected failures 76
# of unsupported tests 210
Running target unix/-m64
XPASS: gfortran.dg/nint_2.f90 -O0 execution test
FAIL: gfortran.dg/pr25923.f90 -O PR45505 (test for warnings, line 13)
FAIL: gfortran.dg/pr25923.f90 -O PR45505 (test for bogus messages, line 22)
=== gfortran Summary for unix/-m64 ===
# of expected passes 36881
# of unexpected failures 2
# of unexpected successes 1
# of expected failures 74
# of unsupported tests 75
=== gfortran Summary ===
# of expected passes 73485
# of unexpected failures 2
# of unexpected successes 2
# of expected failures 150
# of unsupported tests 285
/daten/gcc/gcc-20100929/Build/gcc/testsuite/gfortran/../../gfortran version 4.6.0 20100928 (experimental) (GCC)
=== gnat tests ===
Running target unix/-m32
FAIL: gnat.dg/lto1.adb (internal compiler error)
FAIL: gnat.dg/lto1.adb (test for excess errors)
WARNING: gnat.dg/lto1.adb compilation failed to produce executable
=== gnat Summary for unix/-m32 ===
# of expected passes 825
# of unexpected failures 2
# of expected failures 10
# of unsupported tests 4
Running target unix/-m64
FAIL: gnat.dg/lto1.adb (internal compiler error)
FAIL: gnat.dg/lto1.adb (test for excess errors)
WARNING: gnat.dg/lto1.adb compilation failed to produce executable
FAIL: gnat.dg/socket1.adb execution test
=== gnat Summary for unix/-m64 ===
# of expected passes 824
# of unexpected failures 3
# of expected failures 10
# of unsupported tests 4
=== gnat Summary ===
# of expected passes 1649
# of unexpected failures 5
# of expected failures 20
# of unsupported tests 8
=== objc tests ===
Running target unix/-m32
XPASS: objc.dg-struct-layout-encoding-1/t025_main.m execution test
XPASS: objc.dg-struct-layout-encoding-1/t026_main.m execution test
XPASS: objc.dg-struct-layout-encoding-1/t027_main.m execution test
XPASS: objc.dg-struct-layout-encoding-1/t028_main.m execution test
XPASS: objc.dg-struct-layout-encoding-1/t029_main.m execution test
XPASS: objc.dg-struct-layout-encoding-1/t030_main.m execution test
XPASS: objc.dg-struct-layout-encoding-1/t031_main.m execution test
=== objc Summary for unix/-m32 ===
# of expected passes 2084
# of unexpected successes 7
# of expected failures 8
# of unsupported tests 24
Running target unix/-m64
XPASS: objc.dg-struct-layout-encoding-1/t025_main.m execution test
XPASS: objc.dg-struct-layout-encoding-1/t026_main.m execution test
XPASS: objc.dg-struct-layout-encoding-1/t027_main.m execution test
XPASS: objc.dg-struct-layout-encoding-1/t028_main.m execution test
XPASS: objc.dg-struct-layout-encoding-1/t029_main.m execution test
XPASS: objc.dg-struct-layout-encoding-1/t030_main.m execution test
XPASS: objc.dg-struct-layout-encoding-1/t031_main.m execution test
=== objc Summary for unix/-m64 ===
# of expected passes 2084
# of unexpected successes 7
# of expected failures 8
# of unsupported tests 24
=== objc Summary ===
# of expected passes 4168
# of unexpected successes 14
# of expected failures 16
# of unsupported tests 48
/daten/gcc/gcc-20100929/Build/gcc/xgcc version 4.6.0 20100928 (experimental) (GCC)
=== libffi tests ===
Running target unix/-m32
=== libffi Summary for unix/-m32 ===
# of expected passes 1624
# of expected failures 10
# of unsupported tests 15
Running target unix/-m64
=== libffi Summary for unix/-m64 ===
# of expected passes 1624
# of expected failures 10
# of unsupported tests 15
=== libffi Summary ===
# of expected passes 3248
# of expected failures 20
# of unsupported tests 30
=== libgomp tests ===
Running target unix/-m32
=== libgomp Summary for unix/-m32 ===
# of expected passes 2540
Running target unix/-m64
=== libgomp Summary for unix/-m64 ===
# of expected passes 2540
=== libgomp Summary ===
# of expected passes 5080
=== libjava tests ===
Running target unix/-m32
=== libjava Summary for unix/-m32 ===
# of expected passes 2574
Running target unix/-m64
FAIL: getlocalvartable output
=== libjava Summary for unix/-m64 ===
# of expected passes 2573
# of unexpected failures 1
=== libjava Summary ===
# of expected passes 5147
# of unexpected failures 1
=== libmudflap tests ===
Running target unix/-m32
FAIL: libmudflap.c/pass49-frag.c execution test
FAIL: libmudflap.c/pass49-frag.c output pattern test
FAIL: libmudflap.c/pass49-frag.c execution test
FAIL: libmudflap.c/pass49-frag.c output pattern test
FAIL: libmudflap.c/pass49-frag.c (-static) execution test
FAIL: libmudflap.c/pass49-frag.c (-static) output pattern test
FAIL: libmudflap.c/pass49-frag.c (-static) execution test
FAIL: libmudflap.c/pass49-frag.c (-static) output pattern test
FAIL: libmudflap.c/pass49-frag.c (-O2) execution test
FAIL: libmudflap.c/pass49-frag.c (-O2) output pattern test
FAIL: libmudflap.c/pass49-frag.c (-O2) execution test
FAIL: libmudflap.c/pass49-frag.c (-O2) output pattern test
FAIL: libmudflap.c/pass49-frag.c (-O3) execution test
FAIL: libmudflap.c/pass49-frag.c (-O3) output pattern test
FAIL: libmudflap.c/pass49-frag.c (-O3) execution test
FAIL: libmudflap.c/pass49-frag.c (-O3) output pattern test
FAIL: libmudflap.c++/pass41-frag.cxx execution test
WARNING: libmudflap.c++/pass41-frag.cxx (-static) compilation failed to produce executable
FAIL: libmudflap.c++/pass41-frag.cxx (-O2) execution test
FAIL: libmudflap.c++/pass41-frag.cxx (-O3) execution test
=== libmudflap Summary for unix/-m32 ===
# of expected passes 1874
# of unexpected failures 19
Running target unix/-m64
FAIL: libmudflap.c/pass49-frag.c execution test
FAIL: libmudflap.c/pass49-frag.c output pattern test
FAIL: libmudflap.c/pass49-frag.c execution test
FAIL: libmudflap.c/pass49-frag.c output pattern test
FAIL: libmudflap.c/pass49-frag.c (-static) execution test
FAIL: libmudflap.c/pass49-frag.c (-static) output pattern test
FAIL: libmudflap.c/pass49-frag.c (-static) execution test
FAIL: libmudflap.c/pass49-frag.c (-static) output pattern test
FAIL: libmudflap.c/pass49-frag.c (-O2) execution test
FAIL: libmudflap.c/pass49-frag.c (-O2) output pattern test
FAIL: libmudflap.c/pass49-frag.c (-O2) execution test
FAIL: libmudflap.c/pass49-frag.c (-O2) output pattern test
FAIL: libmudflap.c/pass49-frag.c (-O3) execution test
FAIL: libmudflap.c/pass49-frag.c (-O3) output pattern test
FAIL: libmudflap.c/pass49-frag.c (-O3) execution test
FAIL: libmudflap.c/pass49-frag.c (-O3) output pattern test
FAIL: libmudflap.c++/pass41-frag.cxx execution test
WARNING: libmudflap.c++/pass41-frag.cxx (-static) compilation failed to produce executable
FAIL: libmudflap.c++/pass41-frag.cxx (-O2) execution test
FAIL: libmudflap.c++/pass41-frag.cxx (-O3) execution test
=== libmudflap Summary for unix/-m64 ===
# of expected passes 1874
# of unexpected failures 19
=== libmudflap Summary ===
# of expected passes 3748
# of unexpected failures 38
=== libstdc++ tests ===
Running target unix/-m32
FAIL: libstdc++-abi/abi_check
=== libstdc++ Summary for unix/-m32 ===
# of expected passes 7959
# of unexpected failures 1
# of expected failures 85
# of unsupported tests 88
Running target unix/-m64
=== libstdc++ Summary for unix/-m64 ===
# of expected passes 7960
# of expected failures 85
# of unsupported tests 88
=== libstdc++ Summary ===
# of expected passes 15919
# of unexpected failures 1
# of expected failures 170
# of unsupported tests 176
Compiler version: 4.6.0 20100928 (experimental) (GCC)
Platform: powerpc64-unknown-linux-gnu
configure flags: --prefix=/usr --build=powerpc64-linux --host=powerpc64-linux --enable-shared --enable-threads --enable-__cxa_atexit --with-system-zlib --with-cpu=default32 --enable-secureplt --with-long-double-128
More information about the Gcc-testresults
mailing list