Results for 4.6.0 20100916 (experimental) [trunk revision 164333] (GCC) testsuite on alphaev68-unknown-linux-gnu
uros@gcc13.fsffrance.org
uros@gcc13.fsffrance.org
Sat Sep 18 10:50:00 GMT 2010
LAST_UPDATED: Thu Sep 16 11:42:59 UTC 2010 (revision 164333)
Native configuration is alphaev68-unknown-linux-gnu
=== libffi tests ===
Running target unix
=== libffi Summary for unix ===
# of expected passes 1624
# of expected failures 10
# of unsupported tests 15
Running target unix/-mieee
=== libffi Summary for unix/-mieee ===
# of expected passes 1624
# of expected failures 10
# of unsupported tests 15
=== libffi Summary ===
# of expected passes 3248
# of expected failures 20
# of unsupported tests 30
=== libgomp tests ===
Running target unix
=== libgomp Summary for unix ===
# of expected passes 2540
Running target unix/-mieee
=== libgomp Summary for unix/-mieee ===
# of expected passes 2540
=== libgomp Summary ===
# of expected passes 5080
=== libjava tests ===
Running target unix
=== libjava Summary for unix ===
# of expected passes 2574
Running target unix/-mieee
=== libjava Summary for unix/-mieee ===
# of expected passes 2574
=== libjava Summary ===
# of expected passes 5148
=== libmudflap tests ===
Running target unix
FAIL: libmudflap.c/pass49-frag.c execution test
FAIL: libmudflap.c/pass49-frag.c output pattern test
FAIL: libmudflap.c/pass49-frag.c execution test
FAIL: libmudflap.c/pass49-frag.c output pattern test
FAIL: libmudflap.c/pass49-frag.c (-static) execution test
FAIL: libmudflap.c/pass49-frag.c (-static) output pattern test
FAIL: libmudflap.c/pass49-frag.c (-static) execution test
FAIL: libmudflap.c/pass49-frag.c (-static) output pattern test
FAIL: libmudflap.c/pass49-frag.c (-O2) execution test
FAIL: libmudflap.c/pass49-frag.c (-O2) output pattern test
FAIL: libmudflap.c/pass49-frag.c (-O2) execution test
FAIL: libmudflap.c/pass49-frag.c (-O2) output pattern test
FAIL: libmudflap.c/pass49-frag.c (-O3) execution test
FAIL: libmudflap.c/pass49-frag.c (-O3) output pattern test
FAIL: libmudflap.c/pass49-frag.c (-O3) execution test
FAIL: libmudflap.c/pass49-frag.c (-O3) output pattern test
FAIL: libmudflap.c++/pass41-frag.cxx execution test
WARNING: libmudflap.c++/pass41-frag.cxx (-static) compilation failed to produce executable
FAIL: libmudflap.c++/pass41-frag.cxx (-O2) execution test
FAIL: libmudflap.c++/pass41-frag.cxx (-O3) execution test
=== libmudflap Summary for unix ===
# of expected passes 1874
# of unexpected failures 19
Running target unix/-mieee
FAIL: libmudflap.c/pass49-frag.c execution test
FAIL: libmudflap.c/pass49-frag.c output pattern test
FAIL: libmudflap.c/pass49-frag.c execution test
FAIL: libmudflap.c/pass49-frag.c output pattern test
FAIL: libmudflap.c/pass49-frag.c (-static) execution test
FAIL: libmudflap.c/pass49-frag.c (-static) output pattern test
FAIL: libmudflap.c/pass49-frag.c (-static) execution test
FAIL: libmudflap.c/pass49-frag.c (-static) output pattern test
FAIL: libmudflap.c/pass49-frag.c (-O2) execution test
FAIL: libmudflap.c/pass49-frag.c (-O2) output pattern test
FAIL: libmudflap.c/pass49-frag.c (-O2) execution test
FAIL: libmudflap.c/pass49-frag.c (-O2) output pattern test
FAIL: libmudflap.c/pass49-frag.c (-O3) execution test
FAIL: libmudflap.c/pass49-frag.c (-O3) output pattern test
FAIL: libmudflap.c/pass49-frag.c (-O3) execution test
FAIL: libmudflap.c/pass49-frag.c (-O3) output pattern test
FAIL: libmudflap.c++/pass41-frag.cxx execution test
WARNING: libmudflap.c++/pass41-frag.cxx (-static) compilation failed to produce executable
FAIL: libmudflap.c++/pass41-frag.cxx (-O2) execution test
FAIL: libmudflap.c++/pass41-frag.cxx (-O3) execution test
=== libmudflap Summary for unix/-mieee ===
# of expected passes 1874
# of unexpected failures 19
=== libmudflap Summary ===
# of expected passes 3748
# of unexpected failures 38
=== libstdc++ tests ===
Running target unix
FAIL: 22_locale/collate/hash/char/wrapped_env.cc execution test
FAIL: 22_locale/collate_byname/named_equivalence.cc execution test
FAIL: 22_locale/ctype/is/char/2.cc execution test
FAIL: 22_locale/ctype/is/char/wrapped_env.cc execution test
=== libstdc++ Summary for unix ===
# of expected passes 7349
# of unexpected failures 4
# of expected failures 83
# of unsupported tests 286
Running target unix/-mieee
FAIL: 22_locale/collate/hash/char/wrapped_env.cc execution test
FAIL: 22_locale/collate_byname/named_equivalence.cc execution test
FAIL: 22_locale/ctype/is/char/2.cc execution test
FAIL: 22_locale/ctype/is/char/wrapped_env.cc execution test
=== libstdc++ Summary for unix/-mieee ===
# of expected passes 7349
# of unexpected failures 4
# of expected failures 83
# of unsupported tests 286
=== libstdc++ Summary ===
# of expected passes 14698
# of unexpected failures 8
# of expected failures 166
# of unsupported tests 572
=== gcc tests ===
Running target unix
FAIL: gcc.dg/attr-ifunc-1.c execution test
FAIL: gcc.dg/attr-ifunc-3.c execution test
FAIL: gcc.dg/attr-ifunc-4.c execution test
FAIL: gcc.dg/attr-ifunc-5.c execution test
FAIL: gcc.dg/cproj-fails-with-broken-glibc.c execution test
XPASS: gcc.dg/guality/example.c -O0 execution test
XPASS: gcc.dg/guality/guality.c -O0 execution test
XPASS: gcc.dg/guality/guality.c -O1 execution test
XPASS: gcc.dg/guality/guality.c -O2 execution test
XPASS: gcc.dg/guality/guality.c -O3 -fomit-frame-pointer execution test
XPASS: gcc.dg/guality/guality.c -O3 -g execution test
XPASS: gcc.dg/guality/guality.c -Os execution test
XPASS: gcc.dg/guality/guality.c -O2 -flto execution test
XPASS: gcc.dg/guality/guality.c -O2 -fwhopr execution test
XPASS: gcc.dg/guality/inline-params.c -O2 execution test
XPASS: gcc.dg/guality/inline-params.c -O3 -fomit-frame-pointer execution test
XPASS: gcc.dg/guality/inline-params.c -O3 -g execution test
XPASS: gcc.dg/guality/inline-params.c -Os execution test
XPASS: gcc.dg/guality/pr41353-1.c -O0 line 28 j == 28 + 37
XPASS: gcc.dg/guality/pr41353-1.c -O1 line 28 j == 28 + 37
XPASS: gcc.dg/guality/pr41353-1.c -O2 line 28 j == 28 + 37
XPASS: gcc.dg/guality/pr41353-1.c -O3 -fomit-frame-pointer line 28 j == 28 + 37
XPASS: gcc.dg/guality/pr41353-1.c -O3 -g line 28 j == 28 + 37
XPASS: gcc.dg/guality/pr41353-1.c -Os line 28 j == 28 + 37
XPASS: gcc.dg/guality/pr41353-1.c -O2 -flto line 28 j == 28 + 37
XPASS: gcc.dg/guality/pr41353-1.c -O2 -fwhopr line 28 j == 28 + 37
FAIL: gcc.dg/guality/pr41353-1.c -O2 -fwhopr line 39 i == 12
FAIL: gcc.dg/guality/pr41404-1.c -O1 line 10 *foo == 'f'
FAIL: gcc.dg/guality/pr41404-1.c -O2 line 10 *foo == 'f'
FAIL: gcc.dg/guality/pr41404-1.c -O3 -fomit-frame-pointer line 10 *foo == 'f'
FAIL: gcc.dg/guality/pr41404-1.c -O3 -g line 10 *foo == 'f'
FAIL: gcc.dg/guality/pr41404-1.c -Os line 10 *foo == 'f'
FAIL: gcc.dg/guality/pr41404-1.c -O2 -flto line 10 *foo == 'f'
FAIL: gcc.dg/guality/pr41404-1.c -O2 -fwhopr line 10 *foo == 'f'
XPASS: gcc.dg/guality/pr41447-1.c -O0 execution test
XPASS: gcc.dg/guality/pr41447-1.c -O1 execution test
XPASS: gcc.dg/guality/pr41447-1.c -O2 execution test
XPASS: gcc.dg/guality/pr41447-1.c -O3 -fomit-frame-pointer execution test
XPASS: gcc.dg/guality/pr41447-1.c -O3 -g execution test
XPASS: gcc.dg/guality/pr41447-1.c -Os execution test
XPASS: gcc.dg/guality/pr41616-1.c -O0 execution test
XPASS: gcc.dg/guality/pr41616-1.c -O1 execution test
XPASS: gcc.dg/guality/pr41616-1.c -O2 execution test
XPASS: gcc.dg/guality/pr41616-1.c -O3 -fomit-frame-pointer execution test
XPASS: gcc.dg/guality/pr41616-1.c -O3 -g execution test
XPASS: gcc.dg/guality/pr41616-1.c -Os execution test
XPASS: gcc.dg/guality/pr41616-1.c -O2 -flto execution test
XPASS: gcc.dg/guality/pr41616-1.c -O2 -fwhopr execution test
FAIL: gcc.dg/guality/pr43051-1.c -O1 line 40 v == 1
FAIL: gcc.dg/guality/pr43051-1.c -O2 line 40 v == 1
FAIL: gcc.dg/guality/pr43051-1.c -O3 -fomit-frame-pointer line 40 v == 1
FAIL: gcc.dg/guality/pr43051-1.c -O3 -fomit-frame-pointer -funroll-loops line 35 v == 1
FAIL: gcc.dg/guality/pr43051-1.c -O3 -fomit-frame-pointer -funroll-loops line 40 v == 1
FAIL: gcc.dg/guality/pr43051-1.c -O3 -fomit-frame-pointer -funroll-all-loops -finline-functions line 35 v == 1
FAIL: gcc.dg/guality/pr43051-1.c -O3 -fomit-frame-pointer -funroll-all-loops -finline-functions line 40 v == 1
FAIL: gcc.dg/guality/pr43051-1.c -O3 -g line 40 v == 1
FAIL: gcc.dg/guality/pr43051-1.c -Os line 40 v == 1
FAIL: gcc.dg/guality/pr43051-1.c -O2 -flto line 40 v == 1
FAIL: gcc.dg/guality/pr43051-1.c -O2 -fwhopr line 40 v == 1
FAIL: gcc.dg/guality/pr43177.c -O1 line 24 x == 7
FAIL: gcc.dg/guality/pr43177.c -O2 line 24 x == 7
FAIL: gcc.dg/guality/pr43177.c -O3 -fomit-frame-pointer line 24 x == 7
FAIL: gcc.dg/guality/pr43177.c -O3 -g line 24 x == 7
FAIL: gcc.dg/guality/pr43177.c -Os line 24 x == 7
FAIL: gcc.dg/guality/pr43177.c -O2 -flto line 24 x == 7
FAIL: gcc.dg/guality/pr43177.c -O2 -fwhopr line 24 x == 7
FAIL: gcc.dg/guality/sra-1.c -O1 line 20 a.j == 14
FAIL: gcc.dg/guality/sra-1.c -O2 line 20 a.j == 14
FAIL: gcc.dg/guality/sra-1.c -O3 -fomit-frame-pointer line 20 a.j == 14
FAIL: gcc.dg/guality/sra-1.c -O3 -g line 20 a.j == 14
FAIL: gcc.dg/guality/sra-1.c -Os line 20 a.j == 14
FAIL: gcc.dg/guality/sra-1.c -O2 -flto line 20 a.j == 14
FAIL: gcc.dg/guality/sra-1.c -O2 -fwhopr line 20 a.j == 14
FAIL: gcc.dg/guality/vla-1.c -O0 line 17 sizeof (a) == 6
FAIL: gcc.dg/guality/vla-1.c -O0 line 24 sizeof (a) == 17 * sizeof (short)
FAIL: gcc.dg/guality/vla-1.c -O1 line 24 sizeof (a) == 17 * sizeof (short)
FAIL: gcc.dg/guality/vla-1.c -O2 line 24 sizeof (a) == 17 * sizeof (short)
FAIL: gcc.dg/guality/vla-1.c -O3 -fomit-frame-pointer line 24 sizeof (a) == 17 * sizeof (short)
FAIL: gcc.dg/guality/vla-1.c -O3 -g line 24 sizeof (a) == 17 * sizeof (short)
FAIL: gcc.dg/guality/vla-1.c -Os line 24 sizeof (a) == 17 * sizeof (short)
FAIL: gcc.dg/guality/vla-1.c -O2 -flto line 24 sizeof (a) == 17 * sizeof (short)
FAIL: gcc.dg/guality/vla-1.c -O2 -fwhopr line 24 sizeof (a) == 17 * sizeof (short)
FAIL: gcc.dg/guality/vla-2.c -O0 line 16 sizeof (a) == 5 * sizeof (int)
FAIL: gcc.dg/guality/vla-2.c -O0 line 25 sizeof (a) == 6 * sizeof (int)
FAIL: gcc.dg/guality/vla-2.c -O1 line 16 sizeof (a) == 5 * sizeof (int)
FAIL: gcc.dg/guality/vla-2.c -O1 line 25 sizeof (a) == 6 * sizeof (int)
FAIL: gcc.dg/guality/vla-2.c -O2 line 16 sizeof (a) == 5 * sizeof (int)
FAIL: gcc.dg/guality/vla-2.c -O2 line 25 sizeof (a) == 6 * sizeof (int)
FAIL: gcc.dg/guality/vla-2.c -O3 -fomit-frame-pointer line 16 sizeof (a) == 5 * sizeof (int)
FAIL: gcc.dg/guality/vla-2.c -O3 -fomit-frame-pointer line 25 sizeof (a) == 6 * sizeof (int)
FAIL: gcc.dg/guality/vla-2.c -O3 -g line 16 sizeof (a) == 5 * sizeof (int)
FAIL: gcc.dg/guality/vla-2.c -O3 -g line 25 sizeof (a) == 6 * sizeof (int)
FAIL: gcc.dg/guality/vla-2.c -Os line 16 sizeof (a) == 5 * sizeof (int)
FAIL: gcc.dg/guality/vla-2.c -Os line 25 sizeof (a) == 6 * sizeof (int)
FAIL: gcc.dg/lto/20090116 c_lto_20090116_0.o-c_lto_20090116_0.o link, -O1 -fwhopr -fPIC (internal compiler error)
UNRESOLVED: gcc.dg/lto/20090116 c_lto_20090116_0.o-c_lto_20090116_0.o execute -O1 -fwhopr -fPIC
FAIL: gcc.dg/lto/20090210 c_lto_20090210_0.o-c_lto_20090210_1.o execute -O2 -fwhopr
FAIL: gcc.dg/lto/20090210 c_lto_20090210_0.o-c_lto_20090210_1.o execute -O2 -flto
FAIL: gcc.dg/tls/opt-12.c execution test
XPASS: gcc.dg/tree-ssa/20031106-3.c scan-tree-dump-times optimized "link_error" 0
XPASS: gcc.dg/tree-ssa/20040204-1.c scan-tree-dump-times optimized "link_error" 0
XPASS: gcc.dg/tree-ssa/fre-vce-1.c scan-tree-dump-times fre "sv.i" 2
=== gcc Summary for unix ===
# of expected passes 67023
# of unexpected failures 63
# of unexpected successes 38
# of expected failures 145
# of unresolved testcases 1
# of unsupported tests 836
Running target unix/-mieee
FAIL: gcc.dg/attr-ifunc-1.c execution test
FAIL: gcc.dg/attr-ifunc-3.c execution test
FAIL: gcc.dg/attr-ifunc-4.c execution test
FAIL: gcc.dg/attr-ifunc-5.c execution test
FAIL: gcc.dg/cproj-fails-with-broken-glibc.c execution test
XPASS: gcc.dg/guality/example.c -O0 execution test
XPASS: gcc.dg/guality/guality.c -O0 execution test
XPASS: gcc.dg/guality/guality.c -O1 execution test
XPASS: gcc.dg/guality/guality.c -O2 execution test
XPASS: gcc.dg/guality/guality.c -O3 -fomit-frame-pointer execution test
XPASS: gcc.dg/guality/guality.c -O3 -g execution test
XPASS: gcc.dg/guality/guality.c -Os execution test
XPASS: gcc.dg/guality/guality.c -O2 -flto execution test
XPASS: gcc.dg/guality/guality.c -O2 -fwhopr execution test
XPASS: gcc.dg/guality/inline-params.c -O2 execution test
XPASS: gcc.dg/guality/inline-params.c -O3 -fomit-frame-pointer execution test
XPASS: gcc.dg/guality/inline-params.c -O3 -g execution test
XPASS: gcc.dg/guality/inline-params.c -Os execution test
XPASS: gcc.dg/guality/pr41353-1.c -O0 line 28 j == 28 + 37
XPASS: gcc.dg/guality/pr41353-1.c -O1 line 28 j == 28 + 37
XPASS: gcc.dg/guality/pr41353-1.c -O2 line 28 j == 28 + 37
XPASS: gcc.dg/guality/pr41353-1.c -O3 -fomit-frame-pointer line 28 j == 28 + 37
XPASS: gcc.dg/guality/pr41353-1.c -O3 -g line 28 j == 28 + 37
XPASS: gcc.dg/guality/pr41353-1.c -Os line 28 j == 28 + 37
XPASS: gcc.dg/guality/pr41353-1.c -O2 -flto line 28 j == 28 + 37
XPASS: gcc.dg/guality/pr41353-1.c -O2 -fwhopr line 28 j == 28 + 37
FAIL: gcc.dg/guality/pr41353-1.c -O2 -fwhopr line 39 i == 12
FAIL: gcc.dg/guality/pr41404-1.c -O1 line 10 *foo == 'f'
FAIL: gcc.dg/guality/pr41404-1.c -O2 line 10 *foo == 'f'
FAIL: gcc.dg/guality/pr41404-1.c -O3 -fomit-frame-pointer line 10 *foo == 'f'
FAIL: gcc.dg/guality/pr41404-1.c -O3 -g line 10 *foo == 'f'
FAIL: gcc.dg/guality/pr41404-1.c -Os line 10 *foo == 'f'
FAIL: gcc.dg/guality/pr41404-1.c -O2 -flto line 10 *foo == 'f'
FAIL: gcc.dg/guality/pr41404-1.c -O2 -fwhopr line 10 *foo == 'f'
XPASS: gcc.dg/guality/pr41447-1.c -O0 execution test
XPASS: gcc.dg/guality/pr41447-1.c -O1 execution test
XPASS: gcc.dg/guality/pr41447-1.c -O2 execution test
XPASS: gcc.dg/guality/pr41447-1.c -O3 -fomit-frame-pointer execution test
XPASS: gcc.dg/guality/pr41447-1.c -O3 -g execution test
XPASS: gcc.dg/guality/pr41447-1.c -Os execution test
XPASS: gcc.dg/guality/pr41616-1.c -O0 execution test
XPASS: gcc.dg/guality/pr41616-1.c -O1 execution test
XPASS: gcc.dg/guality/pr41616-1.c -O2 execution test
XPASS: gcc.dg/guality/pr41616-1.c -O3 -fomit-frame-pointer execution test
XPASS: gcc.dg/guality/pr41616-1.c -O3 -g execution test
XPASS: gcc.dg/guality/pr41616-1.c -Os execution test
XPASS: gcc.dg/guality/pr41616-1.c -O2 -flto execution test
XPASS: gcc.dg/guality/pr41616-1.c -O2 -fwhopr execution test
FAIL: gcc.dg/guality/pr43051-1.c -O1 line 40 v == 1
FAIL: gcc.dg/guality/pr43051-1.c -O2 line 40 v == 1
FAIL: gcc.dg/guality/pr43051-1.c -O3 -fomit-frame-pointer line 40 v == 1
FAIL: gcc.dg/guality/pr43051-1.c -O3 -fomit-frame-pointer -funroll-loops line 35 v == 1
FAIL: gcc.dg/guality/pr43051-1.c -O3 -fomit-frame-pointer -funroll-loops line 40 v == 1
FAIL: gcc.dg/guality/pr43051-1.c -O3 -fomit-frame-pointer -funroll-all-loops -finline-functions line 35 v == 1
FAIL: gcc.dg/guality/pr43051-1.c -O3 -fomit-frame-pointer -funroll-all-loops -finline-functions line 40 v == 1
FAIL: gcc.dg/guality/pr43051-1.c -O3 -g line 40 v == 1
FAIL: gcc.dg/guality/pr43051-1.c -Os line 40 v == 1
FAIL: gcc.dg/guality/pr43051-1.c -O2 -flto line 40 v == 1
FAIL: gcc.dg/guality/pr43051-1.c -O2 -fwhopr line 40 v == 1
FAIL: gcc.dg/guality/pr43177.c -O1 line 24 x == 7
FAIL: gcc.dg/guality/pr43177.c -O2 line 24 x == 7
FAIL: gcc.dg/guality/pr43177.c -O3 -fomit-frame-pointer line 24 x == 7
FAIL: gcc.dg/guality/pr43177.c -O3 -g line 24 x == 7
FAIL: gcc.dg/guality/pr43177.c -Os line 24 x == 7
FAIL: gcc.dg/guality/pr43177.c -O2 -flto line 24 x == 7
FAIL: gcc.dg/guality/pr43177.c -O2 -fwhopr line 24 x == 7
FAIL: gcc.dg/guality/sra-1.c -O1 line 20 a.j == 14
FAIL: gcc.dg/guality/sra-1.c -O2 line 20 a.j == 14
FAIL: gcc.dg/guality/sra-1.c -O3 -fomit-frame-pointer line 20 a.j == 14
FAIL: gcc.dg/guality/sra-1.c -O3 -g line 20 a.j == 14
FAIL: gcc.dg/guality/sra-1.c -Os line 20 a.j == 14
FAIL: gcc.dg/guality/sra-1.c -O2 -flto line 20 a.j == 14
FAIL: gcc.dg/guality/sra-1.c -O2 -fwhopr line 20 a.j == 14
FAIL: gcc.dg/guality/vla-1.c -O0 line 17 sizeof (a) == 6
FAIL: gcc.dg/guality/vla-1.c -O0 line 24 sizeof (a) == 17 * sizeof (short)
FAIL: gcc.dg/guality/vla-1.c -O1 line 24 sizeof (a) == 17 * sizeof (short)
FAIL: gcc.dg/guality/vla-1.c -O2 line 24 sizeof (a) == 17 * sizeof (short)
FAIL: gcc.dg/guality/vla-1.c -O3 -fomit-frame-pointer line 24 sizeof (a) == 17 * sizeof (short)
FAIL: gcc.dg/guality/vla-1.c -O3 -g line 24 sizeof (a) == 17 * sizeof (short)
FAIL: gcc.dg/guality/vla-1.c -Os line 24 sizeof (a) == 17 * sizeof (short)
FAIL: gcc.dg/guality/vla-1.c -O2 -flto line 24 sizeof (a) == 17 * sizeof (short)
FAIL: gcc.dg/guality/vla-1.c -O2 -fwhopr line 24 sizeof (a) == 17 * sizeof (short)
FAIL: gcc.dg/guality/vla-2.c -O0 line 16 sizeof (a) == 5 * sizeof (int)
FAIL: gcc.dg/guality/vla-2.c -O0 line 25 sizeof (a) == 6 * sizeof (int)
FAIL: gcc.dg/guality/vla-2.c -O1 line 16 sizeof (a) == 5 * sizeof (int)
FAIL: gcc.dg/guality/vla-2.c -O1 line 25 sizeof (a) == 6 * sizeof (int)
FAIL: gcc.dg/guality/vla-2.c -O2 line 16 sizeof (a) == 5 * sizeof (int)
FAIL: gcc.dg/guality/vla-2.c -O2 line 25 sizeof (a) == 6 * sizeof (int)
FAIL: gcc.dg/guality/vla-2.c -O3 -fomit-frame-pointer line 16 sizeof (a) == 5 * sizeof (int)
FAIL: gcc.dg/guality/vla-2.c -O3 -fomit-frame-pointer line 25 sizeof (a) == 6 * sizeof (int)
FAIL: gcc.dg/guality/vla-2.c -O3 -g line 16 sizeof (a) == 5 * sizeof (int)
FAIL: gcc.dg/guality/vla-2.c -O3 -g line 25 sizeof (a) == 6 * sizeof (int)
FAIL: gcc.dg/guality/vla-2.c -Os line 16 sizeof (a) == 5 * sizeof (int)
FAIL: gcc.dg/guality/vla-2.c -Os line 25 sizeof (a) == 6 * sizeof (int)
FAIL: gcc.dg/lto/20090116 c_lto_20090116_0.o-c_lto_20090116_0.o link, -O1 -fwhopr -fPIC (internal compiler error)
UNRESOLVED: gcc.dg/lto/20090116 c_lto_20090116_0.o-c_lto_20090116_0.o execute -O1 -fwhopr -fPIC
FAIL: gcc.dg/lto/20090210 c_lto_20090210_0.o-c_lto_20090210_1.o execute -O2 -fwhopr
FAIL: gcc.dg/lto/20090210 c_lto_20090210_0.o-c_lto_20090210_1.o execute -O2 -flto
FAIL: gcc.dg/tls/opt-12.c execution test
XPASS: gcc.dg/tree-ssa/20031106-3.c scan-tree-dump-times optimized "link_error" 0
XPASS: gcc.dg/tree-ssa/20040204-1.c scan-tree-dump-times optimized "link_error" 0
XPASS: gcc.dg/tree-ssa/fre-vce-1.c scan-tree-dump-times fre "sv.i" 2
=== gcc Summary for unix/-mieee ===
# of expected passes 67023
# of unexpected failures 63
# of unexpected successes 38
# of expected failures 145
# of unresolved testcases 1
# of unsupported tests 836
=== gcc Summary ===
# of expected passes 134046
# of unexpected failures 126
# of unexpected successes 76
# of expected failures 290
# of unresolved testcases 2
# of unsupported tests 1672
/space/uros/gcc-build/gcc/xgcc version 4.6.0 20100916 (experimental) [trunk revision 164333] (GCC)
=== gfortran tests ===
Running target unix
FAIL: gfortran.dg/pr25923.f90 -O PR45505 (test for warnings, line 13)
FAIL: gfortran.dg/pr25923.f90 -O PR45505 (test for bogus messages, line 22)
=== gfortran Summary for unix ===
# of expected passes 36758
# of unexpected failures 2
# of expected failures 50
# of unsupported tests 66
Running target unix/-mieee
FAIL: gfortran.dg/pr25923.f90 -O PR45505 (test for warnings, line 13)
FAIL: gfortran.dg/pr25923.f90 -O PR45505 (test for bogus messages, line 22)
=== gfortran Summary for unix/-mieee ===
# of expected passes 36758
# of unexpected failures 2
# of expected failures 50
# of unsupported tests 66
=== gfortran Summary ===
# of expected passes 73516
# of unexpected failures 4
# of expected failures 100
# of unsupported tests 132
/space/uros/gcc-build/gcc/testsuite/gfortran/../../gfortran version 4.6.0 20100916 (experimental) [trunk revision 164333] (GCC)
=== g++ tests ===
Running target unix
FAIL: g++.dg/ext/attr-ifunc-1.C execution test
FAIL: g++.dg/ext/attr-ifunc-2.C execution test
FAIL: g++.dg/ext/attr-ifunc-3.C execution test
FAIL: g++.dg/ext/attr-ifunc-4.C execution test
FAIL: g++.dg/guality/redeclaration1.C -O0 line 16 i == 24
FAIL: g++.dg/guality/redeclaration1.C -O1 line 16 i == 24
FAIL: g++.dg/guality/redeclaration1.C -O2 line 16 i == 24
FAIL: g++.dg/guality/redeclaration1.C -O3 -fomit-frame-pointer line 16 i == 24
FAIL: g++.dg/guality/redeclaration1.C -O3 -g line 16 i == 24
FAIL: g++.dg/guality/redeclaration1.C -Os line 16 i == 24
FAIL: g++.dg/guality/redeclaration1.C -O2 -flto line 16 i == 24
FAIL: g++.dg/guality/redeclaration1.C -O2 -fwhopr line 16 i == 24
=== g++ Summary for unix ===
# of expected passes 24476
# of unexpected failures 12
# of expected failures 149
# of unsupported tests 206
Running target unix/-mieee
FAIL: g++.dg/debug/dwarf2/lineno-simple1.C scan-assembler _ZN1CC[12]Ev:[^\\\\t]*(\\\\t.(frame|mask|file)[^\\\\t]*)*\\\\t[^:]+:4\\\\n
FAIL: g++.dg/debug/dwarf2/lineno-simple1.C scan-assembler _ZN1C3fooEv:[^\\\\t]*(\\\\t.(frame|mask|file)[^\\\\t]*)*\\\\t[^:]+:6\\\\n
FAIL: g++.dg/debug/dwarf2/lineno-simple1.C scan-assembler main:[^\\\\t]*(\\\\t.(frame|mask|file)[^\\\\t]*)*\\\\t[^:]+:12\\\\n
FAIL: g++.dg/debug/dwarf2/pr44641.C scan-assembler _ZN12MisplacedDbgI4FullEC[12]Ev:[^\\\\t]*(\\\\t.(frame|mask|file)[^\\\\t]*)*\\\\t[^:]+:21\\\\n
FAIL: g++.dg/debug/dwarf2/pr44641.C scan-assembler _ZN12MisplacedDbgI4FullED0Ev:[^\\\\t]*(\\\\t.(frame|mask|file)[^\\\\t]*)*\\\\t[^:]+:21\\\\n
FAIL: g++.dg/debug/dwarf2/pr44641.C scan-assembler _ZN12MisplacedDbgIP3ArgEC[12]Ev:[^\\\\t]*(\\\\t.(frame|mask|file)[^\\\\t]*)*\\\\t[^:]+:28\\\\n
FAIL: g++.dg/debug/dwarf2/pr44641.C scan-assembler _ZN12MisplacedDbgIP3ArgED0Ev:[^\\\\t]*(\\\\t.(frame|mask|file)[^\\\\t]*)*\\\\t[^:]+:28\\\\n
FAIL: g++.dg/debug/dwarf2/pr44641.C scan-assembler _ZN12MisplacedDbgI3ArgEC[12]Ev:[^\\\\t]*(\\\\t.(frame|mask|file)[^\\\\t]*)*\\\\t[^:]+:34\\\\n
FAIL: g++.dg/debug/dwarf2/pr44641.C scan-assembler _ZN12MisplacedDbgI3ArgED0Ev:[^\\\\t]*(\\\\t.(frame|mask|file)[^\\\\t]*)*\\\\t[^:]+:34\\\\n
FAIL: g++.dg/ext/attr-ifunc-1.C execution test
FAIL: g++.dg/ext/attr-ifunc-2.C execution test
FAIL: g++.dg/ext/attr-ifunc-3.C execution test
FAIL: g++.dg/ext/attr-ifunc-4.C execution test
FAIL: g++.dg/guality/redeclaration1.C -O0 line 16 i == 24
FAIL: g++.dg/guality/redeclaration1.C -O1 line 16 i == 24
FAIL: g++.dg/guality/redeclaration1.C -O2 line 16 i == 24
FAIL: g++.dg/guality/redeclaration1.C -O3 -fomit-frame-pointer line 16 i == 24
FAIL: g++.dg/guality/redeclaration1.C -O3 -g line 16 i == 24
FAIL: g++.dg/guality/redeclaration1.C -Os line 16 i == 24
FAIL: g++.dg/guality/redeclaration1.C -O2 -flto line 16 i == 24
FAIL: g++.dg/guality/redeclaration1.C -O2 -fwhopr line 16 i == 24
=== g++ Summary for unix/-mieee ===
# of expected passes 24467
# of unexpected failures 21
# of expected failures 149
# of unsupported tests 206
=== g++ Summary ===
# of expected passes 48943
# of unexpected failures 33
# of expected failures 298
# of unsupported tests 412
/space/uros/gcc-build/gcc/testsuite/g++/../../g++ version 4.6.0 20100916 (experimental) [trunk revision 164333] (GCC)
=== objc tests ===
Running target unix
=== objc Summary for unix ===
# of expected passes 2033
# of expected failures 15
# of unsupported tests 21
Running target unix/-mieee
=== objc Summary for unix/-mieee ===
# of expected passes 2033
# of expected failures 15
# of unsupported tests 21
=== objc Summary ===
# of expected passes 4066
# of expected failures 30
# of unsupported tests 42
/space/uros/gcc-build/gcc/xgcc version 4.6.0 20100916 (experimental) [trunk revision 164333] (GCC)
Compiler version: 4.6.0 20100916 (experimental) [trunk revision 164333] (GCC)
Platform: alphaev68-unknown-linux-gnu
configure flags: none
BOOT_CFLAGS=-g -O2
More information about the Gcc-testresults
mailing list