Results for 4.6.0 20100916 (experimental) [trunk revision 164348] (GCC) gcc testsuite on sh-unknown-elf
Mike Stein
mstein.lists@googlemail.com
Fri Sep 17 22:07:00 GMT 2010
Debian 5 on x86_64
cross tool versions:
GNU assembler (GNU Binutils) 2.18.50.20080419
GNU gdb 6.8.50.20080419-cvs
GNU ld (GNU Binutils) 2.18.50.20080419
GNU Make 3.81
expect version 5.43.0
host gcc version: gcc (GCC) 4.6.0 20100916 (experimental) [trunk revision 164348]
LAST_UPDATED: Thu Sep 16 22:06:14 UTC 2010 (revision 164348)
Target is sh-unknown-elf
Host is x86_64-unknown-linux-gnu
=== gcc tests ===
Running target sh-sim
FAIL: gcc.c-torture/compile/pr44197.c -O0 (test for excess errors)
FAIL: gcc.c-torture/compile/pr44197.c -O1 (test for excess errors)
FAIL: gcc.c-torture/compile/pr44197.c -O2 (test for excess errors)
FAIL: gcc.c-torture/compile/pr44197.c -O3 -fomit-frame-pointer (test for excess errors)
FAIL: gcc.c-torture/compile/pr44197.c -O3 -g (test for excess errors)
FAIL: gcc.c-torture/compile/pr44197.c -Os (test for excess errors)
FAIL: gcc.c-torture/compile/pr44197.c -O2 -flto (test for excess errors)
FAIL: gcc.c-torture/compile/pr44197.c -O2 -fwhopr (test for excess errors)
FAIL: gcc.c-torture/execute/builtins/vsnprintf-chk.c execution, -Os
FAIL: gcc.c-torture/execute/20010518-2.c execution, -O0
FAIL: gcc.c-torture/execute/20010518-2.c execution, -O1
FAIL: gcc.c-torture/execute/20010518-2.c execution, -O2
FAIL: gcc.c-torture/execute/20010518-2.c execution, -O3 -fomit-frame-pointer
FAIL: gcc.c-torture/execute/20010518-2.c execution, -O3 -g
FAIL: gcc.c-torture/execute/20010518-2.c execution, -Os
FAIL: gcc.c-torture/execute/20010518-2.c execution, -O2 -flto
FAIL: gcc.c-torture/execute/20010518-2.c execution, -O2 -fwhopr
FAIL: gcc.c-torture/execute/20040709-2.c execution, -O1
FAIL: gcc.c-torture/execute/20040709-2.c execution, -Os
FAIL: gcc.c-torture/execute/pr42248.c compilation, -O0
UNRESOLVED: gcc.c-torture/execute/pr42248.c execution, -O0
FAIL: gcc.c-torture/execute/pr42248.c compilation, -O1
UNRESOLVED: gcc.c-torture/execute/pr42248.c execution, -O1
FAIL: gcc.c-torture/execute/pr42248.c compilation, -O2
UNRESOLVED: gcc.c-torture/execute/pr42248.c execution, -O2
FAIL: gcc.c-torture/execute/pr42248.c compilation, -O3 -fomit-frame-pointer
UNRESOLVED: gcc.c-torture/execute/pr42248.c execution, -O3 -fomit-frame-pointer
FAIL: gcc.c-torture/execute/pr42248.c compilation, -O3 -g
UNRESOLVED: gcc.c-torture/execute/pr42248.c execution, -O3 -g
FAIL: gcc.c-torture/execute/pr42248.c compilation, -Os
UNRESOLVED: gcc.c-torture/execute/pr42248.c execution, -Os
FAIL: gcc.c-torture/execute/pr42248.c compilation, -O2 -flto
UNRESOLVED: gcc.c-torture/execute/pr42248.c execution, -O2 -flto
FAIL: gcc.c-torture/execute/pr42248.c compilation, -O2 -fwhopr
UNRESOLVED: gcc.c-torture/execute/pr42248.c execution, -O2 -fwhopr
FAIL: gcc.c-torture/execute/pr42614.c compilation, -O0
UNRESOLVED: gcc.c-torture/execute/pr42614.c execution, -O0
FAIL: gcc.c-torture/execute/pr42614.c compilation, -O1
UNRESOLVED: gcc.c-torture/execute/pr42614.c execution, -O1
FAIL: gcc.c-torture/execute/pr42614.c compilation, -O2
UNRESOLVED: gcc.c-torture/execute/pr42614.c execution, -O2
FAIL: gcc.c-torture/execute/pr42614.c compilation, -O3 -fomit-frame-pointer
UNRESOLVED: gcc.c-torture/execute/pr42614.c execution, -O3 -fomit-frame-pointer
FAIL: gcc.c-torture/execute/pr42614.c compilation, -O3 -fomit-frame-pointer -funroll-loops
UNRESOLVED: gcc.c-torture/execute/pr42614.c execution, -O3 -fomit-frame-pointer -funroll-loops
FAIL: gcc.c-torture/execute/pr42614.c compilation, -O3 -fomit-frame-pointer -funroll-all-loops -finline-functions
UNRESOLVED: gcc.c-torture/execute/pr42614.c execution, -O3 -fomit-frame-pointer -funroll-all-loops -finline-functions
FAIL: gcc.c-torture/execute/pr42614.c compilation, -O3 -g
UNRESOLVED: gcc.c-torture/execute/pr42614.c execution, -O3 -g
FAIL: gcc.c-torture/execute/pr42614.c compilation, -Os
UNRESOLVED: gcc.c-torture/execute/pr42614.c execution, -Os
FAIL: gcc.c-torture/execute/pr42614.c compilation, -O2 -flto
UNRESOLVED: gcc.c-torture/execute/pr42614.c execution, -O2 -flto
FAIL: gcc.c-torture/execute/pr42614.c compilation, -O2 -fwhopr
UNRESOLVED: gcc.c-torture/execute/pr42614.c execution, -O2 -fwhopr
FAIL: gcc.dg/c99-stdint-7.c (test for excess errors)
FAIL: gcc.dg/stack-usage-1.c (test for excess errors)
FAIL: gcc.dg/stack-usage-1.c scan-file foo\\t(256|264)\\tstatic
FAIL: gcc.dg/lto/20081222 c_lto_20081222_1.o assemble, -O0 -fwhopr
UNRESOLVED: gcc.dg/lto/20081222 c_lto_20081222_0.o-c_lto_20081222_1.o link -O0 -fwhopr
UNRESOLVED: gcc.dg/lto/20081222 c_lto_20081222_0.o-c_lto_20081222_1.o execute -O0 -fwhopr
FAIL: gcc.dg/lto/20081222 c_lto_20081222_1.o assemble, -O2 -fwhopr
UNRESOLVED: gcc.dg/lto/20081222 c_lto_20081222_0.o-c_lto_20081222_1.o link -O2 -fwhopr
UNRESOLVED: gcc.dg/lto/20081222 c_lto_20081222_0.o-c_lto_20081222_1.o execute -O2 -fwhopr
FAIL: gcc.dg/lto/20081222 c_lto_20081222_1.o assemble, -O0 -flto
UNRESOLVED: gcc.dg/lto/20081222 c_lto_20081222_0.o-c_lto_20081222_1.o link -O0 -flto
UNRESOLVED: gcc.dg/lto/20081222 c_lto_20081222_0.o-c_lto_20081222_1.o execute -O0 -flto
FAIL: gcc.dg/lto/20081222 c_lto_20081222_1.o assemble, -O2 -flto
UNRESOLVED: gcc.dg/lto/20081222 c_lto_20081222_0.o-c_lto_20081222_1.o link -O2 -flto
UNRESOLVED: gcc.dg/lto/20081222 c_lto_20081222_0.o-c_lto_20081222_1.o execute -O2 -flto
FAIL: gcc.dg/lto/20090210 c_lto_20090210_0.o-c_lto_20090210_1.o link, -O0 -fwhopr
UNRESOLVED: gcc.dg/lto/20090210 c_lto_20090210_0.o-c_lto_20090210_1.o execute -O0 -fwhopr
FAIL: gcc.dg/lto/20090210 c_lto_20090210_0.o-c_lto_20090210_1.o link, -O2 -fwhopr
UNRESOLVED: gcc.dg/lto/20090210 c_lto_20090210_0.o-c_lto_20090210_1.o execute -O2 -fwhopr
FAIL: gcc.dg/lto/20090210 c_lto_20090210_0.o-c_lto_20090210_1.o link, -O0 -flto
UNRESOLVED: gcc.dg/lto/20090210 c_lto_20090210_0.o-c_lto_20090210_1.o execute -O0 -flto
FAIL: gcc.dg/lto/20090210 c_lto_20090210_0.o-c_lto_20090210_1.o link, -O2 -flto
UNRESOLVED: gcc.dg/lto/20090210 c_lto_20090210_0.o-c_lto_20090210_1.o execute -O2 -flto
FAIL: gcc.dg/tls/opt-12.c (test for excess errors)
UNRESOLVED: gcc.dg/tls/opt-12.c compilation failed to produce executable
FAIL: gcc.dg/tls/thr-init-2.c execution test
FAIL: gcc.dg/torture/pr37868.c -O0 execution test
FAIL: gcc.dg/torture/pr37868.c -O1 execution test
FAIL: gcc.dg/torture/pr37868.c -O2 execution test
FAIL: gcc.dg/torture/pr37868.c -O3 -fomit-frame-pointer execution test
FAIL: gcc.dg/torture/pr37868.c -O3 -g execution test
FAIL: gcc.dg/torture/pr37868.c -Os execution test
FAIL: gcc.dg/torture/pr37868.c -O2 -flto execution test
FAIL: gcc.dg/torture/pr37868.c -O2 -fwhopr execution test
FAIL: gcc.dg/torture/tls/thr-init-1.c -O0 execution test
FAIL: gcc.dg/torture/tls/thr-init-1.c -O1 execution test
FAIL: gcc.dg/torture/tls/thr-init-1.c -O2 execution test
FAIL: gcc.dg/torture/tls/thr-init-1.c -O3 -fomit-frame-pointer execution test
FAIL: gcc.dg/torture/tls/thr-init-1.c -O3 -g execution test
FAIL: gcc.dg/torture/tls/thr-init-1.c -Os execution test
FAIL: gcc.dg/torture/tls/thr-init-1.c -O2 -flto execution test
FAIL: gcc.dg/torture/tls/thr-init-1.c -O2 -fwhopr execution test
FAIL: gcc.dg/torture/tls/thr-init-2.c -O0 execution test
FAIL: gcc.dg/torture/tls/thr-init-2.c -O1 execution test
FAIL: gcc.dg/torture/tls/thr-init-2.c -O2 execution test
FAIL: gcc.dg/torture/tls/thr-init-2.c -O3 -fomit-frame-pointer execution test
FAIL: gcc.dg/torture/tls/thr-init-2.c -O3 -g execution test
FAIL: gcc.dg/torture/tls/thr-init-2.c -Os execution test
FAIL: gcc.dg/torture/tls/thr-init-2.c -O2 -flto execution test
FAIL: gcc.dg/torture/tls/thr-init-2.c -O2 -fwhopr execution test
XPASS: gcc.dg/tree-ssa/20031106-3.c scan-tree-dump-times optimized "link_error" 0
XPASS: gcc.dg/tree-ssa/20040204-1.c scan-tree-dump-times optimized "link_error" 0
XPASS: gcc.dg/tree-ssa/fre-vce-1.c scan-tree-dump-times fre "sv.i" 2
FAIL: gcc.target/sh/mfmovd.c scan-assembler fmov.d
=== gcc Summary ===
# of expected passes 64389
# of unexpected failures 75
# of unexpected successes 3
# of expected failures 112
# of unresolved testcases 31
# of unsupported tests 856
/home/mstein/sim/trunk/sh-elf/build/gcc/xgcc version 4.6.0 20100916 (experimental) [trunk revision 164348] (GCC)
Compiler version: 4.6.0 20100916 (experimental) [trunk revision 164348] (GCC) gcc
Platform: sh-unknown-elf
configure flags: --target=sh-elf --prefix=/home/mstein/cross-local/sh-elf --enable-languages=c --disable-nls --disable-build-warnings --with-sysroot=/home/mstein/cross-local/sh-elf --with-build-sysroot=/home/mstein/cross-local/sh-elf --with-ld=/home/mstein/cross-local/sh-elf/usr/bin/ld --with-as=/home/mstein/cross-local/sh-elf/usr/bin/as --disable-libssp --with-mpfr=/opt/cfarm/mpfr-2.4.1 --with-gmp=/opt/cfarm/gmp-4.2.4 --with-libelf=/opt/cfarm/libelf-0.8.12 --with-mpc=/opt/cfarm/mpc-0.8
More information about the Gcc-testresults
mailing list