Results for 4.6.0 20101030 (experimental) [trunk revision 166096] (GCC) testsuite on i686-apple-darwin9
John David Anglin
dave@hiauly1.hia.nrc.ca
Sun Oct 31 04:14:00 GMT 2010
LAST_UPDATED: Sat Oct 30 22:53:11 UTC 2010 (revision 166096)
=== acats tests ===
=== acats Summary ===
# of expected passes 2321
# of unexpected failures 0
Native configuration is i686-apple-darwin9
=== g++ tests ===
Running target unix
WARNING: Could not compile g++.dg/compat/struct-layout-1 generator
WARNING: g++.dg/ext/label13.C compilation failed to produce executable
FAIL: g++.dg/ext/visibility/anon6.C scan-assembler 1BIiE1cE
FAIL: g++.dg/ipa/ivinline-1.C scan-ipa-dump inline "B::foo[^\\n]*inline copy in int main"
FAIL: g++.dg/ipa/ivinline-2.C scan-ipa-dump inline "B::foo[^\\n]*inline copy in int main"
FAIL: g++.dg/ipa/ivinline-3.C scan-ipa-dump inline "B::foo[^\\n]*inline copy in int main"
FAIL: g++.dg/ipa/ivinline-4.C scan-ipa-dump inline "B::foo[^\\n]*inline copy in int main"
FAIL: g++.dg/ipa/ivinline-5.C scan-ipa-dump inline "B::foo[^\\n]*inline copy in int main"
FAIL: g++.dg/ipa/ivinline-6.C scan-ipa-dump inline "B::foo[^\\n]*inline copy in int main"
FAIL: g++.dg/ipa/ivinline-8.C scan-ipa-dump inline "B::foo[^\\n]*inline copy in int main"
FAIL: g++.dg/ipa/ivinline-8.C scan-ipa-dump inline "B::bar[^\\n]*inline copy in int main"
FAIL: g++.dg/pubtypes.C scan-assembler "A\\\\\\\\0"+[ \\t]+[#;@]+[ \\t]+external name
FAIL: g++.dg/lto/20100723-1 cp_lto_20100723-1_0.o-cp_lto_20100723-1_0.o link, -fcompare-debug -flto (internal compiler error)
UNRESOLVED: g++.dg/lto/20100723-1 cp_lto_20100723-1_0.o-cp_lto_20100723-1_0.o execute -fcompare-debug -flto
FAIL: g++.dg/lto/20100723-1 cp_lto_20100723-1_0.o-cp_lto_20100723-1_0.o link, -fcompare-debug -fwhopr (internal compiler error)
UNRESOLVED: g++.dg/lto/20100723-1 cp_lto_20100723-1_0.o-cp_lto_20100723-1_0.o execute -fcompare-debug -fwhopr
FAIL: g++.dg/torture/stackalign/eh-alloca-1.C -O3 -g execution test
FAIL: g++.dg/torture/stackalign/eh-vararg-1.C -O3 -g execution test
FAIL: g++.dg/torture/stackalign/eh-vararg-2.C -O3 -g execution test
FAIL: g++.dg/torture/stackalign/eh-alloca-1.C -O3 -g execution test
FAIL: g++.dg/torture/stackalign/eh-vararg-1.C -O3 -g execution test
FAIL: g++.dg/torture/stackalign/eh-vararg-2.C -O3 -g execution test
=== g++ Summary ===
# of expected passes 24630
# of unexpected failures 18
# of expected failures 151
# of unresolved testcases 2
# of unsupported tests 177
/Users/dave/gnu/gcc/objdir/gcc/testsuite/g++/../../g++ version 4.6.0 20101030 (experimental) [trunk revision 166096] (GCC)
=== gcc tests ===
Running target unix
WARNING: Could not compile gcc.dg/compat/struct-layout-1 generator
FAIL: gcc.dg/tree-prof/inliner-1.c scan-tree-dump-not optimized "hot_function ..;"
XPASS: gcc.dg/tree-ssa/20040204-1.c scan-tree-dump-times optimized "link_error" 0
FAIL: gcc.target/i386/combine-mul.c scan-assembler-not 12345
FAIL: gcc.target/i386/fma3-builtin-2.c (internal compiler error)
FAIL: gcc.target/i386/fma3-builtin-2.c (test for excess errors)
ERROR: gcc.target/i386/fma3-builtin-2.c: error executing dg-final: couldn't open "fma3-builtin-2.s": no such file or directory
UNRESOLVED: gcc.target/i386/fma3-builtin-2.c: error executing dg-final: couldn't open "fma3-builtin-2.s": no such file or directory
FAIL: gcc.target/i386/fma4-builtin-2.c (internal compiler error)
FAIL: gcc.target/i386/fma4-builtin-2.c (test for excess errors)
ERROR: gcc.target/i386/fma4-builtin-2.c: error executing dg-final: couldn't open "fma4-builtin-2.s": no such file or directory
UNRESOLVED: gcc.target/i386/fma4-builtin-2.c: error executing dg-final: couldn't open "fma4-builtin-2.s": no such file or directory
=== gcc Summary ===
# of expected passes 72414
# of unexpected failures 6
# of unexpected successes 1
# of expected failures 202
# of unresolved testcases 2
# of unsupported tests 1332
/Users/dave/gnu/gcc/objdir/gcc/xgcc version 4.6.0 20101030 (experimental) [trunk revision 166096] (GCC)
=== gfortran tests ===
Running target unix
XPASS: gfortran.dg/pr25923.f90 -O PR45505 (test for warnings, line 13)
XPASS: gfortran.dg/pr25923.f90 -O PR45505 (test for bogus messages, line 22)
=== gfortran Summary ===
# of expected passes 36811
# of unexpected successes 2
# of expected failures 48
# of unsupported tests 181
/Users/dave/gnu/gcc/objdir/gcc/testsuite/gfortran/../../gfortran version 4.6.0 20101030 (experimental) [trunk revision 166096] (GCC)
=== gnat tests ===
Running target unix
=== gnat Summary ===
# of expected passes 840
# of expected failures 10
# of unsupported tests 4
=== obj-c++ tests ===
Running target unix
FAIL: obj-c++.dg/demangle-2.mm -fgnu-runtime execution test
WARNING: obj-c++.dg/try-catch-2.mm -fgnu-runtime compilation failed to produce executable
WARNING: obj-c++.dg/try-catch-9.mm -fgnu-runtime compilation failed to produce executable
FAIL: obj-c++.dg/demangle-2.mm -fnext-runtime execution test
FAIL: obj-c++.dg/encode-3.mm -fnext-runtime execution test
FAIL: obj-c++.dg/template-8.mm -fnext-runtime execution test
FAIL: obj-c++.dg/try-catch-12.mm -fnext-runtime (internal compiler error)
FAIL: obj-c++.dg/try-catch-12.mm -fnext-runtime (test for excess errors)
FAIL: obj-c++.dg/try-catch-13.mm -fnext-runtime (internal compiler error)
FAIL: obj-c++.dg/try-catch-13.mm -fnext-runtime (test for errors, line 38)
FAIL: obj-c++.dg/try-catch-13.mm -fnext-runtime (test for errors, line 53)
FAIL: obj-c++.dg/try-catch-13.mm -fnext-runtime (test for excess errors)
FAIL: obj-c++.dg/try-catch-2.mm -fnext-runtime (internal compiler error)
FAIL: obj-c++.dg/try-catch-2.mm -fnext-runtime (test for excess errors)
WARNING: obj-c++.dg/try-catch-2.mm -fnext-runtime compilation failed to produce executable
FAIL: obj-c++.dg/try-catch-7.mm -fnext-runtime (internal compiler error)
FAIL: obj-c++.dg/try-catch-7.mm -fnext-runtime (test for excess errors)
FAIL: obj-c++.dg/try-catch-9.mm -fnext-runtime (internal compiler error)
WARNING: obj-c++.dg/try-catch-9.mm -fnext-runtime compilation failed to produce executable
FAIL: obj-c++.dg/property/at-property-2.mm -fgnu-runtime (internal compiler error)
FAIL: obj-c++.dg/property/at-property-2.mm -fgnu-runtime (test for errors, line 11)
FAIL: obj-c++.dg/property/at-property-2.mm -fgnu-runtime (test for errors, line 12)
FAIL: obj-c++.dg/property/at-property-2.mm -fgnu-runtime (test for excess errors)
FAIL: obj-c++.dg/property/at-property-2.mm -fnext-runtime (internal compiler error)
FAIL: obj-c++.dg/property/at-property-2.mm -fnext-runtime (test for errors, line 11)
FAIL: obj-c++.dg/property/at-property-2.mm -fnext-runtime (test for errors, line 12)
FAIL: obj-c++.dg/property/at-property-2.mm -fnext-runtime (test for excess errors)
FAIL: obj-c++.dg/property/property-2.mm -fnext-runtime (test for excess errors)
WARNING: obj-c++.dg/property/property-2.mm -fnext-runtime compilation failed to produce executable
FAIL: obj-c++.dg/property/property-3.mm -fnext-runtime (test for excess errors)
WARNING: obj-c++.dg/property/property-3.mm -fnext-runtime compilation failed to produce executable
=== obj-c++ Summary ===
# of expected passes 1911
# of unexpected failures 25
# of expected failures 2
# of unsupported tests 75
/Users/dave/gnu/gcc/objdir/gcc/testsuite/obj-c++/../../g++ version 4.6.0 20101030 (experimental) [trunk revision 166096] (GCC)
=== objc tests ===
Running target unix
FAIL: objc.dg/demangle-1.m -fnext-runtime execution test
FAIL: objc.dg/encode-7-next.m -fnext-runtime (test for excess errors)
FAIL: objc.dg/foreach-6.m -fnext-runtime (test for excess errors)
FAIL: objc.dg/foreach-7.m -fnext-runtime (test for excess errors)
WARNING: Could not compile objc.dg/gnu-encoding/struct-layout-encoding-1 generator
FAIL: objc.dg/property/property-2.m -fnext-runtime (test for excess errors)
WARNING: objc.dg/property/property-2.m -fnext-runtime compilation failed to produce executable
FAIL: objc.dg/property/property-3.m -fnext-runtime (test for excess errors)
WARNING: objc.dg/property/property-3.m -fnext-runtime compilation failed to produce executable
=== objc Summary ===
# of expected passes 4771
# of unexpected failures 6
# of unsupported tests 92
/Users/dave/gnu/gcc/objdir/gcc/xgcc version 4.6.0 20101030 (experimental) [trunk revision 166096] (GCC)
=== libffi tests ===
Running target unix
=== libffi Summary ===
# of expected passes 1634
# of expected failures 10
# of unsupported tests 15
=== libgomp tests ===
Running target unix
=== libgomp Summary ===
# of expected passes 2490
# of unsupported tests 2
=== libjava tests ===
Running target unix
=== libjava Summary ===
# of expected passes 2574
=== libstdc++ tests ===
Running target unix
FAIL: ext/mt_allocator/deallocate_global_thread-1.cc execution test
FAIL: ext/mt_allocator/deallocate_global_thread-3.cc execution test
=== libstdc++ Summary ===
# of expected passes 6762
# of unexpected failures 2
# of expected failures 82
# of unsupported tests 632
Compiler version: 4.6.0 20101030 (experimental) [trunk revision 166096] (GCC)
Platform: i686-apple-darwin9
configure flags: --build=i686-apple-darwin9 --host=i686-apple-darwin9 --target=i686-apple-darwin9 --with-tune=generic --prefix=/opt/gnu/gcc/gcc-4.6.0 --with-gmp=/opt/gnu/gcc/gcc-4.6.0 --enable-debug=no --disable-nls --enable-languages=c,c++,objc,fortran,obj-c++,java,ada --enable-threads=posix --enable-__cxa_atexit --enable-java-gc=boehm
More information about the Gcc-testresults
mailing list