Results for 4.6.0 20101027 (experimental) (GCC) testsuite on i686-pc-linux-gnu
CodeSourcery Automatic Testing System
gcc@codesourcery.com
Thu Oct 28 15:03:00 GMT 2010
LAST_UPDATED: Wed Oct 27 07:26:55 UTC 2010 (/trunk revision 165997)
Native configuration is i686-pc-linux-gnu
=== g++ tests ===
Running target localhost
FAIL: g++.dg/eh/simd-2.C (test for excess errors)
FAIL: g++.dg/ipa/ivinline-1.C scan-ipa-dump inline "B::foo[^\\n]*inline copy in int main"
FAIL: g++.dg/ipa/ivinline-2.C scan-ipa-dump inline "B::foo[^\\n]*inline copy in int main"
FAIL: g++.dg/ipa/ivinline-3.C scan-ipa-dump inline "B::foo[^\\n]*inline copy in int main"
FAIL: g++.dg/ipa/ivinline-4.C scan-ipa-dump inline "B::foo[^\\n]*inline copy in int main"
FAIL: g++.dg/ipa/ivinline-5.C scan-ipa-dump inline "B::foo[^\\n]*inline copy in int main"
FAIL: g++.dg/ipa/ivinline-6.C scan-ipa-dump inline "B::foo[^\\n]*inline copy in int main"
FAIL: g++.dg/ipa/ivinline-8.C scan-ipa-dump inline "B::foo[^\\n]*inline copy in int main"
FAIL: g++.dg/ipa/ivinline-8.C scan-ipa-dump inline "B::bar[^\\n]*inline copy in int main"
FAIL: g++.dg/guality/redeclaration1.C -O2 -flto line 13 i == 42
FAIL: g++.dg/guality/redeclaration1.C -O2 -fwhopr line 13 i == 42
FAIL: g++.dg/torture/pr36444.C -O0 (test for excess errors)
FAIL: g++.dg/torture/pr36444.C -O1 (test for excess errors)
FAIL: g++.dg/torture/pr36444.C -O2 (test for excess errors)
FAIL: g++.dg/torture/pr36444.C -O3 -fomit-frame-pointer (test for excess errors)
FAIL: g++.dg/torture/pr36444.C -O3 -g (test for excess errors)
FAIL: g++.dg/torture/pr36444.C -Os (test for excess errors)
FAIL: g++.dg/torture/pr36444.C -O2 -flto (test for excess errors)
FAIL: g++.dg/torture/pr36444.C -O2 -fwhopr (test for excess errors)
FAIL: g++.dg/torture/pr36445.C -O0 (test for excess errors)
FAIL: g++.dg/torture/pr36445.C -O1 (test for excess errors)
FAIL: g++.dg/torture/pr36445.C -O2 (test for excess errors)
FAIL: g++.dg/torture/pr36445.C -O3 -fomit-frame-pointer (test for excess errors)
FAIL: g++.dg/torture/pr36445.C -O3 -g (test for excess errors)
FAIL: g++.dg/torture/pr36445.C -Os (test for excess errors)
FAIL: g++.dg/torture/pr36445.C -O2 -flto (test for excess errors)
FAIL: g++.dg/torture/pr36445.C -O2 -fwhopr (test for excess errors)
=== g++ Summary ===
# of expected passes 25127
# of unexpected failures 27
# of expected failures 150
# of unsupported tests 142
/scratch/gcc/nightly-2010-10-28-mainline/i686-pc-linux-gnu/obj/test-mainline-0-i686-pc-linux-gnu/host-i686-pc-linux-gnu/fsf-mainline/bin/i686-pc-linux-gnu-g++ version 4.6.0 20101027 (experimental) (GCC)
=== gcc tests ===
Running target localhost
FAIL: gcc.c-torture/compile/pr34856.c -O0 (test for excess errors)
FAIL: gcc.c-torture/compile/pr34856.c -O1 (test for excess errors)
FAIL: gcc.c-torture/compile/pr34856.c -O2 (test for excess errors)
FAIL: gcc.c-torture/compile/pr34856.c -O3 -fomit-frame-pointer (test for excess errors)
FAIL: gcc.c-torture/compile/pr34856.c -O3 -fomit-frame-pointer -funroll-loops (test for excess errors)
FAIL: gcc.c-torture/compile/pr34856.c -O3 -fomit-frame-pointer -funroll-all-loops -finline-functions (test for excess errors)
FAIL: gcc.c-torture/compile/pr34856.c -O3 -g (test for excess errors)
FAIL: gcc.c-torture/compile/pr34856.c -Os (test for excess errors)
FAIL: gcc.c-torture/compile/pr34856.c -O2 -flto (test for excess errors)
FAIL: gcc.c-torture/compile/pr34856.c -O2 -fwhopr (test for excess errors)
FAIL: gcc.c-torture/compile/pr39928-1.c -O0 (test for excess errors)
FAIL: gcc.c-torture/compile/pr39928-1.c -O1 (test for excess errors)
FAIL: gcc.c-torture/compile/pr39928-1.c -O2 (test for excess errors)
FAIL: gcc.c-torture/compile/pr39928-1.c -O3 -fomit-frame-pointer (test for excess errors)
FAIL: gcc.c-torture/compile/pr39928-1.c -O3 -g (test for excess errors)
FAIL: gcc.c-torture/compile/pr39928-1.c -Os (test for excess errors)
FAIL: gcc.c-torture/compile/pr39928-1.c -O2 -flto (test for excess errors)
FAIL: gcc.c-torture/compile/pr39928-1.c -O2 -fwhopr (test for excess errors)
FAIL: gcc.c-torture/compile/vector-1.c -O0 (test for excess errors)
FAIL: gcc.c-torture/compile/vector-1.c -O1 (test for excess errors)
FAIL: gcc.c-torture/compile/vector-1.c -O2 (test for excess errors)
FAIL: gcc.c-torture/compile/vector-1.c -O3 -fomit-frame-pointer (test for excess errors)
FAIL: gcc.c-torture/compile/vector-1.c -O3 -g (test for excess errors)
FAIL: gcc.c-torture/compile/vector-1.c -Os (test for excess errors)
FAIL: gcc.c-torture/compile/vector-1.c -O2 -flto (test for excess errors)
FAIL: gcc.c-torture/compile/vector-1.c -O2 -fwhopr (test for excess errors)
FAIL: gcc.c-torture/compile/vector-2.c -O0 (test for excess errors)
FAIL: gcc.c-torture/compile/vector-2.c -O1 (test for excess errors)
FAIL: gcc.c-torture/compile/vector-2.c -O2 (test for excess errors)
FAIL: gcc.c-torture/compile/vector-2.c -O3 -fomit-frame-pointer (test for excess errors)
FAIL: gcc.c-torture/compile/vector-2.c -O3 -g (test for excess errors)
FAIL: gcc.c-torture/compile/vector-2.c -Os (test for excess errors)
FAIL: gcc.c-torture/compile/vector-2.c -O2 -flto (test for excess errors)
FAIL: gcc.c-torture/compile/vector-2.c -O2 -fwhopr (test for excess errors)
FAIL: gcc.c-torture/execute/va-arg-25.c compilation, -O0
UNRESOLVED: gcc.c-torture/execute/va-arg-25.c execution, -O0
FAIL: gcc.c-torture/execute/va-arg-25.c compilation, -O1
UNRESOLVED: gcc.c-torture/execute/va-arg-25.c execution, -O1
FAIL: gcc.c-torture/execute/va-arg-25.c compilation, -O2
UNRESOLVED: gcc.c-torture/execute/va-arg-25.c execution, -O2
FAIL: gcc.c-torture/execute/va-arg-25.c compilation, -O3 -fomit-frame-pointer
UNRESOLVED: gcc.c-torture/execute/va-arg-25.c execution, -O3 -fomit-frame-pointer
FAIL: gcc.c-torture/execute/va-arg-25.c compilation, -O3 -g
UNRESOLVED: gcc.c-torture/execute/va-arg-25.c execution, -O3 -g
FAIL: gcc.c-torture/execute/va-arg-25.c compilation, -Os
UNRESOLVED: gcc.c-torture/execute/va-arg-25.c execution, -Os
FAIL: gcc.c-torture/execute/va-arg-25.c compilation, -O2 -flto
UNRESOLVED: gcc.c-torture/execute/va-arg-25.c execution, -O2 -flto
FAIL: gcc.c-torture/execute/va-arg-25.c compilation, -O2 -fwhopr
UNRESOLVED: gcc.c-torture/execute/va-arg-25.c execution, -O2 -fwhopr
FAIL: gcc.c-torture/execute/vector-1.c compilation, -O0
UNRESOLVED: gcc.c-torture/execute/vector-1.c execution, -O0
FAIL: gcc.c-torture/execute/vector-1.c compilation, -O1
UNRESOLVED: gcc.c-torture/execute/vector-1.c execution, -O1
FAIL: gcc.c-torture/execute/vector-1.c compilation, -O2
UNRESOLVED: gcc.c-torture/execute/vector-1.c execution, -O2
FAIL: gcc.c-torture/execute/vector-1.c compilation, -O3 -fomit-frame-pointer
UNRESOLVED: gcc.c-torture/execute/vector-1.c execution, -O3 -fomit-frame-pointer
FAIL: gcc.c-torture/execute/vector-1.c compilation, -O3 -g
UNRESOLVED: gcc.c-torture/execute/vector-1.c execution, -O3 -g
FAIL: gcc.c-torture/execute/vector-1.c compilation, -Os
UNRESOLVED: gcc.c-torture/execute/vector-1.c execution, -Os
FAIL: gcc.c-torture/execute/vector-1.c compilation, -O2 -flto
UNRESOLVED: gcc.c-torture/execute/vector-1.c execution, -O2 -flto
FAIL: gcc.c-torture/execute/vector-1.c compilation, -O2 -fwhopr
UNRESOLVED: gcc.c-torture/execute/vector-1.c execution, -O2 -fwhopr
FAIL: gcc.c-torture/execute/vector-2.c compilation, -O0
UNRESOLVED: gcc.c-torture/execute/vector-2.c execution, -O0
FAIL: gcc.c-torture/execute/vector-2.c compilation, -O1
UNRESOLVED: gcc.c-torture/execute/vector-2.c execution, -O1
FAIL: gcc.c-torture/execute/vector-2.c compilation, -O2
UNRESOLVED: gcc.c-torture/execute/vector-2.c execution, -O2
FAIL: gcc.c-torture/execute/vector-2.c compilation, -O3 -fomit-frame-pointer
UNRESOLVED: gcc.c-torture/execute/vector-2.c execution, -O3 -fomit-frame-pointer
FAIL: gcc.c-torture/execute/vector-2.c compilation, -O3 -g
UNRESOLVED: gcc.c-torture/execute/vector-2.c execution, -O3 -g
FAIL: gcc.c-torture/execute/vector-2.c compilation, -Os
UNRESOLVED: gcc.c-torture/execute/vector-2.c execution, -Os
FAIL: gcc.c-torture/execute/vector-2.c compilation, -O2 -flto
UNRESOLVED: gcc.c-torture/execute/vector-2.c execution, -O2 -flto
FAIL: gcc.c-torture/execute/vector-2.c compilation, -O2 -fwhopr
UNRESOLVED: gcc.c-torture/execute/vector-2.c execution, -O2 -fwhopr
FAIL: gcc.dg/cproj-fails-with-broken-glibc.c execution test
FAIL: gcc.dg/pr32912-1.c (test for excess errors)
FAIL: gcc.dg/graphite/vect-pr43423.c scan-tree-dump-times vect "vectorized 2 loops" 1
XPASS: gcc.dg/guality/example.c -O0 execution test
XPASS: gcc.dg/guality/example.c -O1 execution test
XPASS: gcc.dg/guality/example.c -O2 execution test
XPASS: gcc.dg/guality/guality.c -O0 execution test
XPASS: gcc.dg/guality/guality.c -O1 execution test
XPASS: gcc.dg/guality/guality.c -O2 execution test
XPASS: gcc.dg/guality/guality.c -O3 -fomit-frame-pointer execution test
XPASS: gcc.dg/guality/guality.c -O3 -g execution test
XPASS: gcc.dg/guality/guality.c -Os execution test
XPASS: gcc.dg/guality/inline-params.c -O2 execution test
XPASS: gcc.dg/guality/inline-params.c -O3 -fomit-frame-pointer execution test
XPASS: gcc.dg/guality/inline-params.c -O3 -g execution test
XPASS: gcc.dg/guality/inline-params.c -Os execution test
XPASS: gcc.dg/guality/pr41353-1.c -O0 line 28 j == 28 + 37
XPASS: gcc.dg/guality/pr41353-1.c -O1 line 28 j == 28 + 37
XPASS: gcc.dg/guality/pr41353-1.c -O2 line 28 j == 28 + 37
XPASS: gcc.dg/guality/pr41353-1.c -O3 -fomit-frame-pointer line 28 j == 28 + 37
XPASS: gcc.dg/guality/pr41353-1.c -O3 -g line 28 j == 28 + 37
XPASS: gcc.dg/guality/pr41353-1.c -Os line 28 j == 28 + 37
XPASS: gcc.dg/guality/pr41353-1.c -O2 -flto line 28 j == 28 + 37
XPASS: gcc.dg/guality/pr41353-1.c -O2 -fwhopr line 28 j == 28 + 37
XPASS: gcc.dg/guality/pr41447-1.c -O0 execution test
XPASS: gcc.dg/guality/pr41447-1.c -O1 execution test
XPASS: gcc.dg/guality/pr41447-1.c -Os execution test
XPASS: gcc.dg/guality/pr41616-1.c -O0 execution test
XPASS: gcc.dg/guality/pr41616-1.c -O1 execution test
XPASS: gcc.dg/guality/pr41616-1.c -O2 execution test
XPASS: gcc.dg/guality/pr41616-1.c -O3 -fomit-frame-pointer execution test
XPASS: gcc.dg/guality/pr41616-1.c -O3 -g execution test
XPASS: gcc.dg/guality/pr41616-1.c -Os execution test
FAIL: gcc.dg/guality/pr43077-1.c -O2 -flto line 42 varb == 2
FAIL: gcc.dg/guality/pr43077-1.c -O2 -fwhopr line 42 varb == 2
FAIL: gcc.dg/guality/sra-1.c -O2 line 20 a.j == 14
FAIL: gcc.dg/guality/sra-1.c -O2 line 31 a[1] == 14
FAIL: gcc.dg/guality/sra-1.c -O3 -fomit-frame-pointer line 20 a.j == 14
FAIL: gcc.dg/guality/sra-1.c -O3 -fomit-frame-pointer line 31 a[1] == 14
FAIL: gcc.dg/guality/sra-1.c -O3 -g line 20 a.j == 14
FAIL: gcc.dg/guality/sra-1.c -O3 -g line 31 a[1] == 14
FAIL: gcc.dg/guality/sra-1.c -Os line 20 a.j == 14
FAIL: gcc.dg/guality/sra-1.c -Os line 31 a[1] == 14
FAIL: gcc.dg/guality/vla-1.c -O0 line 17 sizeof (a) == 6
FAIL: gcc.dg/guality/vla-1.c -O0 line 24 sizeof (a) == 17 * sizeof (short)
FAIL: gcc.dg/guality/vla-1.c -O1 line 24 sizeof (a) == 17 * sizeof (short)
FAIL: gcc.dg/guality/vla-1.c -O2 line 24 sizeof (a) == 17 * sizeof (short)
FAIL: gcc.dg/guality/vla-1.c -O3 -fomit-frame-pointer line 24 sizeof (a) == 17 * sizeof (short)
FAIL: gcc.dg/guality/vla-1.c -O3 -g line 24 sizeof (a) == 17 * sizeof (short)
FAIL: gcc.dg/guality/vla-1.c -Os line 24 sizeof (a) == 17 * sizeof (short)
FAIL: gcc.dg/guality/vla-2.c -O0 line 16 sizeof (a) == 5 * sizeof (int)
FAIL: gcc.dg/guality/vla-2.c -O0 line 25 sizeof (a) == 6 * sizeof (int)
FAIL: gcc.dg/guality/vla-2.c -O1 line 16 sizeof (a) == 5 * sizeof (int)
FAIL: gcc.dg/guality/vla-2.c -O1 line 25 sizeof (a) == 6 * sizeof (int)
FAIL: gcc.dg/guality/vla-2.c -O2 line 16 sizeof (a) == 5 * sizeof (int)
FAIL: gcc.dg/guality/vla-2.c -O2 line 25 sizeof (a) == 6 * sizeof (int)
FAIL: gcc.dg/guality/vla-2.c -O3 -fomit-frame-pointer line 16 sizeof (a) == 5 * sizeof (int)
FAIL: gcc.dg/guality/vla-2.c -O3 -fomit-frame-pointer line 25 sizeof (a) == 6 * sizeof (int)
FAIL: gcc.dg/guality/vla-2.c -O3 -g line 16 sizeof (a) == 5 * sizeof (int)
FAIL: gcc.dg/guality/vla-2.c -O3 -g line 25 sizeof (a) == 6 * sizeof (int)
FAIL: gcc.dg/guality/vla-2.c -Os line 16 sizeof (a) == 5 * sizeof (int)
FAIL: gcc.dg/guality/vla-2.c -Os line 25 sizeof (a) == 6 * sizeof (int)
FAIL: gcc.dg/tree-prof/inliner-1.c scan-tree-dump-not optimized "hot_function ..;"
XPASS: gcc.dg/tree-ssa/20040204-1.c scan-tree-dump-times optimized "link_error" 0
FAIL: gcc.dg/tree-ssa/forwprop-5.c (test for excess errors)
FAIL: gcc.dg/tree-ssa/fre-vce-1.c (test for excess errors)
FAIL: gcc.dg/tree-ssa/sra-4.c (test for excess errors)
FAIL: gcc.dg/tree-ssa/vector-1.c (test for excess errors)
FAIL: gcc.dg/tree-ssa/vector-2.c (test for excess errors)
FAIL: gcc.dg/vect/pr43430-2.c scan-tree-dump-times vect "vectorized 1 loops" 1
FAIL: gcc.target/i386/vect-args.c (test for excess errors)
FAIL: gcc.target/i386/vect-args.c -O (test for excess errors)
FAIL: gcc.target/i386/vect-args.c -mmmx (test for excess errors)
FAIL: gcc.target/i386/vect-args.c -mmmx -O (test for excess errors)
FAIL: gcc.target/i386/vect-args.c -m3dnow (test for excess errors)
FAIL: gcc.target/i386/vect-args.c -m3dnow -O (test for excess errors)
FAIL: gcc.target/i386/vect-args.c -msse (test for excess errors)
FAIL: gcc.target/i386/vect-args.c -msse -O (test for excess errors)
FAIL: gcc.target/i386/fma3-builtin-2.c (internal compiler error)
FAIL: gcc.target/i386/fma3-builtin-2.c (test for excess errors)
ERROR: gcc.target/i386/fma3-builtin-2.c: error executing dg-final: couldn't open "fma3-builtin-2.s": no such file or directory
UNRESOLVED: gcc.target/i386/fma3-builtin-2.c: error executing dg-final: couldn't open "fma3-builtin-2.s": no such file or directory
FAIL: gcc.target/i386/fma4-builtin-2.c (internal compiler error)
FAIL: gcc.target/i386/fma4-builtin-2.c (test for excess errors)
ERROR: gcc.target/i386/fma4-builtin-2.c: error executing dg-final: couldn't open "fma4-builtin-2.s": no such file or directory
UNRESOLVED: gcc.target/i386/fma4-builtin-2.c: error executing dg-final: couldn't open "fma4-builtin-2.s": no such file or directory
FAIL: gcc.target/i386/pr38240.c (internal compiler error)
FAIL: gcc.target/i386/pr38240.c (test for excess errors)
=== gcc Summary ===
# of expected passes 75851
# of unexpected failures 111
# of unexpected successes 31
# of expected failures 234
# of unresolved testcases 26
# of unsupported tests 789
/scratch/gcc/nightly-2010-10-28-mainline/i686-pc-linux-gnu/obj/test-mainline-0-i686-pc-linux-gnu/host-i686-pc-linux-gnu/fsf-mainline/bin/i686-pc-linux-gnu-gcc version 4.6.0 20101027 (experimental) (GCC)
=== gfortran tests ===
Running target localhost
=== gfortran Summary ===
# of expected passes 36930
# of expected failures 53
# of unsupported tests 188
/scratch/gcc/nightly-2010-10-28-mainline/i686-pc-linux-gnu/obj/test-mainline-0-i686-pc-linux-gnu/host-i686-pc-linux-gnu/fsf-mainline/bin/i686-pc-linux-gnu-gfortran version 4.6.0 20101027 (experimental) (GCC)
=== libstdc++ tests ===
Running target localhost
FAIL: 20_util/temporary_buffer.cc (test for excess errors)
UNRESOLVED: 20_util/temporary_buffer.cc compilation failed to produce executable
FAIL: 27_io/basic_filebuf/seekoff/wchar_t/4.cc (test for excess errors)
UNRESOLVED: 27_io/basic_filebuf/seekoff/wchar_t/4.cc compilation failed to produce executable
FAIL: tr1/6_containers/unordered_map/requirements/iterator_null_neg.cc (test for errors, line 26)
FAIL: tr1/6_containers/unordered_map/requirements/iterator_null_neg.cc (test for errors, line 27)
FAIL: tr1/6_containers/unordered_map/requirements/iterator_null_neg.cc (test for excess errors)
FAIL: tr1/6_containers/unordered_set/requirements/iterator_null_neg.cc (test for errors, line 26)
FAIL: tr1/6_containers/unordered_set/requirements/iterator_null_neg.cc (test for errors, line 27)
FAIL: tr1/6_containers/unordered_set/requirements/iterator_null_neg.cc (test for excess errors)
=== libstdc++ Summary ===
# of expected passes 7396
# of unexpected failures 8
# of expected failures 84
# of unresolved testcases 2
# of unsupported tests 386
=== g++ tests ===
Running target localhost/-m64
FAIL: g++.dg/ipa/ivinline-1.C scan-ipa-dump inline "B::foo[^\\n]*inline copy in int main"
FAIL: g++.dg/ipa/ivinline-2.C scan-ipa-dump inline "B::foo[^\\n]*inline copy in int main"
FAIL: g++.dg/ipa/ivinline-3.C scan-ipa-dump inline "B::foo[^\\n]*inline copy in int main"
FAIL: g++.dg/ipa/ivinline-4.C scan-ipa-dump inline "B::foo[^\\n]*inline copy in int main"
FAIL: g++.dg/ipa/ivinline-5.C scan-ipa-dump inline "B::foo[^\\n]*inline copy in int main"
FAIL: g++.dg/ipa/ivinline-6.C scan-ipa-dump inline "B::foo[^\\n]*inline copy in int main"
FAIL: g++.dg/ipa/ivinline-8.C scan-ipa-dump inline "B::foo[^\\n]*inline copy in int main"
FAIL: g++.dg/ipa/ivinline-8.C scan-ipa-dump inline "B::bar[^\\n]*inline copy in int main"
FAIL: g++.dg/guality/redeclaration1.C -O2 -flto line 13 i == 42
FAIL: g++.dg/guality/redeclaration1.C -O2 -fwhopr line 13 i == 42
=== g++ Summary ===
# of expected passes 25365
# of unexpected failures 10
# of expected failures 150
# of unsupported tests 345
/scratch/gcc/nightly-2010-10-28-mainline/i686-pc-linux-gnu/obj/test-mainline-0-i686-pc-linux-gnu/host-i686-pc-linux-gnu/fsf-mainline/bin/i686-pc-linux-gnu-g++ version 4.6.0 20101027 (experimental) (GCC)
=== gcc tests ===
Running target localhost/-m64
FAIL: gcc.dg/cproj-fails-with-broken-glibc.c execution test
XPASS: gcc.dg/guality/example.c -O0 execution test
XPASS: gcc.dg/guality/example.c -O1 execution test
XPASS: gcc.dg/guality/example.c -O2 execution test
XPASS: gcc.dg/guality/example.c -Os execution test
XPASS: gcc.dg/guality/guality.c -O0 execution test
XPASS: gcc.dg/guality/guality.c -O1 execution test
XPASS: gcc.dg/guality/guality.c -O2 execution test
XPASS: gcc.dg/guality/guality.c -O3 -fomit-frame-pointer execution test
XPASS: gcc.dg/guality/guality.c -O3 -g execution test
XPASS: gcc.dg/guality/guality.c -Os execution test
XPASS: gcc.dg/guality/inline-params.c -O2 execution test
XPASS: gcc.dg/guality/inline-params.c -O3 -fomit-frame-pointer execution test
XPASS: gcc.dg/guality/inline-params.c -O3 -g execution test
XPASS: gcc.dg/guality/inline-params.c -Os execution test
XPASS: gcc.dg/guality/pr41353-1.c -O0 line 28 j == 28 + 37
XPASS: gcc.dg/guality/pr41353-1.c -O1 line 28 j == 28 + 37
XPASS: gcc.dg/guality/pr41353-1.c -O2 line 28 j == 28 + 37
XPASS: gcc.dg/guality/pr41353-1.c -O3 -fomit-frame-pointer line 28 j == 28 + 37
XPASS: gcc.dg/guality/pr41353-1.c -O3 -g line 28 j == 28 + 37
XPASS: gcc.dg/guality/pr41353-1.c -Os line 28 j == 28 + 37
XPASS: gcc.dg/guality/pr41353-1.c -O2 -flto line 28 j == 28 + 37
XPASS: gcc.dg/guality/pr41353-1.c -O2 -fwhopr line 28 j == 28 + 37
XPASS: gcc.dg/guality/pr41447-1.c -O0 execution test
XPASS: gcc.dg/guality/pr41447-1.c -O1 execution test
XPASS: gcc.dg/guality/pr41447-1.c -O2 execution test
XPASS: gcc.dg/guality/pr41447-1.c -O3 -fomit-frame-pointer execution test
XPASS: gcc.dg/guality/pr41447-1.c -O3 -g execution test
XPASS: gcc.dg/guality/pr41447-1.c -Os execution test
XPASS: gcc.dg/guality/pr41616-1.c -O0 execution test
XPASS: gcc.dg/guality/pr41616-1.c -O1 execution test
XPASS: gcc.dg/guality/pr41616-1.c -O2 execution test
XPASS: gcc.dg/guality/pr41616-1.c -O3 -fomit-frame-pointer execution test
XPASS: gcc.dg/guality/pr41616-1.c -O3 -g execution test
XPASS: gcc.dg/guality/pr41616-1.c -Os execution test
FAIL: gcc.dg/guality/pr43077-1.c -O2 -flto line 42 varb == 2
FAIL: gcc.dg/guality/pr43077-1.c -O2 -fwhopr line 42 varb == 2
FAIL: gcc.dg/guality/sra-1.c -O2 line 42 a.j == 14
FAIL: gcc.dg/guality/sra-1.c -O3 -fomit-frame-pointer line 42 a.j == 14
FAIL: gcc.dg/guality/sra-1.c -O3 -g line 42 a.j == 14
FAIL: gcc.dg/guality/vla-1.c -O0 line 17 sizeof (a) == 6
FAIL: gcc.dg/guality/vla-1.c -O0 line 24 sizeof (a) == 17 * sizeof (short)
FAIL: gcc.dg/guality/vla-1.c -O1 line 24 sizeof (a) == 17 * sizeof (short)
FAIL: gcc.dg/guality/vla-1.c -O2 line 24 sizeof (a) == 17 * sizeof (short)
FAIL: gcc.dg/guality/vla-1.c -O3 -fomit-frame-pointer line 24 sizeof (a) == 17 * sizeof (short)
FAIL: gcc.dg/guality/vla-1.c -O3 -g line 24 sizeof (a) == 17 * sizeof (short)
FAIL: gcc.dg/guality/vla-1.c -Os line 24 sizeof (a) == 17 * sizeof (short)
FAIL: gcc.dg/guality/vla-2.c -O0 line 16 sizeof (a) == 5 * sizeof (int)
FAIL: gcc.dg/guality/vla-2.c -O0 line 25 sizeof (a) == 6 * sizeof (int)
FAIL: gcc.dg/guality/vla-2.c -O1 line 16 sizeof (a) == 5 * sizeof (int)
FAIL: gcc.dg/guality/vla-2.c -O1 line 25 sizeof (a) == 6 * sizeof (int)
FAIL: gcc.dg/guality/vla-2.c -O2 line 16 sizeof (a) == 5 * sizeof (int)
FAIL: gcc.dg/guality/vla-2.c -O2 line 25 sizeof (a) == 6 * sizeof (int)
FAIL: gcc.dg/guality/vla-2.c -O3 -fomit-frame-pointer line 16 sizeof (a) == 5 * sizeof (int)
FAIL: gcc.dg/guality/vla-2.c -O3 -fomit-frame-pointer line 25 sizeof (a) == 6 * sizeof (int)
FAIL: gcc.dg/guality/vla-2.c -O3 -g line 16 sizeof (a) == 5 * sizeof (int)
FAIL: gcc.dg/guality/vla-2.c -O3 -g line 25 sizeof (a) == 6 * sizeof (int)
FAIL: gcc.dg/guality/vla-2.c -Os line 16 sizeof (a) == 5 * sizeof (int)
FAIL: gcc.dg/guality/vla-2.c -Os line 25 sizeof (a) == 6 * sizeof (int)
FAIL: gcc.dg/tree-prof/inliner-1.c scan-tree-dump-not optimized "hot_function ..;"
XPASS: gcc.dg/tree-ssa/20040204-1.c scan-tree-dump-times optimized "link_error" 0
FAIL: gcc.target/i386/fma3-builtin-2.c (internal compiler error)
FAIL: gcc.target/i386/fma3-builtin-2.c (test for excess errors)
ERROR: gcc.target/i386/fma3-builtin-2.c: error executing dg-final: couldn't open "fma3-builtin-2.s": no such file or directory
UNRESOLVED: gcc.target/i386/fma3-builtin-2.c: error executing dg-final: couldn't open "fma3-builtin-2.s": no such file or directory
FAIL: gcc.target/i386/fma4-builtin-2.c (internal compiler error)
FAIL: gcc.target/i386/fma4-builtin-2.c (test for excess errors)
ERROR: gcc.target/i386/fma4-builtin-2.c: error executing dg-final: couldn't open "fma4-builtin-2.s": no such file or directory
UNRESOLVED: gcc.target/i386/fma4-builtin-2.c: error executing dg-final: couldn't open "fma4-builtin-2.s": no such file or directory
=== gcc Summary ===
# of expected passes 76034
# of unexpected failures 30
# of unexpected successes 35
# of expected failures 230
# of unresolved testcases 2
# of unsupported tests 1212
/scratch/gcc/nightly-2010-10-28-mainline/i686-pc-linux-gnu/obj/test-mainline-0-i686-pc-linux-gnu/host-i686-pc-linux-gnu/fsf-mainline/bin/i686-pc-linux-gnu-gcc version 4.6.0 20101027 (experimental) (GCC)
=== gfortran tests ===
Running target localhost/-m64
=== gfortran Summary ===
# of expected passes 37171
# of expected failures 51
# of unsupported tests 74
/scratch/gcc/nightly-2010-10-28-mainline/i686-pc-linux-gnu/obj/test-mainline-0-i686-pc-linux-gnu/host-i686-pc-linux-gnu/fsf-mainline/bin/i686-pc-linux-gnu-gfortran version 4.6.0 20101027 (experimental) (GCC)
=== libstdc++ tests ===
Running target localhost/-m64
FAIL: 20_util/temporary_buffer.cc (test for excess errors)
UNRESOLVED: 20_util/temporary_buffer.cc compilation failed to produce executable
FAIL: 27_io/basic_filebuf/seekoff/wchar_t/4.cc (test for excess errors)
UNRESOLVED: 27_io/basic_filebuf/seekoff/wchar_t/4.cc compilation failed to produce executable
FAIL: tr1/6_containers/unordered_map/requirements/iterator_null_neg.cc (test for errors, line 26)
FAIL: tr1/6_containers/unordered_map/requirements/iterator_null_neg.cc (test for errors, line 27)
FAIL: tr1/6_containers/unordered_map/requirements/iterator_null_neg.cc (test for excess errors)
FAIL: tr1/6_containers/unordered_set/requirements/iterator_null_neg.cc (test for errors, line 26)
FAIL: tr1/6_containers/unordered_set/requirements/iterator_null_neg.cc (test for errors, line 27)
FAIL: tr1/6_containers/unordered_set/requirements/iterator_null_neg.cc (test for excess errors)
=== libstdc++ Summary ===
# of expected passes 7396
# of unexpected failures 8
# of expected failures 84
# of unresolved testcases 2
# of unsupported tests 386
Compiler version: 4.6.0 20101027 (experimental) (GCC)
Platform: i686-pc-linux-gnu
configure flags: --build=i686-pc-linux-gnu --host=i686-pc-linux-gnu --target=i686-pc-linux-gnu --enable-threads --disable-libmudflap --disable-libssp --disable-libstdcxx-pch --enable-targets=all --with-gnu-as --with-gnu-ld --enable-languages=c,c++,fortran --enable-shared --enable-lto --disable-nls --prefix=/opt/codesourcery --with-gmp=/scratch/gcc/nightly-2010-10-28-mainline/i686-pc-linux-gnu/obj/host-libs-mainline-0-i686-pc-linux-gnu-i686-pc-linux-gnu/usr --with-mpfr=/scratch/gcc/nightly-2010-10-28-mainline/i686-pc-linux-gnu/obj/host-libs-mainline-0-i686-pc-linux-gnu-i686-pc-linux-gnu/usr --with-mpc=/scratch/gcc/nightly-2010-10-28-mainline/i686-pc-linux-gnu/obj/host-libs-mainline-0-i686-pc-linux-gnu-i686-pc-linux-gnu/usr --with-ppl=/scratch/gcc/nightly-2010-10-28-mainline/i686-pc-linux-gnu/obj/host-libs-mainline-0-i686-pc-linux-gnu-i686-pc-linux-gnu/usr --with-host-libstdcxx='-L/usr/local/tools/gcc-4.3.3/i686-pc-linux-gnu/lib -static-libgcc -Wl,-Bstatic,-lstdc++,-Bdynamic -l
m' --with-cloog=/scratch/gcc/nightly-2010-10-28-mainline/i686-pc-linux-gnu/obj/host-libs-mainline-0-i686-pc-linux-gnu-i686-pc-linux-gnu/usr --with-libelf=/scratch/gcc/nightly-2010-10-28-mainline/i686-pc-linux-gnu/obj/host-libs-mainline-0-i686-pc-linux-gnu-i686-pc-linux-gnu/usr --disable-libgomp --with-build-time-tools=/scratch/gcc/nightly-2010-10-28-mainline/i686-pc-linux-gnu/install/i686-pc-linux-gnu/bin --with-build-time-tools=/scratch/gcc/nightly-2010-10-28-mainline/i686-pc-linux-gnu/install/i686-pc-linux-gnu/bin
More information about the Gcc-testresults
mailing list