Results for 4.5.2 20101024 (prerelease) [gcc-4_5-branch revision 165896] (GCC) testsuite on hppa64-hp-hpux11.11
John David Anglin
dave@hiauly3.hia.nrc.ca
Mon Oct 25 00:47:00 GMT 2010
Native configuration is hppa64-hp-hpux11.11
=== g++ tests ===
Running target unix
=== g++ Summary ===
# of expected passes 20455
# of expected failures 151
# of unsupported tests 249
/mnt/gnu/gcc/objdir-test/gcc/testsuite/g++/../../g++ version 4.5.2 20101024 (prerelease) [gcc-4_5-branch revision 165896] (GCC)
=== gcc tests ===
Running target unix
WARNING: program timed out.
FAIL: gcc.c-torture/compile/limits-fndefn.c -O3 -g (test for excess errors)
XPASS: gcc.dg/funcorder.c scan-assembler-not link_error,%r
WARNING: program timed out.
=== gcc Summary ===
# of expected passes 52563
# of unexpected failures 1
# of unexpected successes 1
# of expected failures 89
# of unsupported tests 700
/mnt/gnu/gcc/objdir-test/gcc/xgcc version 4.5.2 20101024 (prerelease) [gcc-4_5-branch revision 165896] (GCC)
=== gfortran tests ===
Running target unix
=== gfortran Summary ===
# of expected passes 33055
# of expected failures 20
# of unsupported tests 286
/mnt/gnu/gcc/objdir-test/gcc/testsuite/gfortran/../../gfortran version 4.5.2 20101024 (prerelease) [gcc-4_5-branch revision 165896] (GCC)
=== obj-c++ tests ===
Running target unix
WARNING: obj-c++.dg/lookup-2.mm -fgnu-runtime compilation failed to produce executable
WARNING: obj-c++.dg/try-catch-2.mm -fgnu-runtime compilation failed to produce executable
WARNING: obj-c++.dg/try-catch-9.mm -fgnu-runtime compilation failed to produce executable
=== obj-c++ Summary ===
# of expected passes 432
# of expected failures 11
# of unsupported tests 14
/mnt/gnu/gcc/objdir-test/gcc/testsuite/obj-c++/../../g++ version 4.5.2 20101024 (prerelease) [gcc-4_5-branch revision 165896] (GCC)
=== objc tests ===
Running target unix
=== objc Summary ===
# of expected passes 1872
# of expected failures 15
# of unsupported tests 21
/mnt/gnu/gcc/objdir-test/gcc/xgcc version 4.5.2 20101024 (prerelease) [gcc-4_5-branch revision 165896] (GCC)
=== libgomp tests ===
Running target unix
=== libgomp Summary ===
# of expected passes 2476
# of unsupported tests 9
=== libstdc++ tests ===
Running target unix
=== libstdc++ Summary ===
# of expected passes 6337
# of expected failures 89
# of unsupported tests 616
Compiler version: 4.5.2 20101024 (prerelease) [gcc-4_5-branch revision 165896] (GCC)
Platform: hppa64-hp-hpux11.11
configure flags:Test Run By dave on Sun Oct 24 12:35:24 2010
More information about the Gcc-testresults
mailing list