Results for 4.4.6 20101017 (prerelease) [gcc-4_4-branch revision 165574] (GCC) testsuite on hppa2.0w-hp-hpux11.11
John David Anglin
dave@hiauly3.hia.nrc.ca
Sun Oct 17 22:56:00 GMT 2010
LAST_UPDATED: Sun Oct 17 00:39:49 UTC 2010 (revision 165574)
=== acats tests ===
=== acats Summary ===
# of expected passes 2315
# of unexpected failures 0
Native configuration is hppa2.0w-hp-hpux11.11
=== g++ tests ===
Running target unix
=== g++ Summary ===
# of expected passes 18499
# of expected failures 159
# of unsupported tests 263
/mnt/gnu/gcc/objdir-test/gcc/testsuite/g++/../../g++ version 4.4.6 20101017 (prerelease) [gcc-4_4-branch revision 165574] (GCC)
=== gcc tests ===
Running target unix
=== gcc Summary ===
# of expected passes 49507
# of expected failures 115
# of unsupported tests 707
/mnt/gnu/gcc/objdir-test/gcc/xgcc version 4.4.6 20101017 (prerelease) [gcc-4_4-branch revision 165574] (GCC)
=== gfortran tests ===
Running target unix
FAIL: gfortran.dg/pr41928.f90 -O (internal compiler error)
FAIL: gfortran.dg/pr41928.f90 -O (test for excess errors)
=== gfortran Summary ===
# of expected passes 29332
# of unexpected failures 2
# of expected failures 9
# of unsupported tests 282
/mnt/gnu/gcc/objdir-test/gcc/testsuite/gfortran/../../gfortran version 4.4.6 20101017 (prerelease) [gcc-4_4-branch revision 165574] (GCC)
=== gnat tests ===
Running target unix
=== gnat Summary ===
# of expected passes 620
# of expected failures 6
=== obj-c++ tests ===
Running target unix
XPASS: obj-c++.dg/comp-types-10.mm (test for excess errors)
WARNING: obj-c++.dg/lookup-2.mm compilation failed to produce executable
WARNING: obj-c++.dg/try-catch-2.mm compilation failed to produce executable
WARNING: obj-c++.dg/try-catch-9.mm compilation failed to produce executable
=== obj-c++ Summary ===
# of expected passes 434
# of unexpected successes 1
# of expected failures 9
# of unsupported tests 14
/mnt/gnu/gcc/objdir-test/gcc/testsuite/obj-c++/../../g++ version 4.4.6 20101017 (prerelease) [gcc-4_4-branch revision 165574] (GCC)
=== objc tests ===
Running target unix
=== objc Summary ===
# of expected passes 1860
# of expected failures 15
# of unsupported tests 27
/mnt/gnu/gcc/objdir-test/gcc/xgcc version 4.4.6 20101017 (prerelease) [gcc-4_4-branch revision 165574] (GCC)
=== libffi tests ===
Running target unix
=== libffi Summary ===
# of expected passes 1399
# of unsupported tests 10
=== libgomp tests ===
Running target unix
=== libgomp Summary ===
# of expected passes 2458
# of unsupported tests 9
=== libjava tests ===
Running target unix
FAIL: LargeFile execution - source compiled test
FAIL: LargeFile -findirect-dispatch execution - source compiled test
FAIL: LargeFile -O3 execution - source compiled test
FAIL: LargeFile -O3 -findirect-dispatch execution - source compiled test
=== libjava Summary ===
# of expected passes 2566
# of unexpected failures 4
# of untested testcases 4
=== libstdc++ tests ===
Running target unix
=== libstdc++ Summary ===
# of expected passes 5486
# of expected failures 72
# of unsupported tests 530
Compiler version: 4.4.6 20101017 (prerelease) [gcc-4_4-branch revision 165574] (GCC)
Platform: hppa2.0w-hp-hpux11.11
configure flags: --with-gnu-as --with-as=/opt/gnu/bin/as --enable-shared --with-local-prefix=/opt/gnu --prefix=/opt/gnu/gcc/gcc-4.4.6 --with-gmp=/opt/gnu/gcc/gcc-4.4.6 --enable-threads=posix --enable-debug=no --disable-nls --without-cloog --without-ppl --enable-checking=release --enable-languages=c,c++,objc,fortran,java,ada,obj-c++
More information about the Gcc-testresults
mailing list