Results for 4.6.0 20101014 (experimental) [trunk revision 165483] (GCC) testsuite on i686-apple-darwin9
John David Anglin
dave@hiauly1.hia.nrc.ca
Fri Oct 15 23:11:00 GMT 2010
LAST_UPDATED: Thu Oct 14 22:09:53 UTC 2010 (revision 165483)
=== acats tests ===
=== acats Summary ===
# of expected passes 2321
# of unexpected failures 0
Native configuration is i686-apple-darwin9
=== g++ tests ===
Running target unix
WARNING: Could not compile g++.dg/compat/struct-layout-1 generator
WARNING: g++.dg/ext/label13.C compilation failed to produce executable
FAIL: g++.dg/ext/visibility/anon6.C scan-assembler 1BIiE1cE
FAIL: g++.dg/pubtypes.C scan-assembler "A\\\\\\\\0"+[ \\t]+[#;@]+[ \\t]+external name
FAIL: g++.dg/lto/20100723-1 cp_lto_20100723-1_0.o-cp_lto_20100723-1_0.o link, -fcompare-debug -flto (internal compiler error)
UNRESOLVED: g++.dg/lto/20100723-1 cp_lto_20100723-1_0.o-cp_lto_20100723-1_0.o execute -fcompare-debug -flto
FAIL: g++.dg/lto/20100723-1 cp_lto_20100723-1_0.o-cp_lto_20100723-1_0.o link, -fcompare-debug -fwhopr (internal compiler error)
UNRESOLVED: g++.dg/lto/20100723-1 cp_lto_20100723-1_0.o-cp_lto_20100723-1_0.o execute -fcompare-debug -fwhopr
FAIL: g++.dg/torture/stackalign/eh-alloca-1.C -O3 -g execution test
FAIL: g++.dg/torture/stackalign/eh-vararg-1.C -O3 -g execution test
FAIL: g++.dg/torture/stackalign/eh-vararg-2.C -O3 -g execution test
FAIL: g++.dg/torture/stackalign/eh-alloca-1.C -O3 -g execution test
FAIL: g++.dg/torture/stackalign/eh-vararg-1.C -O3 -g execution test
FAIL: g++.dg/torture/stackalign/eh-vararg-2.C -O3 -g execution test
=== g++ Summary ===
# of expected passes 24472
# of unexpected failures 10
# of expected failures 150
# of unresolved testcases 2
# of unsupported tests 177
/Users/dave/gnu/gcc/objdir/gcc/testsuite/g++/../../g++ version 4.6.0 20101014 (experimental) [trunk revision 165483] (GCC)
=== gcc tests ===
Running target unix
WARNING: Could not compile gcc.dg/compat/struct-layout-1 generator
FAIL: gcc.dg/tree-prof/inliner-1.c scan-tree-dump-not optimized "hot_function ..;"
XPASS: gcc.dg/tree-ssa/20031106-3.c scan-tree-dump-times optimized "link_error" 0
XPASS: gcc.dg/tree-ssa/20040204-1.c scan-tree-dump-times optimized "link_error" 0
XPASS: gcc.dg/tree-ssa/fre-vce-1.c scan-tree-dump-times fre "sv.i" 2
FAIL: gcc.target/i386/combine-mul.c scan-assembler-not 12345
=== gcc Summary ===
# of expected passes 72068
# of unexpected failures 2
# of unexpected successes 3
# of expected failures 200
# of unsupported tests 1324
/Users/dave/gnu/gcc/objdir/gcc/xgcc version 4.6.0 20101014 (experimental) [trunk revision 165483] (GCC)
=== gfortran tests ===
Running target unix
XPASS: gfortran.dg/pr25923.f90 -O PR45505 (test for warnings, line 13)
XPASS: gfortran.dg/pr25923.f90 -O PR45505 (test for bogus messages, line 22)
=== gfortran Summary ===
# of expected passes 36695
# of unexpected successes 2
# of expected failures 48
# of unsupported tests 181
/Users/dave/gnu/gcc/objdir/gcc/testsuite/gfortran/../../gfortran version 4.6.0 20101014 (experimental) [trunk revision 165483] (GCC)
=== gnat tests ===
Running target unix
=== gnat Summary ===
# of expected passes 828
# of expected failures 10
# of unsupported tests 4
=== obj-c++ tests ===
Running target unix
WARNING: obj-c++.dg/try-catch-2.mm -fgnu-runtime compilation failed to produce executable
WARNING: obj-c++.dg/try-catch-9.mm -fgnu-runtime compilation failed to produce executable
FAIL: obj-c++.dg/encode-3.mm -fnext-runtime execution test
=== obj-c++ Summary ===
# of expected passes 1437
# of unexpected failures 1
# of expected failures 2
# of unsupported tests 20
/Users/dave/gnu/gcc/objdir/gcc/testsuite/obj-c++/../../g++ version 4.6.0 20101014 (experimental) [trunk revision 165483] (GCC)
=== objc tests ===
Running target unix
FAIL: objc.dg/encode-7-next.m -fnext-runtime (test for excess errors)
FAIL: objc.dg/encode-7-next.m -fnext-runtime execution test
FAIL: objc.dg/foreach-6.m -fnext-runtime (test for excess errors)
FAIL: objc.dg/foreach-7.m -fnext-runtime (test for excess errors)
FAIL: objc.dg/proto-qual-1.m -fnext-runtime execution test
FAIL: objc.dg/threedotthree-abi-1.m -fnext-runtime execution test
WARNING: Could not compile objc.dg/gnu-encoding/struct-layout-encoding-1 generator
=== objc Summary ===
# of expected passes 4264
# of unexpected failures 6
# of unsupported tests 36
/Users/dave/gnu/gcc/objdir/gcc/xgcc version 4.6.0 20101014 (experimental) [trunk revision 165483] (GCC)
=== libffi tests ===
Running target unix
=== libffi Summary ===
# of expected passes 1634
# of expected failures 10
# of unsupported tests 15
=== libgomp tests ===
Running target unix
=== libgomp Summary ===
# of expected passes 2490
# of unsupported tests 2
=== libjava tests ===
Running target unix
=== libjava Summary ===
# of expected passes 2574
=== libstdc++ tests ===
Running target unix
FAIL: ext/mt_allocator/deallocate_global_thread-1.cc execution test
FAIL: ext/mt_allocator/deallocate_global_thread-3.cc execution test
=== libstdc++ Summary ===
# of expected passes 6747
# of unexpected failures 2
# of expected failures 81
# of unsupported tests 632
Compiler version: 4.6.0 20101014 (experimental) [trunk revision 165483] (GCC)
Platform: i686-apple-darwin9
configure flags: --build=i686-apple-darwin9 --host=i686-apple-darwin9 --target=i686-apple-darwin9 --with-tune=generic --prefix=/opt/gnu/gcc/gcc-4.6.0 --with-gmp=/opt/gnu/gcc/gcc-4.6.0 --enable-debug=no --disable-nls --enable-languages=c,c++,objc,fortran,obj-c++,java,ada --enable-threads=posix --enable-__cxa_atexit --enable-java-gc=boehm
More information about the Gcc-testresults
mailing list