Results for 4.6.0 20101013 (experimental) [trunk revision 165415] (GCC) testsuite on i386-pc-solaris2.8
Rainer Orth
ro@CeBiTec.Uni-Bielefeld.DE
Thu Oct 14 17:11:00 GMT 2010
LAST_UPDATED: Wed Oct 13 10:16:33 UTC 2010 (revision 165415)
=== acats tests ===
=== acats Summary ===
# of expected passes 2321
# of unexpected failures 0
Native configuration is i386-pc-solaris2.8
=== g++ tests ===
Running target unix
FAIL: g++.dg/warn/miss-format-1.C printf attribute warning (test for warnings, line 17)
FAIL: g++.dg/warn/miss-format-1.C printf attribute warning 2 (test for warnings, line 42)
FAIL: g++.dg/warn/miss-format-1.C (test for excess errors)
=== g++ Summary ===
# of expected passes 24468
# of unexpected failures 3
# of expected failures 151
# of unsupported tests 255
/var/gcc/regression/trunk/8-gcc/build/gcc/testsuite/g++/../../g++ version 4.6.0 20101013 (experimental) [trunk revision 165415] (GCC)
=== gcc tests ===
Running target unix
FAIL: gcc.dg/lto/20081201-2 c_lto_20081201-2_0.o-c_lto_20081201-2_1.o execute -O3 -fwhopr
FAIL: gcc.dg/lto/ipareference2 c_lto_ipareference2_0.o-c_lto_ipareference2_1.o execute -O1 -fwhopr -fwhole-program
FAIL: gcc.dg/tree-prof/inliner-1.c scan-tree-dump-not optimized "hot_function ..;"
XPASS: gcc.dg/tree-ssa/20031106-3.c scan-tree-dump-times optimized "link_error" 0
XPASS: gcc.dg/tree-ssa/20040204-1.c scan-tree-dump-times optimized "link_error" 0
XPASS: gcc.dg/tree-ssa/fre-vce-1.c scan-tree-dump-times fre "sv.i" 2
FAIL: gcc.dg/vect/pr43430-2.c scan-tree-dump-times vect "vectorized 1 loops" 1
FAIL: gcc.target/i386/pr38240.c -Wl,-M,/vol/gcc/src/hg/trunk/local/gcc/testsuite/gcc.target/i386/clearcap.map (internal compiler error)
FAIL: gcc.target/i386/pr38240.c -Wl,-M,/vol/gcc/src/hg/trunk/local/gcc/testsuite/gcc.target/i386/clearcap.map (test for excess errors)
=== gcc Summary ===
# of expected passes 70668
# of unexpected failures 6
# of unexpected successes 3
# of expected failures 202
# of unsupported tests 1769
/var/gcc/regression/trunk/8-gcc/build/gcc/xgcc version 4.6.0 20101013 (experimental) [trunk revision 165415] (GCC)
=== gfortran tests ===
Running target unix
=== gfortran Summary ===
# of expected passes 35916
# of expected failures 42
# of unsupported tests 343
/var/gcc/regression/trunk/8-gcc/build/gcc/testsuite/gfortran/../../gfortran version 4.6.0 20101013 (experimental) [trunk revision 165415] (GCC)
=== gnat tests ===
Running target unix
=== gnat Summary ===
# of expected passes 826
# of expected failures 10
# of unsupported tests 5
=== objc tests ===
Running target unix
XPASS: objc.dg-struct-layout-encoding-1/t026_main.m execution test
=== objc Summary ===
# of expected passes 2138
# of unexpected successes 1
# of expected failures 6
# of unsupported tests 26
/var/gcc/regression/trunk/8-gcc/build/gcc/xgcc version 4.6.0 20101013 (experimental) [trunk revision 165415] (GCC)
=== libffi tests ===
Running target unix
=== libffi Summary ===
# of expected passes 1634
# of expected failures 10
# of unsupported tests 15
=== libgomp tests ===
Running target unix
=== libgomp Summary ===
# of expected passes 2490
# of unsupported tests 2
=== libjava tests ===
Running target unix
FAIL: PR16923 run
FAIL: Divide_1 output - source compiled test
FAIL: Divide_1 -findirect-dispatch output - source compiled test
FAIL: Divide_1 -O3 output - source compiled test
FAIL: Divide_1 -O3 -findirect-dispatch output - source compiled test
FAIL: InvokeInterface execution - source compiled test
FAIL: InvokeInterface -O3 execution - source compiled test
=== libjava Summary ===
# of expected passes 2565
# of unexpected failures 7
# of untested testcases 3
=== libstdc++ tests ===
Running target unix
=== libstdc++ Summary ===
# of expected passes 6591
# of expected failures 82
# of unsupported tests 717
Compiler version: 4.6.0 20101013 (experimental) [trunk revision 165415] (GCC)
Platform: i386-pc-solaris2.8
configure flags: --prefix=/vol/gcc --target=i386-pc-solaris2.8 --with-gmp=/vol/gcc --with-mpfr=/vol/gcc --with-mpc=/vol/gcc --enable-languages=all,ada
BOOT_CFLAGS=-g -O2
More information about the Gcc-testresults
mailing list