Results for 4.4.5 (GCC) testsuite on hppa1.1-hp-hpux10.20
John David Anglin
dave@hiauly1.hia.nrc.ca
Sun Oct 10 17:50:00 GMT 2010
LAST_UPDATED: Sun Oct 3 16:03:24 UTC 2010 (revision 164915)
Native configuration is hppa1.1-hp-hpux10.20
=== g++ tests ===
Running target unix
WARNING: program timed out.
FAIL: tmpdir-g++.dg-struct-layout-1/t001 cp_compat_y_tst.o compile
UNRESOLVED: tmpdir-g++.dg-struct-layout-1/t001 cp_compat_x_tst.o-cp_compat_y_tst.o link
UNRESOLVED: tmpdir-g++.dg-struct-layout-1/t001 cp_compat_x_tst.o-cp_compat_y_tst.o execute
WARNING: program timed out.
FAIL: tmpdir-g++.dg-struct-layout-1/t002 cp_compat_y_tst.o compile
UNRESOLVED: tmpdir-g++.dg-struct-layout-1/t002 cp_compat_x_tst.o-cp_compat_y_tst.o link
UNRESOLVED: tmpdir-g++.dg-struct-layout-1/t002 cp_compat_x_tst.o-cp_compat_y_tst.o execute
WARNING: program timed out.
FAIL: tmpdir-g++.dg-struct-layout-1/t024 cp_compat_y_tst.o compile
UNRESOLVED: tmpdir-g++.dg-struct-layout-1/t024 cp_compat_x_tst.o-cp_compat_y_tst.o link
UNRESOLVED: tmpdir-g++.dg-struct-layout-1/t024 cp_compat_x_tst.o-cp_compat_y_tst.o execute
WARNING: program timed out.
FAIL: tmpdir-g++.dg-struct-layout-1/t025 cp_compat_y_tst.o compile
UNRESOLVED: tmpdir-g++.dg-struct-layout-1/t025 cp_compat_x_tst.o-cp_compat_y_tst.o link
UNRESOLVED: tmpdir-g++.dg-struct-layout-1/t025 cp_compat_x_tst.o-cp_compat_y_tst.o execute
WARNING: program timed out.
FAIL: tmpdir-g++.dg-struct-layout-1/t026 cp_compat_y_tst.o compile
UNRESOLVED: tmpdir-g++.dg-struct-layout-1/t026 cp_compat_x_tst.o-cp_compat_y_tst.o link
UNRESOLVED: tmpdir-g++.dg-struct-layout-1/t026 cp_compat_x_tst.o-cp_compat_y_tst.o execute
WARNING: program timed out.
FAIL: tmpdir-g++.dg-struct-layout-1/t027 cp_compat_y_tst.o compile
UNRESOLVED: tmpdir-g++.dg-struct-layout-1/t027 cp_compat_x_tst.o-cp_compat_y_tst.o link
UNRESOLVED: tmpdir-g++.dg-struct-layout-1/t027 cp_compat_x_tst.o-cp_compat_y_tst.o execute
WARNING: program timed out.
FAIL: g++.dg/eh/cleanup1.C (test for excess errors)
WARNING: program timed out.
FAIL: g++.dg/parse/limits-initializer1.C (test for errors, line 36)
FAIL: g++.dg/parse/limits-initializer1.C (test for excess errors)
WARNING: program timed out.
FAIL: g++.dg/torture/pr31863.C -O0 (test for excess errors)
WARNING: program timed out.
FAIL: g++.dg/torture/pr31863.C -O1 (test for excess errors)
WARNING: program timed out.
FAIL: g++.dg/torture/pr31863.C -O2 (test for excess errors)
WARNING: program timed out.
FAIL: g++.dg/torture/pr31863.C -O3 -fomit-frame-pointer (test for excess errors)
WARNING: program timed out.
FAIL: g++.dg/torture/pr31863.C -O3 -g (test for excess errors)
WARNING: program timed out.
FAIL: g++.dg/torture/pr31863.C -Os (test for excess errors)
=== g++ Summary ===
# of expected passes 18043
# of unexpected failures 15
# of expected failures 157
# of unresolved testcases 12
# of unsupported tests 270
/xxx/gnu/gcc/objdir/gcc/testsuite/g++/../../g++ version 4.4.5 (GCC)
=== gcc tests ===
Running target unix
WARNING: program timed out.
FAIL: gcc.c-torture/compile/limits-caselabels.c -O2 (test for excess errors)
WARNING: program timed out.
FAIL: gcc.c-torture/compile/limits-caselabels.c -O3 -fomit-frame-pointer (test for excess errors)
WARNING: program timed out.
FAIL: gcc.c-torture/compile/limits-caselabels.c -O3 -g (test for excess errors)
WARNING: program timed out.
FAIL: gcc.c-torture/compile/limits-fndefn.c -O1 (test for excess errors)
WARNING: program timed out.
FAIL: gcc.c-torture/compile/limits-fndefn.c -O2 (test for excess errors)
WARNING: program timed out.
FAIL: gcc.c-torture/compile/limits-fndefn.c -O3 -fomit-frame-pointer (test for excess errors)
WARNING: program timed out.
FAIL: gcc.c-torture/compile/limits-fndefn.c -O3 -g (test for excess errors)
WARNING: program timed out.
FAIL: gcc.c-torture/compile/limits-fndefn.c -Os (test for excess errors)
FAIL: gcc.c-torture/compile/limits-structnest.c -O2 (test for excess errors)
FAIL: gcc.c-torture/compile/limits-structnest.c -O3 -fomit-frame-pointer (test for excess errors)
FAIL: gcc.c-torture/compile/limits-structnest.c -O3 -g (test for excess errors)
FAIL: gcc.c-torture/compile/limits-structnest.c -Os (test for excess errors)
WARNING: program timed out.
FAIL: tmpdir-gcc.dg-struct-layout-1/t001 c_compat_y_tst.o compile
UNRESOLVED: tmpdir-gcc.dg-struct-layout-1/t001 c_compat_x_tst.o-c_compat_y_tst.o link
UNRESOLVED: tmpdir-gcc.dg-struct-layout-1/t001 c_compat_x_tst.o-c_compat_y_tst.o execute
WARNING: program timed out.
FAIL: tmpdir-gcc.dg-struct-layout-1/t002 c_compat_y_tst.o compile
UNRESOLVED: tmpdir-gcc.dg-struct-layout-1/t002 c_compat_x_tst.o-c_compat_y_tst.o link
UNRESOLVED: tmpdir-gcc.dg-struct-layout-1/t002 c_compat_x_tst.o-c_compat_y_tst.o execute
WARNING: program timed out.
FAIL: tmpdir-gcc.dg-struct-layout-1/t024 c_compat_y_tst.o compile
UNRESOLVED: tmpdir-gcc.dg-struct-layout-1/t024 c_compat_x_tst.o-c_compat_y_tst.o link
UNRESOLVED: tmpdir-gcc.dg-struct-layout-1/t024 c_compat_x_tst.o-c_compat_y_tst.o execute
WARNING: program timed out.
FAIL: tmpdir-gcc.dg-struct-layout-1/t025 c_compat_y_tst.o compile
UNRESOLVED: tmpdir-gcc.dg-struct-layout-1/t025 c_compat_x_tst.o-c_compat_y_tst.o link
UNRESOLVED: tmpdir-gcc.dg-struct-layout-1/t025 c_compat_x_tst.o-c_compat_y_tst.o execute
WARNING: program timed out.
FAIL: tmpdir-gcc.dg-struct-layout-1/t026 c_compat_y_tst.o compile
UNRESOLVED: tmpdir-gcc.dg-struct-layout-1/t026 c_compat_x_tst.o-c_compat_y_tst.o link
UNRESOLVED: tmpdir-gcc.dg-struct-layout-1/t026 c_compat_x_tst.o-c_compat_y_tst.o execute
WARNING: program timed out.
FAIL: tmpdir-gcc.dg-struct-layout-1/t027 c_compat_y_tst.o compile
UNRESOLVED: tmpdir-gcc.dg-struct-layout-1/t027 c_compat_x_tst.o-c_compat_y_tst.o link
UNRESOLVED: tmpdir-gcc.dg-struct-layout-1/t027 c_compat_x_tst.o-c_compat_y_tst.o execute
WARNING: program timed out.
FAIL: gcc.dg/20020425-1.c (test for excess errors)
WARNING: program timed out.
FAIL: gcc.dg/c99-intconst-1.c (test for excess errors)
FAIL: gcc.dg/torture/pr41094.c -O0 execution test
FAIL: gcc.dg/torture/pr41555.c -O0 (test for excess errors)
WARNING: gcc.dg/torture/pr41555.c -O0 compilation failed to produce executable
FAIL: gcc.dg/torture/pr41555.c -O1 (test for excess errors)
WARNING: gcc.dg/torture/pr41555.c -O1 compilation failed to produce executable
FAIL: gcc.dg/torture/pr41555.c -O2 (test for excess errors)
WARNING: gcc.dg/torture/pr41555.c -O2 compilation failed to produce executable
FAIL: gcc.dg/torture/pr41555.c -O3 -fomit-frame-pointer (test for excess errors)
WARNING: gcc.dg/torture/pr41555.c -O3 -fomit-frame-pointer compilation failed to produce executable
FAIL: gcc.dg/torture/pr41555.c -O3 -fomit-frame-pointer -funroll-loops (test for excess errors)
WARNING: gcc.dg/torture/pr41555.c -O3 -fomit-frame-pointer -funroll-loops compilation failed to produce executable
FAIL: gcc.dg/torture/pr41555.c -O3 -fomit-frame-pointer -funroll-all-loops -finline-functions (test for excess errors)
WARNING: gcc.dg/torture/pr41555.c -O3 -fomit-frame-pointer -funroll-all-loops -finline-functions compilation failed to produce executable
FAIL: gcc.dg/torture/pr41555.c -O3 -g (test for excess errors)
WARNING: gcc.dg/torture/pr41555.c -O3 -g compilation failed to produce executable
FAIL: gcc.dg/torture/pr41555.c -Os (test for excess errors)
WARNING: gcc.dg/torture/pr41555.c -Os compilation failed to produce executable
FAIL: gcc.dg/torture/pr45678-1.c -O0 (test for excess errors)
FAIL: gcc.dg/torture/pr45678-1.c -O1 (test for excess errors)
FAIL: gcc.dg/torture/pr45678-1.c -O2 (test for excess errors)
FAIL: gcc.dg/torture/pr45678-1.c -O3 -fomit-frame-pointer (test for excess errors)
FAIL: gcc.dg/torture/pr45678-1.c -O3 -g (test for excess errors)
FAIL: gcc.dg/torture/pr45678-1.c -Os (test for excess errors)
FAIL: gcc.dg/torture/pr45678-2.c -O0 (test for excess errors)
FAIL: gcc.dg/torture/pr45678-2.c -O1 (test for excess errors)
FAIL: gcc.dg/torture/pr45678-2.c -O2 (test for excess errors)
FAIL: gcc.dg/torture/pr45678-2.c -O3 -fomit-frame-pointer (test for excess errors)
FAIL: gcc.dg/torture/pr45678-2.c -O3 -g (test for excess errors)
FAIL: gcc.dg/torture/pr45678-2.c -Os (test for excess errors)
XPASS: gcc.dg/tree-ssa/20040204-1.c scan-tree-dump-times optimized "link_error" 0
FAIL: gcc.dg/tree-ssa/vrp47.c scan-tree-dump-times vrp1 "[xy][^ ]* !=" 0
FAIL: gcc.dg/tree-ssa/vrp47.c scan-tree-dump-times dom1 "x[^ ]* & y" 1
FAIL: gcc.dg/tree-ssa/vrp47.c scan-tree-dump-times vrp1 "x[^ ]* [|] y" 1
=== gcc Summary ===
# of expected passes 48897
# of unexpected failures 44
# of unexpected successes 1
# of expected failures 114
# of unresolved testcases 12
# of unsupported tests 738
/xxx/gnu/gcc/objdir/gcc/xgcc version 4.4.5 (GCC)
=== gfortran tests ===
Running target unix
WARNING: program timed out.
FAIL: gfortran.dg/cray_pointers_2.f90 -O3 -fomit-frame-pointer (test for excess errors)
WARNING: gfortran.dg/cray_pointers_2.f90 -O3 -fomit-frame-pointer compilation failed to produce executable
WARNING: program timed out.
FAIL: gfortran.dg/cray_pointers_2.f90 -O3 -fomit-frame-pointer -funroll-loops (test for excess errors)
WARNING: gfortran.dg/cray_pointers_2.f90 -O3 -fomit-frame-pointer -funroll-loops compilation failed to produce executable
WARNING: program timed out.
FAIL: gfortran.dg/cray_pointers_2.f90 -O3 -fomit-frame-pointer -funroll-all-loops -finline-functions (test for excess errors)
WARNING: gfortran.dg/cray_pointers_2.f90 -O3 -fomit-frame-pointer -funroll-all-loops -finline-functions compilation failed to produce executable
WARNING: program timed out.
FAIL: gfortran.dg/cray_pointers_2.f90 -O3 -g (test for excess errors)
WARNING: gfortran.dg/cray_pointers_2.f90 -O3 -g compilation failed to produce executable
FAIL: gfortran.dg/integer_exponentiation_4.f90 -O (internal compiler error)
FAIL: gfortran.dg/integer_exponentiation_4.f90 -O (test for errors, line 24)
FAIL: gfortran.dg/integer_exponentiation_4.f90 -O (test for errors, line 25)
FAIL: gfortran.dg/integer_exponentiation_4.f90 -O (test for errors, line 26)
FAIL: gfortran.dg/integer_exponentiation_4.f90 -O (test for errors, line 27)
FAIL: gfortran.dg/integer_exponentiation_4.f90 -O (test for errors, line 35)
FAIL: gfortran.dg/integer_exponentiation_4.f90 -O (test for errors, line 36)
FAIL: gfortran.dg/integer_exponentiation_4.f90 -O (test for errors, line 37)
FAIL: gfortran.dg/integer_exponentiation_4.f90 -O (test for errors, line 38)
FAIL: gfortran.dg/integer_exponentiation_4.f90 -O (test for errors, line 41)
FAIL: gfortran.dg/integer_exponentiation_4.f90 -O (test for errors, line 42)
FAIL: gfortran.dg/integer_exponentiation_4.f90 -O (test for excess errors)
FAIL: gfortran.dg/namelist_42.f90 -O0 execution test
FAIL: gfortran.dg/namelist_42.f90 -O1 execution test
FAIL: gfortran.dg/namelist_42.f90 -O2 execution test
FAIL: gfortran.dg/namelist_42.f90 -O3 -fomit-frame-pointer execution test
FAIL: gfortran.dg/namelist_42.f90 -O3 -fomit-frame-pointer -funroll-loops execution test
FAIL: gfortran.dg/namelist_42.f90 -O3 -fomit-frame-pointer -funroll-all-loops -finline-functions execution test
FAIL: gfortran.dg/namelist_42.f90 -O3 -g execution test
FAIL: gfortran.dg/namelist_42.f90 -Os execution test
FAIL: gfortran.dg/namelist_43.f90 -O0 execution test
FAIL: gfortran.dg/namelist_43.f90 -O1 execution test
FAIL: gfortran.dg/namelist_43.f90 -O2 execution test
FAIL: gfortran.dg/namelist_43.f90 -O3 -fomit-frame-pointer execution test
FAIL: gfortran.dg/namelist_43.f90 -O3 -fomit-frame-pointer -funroll-loops execution test
FAIL: gfortran.dg/namelist_43.f90 -O3 -fomit-frame-pointer -funroll-all-loops -finline-functions execution test
FAIL: gfortran.dg/namelist_43.f90 -O3 -g execution test
FAIL: gfortran.dg/namelist_43.f90 -Os execution test
FAIL: gfortran.dg/nan_3.f90 -O0 execution test
FAIL: gfortran.dg/nan_3.f90 -O1 execution test
FAIL: gfortran.dg/nan_3.f90 -O2 execution test
FAIL: gfortran.dg/nan_3.f90 -O3 -fomit-frame-pointer execution test
FAIL: gfortran.dg/nan_3.f90 -O3 -fomit-frame-pointer -funroll-loops execution test
FAIL: gfortran.dg/nan_3.f90 -O3 -fomit-frame-pointer -funroll-all-loops -finline-functions execution test
FAIL: gfortran.dg/nan_3.f90 -O3 -g execution test
FAIL: gfortran.dg/nan_3.f90 -Os execution test
FAIL: gfortran.dg/nint_2.f90 -O0 execution test
FAIL: gfortran.dg/pr41928.f90 -O (internal compiler error)
FAIL: gfortran.dg/pr41928.f90 -O (test for excess errors)
=== gfortran Summary ===
# of expected passes 29048
# of unexpected failures 43
# of expected failures 7
# of unsupported tests 266
/xxx/gnu/gcc/objdir/gcc/testsuite/gfortran/../../gfortran version 4.4.5 (GCC)
=== gnat tests ===
Running target unix
FAIL: gnat.dg/test_image.adb execution test
=== gnat Summary ===
# of expected passes 619
# of unexpected failures 1
# of expected failures 6
=== obj-c++ tests ===
Running target unix
XPASS: obj-c++.dg/comp-types-10.mm (test for excess errors)
WARNING: obj-c++.dg/lookup-2.mm compilation failed to produce executable
WARNING: obj-c++.dg/try-catch-2.mm compilation failed to produce executable
WARNING: obj-c++.dg/try-catch-9.mm compilation failed to produce executable
=== obj-c++ Summary ===
# of expected passes 434
# of unexpected successes 1
# of expected failures 9
# of unsupported tests 14
/xxx/gnu/gcc/objdir/gcc/testsuite/obj-c++/../../g++ version 4.4.5 (GCC)
=== objc tests ===
Running target unix
=== objc Summary ===
# of expected passes 1860
# of expected failures 15
# of unsupported tests 27
/xxx/gnu/gcc/objdir/gcc/xgcc version 4.4.5 (GCC)
=== libstdc++ tests ===
Running target unix
XPASS: 26_numerics/headers/cmath/c99_classification_macros_c.cc (test for excess errors)
FAIL: 27_io/basic_istream/extractors_arithmetic/char/12.cc execution test
WARNING: program timed out.
FAIL: ext/pb_ds/regression/hash_data_map_rand.cc (test for excess errors)
WARNING: ext/pb_ds/regression/hash_data_map_rand.cc compilation failed to produce executable
WARNING: program timed out.
FAIL: ext/pb_ds/regression/hash_no_data_map_rand.cc (test for excess errors)
WARNING: ext/pb_ds/regression/hash_no_data_map_rand.cc compilation failed to produce executable
WARNING: program timed out.
FAIL: ext/pb_ds/regression/list_update_data_map_rand.cc (test for excess errors)
WARNING: ext/pb_ds/regression/list_update_data_map_rand.cc compilation failed to produce executable
WARNING: program timed out.
FAIL: ext/pb_ds/regression/list_update_no_data_map_rand.cc (test for excess errors)
WARNING: ext/pb_ds/regression/list_update_no_data_map_rand.cc compilation failed to produce executable
WARNING: program timed out.
FAIL: ext/pb_ds/regression/priority_queue_rand.cc (test for excess errors)
WARNING: ext/pb_ds/regression/priority_queue_rand.cc compilation failed to produce executable
WARNING: program timed out.
FAIL: ext/pb_ds/regression/tree_data_map_rand.cc (test for excess errors)
WARNING: ext/pb_ds/regression/tree_data_map_rand.cc compilation failed to produce executable
WARNING: program timed out.
FAIL: ext/pb_ds/regression/tree_no_data_map_rand.cc (test for excess errors)
WARNING: ext/pb_ds/regression/tree_no_data_map_rand.cc compilation failed to produce executable
WARNING: program timed out.
FAIL: ext/pb_ds/regression/trie_data_map_rand.cc (test for excess errors)
WARNING: ext/pb_ds/regression/trie_data_map_rand.cc compilation failed to produce executable
WARNING: program timed out.
FAIL: ext/pb_ds/regression/trie_no_data_map_rand.cc (test for excess errors)
WARNING: ext/pb_ds/regression/trie_no_data_map_rand.cc compilation failed to produce executable
=== libstdc++ Summary ===
# of expected passes 4536
# of unexpected failures 10
# of unexpected successes 1
# of expected failures 67
# of unsupported tests 253
Compiler version: 4.4.5 (GCC)
Platform: hppa1.1-hp-hpux10.20
configure flags: --with-gnu-as --with-as=/usr/local/bin/as --enable-shared --prefix=/opt/gnu/gcc/gcc-4.4.5 --with-gmp=/opt/gnu/gcc/gcc-4.4.5 --enable-debug=no --disable-nls --enable-checking=release --enable-languages=c,c++,objc,fortran,ada,obj-c++
More information about the Gcc-testresults
mailing list