Results for 4.5.2 20101001 (prerelease) [gcc-4_5-branch revision 164895] (GCC) testsuite on sparc-sun-solaris2.10
Sean McGovern
sean@seanmcgovern.ca
Sun Oct 3 16:55:00 GMT 2010
\$ uname -a
SunOS spark 5.10 Generic_141444-09 sun4u sparc SUNW,Sun-Blade-1000
\$ cat /etc/release
Solaris 10 10/09 s10s_u8wos_08a SPARC
Copyright 2009 Sun Microsystems, Inc. All Rights Reserved.
Use is subject to license terms.
Assembled 16 September 2009
\$ /usr/local/bin/as --version
GNU assembler (GNU Binutils) 2.20.1.20100303
\$ /usr/ccs/bin/ld -V
ld: Software Generation Utilities - Solaris Link Editors: 5.10-1.497
\$ /usr/sbin/psrinfo -pv
The physical processor has 1 virtual processor (0)
UltraSPARC-III (portid 0 impl 0x14 ver 0x34 clock 750 MHz)
Bootstrapped with:
\$ /usr/sfw/bin/gcc -v
Reading specs from /usr/sfw/lib/gcc/sparc-sun-solaris2.10/3.4.3/specs
Configured with: /sfw10/builds/build/sfw10-patch/usr/src/cmd/gcc/gcc-3.4.3/configure --prefix=/usr/sfw --with-as=/usr/ccs/bin/as --without-gnu-as --with-ld=/usr/ccs/bin/ld --without-gnu-ld --enable-languages=c,c++ --enable-shared
Thread model: posix
gcc version 3.4.3 (csl-sol210-3_4-branch+sol_rpath)
LAST_UPDATED: Friday, October 1, 2010 10:09:49 PM UTC (revision 164895)
Native configuration is sparc-sun-solaris2.10
=== g++ tests ===
Running target unix
FAIL: g++.dg/lto/20090303 cp_lto_20090303_0.o-cp_lto_20090303_0.o execute -fwhopr
=== g++ Summary for unix ===
# of expected passes 22257
# of unexpected failures 1
# of expected failures 152
# of unsupported tests 229
Running target unix/-m64
FAIL: g++.dg/lto/20090303 cp_lto_20090303_0.o-cp_lto_20090303_0.o link
UNRESOLVED: g++.dg/lto/20090303 cp_lto_20090303_0.o-cp_lto_20090303_0.o execute -fwhopr
=== g++ Summary for unix/-m64 ===
# of expected passes 22217
# of unexpected failures 1
# of expected failures 152
# of unresolved testcases 1
# of unsupported tests 230
=== g++ Summary ===
# of expected passes 44474
# of unexpected failures 2
# of expected failures 304
# of unresolved testcases 1
# of unsupported tests 459
/var/opt/BUILD/gcc45.obj/gcc/testsuite/g++/../../g++ version 4.5.2 20101001 (prerelease) [gcc-4_5-branch revision 164895] (GCC)
=== gcc tests ===
Running target unix
FAIL: gcc.c-torture/compile/limits-exprparen.c -O0 (test for excess errors)
FAIL: gcc.c-torture/compile/limits-exprparen.c -O1 (test for excess errors)
FAIL: gcc.c-torture/compile/limits-exprparen.c -O2 (test for excess errors)
FAIL: gcc.c-torture/compile/limits-exprparen.c -O3 -fomit-frame-pointer (test for excess errors)
FAIL: gcc.c-torture/compile/limits-exprparen.c -O3 -g (test for excess errors)
FAIL: gcc.c-torture/compile/limits-exprparen.c -Os (test for excess errors)
FAIL: gcc.c-torture/compile/limits-exprparen.c -O2 -flto (test for excess errors)
FAIL: gcc.c-torture/compile/limits-exprparen.c -O2 -fwhopr (test for excess errors)
FAIL: gcc.c-torture/execute/pr38819.c execution, -O2
FAIL: gcc.c-torture/execute/pr38819.c execution, -O3 -fomit-frame-pointer
FAIL: gcc.c-torture/execute/pr38819.c execution, -O3 -fomit-frame-pointer -funroll-loops
FAIL: gcc.c-torture/execute/pr38819.c execution, -O3 -fomit-frame-pointer -funroll-all-loops -finline-functions
FAIL: gcc.c-torture/execute/pr38819.c execution, -O3 -g
FAIL: gcc.c-torture/execute/pr38819.c execution, -O2 -flto
FAIL: gcc.c-torture/execute/pr38819.c execution, -O2 -fwhopr
FAIL: gcc.dg/vect/pr43430-1.c scan-tree-dump-times vect "vectorized 1 loops" 1
FAIL: gcc.dg/vect/slp-multitypes-2.c execution test
=== gcc Summary for unix ===
# of expected passes 64719
# of unexpected failures 17
# of expected failures 194
# of unsupported tests 901
Running target unix/-m64
FAIL: gcc.c-torture/compile/limits-exprparen.c -O0 (test for excess errors)
FAIL: gcc.c-torture/compile/limits-exprparen.c -O1 (test for excess errors)
FAIL: gcc.c-torture/compile/limits-exprparen.c -O2 (test for excess errors)
FAIL: gcc.c-torture/compile/limits-exprparen.c -O3 -fomit-frame-pointer (test for excess errors)
FAIL: gcc.c-torture/compile/limits-exprparen.c -O3 -g (test for excess errors)
FAIL: gcc.c-torture/compile/limits-exprparen.c -Os (test for excess errors)
FAIL: gcc.c-torture/compile/limits-exprparen.c -O2 -flto (test for excess errors)
FAIL: gcc.c-torture/compile/limits-exprparen.c -O2 -fwhopr (test for excess errors)
FAIL: gcc.dg/cpp/trad/include.c (internal compiler error)
FAIL: gcc.dg/cpp/trad/include.c (test for excess errors)
FAIL: gcc.dg/lto/20090210 c_lto_20090210_0.o-c_lto_20090210_1.o link
UNRESOLVED: gcc.dg/lto/20090210 c_lto_20090210_0.o-c_lto_20090210_1.o execute -O0 -fwhopr
FAIL: gcc.dg/lto/20090210 c_lto_20090210_0.o-c_lto_20090210_1.o link
UNRESOLVED: gcc.dg/lto/20090210 c_lto_20090210_0.o-c_lto_20090210_1.o execute -O2 -fwhopr
FAIL: gcc.dg/lto/20090210 c_lto_20090210_0.o-c_lto_20090210_1.o link
UNRESOLVED: gcc.dg/lto/20090210 c_lto_20090210_0.o-c_lto_20090210_1.o execute -O0 -flto
FAIL: gcc.dg/lto/20090210 c_lto_20090210_0.o-c_lto_20090210_1.o link
UNRESOLVED: gcc.dg/lto/20090210 c_lto_20090210_0.o-c_lto_20090210_1.o execute -O2 -flto
FAIL: gcc.dg/vect/pr43430-1.c scan-tree-dump-times vect "vectorized 1 loops" 1
=== gcc Summary for unix/-m64 ===
# of expected passes 64708
# of unexpected failures 15
# of expected failures 190
# of unresolved testcases 4
# of unsupported tests 907
=== gcc Summary ===
# of expected passes 129427
# of unexpected failures 32
# of expected failures 384
# of unresolved testcases 4
# of unsupported tests 1808
/var/opt/BUILD/gcc45.obj/gcc/xgcc version 4.5.2 20101001 (prerelease) [gcc-4_5-branch revision 164895] (GCC)
=== gfortran tests ===
Running target unix
FAIL: gfortran.dg/intrinsic_pack_1.f90 -O2 (test for excess errors)
WARNING: gfortran.dg/intrinsic_pack_1.f90 -O2 compilation failed to produce executable
=== gfortran Summary for unix ===
# of expected passes 34025
# of unexpected failures 1
# of expected failures 23
# of unsupported tests 179
Running target unix/-m64
=== gfortran Summary for unix/-m64 ===
# of expected passes 34210
# of expected failures 23
# of unsupported tests 90
=== gfortran Summary ===
# of expected passes 68235
# of unexpected failures 1
# of expected failures 46
# of unsupported tests 269
/var/opt/BUILD/gcc45.obj/gcc/testsuite/gfortran/../../gfortran version 4.5.2 20101001 (prerelease) [gcc-4_5-branch revision 164895] (GCC)
=== libgomp tests ===
Running target unix
=== libgomp Summary for unix ===
# of expected passes 2476
# of unsupported tests 9
Running target unix/-m64
=== libgomp Summary for unix/-m64 ===
# of expected passes 2476
# of unsupported tests 9
=== libgomp Summary ===
# of expected passes 4952
# of unsupported tests 18
=== libstdc++ tests ===
Running target unix
FAIL: 20_util/shared_ptr/cons/unique_ptr.cc execution test
FAIL: 20_util/shared_ptr/cons/unique_ptr_deleter.cc execution test
FAIL: 20_util/shared_ptr/cons/unique_ptr_deleter_ref_1.cc execution test
FAIL: 20_util/shared_ptr/cons/unique_ptr_deleter_ref_2.cc execution test
FAIL: 20_util/shared_ptr/creation/dr925.cc execution test
FAIL: 30_threads/future/members/wait.cc (test for excess errors)
WARNING: 30_threads/future/members/wait.cc compilation failed to produce executable
FAIL: 30_threads/shared_future/members/wait.cc (test for excess errors)
WARNING: 30_threads/shared_future/members/wait.cc compilation failed to produce executable
FAIL: ext/throw_allocator/check_delete.cc execution test
FAIL: ext/throw_allocator/deallocate_local.cc execution test
=== libstdc++ Summary for unix ===
# of expected passes 6668
# of unexpected failures 9
# of expected failures 92
# of unsupported tests 444
Running target unix/-m64
FAIL: 20_util/shared_ptr/cons/unique_ptr.cc execution test
FAIL: 20_util/shared_ptr/cons/unique_ptr_deleter.cc execution test
FAIL: 20_util/shared_ptr/cons/unique_ptr_deleter_ref_1.cc execution test
FAIL: 20_util/shared_ptr/cons/unique_ptr_deleter_ref_2.cc execution test
FAIL: 20_util/shared_ptr/creation/dr925.cc execution test
FAIL: 21_strings/basic_string/inserters_extractors/wchar_t/28277.cc execution test
XPASS: 22_locale/num_put/put/char/14220.cc execution test
FAIL: 30_threads/future/members/wait.cc (test for excess errors)
WARNING: 30_threads/future/members/wait.cc compilation failed to produce executable
FAIL: 30_threads/shared_future/members/wait.cc (test for excess errors)
WARNING: 30_threads/shared_future/members/wait.cc compilation failed to produce executable
FAIL: ext/throw_allocator/check_delete.cc execution test
FAIL: ext/throw_allocator/deallocate_local.cc execution test
=== libstdc++ Summary for unix/-m64 ===
# of expected passes 6666
# of unexpected failures 10
# of unexpected successes 1
# of expected failures 92
# of unsupported tests 444
=== libstdc++ Summary ===
# of expected passes 13334
# of unexpected failures 19
# of unexpected successes 1
# of expected failures 184
# of unsupported tests 888
=== libstdc++ Summary ===
Compiler version: 4.5.2 20101001 (prerelease) [gcc-4_5-branch revision 164895] (GCC)
Platform: sparc-sun-solaris2.10
configure flags: --prefix=/usr/local/gcc4 --build=sparc-sun-solaris2.10 --with-gnu-as --with-as=/usr/local/bin/as --without-gnu-ld --with-ld=/usr/ccs/bin/ld --enable-shared --enable-multilib --enable-languages=c,c++,fortran --enable-threads=posix --enable-checking=release --enable-bootstrap --enable-ssp --enable-libssp --enable-version-specific-runtime-libs --enable-lto --with-libelf=/local --with-system-zlib --with-included-gettext --enable-libstdcxx-allocator=mt
More information about the Gcc-testresults
mailing list