Results for 4.6.0 20101128 (experimental) (GCC) testsuite on x86_64-unknown-linux-gnu
H.J. Lu Intel64
hjl@gnu-16.sc.intel.com
Mon Nov 29 00:12:00 GMT 2010
Native configuration is x86_64-unknown-linux-gnu
=== gcc tests ===
Running target unix/-m32
FAIL: gcc.c-torture/compile/limits-exprparen.c -O0 (internal compiler error)
FAIL: gcc.c-torture/compile/limits-exprparen.c -O0 (test for excess errors)
FAIL: gcc.c-torture/compile/limits-exprparen.c -O1 (internal compiler error)
FAIL: gcc.c-torture/compile/limits-exprparen.c -O1 (test for excess errors)
FAIL: gcc.c-torture/compile/limits-exprparen.c -O2 (internal compiler error)
FAIL: gcc.c-torture/compile/limits-exprparen.c -O2 (test for excess errors)
FAIL: gcc.c-torture/compile/limits-exprparen.c -O3 -fomit-frame-pointer (internal compiler error)
FAIL: gcc.c-torture/compile/limits-exprparen.c -O3 -fomit-frame-pointer (test for excess errors)
FAIL: gcc.c-torture/compile/limits-exprparen.c -O3 -g (internal compiler error)
FAIL: gcc.c-torture/compile/limits-exprparen.c -O3 -g (test for excess errors)
FAIL: gcc.c-torture/compile/limits-exprparen.c -Os (internal compiler error)
FAIL: gcc.c-torture/compile/limits-exprparen.c -Os (test for excess errors)
FAIL: gcc.c-torture/compile/limits-exprparen.c -O2 -flto -flto-partition=none (internal compiler error)
FAIL: gcc.c-torture/compile/limits-exprparen.c -O2 -flto -flto-partition=none (test for excess errors)
FAIL: gcc.c-torture/compile/limits-exprparen.c -O2 -flto (internal compiler error)
FAIL: gcc.c-torture/compile/limits-exprparen.c -O2 -flto (test for excess errors)
FAIL: gcc.c-torture/compile/pr38661-1.c -O2 (internal compiler error)
FAIL: gcc.c-torture/compile/pr38661-1.c -O2 (test for excess errors)
FAIL: gcc.c-torture/compile/pr38661-1.c -O3 -fomit-frame-pointer (internal compiler error)
FAIL: gcc.c-torture/compile/pr38661-1.c -O3 -fomit-frame-pointer (test for excess errors)
FAIL: gcc.c-torture/compile/pr38661-1.c -O3 -g (internal compiler error)
FAIL: gcc.c-torture/compile/pr38661-1.c -O3 -g (test for excess errors)
FAIL: gcc.c-torture/compile/pr38661-1.c -Os (internal compiler error)
FAIL: gcc.c-torture/compile/pr38661-1.c -Os (test for excess errors)
FAIL: gcc.c-torture/compile/pr38661-1.c -O2 -flto -flto-partition=none (internal compiler error)
FAIL: gcc.c-torture/compile/pr38661-1.c -O2 -flto -flto-partition=none (test for excess errors)
FAIL: gcc.c-torture/compile/pr38661-1.c -O2 -flto (internal compiler error)
FAIL: gcc.c-torture/compile/pr38661-1.c -O2 -flto (test for excess errors)
FAIL: gcc.c-torture/execute/20040409-2.c compilation, -O0 (internal compiler error)
UNRESOLVED: gcc.c-torture/execute/20040409-2.c execution, -O0
FAIL: gcc.c-torture/execute/20040409-2.c compilation, -O1 (internal compiler error)
UNRESOLVED: gcc.c-torture/execute/20040409-2.c execution, -O1
FAIL: gcc.c-torture/execute/20040409-2.c compilation, -O2 (internal compiler error)
UNRESOLVED: gcc.c-torture/execute/20040409-2.c execution, -O2
FAIL: gcc.c-torture/execute/20040409-2.c compilation, -O3 -fomit-frame-pointer (internal compiler error)
UNRESOLVED: gcc.c-torture/execute/20040409-2.c execution, -O3 -fomit-frame-pointer
FAIL: gcc.c-torture/execute/20040409-2.c compilation, -O3 -g (internal compiler error)
UNRESOLVED: gcc.c-torture/execute/20040409-2.c execution, -O3 -g
FAIL: gcc.c-torture/execute/20040409-2.c compilation, -Os (internal compiler error)
UNRESOLVED: gcc.c-torture/execute/20040409-2.c execution, -Os
FAIL: gcc.c-torture/execute/20040409-2.c compilation, -O2 -flto -flto-partition=none (internal compiler error)
UNRESOLVED: gcc.c-torture/execute/20040409-2.c execution, -O2 -flto -flto-partition=none
FAIL: gcc.c-torture/execute/20040409-2.c compilation, -O2 -flto (internal compiler error)
UNRESOLVED: gcc.c-torture/execute/20040409-2.c execution, -O2 -flto
FAIL: gcc.c-torture/execute/20040409-3.c compilation, -O0 (internal compiler error)
UNRESOLVED: gcc.c-torture/execute/20040409-3.c execution, -O0
FAIL: gcc.c-torture/execute/20040409-3.c compilation, -O1 (internal compiler error)
UNRESOLVED: gcc.c-torture/execute/20040409-3.c execution, -O1
FAIL: gcc.c-torture/execute/20040409-3.c compilation, -O2 (internal compiler error)
UNRESOLVED: gcc.c-torture/execute/20040409-3.c execution, -O2
FAIL: gcc.c-torture/execute/20040409-3.c compilation, -O3 -fomit-frame-pointer (internal compiler error)
UNRESOLVED: gcc.c-torture/execute/20040409-3.c execution, -O3 -fomit-frame-pointer
FAIL: gcc.c-torture/execute/20040409-3.c compilation, -O3 -g (internal compiler error)
UNRESOLVED: gcc.c-torture/execute/20040409-3.c execution, -O3 -g
FAIL: gcc.c-torture/execute/20040409-3.c compilation, -Os (internal compiler error)
UNRESOLVED: gcc.c-torture/execute/20040409-3.c execution, -Os
FAIL: gcc.c-torture/execute/20040409-3.c compilation, -O2 -flto -flto-partition=none (internal compiler error)
UNRESOLVED: gcc.c-torture/execute/20040409-3.c execution, -O2 -flto -flto-partition=none
FAIL: gcc.c-torture/execute/20040409-3.c compilation, -O2 -flto (internal compiler error)
UNRESOLVED: gcc.c-torture/execute/20040409-3.c execution, -O2 -flto
FAIL: gcc.dg/pr14963.c (internal compiler error)
FAIL: gcc.dg/pr14963.c (test for excess errors)
XPASS: gcc.dg/guality/example.c -O0 execution test
XPASS: gcc.dg/guality/example.c -O1 execution test
XPASS: gcc.dg/guality/guality.c -O0 execution test
XPASS: gcc.dg/guality/guality.c -O1 execution test
XPASS: gcc.dg/guality/guality.c -O2 execution test
XPASS: gcc.dg/guality/guality.c -O3 -fomit-frame-pointer execution test
XPASS: gcc.dg/guality/guality.c -O3 -g execution test
XPASS: gcc.dg/guality/guality.c -Os execution test
FAIL: gcc.dg/guality/inline-params.c -O0 execution test
FAIL: gcc.dg/guality/inline-params.c -O1 execution test
XPASS: gcc.dg/guality/pr41353-1.c -O0 line 28 j == 28 + 37
XPASS: gcc.dg/guality/pr41447-1.c -O0 execution test
XPASS: gcc.dg/guality/pr41447-1.c -O1 execution test
XPASS: gcc.dg/guality/pr41447-1.c -Os execution test
XPASS: gcc.dg/guality/pr41616-1.c -O0 execution test
FAIL: gcc.dg/guality/pr43077-1.c -O2 -flto -flto-partition=none line 42 varb == 2
FAIL: gcc.dg/guality/pr43077-1.c -O2 -flto line 42 varb == 2
FAIL: gcc.dg/guality/pr43479.c -O2 -flto -flto-partition=none line 13 h == 9
FAIL: gcc.dg/guality/pr43479.c -O2 -flto -flto-partition=none line 18 h == 9
FAIL: gcc.dg/guality/pr43479.c -O2 -flto line 13 h == 9
FAIL: gcc.dg/guality/pr43479.c -O2 -flto line 18 h == 9
FAIL: gcc.dg/guality/vla-1.c -O0 line 17 sizeof (a) == 6
FAIL: gcc.dg/guality/vla-1.c -O0 line 24 sizeof (a) == 17 * sizeof (short)
FAIL: gcc.dg/guality/vla-1.c -O1 line 24 sizeof (a) == 17 * sizeof (short)
FAIL: gcc.dg/guality/vla-1.c -O2 line 24 sizeof (a) == 17 * sizeof (short)
FAIL: gcc.dg/guality/vla-1.c -O3 -fomit-frame-pointer line 24 sizeof (a) == 17 * sizeof (short)
FAIL: gcc.dg/guality/vla-1.c -O3 -g line 24 sizeof (a) == 17 * sizeof (short)
FAIL: gcc.dg/guality/vla-1.c -Os line 24 sizeof (a) == 17 * sizeof (short)
XPASS: gcc.dg/tree-ssa/20040204-1.c scan-tree-dump-times optimized "link_error" 0
=== gcc Summary for unix/-m32 ===
Running target unix
FAIL: gcc.c-torture/compile/limits-exprparen.c -O0 (internal compiler error)
FAIL: gcc.c-torture/compile/limits-exprparen.c -O0 (test for excess errors)
FAIL: gcc.c-torture/compile/limits-exprparen.c -O1 (internal compiler error)
FAIL: gcc.c-torture/compile/limits-exprparen.c -O1 (test for excess errors)
FAIL: gcc.c-torture/compile/limits-exprparen.c -O2 (internal compiler error)
FAIL: gcc.c-torture/compile/limits-exprparen.c -O2 (test for excess errors)
FAIL: gcc.c-torture/compile/limits-exprparen.c -O3 -fomit-frame-pointer (internal compiler error)
FAIL: gcc.c-torture/compile/limits-exprparen.c -O3 -fomit-frame-pointer (test for excess errors)
FAIL: gcc.c-torture/compile/limits-exprparen.c -O3 -g (internal compiler error)
FAIL: gcc.c-torture/compile/limits-exprparen.c -O3 -g (test for excess errors)
FAIL: gcc.c-torture/compile/limits-exprparen.c -Os (internal compiler error)
FAIL: gcc.c-torture/compile/limits-exprparen.c -Os (test for excess errors)
FAIL: gcc.c-torture/compile/limits-exprparen.c -O2 -flto -flto-partition=none (internal compiler error)
FAIL: gcc.c-torture/compile/limits-exprparen.c -O2 -flto -flto-partition=none (test for excess errors)
FAIL: gcc.c-torture/compile/limits-exprparen.c -O2 -flto (internal compiler error)
FAIL: gcc.c-torture/compile/limits-exprparen.c -O2 -flto (test for excess errors)
FAIL: gcc.c-torture/compile/pr38661-1.c -O2 (internal compiler error)
FAIL: gcc.c-torture/compile/pr38661-1.c -O2 (test for excess errors)
FAIL: gcc.c-torture/compile/pr38661-1.c -O3 -fomit-frame-pointer (internal compiler error)
FAIL: gcc.c-torture/compile/pr38661-1.c -O3 -fomit-frame-pointer (test for excess errors)
FAIL: gcc.c-torture/compile/pr38661-1.c -O3 -g (internal compiler error)
FAIL: gcc.c-torture/compile/pr38661-1.c -O3 -g (test for excess errors)
FAIL: gcc.c-torture/compile/pr38661-1.c -Os (internal compiler error)
FAIL: gcc.c-torture/compile/pr38661-1.c -Os (test for excess errors)
FAIL: gcc.c-torture/compile/pr38661-1.c -O2 -flto -flto-partition=none (internal compiler error)
FAIL: gcc.c-torture/compile/pr38661-1.c -O2 -flto -flto-partition=none (test for excess errors)
FAIL: gcc.c-torture/compile/pr38661-1.c -O2 -flto (internal compiler error)
FAIL: gcc.c-torture/compile/pr38661-1.c -O2 -flto (test for excess errors)
FAIL: gcc.c-torture/execute/20040409-2.c compilation, -O0 (internal compiler error)
UNRESOLVED: gcc.c-torture/execute/20040409-2.c execution, -O0
FAIL: gcc.c-torture/execute/20040409-2.c compilation, -O1 (internal compiler error)
UNRESOLVED: gcc.c-torture/execute/20040409-2.c execution, -O1
FAIL: gcc.c-torture/execute/20040409-2.c compilation, -O2 (internal compiler error)
UNRESOLVED: gcc.c-torture/execute/20040409-2.c execution, -O2
FAIL: gcc.c-torture/execute/20040409-2.c compilation, -O3 -fomit-frame-pointer (internal compiler error)
UNRESOLVED: gcc.c-torture/execute/20040409-2.c execution, -O3 -fomit-frame-pointer
FAIL: gcc.c-torture/execute/20040409-2.c compilation, -O3 -g (internal compiler error)
UNRESOLVED: gcc.c-torture/execute/20040409-2.c execution, -O3 -g
FAIL: gcc.c-torture/execute/20040409-2.c compilation, -Os (internal compiler error)
UNRESOLVED: gcc.c-torture/execute/20040409-2.c execution, -Os
FAIL: gcc.c-torture/execute/20040409-2.c compilation, -O2 -flto -flto-partition=none (internal compiler error)
UNRESOLVED: gcc.c-torture/execute/20040409-2.c execution, -O2 -flto -flto-partition=none
FAIL: gcc.c-torture/execute/20040409-2.c compilation, -O2 -flto (internal compiler error)
UNRESOLVED: gcc.c-torture/execute/20040409-2.c execution, -O2 -flto
FAIL: gcc.c-torture/execute/20040409-3.c compilation, -O0 (internal compiler error)
UNRESOLVED: gcc.c-torture/execute/20040409-3.c execution, -O0
FAIL: gcc.c-torture/execute/20040409-3.c compilation, -O1 (internal compiler error)
UNRESOLVED: gcc.c-torture/execute/20040409-3.c execution, -O1
FAIL: gcc.c-torture/execute/20040409-3.c compilation, -O2 (internal compiler error)
UNRESOLVED: gcc.c-torture/execute/20040409-3.c execution, -O2
FAIL: gcc.c-torture/execute/20040409-3.c compilation, -O3 -fomit-frame-pointer (internal compiler error)
UNRESOLVED: gcc.c-torture/execute/20040409-3.c execution, -O3 -fomit-frame-pointer
FAIL: gcc.c-torture/execute/20040409-3.c compilation, -O3 -g (internal compiler error)
UNRESOLVED: gcc.c-torture/execute/20040409-3.c execution, -O3 -g
FAIL: gcc.c-torture/execute/20040409-3.c compilation, -Os (internal compiler error)
UNRESOLVED: gcc.c-torture/execute/20040409-3.c execution, -Os
FAIL: gcc.c-torture/execute/20040409-3.c compilation, -O2 -flto -flto-partition=none (internal compiler error)
UNRESOLVED: gcc.c-torture/execute/20040409-3.c execution, -O2 -flto -flto-partition=none
FAIL: gcc.c-torture/execute/20040409-3.c compilation, -O2 -flto (internal compiler error)
UNRESOLVED: gcc.c-torture/execute/20040409-3.c execution, -O2 -flto
FAIL: gcc.dg/pr14963.c (internal compiler error)
FAIL: gcc.dg/pr14963.c (test for excess errors)
XPASS: gcc.dg/guality/example.c -O0 execution test
XPASS: gcc.dg/guality/example.c -O1 execution test
XPASS: gcc.dg/guality/example.c -O2 execution test
XPASS: gcc.dg/guality/example.c -Os execution test
XPASS: gcc.dg/guality/guality.c -O0 execution test
XPASS: gcc.dg/guality/guality.c -O1 execution test
XPASS: gcc.dg/guality/guality.c -O2 execution test
XPASS: gcc.dg/guality/guality.c -O3 -fomit-frame-pointer execution test
XPASS: gcc.dg/guality/guality.c -O3 -g execution test
XPASS: gcc.dg/guality/guality.c -Os execution test
FAIL: gcc.dg/guality/inline-params.c -O0 execution test
FAIL: gcc.dg/guality/inline-params.c -O1 execution test
XPASS: gcc.dg/guality/pr41353-1.c -O0 line 28 j == 28 + 37
XPASS: gcc.dg/guality/pr41447-1.c -O0 execution test
XPASS: gcc.dg/guality/pr41447-1.c -O1 execution test
XPASS: gcc.dg/guality/pr41447-1.c -O2 execution test
XPASS: gcc.dg/guality/pr41447-1.c -O3 -fomit-frame-pointer execution test
XPASS: gcc.dg/guality/pr41447-1.c -O3 -g execution test
XPASS: gcc.dg/guality/pr41447-1.c -Os execution test
XPASS: gcc.dg/guality/pr41616-1.c -O0 execution test
FAIL: gcc.dg/guality/pr43077-1.c -O2 -flto -flto-partition=none line 42 a == 1
FAIL: gcc.dg/guality/pr43077-1.c -O2 -flto -flto-partition=none line 42 b == 2
FAIL: gcc.dg/guality/pr43077-1.c -O2 -flto -flto-partition=none line 42 c == 3
FAIL: gcc.dg/guality/pr43077-1.c -O2 -flto -flto-partition=none line 42 varb == 2
FAIL: gcc.dg/guality/pr43077-1.c -O2 -flto line 42 a == 1
FAIL: gcc.dg/guality/pr43077-1.c -O2 -flto line 42 b == 2
FAIL: gcc.dg/guality/pr43077-1.c -O2 -flto line 42 c == 3
FAIL: gcc.dg/guality/pr43077-1.c -O2 -flto line 42 varb == 2
FAIL: gcc.dg/guality/pr43479.c -O2 -flto -flto-partition=none line 13 h == 9
FAIL: gcc.dg/guality/pr43479.c -O2 -flto -flto-partition=none line 18 h == 9
FAIL: gcc.dg/guality/pr43479.c -O2 -flto line 13 h == 9
FAIL: gcc.dg/guality/pr43479.c -O2 -flto line 18 h == 9
FAIL: gcc.dg/guality/pr45003-1.c -O2 -flto -flto-partition=none line 10 a == 0x8078
FAIL: gcc.dg/guality/pr45003-1.c -O2 -flto -flto-partition=none line 19 a == 0xffff8078
FAIL: gcc.dg/guality/pr45003-1.c -O2 -flto line 10 a == 0x8078
FAIL: gcc.dg/guality/pr45003-1.c -O2 -flto line 19 a == 0xffff8078
FAIL: gcc.dg/guality/pr45003-2.c -O2 -flto -flto-partition=none line 10 a == 0x8078
FAIL: gcc.dg/guality/pr45003-2.c -O2 -flto -flto-partition=none line 19 a == 0xffff8078
FAIL: gcc.dg/guality/pr45003-2.c -O2 -flto line 10 a == 0x8078
FAIL: gcc.dg/guality/pr45003-2.c -O2 -flto line 19 a == 0xffff8078
FAIL: gcc.dg/guality/pr45003-3.c -O2 -flto -flto-partition=none line 10 a == -32648
FAIL: gcc.dg/guality/pr45003-3.c -O2 -flto -flto-partition=none line 19 a == 0x8078
FAIL: gcc.dg/guality/pr45003-3.c -O2 -flto line 10 a == -32648
FAIL: gcc.dg/guality/pr45003-3.c -O2 -flto line 19 a == 0x8078
FAIL: gcc.dg/guality/vla-1.c -O0 line 17 sizeof (a) == 6
FAIL: gcc.dg/guality/vla-1.c -O0 line 24 sizeof (a) == 17 * sizeof (short)
FAIL: gcc.dg/guality/vla-1.c -O1 line 17 sizeof (a) == 6
FAIL: gcc.dg/guality/vla-1.c -O1 line 24 sizeof (a) == 17 * sizeof (short)
FAIL: gcc.dg/guality/vla-1.c -O2 line 17 sizeof (a) == 6
FAIL: gcc.dg/guality/vla-1.c -O2 line 24 sizeof (a) == 17 * sizeof (short)
FAIL: gcc.dg/guality/vla-1.c -O3 -fomit-frame-pointer line 17 sizeof (a) == 6
FAIL: gcc.dg/guality/vla-1.c -O3 -fomit-frame-pointer line 24 sizeof (a) == 17 * sizeof (short)
FAIL: gcc.dg/guality/vla-1.c -O3 -g line 17 sizeof (a) == 6
FAIL: gcc.dg/guality/vla-1.c -O3 -g line 24 sizeof (a) == 17 * sizeof (short)
FAIL: gcc.dg/guality/vla-1.c -Os line 17 sizeof (a) == 6
FAIL: gcc.dg/guality/vla-1.c -Os line 24 sizeof (a) == 17 * sizeof (short)
FAIL: gcc.dg/guality/vla-1.c -O2 -flto -flto-partition=none line 17 sizeof (a) == 6
FAIL: gcc.dg/guality/vla-1.c -O2 -flto -flto-partition=none line 24 sizeof (a) == 17 * sizeof (short)
FAIL: gcc.dg/guality/vla-1.c -O2 -flto line 17 sizeof (a) == 6
FAIL: gcc.dg/guality/vla-1.c -O2 -flto line 24 sizeof (a) == 17 * sizeof (short)
FAIL: gcc.dg/guality/vla-2.c -O0 line 16 sizeof (a) == 5 * sizeof (int)
FAIL: gcc.dg/guality/vla-2.c -O0 line 25 sizeof (a) == 6 * sizeof (int)
FAIL: gcc.dg/guality/vla-2.c -O1 line 16 sizeof (a) == 5 * sizeof (int)
FAIL: gcc.dg/guality/vla-2.c -O1 line 25 sizeof (a) == 6 * sizeof (int)
FAIL: gcc.dg/guality/vla-2.c -O2 line 16 sizeof (a) == 5 * sizeof (int)
FAIL: gcc.dg/guality/vla-2.c -O2 line 25 sizeof (a) == 6 * sizeof (int)
FAIL: gcc.dg/guality/vla-2.c -O3 -fomit-frame-pointer line 16 sizeof (a) == 5 * sizeof (int)
FAIL: gcc.dg/guality/vla-2.c -O3 -fomit-frame-pointer line 25 sizeof (a) == 6 * sizeof (int)
FAIL: gcc.dg/guality/vla-2.c -O3 -g line 16 sizeof (a) == 5 * sizeof (int)
FAIL: gcc.dg/guality/vla-2.c -O3 -g line 25 sizeof (a) == 6 * sizeof (int)
FAIL: gcc.dg/guality/vla-2.c -Os line 16 sizeof (a) == 5 * sizeof (int)
FAIL: gcc.dg/guality/vla-2.c -Os line 25 sizeof (a) == 6 * sizeof (int)
FAIL: gcc.dg/guality/vla-2.c -O2 -flto -flto-partition=none line 16 sizeof (a) == 5 * sizeof (int)
FAIL: gcc.dg/guality/vla-2.c -O2 -flto -flto-partition=none line 25 sizeof (a) == 6 * sizeof (int)
FAIL: gcc.dg/guality/vla-2.c -O2 -flto line 16 sizeof (a) == 5 * sizeof (int)
FAIL: gcc.dg/guality/vla-2.c -O2 -flto line 25 sizeof (a) == 6 * sizeof (int)
XPASS: gcc.dg/tree-ssa/20040204-1.c scan-tree-dump-times optimized "link_error" 0
=== gcc Summary for unix ===
=== gcc Summary ===
# of expected passes 153692
# of unexpected failures 165
# of unexpected successes 33
# of expected failures 483
# of unresolved testcases 32
# of unsupported tests 2269
/export/build/gnu/gcc-profile/build-x86_64-linux/gcc/xgcc version 4.6.0 20101128 (experimental) (GCC)
=== gfortran tests ===
Running target unix/-m32
=== gfortran Summary for unix/-m32 ===
# of expected passes 4014
Running target unix
=== gfortran Summary for unix ===
# of expected passes 4014
=== gfortran Summary ===
# of expected passes 74773
# of expected failures 104
# of unsupported tests 238
/export/build/gnu/gcc-profile/build-x86_64-linux/gcc/testsuite/gfortran/../../gfortran version 4.6.0 20101128 (experimental) (GCC)
=== g++ tests ===
Running target unix/-m32
FAIL: g++.dg/guality/redeclaration1.C -O0 line 17 i == 24
FAIL: g++.dg/guality/redeclaration1.C -O1 line 17 i == 24
FAIL: g++.dg/guality/redeclaration1.C -O2 line 17 i == 24
FAIL: g++.dg/guality/redeclaration1.C -O3 -fomit-frame-pointer line 17 i == 24
FAIL: g++.dg/guality/redeclaration1.C -O3 -g line 17 i == 24
FAIL: g++.dg/guality/redeclaration1.C -Os line 17 i == 24
=== g++ Summary for unix/-m32 ===
# of expected passes 6820
# of expected failures 26
# of unsupported tests 10
Running target unix
FAIL: g++.dg/guality/redeclaration1.C -O0 line 17 i == 24
FAIL: g++.dg/guality/redeclaration1.C -O1 line 17 i == 24
FAIL: g++.dg/guality/redeclaration1.C -O2 line 17 i == 24
FAIL: g++.dg/guality/redeclaration1.C -O3 -fomit-frame-pointer line 17 i == 24
FAIL: g++.dg/guality/redeclaration1.C -O3 -g line 17 i == 24
FAIL: g++.dg/guality/redeclaration1.C -Os line 17 i == 24
=== g++ Summary for unix ===
# of expected passes 6773
# of expected failures 26
# of unsupported tests 20
=== g++ Summary ===
# of expected passes 51788
# of unexpected failures 12
# of expected failures 312
# of unsupported tests 474
/export/build/gnu/gcc-profile/build-x86_64-linux/gcc/testsuite/g++/../../g++ version 4.6.0 20101128 (experimental) (GCC)
=== objc tests ===
Running target unix/-m32
XPASS: objc.dg-struct-layout-encoding-1/t026_main.m execution test
=== objc Summary for unix/-m32 ===
# of expected passes 64
Running target unix
XPASS: objc.dg-struct-layout-encoding-1/t026_main.m execution test
=== objc Summary for unix ===
# of expected passes 64
=== objc Summary ===
# of expected passes 5382
# of unexpected successes 2
# of expected failures 22
# of unsupported tests 148
/export/build/gnu/gcc-profile/build-x86_64-linux/gcc/xgcc version 4.6.0 20101128 (experimental) (GCC)
=== libffi tests ===
Running target unix/-m32
=== libffi Summary for unix/-m32 ===
# of expected passes 24
Running target unix
=== libffi Summary for unix ===
# of expected passes 24
=== libffi Summary ===
# of expected passes 3268
# of expected failures 20
# of unsupported tests 30
=== libgomp tests ===
Running target unix/-m32
FAIL: libgomp.graphite/force-parallel-1.c execution test
=== libgomp Summary for unix/-m32 ===
# of expected passes 45
# of unexpected failures 1
Running target unix
FAIL: libgomp.graphite/force-parallel-1.c execution test
=== libgomp Summary for unix ===
# of expected passes 45
# of unexpected failures 1
=== libgomp Summary ===
# of expected passes 5078
# of unexpected failures 2
=== libjava tests ===
Running target unix/-m32
=== libjava Summary for unix/-m32 ===
Running target unix
=== libjava Summary for unix ===
=== libjava Summary ===
# of expected passes 5148
=== libmudflap tests ===
Running target unix/-m32
FAIL: libmudflap.c/pass49-frag.c execution test
FAIL: libmudflap.c/pass49-frag.c output pattern test
FAIL: libmudflap.c/pass49-frag.c execution test
FAIL: libmudflap.c/pass49-frag.c output pattern test
FAIL: libmudflap.c/pass49-frag.c (-O2) execution test
FAIL: libmudflap.c/pass49-frag.c (-O2) output pattern test
FAIL: libmudflap.c/pass49-frag.c (-O2) execution test
FAIL: libmudflap.c/pass49-frag.c (-O2) output pattern test
FAIL: libmudflap.c/pass49-frag.c (-O3) execution test
FAIL: libmudflap.c/pass49-frag.c (-O3) output pattern test
FAIL: libmudflap.c/pass49-frag.c (-O3) execution test
FAIL: libmudflap.c/pass49-frag.c (-O3) output pattern test
=== libmudflap Summary for unix/-m32 ===
# of expected passes 264
Running target unix
FAIL: libmudflap.c/pass49-frag.c execution test
FAIL: libmudflap.c/pass49-frag.c output pattern test
FAIL: libmudflap.c/pass49-frag.c execution test
FAIL: libmudflap.c/pass49-frag.c output pattern test
FAIL: libmudflap.c/pass49-frag.c (-O2) execution test
FAIL: libmudflap.c/pass49-frag.c (-O2) output pattern test
FAIL: libmudflap.c/pass49-frag.c (-O2) execution test
FAIL: libmudflap.c/pass49-frag.c (-O2) output pattern test
FAIL: libmudflap.c/pass49-frag.c (-O3) execution test
FAIL: libmudflap.c/pass49-frag.c (-O3) output pattern test
FAIL: libmudflap.c/pass49-frag.c (-O3) execution test
FAIL: libmudflap.c/pass49-frag.c (-O3) output pattern test
=== libmudflap Summary for unix ===
# of expected passes 264
=== libmudflap Summary ===
# of expected passes 2830
# of unexpected failures 24
=== libstdc++ tests ===
Running target unix/-m32
FAIL: 20_util/unique_ptr/requirements/explicit_instantiation/explicit_instantiation.cc (test for excess errors)
=== libstdc++ Summary for unix/-m32 ===
# of expected passes 8199
# of unexpected failures 1
# of expected failures 85
# of unsupported tests 108
Running target unix
FAIL: 20_util/unique_ptr/requirements/explicit_instantiation/explicit_instantiation.cc (test for excess errors)
=== libstdc++ Summary for unix ===
# of expected passes 8199
# of unexpected failures 1
# of expected failures 85
# of unsupported tests 108
=== libstdc++ Summary ===
# of expected passes 16400
# of unexpected failures 2
# of expected failures 170
# of unsupported tests 216
Compiler version: 4.6.0 20101128 (experimental) (GCC)
Platform: x86_64-unknown-linux-gnu
configure flags: --enable-clocale=gnu --with-system-zlib --with-demangler-in-ld --enable-shared --enable-threads=posix --enable-haifa --prefix=/usr/gcc-4.6.0 --with-local-prefix=/usr/local --with-fpmath=sse --with-plugin-ld=ld --with-fpmath=sse
More information about the Gcc-testresults
mailing list